000
CDUS45 KVEF 300838
CLIBIH


CLIMATE REPORT
NATIONAL WEATHER SERVICE LAS VEGAS, NV
138 AM PDT TUE SEP 30 2014


...................................

...THE BISHOP CA CLIMATE SUMMARY FOR SEPTEMBER 29 2014...

CLIMATE NORMAL PERIOD 1981 TO 2010
CLIMATE RECORD PERIOD 1943 TO 2014


WEATHER ITEM   OBSERVED TIME   RECORD YEAR NORMAL DEPARTURE LAST
                VALUE   (LST)  VALUE       VALUE  FROM      YEAR
                                                  NORMAL
..................................................................
TEMPERATURE (F)
 YESTERDAY
  MAXIMUM         76    430 PM  99    2010  83     -7       75
  MINIMUM         38    627 AM  31    1971  43     -5       36
  AVERAGE         57                        63     -6       56

PRECIPITATION (IN)
  YESTERDAY        0.00          0.31 1976   0.01  -0.01     0.00
  MONTH TO DATE    0.16                      0.18  -0.02      T
  SINCE OCT 1      2.99                      5.17  -2.18     2.34
  SINCE JAN 1      2.77                      3.55  -0.78     1.11

SNOWFALL (IN)
  YESTERDAY        0.0          MM      MM   0.0    0.0      0.0
  MONTH TO DATE    0.0                       0.0    0.0      0.0
  SINCE SEP 1      0.0                       0.0    0.0      0.0
  SINCE JUL 1      0.0                       0.0    0.0      0.0
  SNOW DEPTH       0

DEGREE DAYS
 HEATING
  YESTERDAY        8                         3      5        9
  MONTH TO DATE   21                        37    -16       55
  SINCE SEP 1     21                        37    -16       55
  SINCE JUL 1     21                        39    -18       55

 COOLING
  YESTERDAY        0                         1     -1        0
  MONTH TO DATE  219                       117    102      172
  SINCE SEP 1    219                       117    102      172
  SINCE JAN 1   1366                      1094    272     1337
..................................................................


WIND (MPH)
  RESULTANT WIND SPEED   2   RESULTANT WIND DIRECTION  NW (310)
  HIGHEST WIND SPEED    14   HIGHEST WIND DIRECTION    NE (40)
  HIGHEST GUST SPEED    17   HIGHEST GUST DIRECTION    NE (40)
  AVERAGE WIND SPEED     4.7


SKY COVER
  POSSIBLE SUNSHINE  MM
  AVERAGE SKY COVER 0.0


WEATHER CONDITIONS
 THE FOLLOWING WEATHER WAS RECORDED YESTERDAY.
  NO SIGNIFICANT WEATHER WAS OBSERVED.


RELATIVE HUMIDITY (PERCENT)
 HIGHEST    93          1200 AM
 LOWEST     21           400 PM
 AVERAGE    57

..........................................................


THE BISHOP CA CLIMATE NORMALS FOR TODAY
                         NORMAL    RECORD    YEAR
 MAXIMUM TEMPERATURE (F)   83        95      1980
 MINIMUM TEMPERATURE (F)   43        32      2007
                                             1954


SUNRISE AND SUNSET
SEPTEMBER 30 2014.....SUNRISE   648 AM PDT   SUNSET   638 PM PDT
OCTOBER  1 2014.......SUNRISE   649 AM PDT   SUNSET   637 PM PDT


-  INDICATES NEGATIVE NUMBERS.
R  INDICATES RECORD WAS SET OR TIED.
MM INDICATES DATA IS MISSING.
T  INDICATES TRACE AMOUNT.




$$
