000
CDUS45 KVEF 250828
CLIBIH


CLIMATE REPORT
NATIONAL WEATHER SERVICE LAS VEGAS, NV
1228 AM PST THU DEC 25 2014


...................................

...THE BISHOP CA CLIMATE SUMMARY FOR DECEMBER 24 2014...

CLIMATE NORMAL PERIOD 1981 TO 2010
CLIMATE RECORD PERIOD 1943 TO 2014


WEATHER ITEM   OBSERVED TIME   RECORD YEAR NORMAL DEPARTURE LAST
                VALUE   (LST)  VALUE       VALUE  FROM      YEAR
                                                  NORMAL
..................................................................
TEMPERATURE (F)
 YESTERDAY
  MAXIMUM         55   1256 PM  71    1964  53      2       69
  MINIMUM         28    516 AM   3    1990  22      6       24
  AVERAGE         42                        37      5       47

PRECIPITATION (IN)
  YESTERDAY        T             0.84 1955   0.03  -0.03     0.00
  MONTH TO DATE    0.46                      0.55  -0.09     0.03
  SINCE OCT 1      0.46                      1.37  -0.91     0.22
  SINCE JAN 1      3.23                      4.93  -1.70     1.33

SNOWFALL (IN)
  YESTERDAY       MM             5.5  1979   0.1   MM        0.0
  MONTH TO DATE    0.0                       0.9   -0.9      0.5
  SINCE DEC 1      0.0                       0.9   -0.9      0.5
  SINCE JUL 1      0.0                       1.3   -1.3      0.5
  SNOW DEPTH       0

DEGREE DAYS
 HEATING
  YESTERDAY       23                        28     -5       18
  MONTH TO DATE  527                       653   -126      644
  SINCE DEC 1    527                       653   -126      644
  SINCE JUL 1   1178                      1554   -376     1647

 COOLING
  YESTERDAY        0                         0      0        0
  MONTH TO DATE    0                         0      0        0
  SINCE DEC 1      0                         0      0        0
  SINCE JAN 1   1384                      1104    280     1337
..................................................................


WIND (MPH)
  RESULTANT WIND SPEED   0   RESULTANT WIND DIRECTION   N (20)
  HIGHEST WIND SPEED    48   HIGHEST WIND DIRECTION     N (360)
  HIGHEST GUST SPEED    59   HIGHEST GUST DIRECTION     N (10)
  AVERAGE WIND SPEED    10.0


SKY COVER
  POSSIBLE SUNSHINE  MM
  AVERAGE SKY COVER 0.3


WEATHER CONDITIONS
 THE FOLLOWING WEATHER WAS RECORDED YESTERDAY.
  LIGHT RAIN
  HAZE


RELATIVE HUMIDITY (PERCENT)
 HIGHEST    85           500 AM
 LOWEST     43           100 PM
 AVERAGE    64

..........................................................


THE BISHOP CA CLIMATE NORMALS FOR TODAY
                         NORMAL    RECORD    YEAR
 MAXIMUM TEMPERATURE (F)   53        68      1985
 MINIMUM TEMPERATURE (F)   22         2      1948


SUNRISE AND SUNSET
DECEMBER 25 2014......SUNRISE   706 AM PST   SUNSET   441 PM PST
DECEMBER 26 2014......SUNRISE   706 AM PST   SUNSET   442 PM PST


-  INDICATES NEGATIVE NUMBERS.
R  INDICATES RECORD WAS SET OR TIED.
MM INDICATES DATA IS MISSING.
T  INDICATES TRACE AMOUNT.




$$
