000
CDUS45 KVEF 290829
CLIBIH


CLIMATE REPORT
NATIONAL WEATHER SERVICE LAS VEGAS, NV
1229 AM PST SAT NOV 29 2014


...................................

...THE BISHOP CA CLIMATE SUMMARY FOR NOVEMBER 28 2014...

CLIMATE NORMAL PERIOD 1981 TO 2010
CLIMATE RECORD PERIOD 1943 TO 2014


WEATHER ITEM   OBSERVED TIME   RECORD YEAR NORMAL DEPARTURE LAST
                VALUE   (LST)  VALUE       VALUE  FROM      YEAR
                                                  NORMAL
..................................................................
TEMPERATURE (F)
 YESTERDAY
  MAXIMUM         65    303 PM  78    1949  57      8       57
  MINIMUM         23    721 AM  11    1994  24     -1       27
  AVERAGE         44                        41      3       42

PRECIPITATION (IN)
  YESTERDAY        0.00          0.16 1981   0.02  -0.02     0.00
  MONTH TO DATE    T                         0.48  -0.48     0.03
  SINCE OCT 1      T                         0.78  -0.78     0.19
  SINCE JAN 1      2.77                      4.34  -1.57     1.30

SNOWFALL (IN)
  YESTERDAY        0.0           1.4  1981   0.1   -0.1      0.0
  MONTH TO DATE    0.0                       0.4   -0.4       T
  SINCE SEP 1      0.0                       0.4   -0.4       T
  SINCE JUL 1      0.0                       0.4   -0.4       T
  SNOW DEPTH       0

DEGREE DAYS
 HEATING
  YESTERDAY       21                        24     -3       23
  MONTH TO DATE  464                       544    -80      534
  SINCE SEP 1    622                       849   -227      957
  SINCE JUL 1    622                       851   -229      957

 COOLING
  YESTERDAY        0                         0      0        0
  MONTH TO DATE    0                         0      0        0
  SINCE SEP 1    237                       127    110      172
  SINCE JAN 1   1384                      1104    280     1337
..................................................................


WIND (MPH)
  RESULTANT WIND SPEED   2   RESULTANT WIND DIRECTION  NE (30)
  HIGHEST WIND SPEED    17   HIGHEST WIND DIRECTION     N (20)
  HIGHEST GUST SPEED    22   HIGHEST GUST DIRECTION     N (350)
  AVERAGE WIND SPEED     5.1


SKY COVER
  POSSIBLE SUNSHINE  MM
  AVERAGE SKY COVER 0.0


WEATHER CONDITIONS
 THE FOLLOWING WEATHER WAS RECORDED YESTERDAY.
  NO SIGNIFICANT WEATHER WAS OBSERVED.


RELATIVE HUMIDITY (PERCENT)
 HIGHEST    60           500 AM
 LOWEST     13           300 PM
 AVERAGE    37

..........................................................


THE BISHOP CA CLIMATE NORMALS FOR TODAY
                         NORMAL    RECORD    YEAR
 MAXIMUM TEMPERATURE (F)   57        76      1949
 MINIMUM TEMPERATURE (F)   24        11      2004
                                             1952


SUNRISE AND SUNSET
NOVEMBER 29 2014......SUNRISE   647 AM PST   SUNSET   436 PM PST
NOVEMBER 30 2014......SUNRISE   648 AM PST   SUNSET   436 PM PST


-  INDICATES NEGATIVE NUMBERS.
R  INDICATES RECORD WAS SET OR TIED.
MM INDICATES DATA IS MISSING.
T  INDICATES TRACE AMOUNT.




$$
