000
CDUS45 KVEF 220035
CLIBIH


CLIMATE REPORT
NATIONAL WEATHER SERVICE LAS VEGAS, NV
535 PM PDT THU SEP 21 2017


...................................

...THE BISHOP CA CLIMATE SUMMARY FOR SEPTEMBER 21 2017...
VALID TODAY AS OF 0500 PM LOCAL TIME.

CLIMATE NORMAL PERIOD 1981 TO 2010
CLIMATE RECORD PERIOD 1943 TO 2017


WEATHER ITEM   OBSERVED RECORD YEAR NORMAL DEPARTURE LAST
                VALUE   VALUE       VALUE  FROM      YEAR
                                           NORMAL
...........................................................
TEMPERATURE (F)
 TODAY
  MAXIMUM         72     97    1949  86    -14       87
                               1943
  MINIMUM         53     31    1986  46      7       55
  AVERAGE         63

PRECIPITATION (IN)
  TODAY            T      0.16 2007   0.01  -0.01      T
  MONTH TO DATE    T                  0.11  -0.11      T
  SINCE OCT 1      9.18               5.09   4.09     3.88
  SINCE JAN 1      8.82               3.47   5.35     3.07

SNOWFALL (IN)
  TODAY            0.0   MM      MM   0.0    0.0      0.0
  MONTH TO DATE    0.0                0.0    0.0      0.0
  SINCE SEP 1      0.0                0.0    0.0      0.0
  SINCE JUL 1      0.0                0.0    0.0      0.0
  SNOW DEPTH       0

DEGREE DAYS
 HEATING
  TODAY            2                  2      0        0
  MONTH TO DATE    2                 17    -15       10
  SINCE SEP 1      2                 17    -15       10
  SINCE JUL 1      2                 19    -17       10

 COOLING
  TODAY            0                  3     -3        6
  MONTH TO DATE  134                103     31      107
  SINCE SEP 1    134                103     31      107
  SINCE JAN 1   1407               1080    327     1330
...........................................................


WIND (MPH)
  RESULTANT WIND SPEED   8   RESULTANT WIND DIRECTION   W (290)
  HIGHEST WIND SPEED    31   HIGHEST WIND DIRECTION     N (350)
  HIGHEST GUST SPEED    38   HIGHEST GUST DIRECTION     N (360)
  AVERAGE WIND SPEED    14.3


SKY COVER
  POSSIBLE SUNSHINE  MM
  AVERAGE SKY COVER 0.3


WEATHER CONDITIONS
 THE FOLLOWING WEATHER WAS RECORDED TODAY.
  LIGHT RAIN


RELATIVE HUMIDITY (PERCENT)
 HIGHEST    51           600 AM
 LOWEST      8          1200 PM
 AVERAGE    30

..........................................................


THE BISHOP CA CLIMATE NORMALS FOR TOMORROW
                         NORMAL    RECORD    YEAR
 MAXIMUM TEMPERATURE (F)   86        98      1949
 MINIMUM TEMPERATURE (F)   45        29      1945


SUNRISE AND SUNSET
SEPTEMBER 21 2017.....SUNRISE   641 AM PDT   SUNSET   651 PM PDT
SEPTEMBER 22 2017.....SUNRISE   642 AM PDT   SUNSET   650 PM PDT


-  INDICATES NEGATIVE NUMBERS.
R  INDICATES RECORD WAS SET OR TIED.
MM INDICATES DATA IS MISSING.
T  INDICATES TRACE AMOUNT.




$$
