000
CDUS45 KVEF 300831
CLIBIH


CLIMATE REPORT
NATIONAL WEATHER SERVICE LAS VEGAS, NV
125 AM PDT MON MAR 30 2015


...................................

...THE BISHOP CA CLIMATE SUMMARY FOR MARCH 29 2015...

CLIMATE NORMAL PERIOD 1981 TO 2010
CLIMATE RECORD PERIOD 1943 TO 2015


WEATHER ITEM   OBSERVED TIME   RECORD YEAR NORMAL DEPARTURE LAST
                VALUE   (LST)  VALUE       VALUE  FROM      YEAR
                                                  NORMAL
..................................................................
TEMPERATURE (F)
 YESTERDAY
  MAXIMUM         84R   256 PM  81    1969  68     16       75
                                      1968
  MINIMUM         44    334 AM  19    1998  33     11       34
  AVERAGE         64                        51     13       55

PRECIPITATION (IN)
  YESTERDAY        0.00          0.03 1982   0.02  -0.02     0.00
  MONTH TO DATE    0.01                      0.51  -0.50      T
  SINCE OCT 1      0.73                      4.03  -3.30     2.13
  SINCE JAN 1      0.27                      2.41  -2.14     1.91

SNOWFALL (IN)
  YESTERDAY        0.0           0.8  1982   0.1   -0.1      0.0
  MONTH TO DATE    T                         0.9   -0.9      0.0
  SINCE MAR 1      T                         0.9   -0.9      0.0
  SINCE JUL 1      T                         6.8   -6.8      0.5
  SNOW DEPTH       0

DEGREE DAYS
 HEATING
  YESTERDAY        1                        14    -13       10
  MONTH TO DATE  292                       488   -196      398
  SINCE MAR 1    292                       488   -196      398
  SINCE JUL 1   2733                      3695   -962     3348

 COOLING
  YESTERDAY        0                         0      0        0
  MONTH TO DATE    0                         0      0        0
  SINCE MAR 1      0                         0      0        0
  SINCE JAN 1      0                         0      0        0
..................................................................


WIND (MPH)
  RESULTANT WIND SPEED   2   RESULTANT WIND DIRECTION  SW (230)
  HIGHEST WIND SPEED    24   HIGHEST WIND DIRECTION     S (160)
  HIGHEST GUST SPEED    31   HIGHEST GUST DIRECTION     S (170)
  AVERAGE WIND SPEED     8.8


SKY COVER
  POSSIBLE SUNSHINE  MM
  AVERAGE SKY COVER 0.0


WEATHER CONDITIONS
 THE FOLLOWING WEATHER WAS RECORDED YESTERDAY.
  NO SIGNIFICANT WEATHER WAS OBSERVED.


RELATIVE HUMIDITY (PERCENT)
 HIGHEST    34          1100 PM
 LOWEST      7           100 PM
 AVERAGE    21

..........................................................


THE BISHOP CA CLIMATE NORMALS FOR TODAY
                         NORMAL    RECORD    YEAR
 MAXIMUM TEMPERATURE (F)   69        84      1966
 MINIMUM TEMPERATURE (F)   33        17      1949


SUNRISE AND SUNSET
MARCH 30 2015.........SUNRISE   642 AM PDT   SUNSET   714 PM PDT
MARCH 31 2015.........SUNRISE   641 AM PDT   SUNSET   715 PM PDT


-  INDICATES NEGATIVE NUMBERS.
R  INDICATES RECORD WAS SET OR TIED.
MM INDICATES DATA IS MISSING.
T  INDICATES TRACE AMOUNT.




$$
