000
CDUS45 KVEF 220829
CLIBIH


CLIMATE REPORT
NATIONAL WEATHER SERVICE LAS VEGAS, NV
1228 AM PST MON JAN 22 2018


...................................

...THE BISHOP CA CLIMATE SUMMARY FOR JANUARY 21 2018...

CLIMATE NORMAL PERIOD 1981 TO 2010
CLIMATE RECORD PERIOD 1943 TO 2018


WEATHER ITEM   OBSERVED TIME   RECORD YEAR NORMAL DEPARTURE LAST
                VALUE   (LST)  VALUE       VALUE  FROM      YEAR
                                                  NORMAL
..................................................................
TEMPERATURE (F)
 YESTERDAY
  MAXIMUM         51    342 PM  70    1968  54     -3       42
  MINIMUM         16    659 AM  -3    1955  23     -7       31
  AVERAGE         34                        39     -5       37

PRECIPITATION (IN)
  YESTERDAY        0.00          1.73 1969   0.02  -0.02     0.00
  MONTH TO DATE    0.04                      0.80  -0.76     4.01
  SINCE OCT 1      0.20                      2.42  -2.22     4.37
  SINCE JAN 1      0.04                      0.80  -0.76     4.01

SNOWFALL (IN)
  YESTERDAY       MM             1.8  2010   0.2   MM        0.0
  MONTH TO DATE    0.0                       4.2   -4.2      3.3
  SINCE DEC 1      0.0                       5.4   -5.4      3.3
  SINCE JUL 1      0.0                       5.7   -5.7      3.3
  SNOW DEPTH       0

DEGREE DAYS
 HEATING
  YESTERDAY       31                        26      5       28
  MONTH TO DATE  432                       564   -132      551
  SINCE DEC 1   1139                      1410   -271     1340
  SINCE JUL 1   1939                      2311   -372     2083

 COOLING
  YESTERDAY        0                         0      0        0
  MONTH TO DATE    0                         0      0        0
  SINCE DEC 1      0                         0      0        0
  SINCE JAN 1      0                         0      0        0
..................................................................


WIND (MPH)
  RESULTANT WIND SPEED   1   RESULTANT WIND DIRECTION   N (350)
  HIGHEST WIND SPEED    14   HIGHEST WIND DIRECTION    NW (330)
  HIGHEST GUST SPEED    19   HIGHEST GUST DIRECTION    NW (310)
  AVERAGE WIND SPEED     6.2


SKY COVER
  POSSIBLE SUNSHINE  MM
  AVERAGE SKY COVER 0.0


WEATHER CONDITIONS
 THE FOLLOWING WEATHER WAS RECORDED YESTERDAY.
  NO SIGNIFICANT WEATHER WAS OBSERVED.


RELATIVE HUMIDITY (PERCENT)
 HIGHEST    67           700 AM
 LOWEST     13           200 PM
 AVERAGE    40

..........................................................


THE BISHOP CA CLIMATE NORMALS FOR TODAY
                         NORMAL    RECORD    YEAR
 MAXIMUM TEMPERATURE (F)   54        73      1950
                                             1948
 MINIMUM TEMPERATURE (F)   23         5      1982


SUNRISE AND SUNSET
JANUARY 22 2018.......SUNRISE   704 AM PST   SUNSET   507 PM PST
JANUARY 23 2018.......SUNRISE   703 AM PST   SUNSET   508 PM PST


-  INDICATES NEGATIVE NUMBERS.
R  INDICATES RECORD WAS SET OR TIED.
MM INDICATES DATA IS MISSING.
T  INDICATES TRACE AMOUNT.




$$
