000
CDUS45 KBYZ 270423
CLIBIL


CLIMATE REPORT
NATIONAL WEATHER SERVICE BILLINGS MT
923 PM MST FRI DEC 26 2014


...................................

...THE BILLINGS MT CLIMATE SUMMARY FOR DECEMBER 26 2014...
VALID AS OF 0900 PM LOCAL TIME.

CLIMATE NORMAL PERIOD 1981 TO 2010
CLIMATE RECORD PERIOD 1934 TO 2014


WEATHER ITEM   OBSERVED RECORD YEAR NORMAL DEPARTURE LAST
                VALUE   VALUE       VALUE  FROM      YEAR
                                           NORMAL
...........................................................
TEMPERATURE (F)
 TODAY
  MAXIMUM         24     62    1980  35    -11
  MINIMUM          7    -20    1996  17    -10
  AVERAGE         16

PRECIPITATION (IN)
  TODAY            0.00   0.43 2003   0.01  -0.01     0.00
  MONTH TO DATE    0.54               0.42   0.12     1.89
  SINCE OCT 1      1.44               2.23  -0.79     4.80
  SINCE JAN 1     13.90              13.58   0.32    16.61

...........................................................










-  INDICATES NEGATIVE NUMBERS.
R  INDICATES RECORD WAS SET OR TIED.
MM INDICATES DATA IS MISSING.
T  INDICATES TRACE AMOUNT.




$$
