000
CDUS45 KBYZ 270937
CLIBIL


CLIMATE REPORT
NATIONAL WEATHER SERVICE BILLINGS MT
331 AM MDT WED AUG 27 2014


...................................

...THE BILLINGS MT CLIMATE SUMMARY FOR AUGUST 26 2014...

CLIMATE NORMAL PERIOD 1981 TO 2010
CLIMATE RECORD PERIOD 1934 TO 2014


WEATHER ITEM   OBSERVED TIME   RECORD YEAR NORMAL DEPARTURE LAST
                VALUE   (LST)  VALUE       VALUE  FROM      YEAR
                                                  NORMAL
..................................................................
TEMPERATURE (F)
 YESTERDAY
  MAXIMUM         78    454 PM  99    2010  83     -5       94
  MINIMUM         51    550 AM  40    1992  55     -4       73
  AVERAGE         65                        69     -4       84

PRECIPITATION (IN)
  YESTERDAY        T             0.33 1942   0.02  -0.02     0.00
  MONTH TO DATE    1.81                      0.62   1.19     0.19
  SINCE OCT 1     16.62                     12.23   4.39    10.23
  SINCE JAN 1     11.73                      9.92   1.81     8.18

SNOWFALL (IN)
  YESTERDAY        0.0           T    1954   0.0    0.0      0.0
  MONTH TO DATE    0.0                       0.0    0.0       T
  SINCE JUN 1      T                         0.0    0.0       T
  SINCE JUL 1      0.0                       0.0    0.0       T
  SNOW DEPTH       0

DEGREE DAYS
 HEATING
  YESTERDAY        0                         1     -1        0
  MONTH TO DATE   45                        11     34        0
  SINCE JUN 1    135                       122     13       73
  SINCE JUL 1     46                        26     20        0

 COOLING
  YESTERDAY        0                         5     -5       19
  MONTH TO DATE  197                       199     -2      253
  SINCE JUN 1    520                       540    -20      647
  SINCE JAN 1    536                       557    -21      674
..................................................................


WIND (MPH)
  HIGHEST WIND SPEED    10   HIGHEST WIND DIRECTION    SE (130)
  HIGHEST GUST SPEED    14   HIGHEST GUST DIRECTION     S (180)
  AVERAGE WIND SPEED     5.2


SKY COVER
  POSSIBLE SUNSHINE  MM
  AVERAGE SKY COVER 0.3


WEATHER CONDITIONS
 THE FOLLOWING WEATHER WAS RECORDED YESTERDAY.
  LIGHT RAIN


RELATIVE HUMIDITY (PERCENT)
 HIGHEST    83           600 AM
 LOWEST     30           500 PM
 AVERAGE    57

..........................................................


THE BILLINGS MT CLIMATE NORMALS FOR TODAY
                         NORMAL    RECORD    YEAR
 MAXIMUM TEMPERATURE (F)   83       100      2011
 MINIMUM TEMPERATURE (F)   55        42      1993


SUNRISE AND SUNSET
AUGUST 27 2014........SUNRISE   629 AM MDT   SUNSET   801 PM MDT
AUGUST 28 2014........SUNRISE   630 AM MDT   SUNSET   759 PM MDT


-  INDICATES NEGATIVE NUMBERS.
R  INDICATES RECORD WAS SET OR TIED.
MM INDICATES DATA IS MISSING.
T  INDICATES TRACE AMOUNT.





&&

...THE CLIMATE SUMMARY FOR SOUTHWEST BILLINGS FOR 26 AUGUST 2014...

HIGH TEMPERATURE........................79
LOW TEMPERATURE.........................52

PRECIPITATION...........................0.00
MONTHLY PRECIPITATION TOTAL.............1.85
YEARLY PRECIPITATION TOTAL..............12.41

SNOWFALL................................0.0
MONTHLY SNOWFALL TOTAL..................0.0
TOTAL SNOWFALL SINCE JULY 1.............0.0

SNOW DEPTH AT MIDNIGHT..................0

$$
