000
CDUS45 KBYZ 040409
CLIBIL


CLIMATE REPORT
NATIONAL WEATHER SERVICE BILLINGS MT
908 PM MST TUE MAR 3 2015


...................................

...THE BILLINGS MT CLIMATE SUMMARY FOR MARCH 3 2015...
VALID AS OF 0900 PM LOCAL TIME.

CLIMATE NORMAL PERIOD 1981 TO 2010
CLIMATE RECORD PERIOD 1934 TO 2015


WEATHER ITEM   OBSERVED RECORD YEAR NORMAL DEPARTURE LAST
                VALUE   VALUE       VALUE  FROM      YEAR
                                           NORMAL
...........................................................
TEMPERATURE (F)
 TODAY
  MAXIMUM         20     69    1994  45    -25
  MINIMUM          8    -13    1978  24    -16
                               1976
  AVERAGE         14

PRECIPITATION (IN)
  TODAY            0.05   0.54 1972   0.03   0.02      T
  MONTH TO DATE    0.09               0.07   0.02     0.05
  SINCE OCT 1      2.96               3.34  -0.38     8.02
  SINCE JAN 1      1.39               1.03   0.36     3.13

...........................................................










-  INDICATES NEGATIVE NUMBERS.
R  INDICATES RECORD WAS SET OR TIED.
MM INDICATES DATA IS MISSING.
T  INDICATES TRACE AMOUNT.




$$
