000
CDUS45 KBYZ 290723
CLIBIL


CLIMATE REPORT
NATIONAL WEATHER SERVICE BILLINGS MT
123 AM MDT THU JUN 29 2017


...................................

...THE BILLINGS MT CLIMATE SUMMARY FOR JUNE 28 2017...

CLIMATE NORMAL PERIOD 1981 TO 2010
CLIMATE RECORD PERIOD 1934 TO 2017


WEATHER ITEM   OBSERVED TIME   RECORD YEAR NORMAL DEPARTURE LAST
                VALUE   (LST)  VALUE       VALUE  FROM      YEAR
                                                  NORMAL
..................................................................
TEMPERATURE (F)
 YESTERDAY
  MAXIMUM         80   1132 AM 102    1966  82     -2       90
  MINIMUM         58    542 AM  41    1951  55      3       63
  AVERAGE         69                        69      0       77

PRECIPITATION (IN)
  YESTERDAY        0.05          0.88 1941   0.06  -0.01      T
  MONTH TO DATE    2.05                      2.01   0.04     0.23
  SINCE OCT 1     16.24                     10.18   6.06     8.48
  SINCE JAN 1     10.68                      7.87   2.81     5.63

SNOWFALL (IN)
  YESTERDAY        0.0           T    2005   0.0    0.0      0.0
                                      1993
  MONTH TO DATE    0.0                       0.0    0.0       T
  SINCE JUN 1      0.0                       0.0    0.0       T
  SINCE JUL 1     74.1                      55.0   19.1     28.1
  SNOW DEPTH       0

DEGREE DAYS
 HEATING
  YESTERDAY        0                         1     -1        0
  MONTH TO DATE   35                        92    -57       11
  SINCE JUN 1     35                        92    -57       11
  SINCE JUL 1   6600                      6778   -178     5686

 COOLING
  YESTERDAY        4                         5     -1       12
  MONTH TO DATE  103                        74     29      168
  SINCE JUN 1    103                        74     29      168
  SINCE JAN 1    118                        91     27      179
..................................................................


WIND (MPH)
  HIGHEST WIND SPEED    25   HIGHEST WIND DIRECTION    SW (240)
  HIGHEST GUST SPEED    32   HIGHEST GUST DIRECTION    SW (230)
  AVERAGE WIND SPEED    11.7


SKY COVER
  POSSIBLE SUNSHINE  MM
  AVERAGE SKY COVER 0.6


WEATHER CONDITIONS
 THE FOLLOWING WEATHER WAS RECORDED YESTERDAY.
  THUNDERSTORM
  RAIN


RELATIVE HUMIDITY (PERCENT)
 HIGHEST    67           500 PM
 LOWEST     25          1200 PM
 AVERAGE    46

..........................................................


THE BILLINGS MT CLIMATE NORMALS FOR TODAY
                         NORMAL    RECORD    YEAR
 MAXIMUM TEMPERATURE (F)   82       105      1984
 MINIMUM TEMPERATURE (F)   56        42      1947


SUNRISE AND SUNSET
JUNE 29 2017..........SUNRISE   527 AM MDT   SUNSET   908 PM MDT
JUNE 30 2017..........SUNRISE   528 AM MDT   SUNSET   908 PM MDT


-  INDICATES NEGATIVE NUMBERS.
R  INDICATES RECORD WAS SET OR TIED.
MM INDICATES DATA IS MISSING.
T  INDICATES TRACE AMOUNT.




$$
