000
CDUS45 KBYZ 232236
CLIBIL


CLIMATE REPORT
NATIONAL WEATHER SERVICE BILLINGS MT
432 PM MDT WED JUL 23 2014


...................................

...THE BILLINGS MT CLIMATE SUMMARY FOR JULY 23 2014...
VALID TODAY AS OF 0400 PM LOCAL TIME.

CLIMATE NORMAL PERIOD 1981 TO 2010
CLIMATE RECORD PERIOD 1934 TO 2014


WEATHER ITEM   OBSERVED TIME   RECORD YEAR NORMAL DEPARTURE LAST
                VALUE   (LST)  VALUE       VALUE  FROM      YEAR
                                                  NORMAL
..................................................................
TEMPERATURE (F)
 TODAY
  MAXIMUM         90    329 PM 107    2003  88      2       92
  MINIMUM         62    628 AM  48    1939  60      2       59
  AVERAGE         76                        74      2       76

PRECIPITATION (IN)
  TODAY            0.00          0.72 1982   0.04  -0.04     0.00
  MONTH TO DATE    0.34                      1.03  -0.69     0.51
  SINCE OCT 1     14.81                     11.32   3.49     9.88
  SINCE JAN 1      9.92                      9.01   0.91     7.83

SNOWFALL (IN)
  TODAY            0.0           0.0  2002   0.0    0.0      0.0
                                      2001
                                      2000
  MONTH TO DATE    0.0                       0.0    0.0      0.0
  SINCE JUN 1      T                         0.0    0.0      0.0
  SINCE JUL 1      0.0                       0.0    0.0      0.0
  SNOW DEPTH       0

DEGREE DAYS
 HEATING
  TODAY            0                         0      0        0
  MONTH TO DATE    1                        12    -11        0
  SINCE JUN 1     90                       108    -18       73
  SINCE JUL 1      1                        12    -11        0

 COOLING
  TODAY           11                         9      2       11
  MONTH TO DATE  216                       180     36      247
  SINCE JUN 1    235                       265    -30      343
  SINCE JAN 1    251                       282    -31      370
..................................................................


WIND (MPH)
  HIGHEST WIND SPEED    10   HIGHEST WIND DIRECTION     E (80)
  HIGHEST GUST SPEED    16   HIGHEST GUST DIRECTION    SW (210)
  AVERAGE WIND SPEED     5.6


SKY COVER
  POSSIBLE SUNSHINE  MM
  AVERAGE SKY COVER 0.4


WEATHER CONDITIONS
 THE FOLLOWING WEATHER WAS RECORDED TODAY.
  FOG


RELATIVE HUMIDITY (PERCENT)
 HIGHEST    90           600 AM
 LOWEST     34           300 PM
 AVERAGE    62

..........................................................


THE BILLINGS MT CLIMATE NORMALS FOR TOMORROW
                         NORMAL    RECORD    YEAR
 MAXIMUM TEMPERATURE (F)   88       105      1999
 MINIMUM TEMPERATURE (F)   60        49      2004


SUNRISE AND SUNSET
JULY 23 2014..........SUNRISE   547 AM MDT   SUNSET   854 PM MDT
JULY 24 2014..........SUNRISE   548 AM MDT   SUNSET   852 PM MDT


-  INDICATES NEGATIVE NUMBERS.
R  INDICATES RECORD WAS SET OR TIED.
MM INDICATES DATA IS MISSING.
T  INDICATES TRACE AMOUNT.




$$
