000
CDUS45 KBYZ 300932
CLIBIL


CLIMATE REPORT
NATIONAL WEATHER SERVICE BILLINGS MT
331 AM MDT MON MAY 30 2016


...................................

...THE BILLINGS MT CLIMATE SUMMARY FOR MAY 29 2016...

CLIMATE NORMAL PERIOD 1981 TO 2010
CLIMATE RECORD PERIOD 1934 TO 2016


WEATHER ITEM   OBSERVED TIME   RECORD YEAR NORMAL DEPARTURE LAST
                VALUE   (LST)  VALUE       VALUE  FROM      YEAR
                                                  NORMAL
..................................................................
TEMPERATURE (F)
 YESTERDAY
  MAXIMUM         78    506 PM  94    2003  71      7       62
  MINIMUM         45    530 AM  35    1959  48     -3       46
  AVERAGE         62                        59      3       54

PRECIPITATION (IN)
  YESTERDAY        0.01          1.27 1964   0.08  -0.07      T
  MONTH TO DATE    1.88                      2.03  -0.15     2.43
  SINCE OCT 1      8.09                      8.02   0.07     7.24
  SINCE JAN 1      5.24                      5.71  -0.47     5.67

SNOWFALL (IN)
  YESTERDAY        0.0           T    1982   0.0    0.0      0.0
  MONTH TO DATE    T                         2.0   -2.0       T
  SINCE MAR 1      3.7                      20.5  -16.8     11.3
  SINCE JUL 1     28.1                      55.0  -26.9     55.4
  SNOW DEPTH       0

DEGREE DAYS
 HEATING
  YESTERDAY        3                         7     -4       11
  MONTH TO DATE  263                       297    -34      341
  SINCE MAR 1   1396                      1709   -313     1407
  SINCE JUL 1   5657                      6674  -1017     6048

 COOLING
  YESTERDAY        0                         1     -1        0
  MONTH TO DATE    8                        11     -3        0
  SINCE MAR 1     11                        12     -1        0
  SINCE JAN 1     11                        12     -1        0
..................................................................


WIND (MPH)
  HIGHEST WIND SPEED    22   HIGHEST WIND DIRECTION     N (10)
  HIGHEST GUST SPEED    26   HIGHEST GUST DIRECTION     N (10)
  AVERAGE WIND SPEED     6.5


SKY COVER
  POSSIBLE SUNSHINE  MM
  AVERAGE SKY COVER 0.3


WEATHER CONDITIONS
 THE FOLLOWING WEATHER WAS RECORDED YESTERDAY.
  THUNDERSTORM
  LIGHT RAIN


RELATIVE HUMIDITY (PERCENT)
 HIGHEST    92           500 AM
 LOWEST     23           300 PM
 AVERAGE    58

..........................................................


THE BILLINGS MT CLIMATE NORMALS FOR TODAY
                         NORMAL    RECORD    YEAR
 MAXIMUM TEMPERATURE (F)   72        95      1984
 MINIMUM TEMPERATURE (F)   48        36      1982


SUNRISE AND SUNSET
MAY 30 2016...........SUNRISE   529 AM MDT   SUNSET   855 PM MDT
MAY 31 2016...........SUNRISE   528 AM MDT   SUNSET   856 PM MDT


-  INDICATES NEGATIVE NUMBERS.
R  INDICATES RECORD WAS SET OR TIED.
MM INDICATES DATA IS MISSING.
T  INDICATES TRACE AMOUNT.





&&

...THE CLIMATE SUMMARY FOR SOUTHWEST BILLINGS FOR 29 MAY 2016...

HIGH TEMPERATURE........................79
LOW TEMPERATURE.........................42

PRECIPITATION...........................T
MONTHLY PRECIPITATION TOTAL.............2.73
YEARLY PRECIPITATION TOTAL..............5.73

SNOWFALL................................0.0
MONTHLY SNOWFALL TOTAL..................0.0
TOTAL SNOWFALL SINCE JULY 1.............25.8

SNOW DEPTH AT MIDNIGHT..................0

$$
