000
CDUS45 KBYZ 171708
CLIBIL


CLIMATE REPORT
NATIONAL WEATHER SERVICE BILLINGS MT
1108 AM MDT THU APR 17 2014


...................................

...THE BILLINGS MT CLIMATE SUMMARY FOR APRIL 17 2014...
VALID AS OF 1100 AM LOCAL TIME.

CLIMATE NORMAL PERIOD 1981 TO 2010
CLIMATE RECORD PERIOD 1934 TO 2014


WEATHER ITEM   OBSERVED RECORD YEAR NORMAL DEPARTURE LAST
                VALUE   VALUE       VALUE  FROM      YEAR
                                           NORMAL
...........................................................
TEMPERATURE (F)
 TODAY
  MAXIMUM         45     84    1994  58    -13
                               1987
  MINIMUM         32     16    2013  35     -3
  AVERAGE         39

PRECIPITATION (IN)
  TODAY            0.00   1.33 1941   0.05  -0.05     0.01
  MONTH TO DATE    0.09               0.88  -0.79     0.75
  SINCE OCT 1      9.38               5.21   4.17     3.94
  SINCE JAN 1      4.49               2.90   1.59     1.89

...........................................................










-  INDICATES NEGATIVE NUMBERS.
R  INDICATES RECORD WAS SET OR TIED.
MM INDICATES DATA IS MISSING.
T  INDICATES TRACE AMOUNT.




$$
