000
CDUS45 KBYZ 290938
CLIBIL


CLIMATE REPORT
NATIONAL WEATHER SERVICE BILLINGS MT
337 AM MDT TUE JUL 29 2014


...................................

...THE BILLINGS MT CLIMATE SUMMARY FOR JULY 28 2014...

CLIMATE NORMAL PERIOD 1981 TO 2010
CLIMATE RECORD PERIOD 1934 TO 2014


WEATHER ITEM   OBSERVED TIME   RECORD YEAR NORMAL DEPARTURE LAST
                VALUE   (LST)  VALUE       VALUE  FROM      YEAR
                                                  NORMAL
..................................................................
TEMPERATURE (F)
 YESTERDAY
  MAXIMUM         92    344 PM 103    2006  89      3       82
                                      1947
  MINIMUM         60    543 AM  48    1971  60      0       60
                                      1949
  AVERAGE         76                        74      2       71

PRECIPITATION (IN)
  YESTERDAY        0.00          0.20 1971   0.03  -0.03     0.04
  MONTH TO DATE    0.34                      1.21  -0.87     0.56
  SINCE OCT 1     14.81                     11.50   3.31     9.93
  SINCE JAN 1      9.92                      9.19   0.73     7.88

SNOWFALL (IN)
  YESTERDAY        0.0           0.0  2002   0.0    0.0      0.0
                                      2001
                                      2000
  MONTH TO DATE    0.0                       0.0    0.0      0.0
  SINCE JUN 1      T                         0.0    0.0      0.0
  SINCE JUL 1      0.0                       0.0    0.0      0.0
  SNOW DEPTH       0

DEGREE DAYS
 HEATING
  YESTERDAY        0                         0      0        0
  MONTH TO DATE    1                        12    -11        0
  SINCE JUN 1     90                       108    -18       73
  SINCE JUL 1      1                        12    -11        0

 COOLING
  YESTERDAY       11                        10      1        6
  MONTH TO DATE  266                       228     38      288
  SINCE JUN 1    285                       313    -28      384
  SINCE JAN 1    301                       330    -29      411
..................................................................


WIND (MPH)
  HIGHEST WIND SPEED    20   HIGHEST WIND DIRECTION    NE (50)
  HIGHEST GUST SPEED    24   HIGHEST GUST DIRECTION    NE (50)
  AVERAGE WIND SPEED     8.2


SKY COVER
  POSSIBLE SUNSHINE  MM
  AVERAGE SKY COVER 0.3


WEATHER CONDITIONS
 THE FOLLOWING WEATHER WAS RECORDED YESTERDAY.
  NO SIGNIFICANT WEATHER WAS OBSERVED.


RELATIVE HUMIDITY (PERCENT)
 HIGHEST    48           200 AM
 LOWEST     18           300 PM
 AVERAGE    33

..........................................................


THE BILLINGS MT CLIMATE NORMALS FOR TODAY
                         NORMAL    RECORD    YEAR
 MAXIMUM TEMPERATURE (F)   89       102      1939
 MINIMUM TEMPERATURE (F)   60        43      1971


SUNRISE AND SUNSET
JULY 29 2014..........SUNRISE   554 AM MDT   SUNSET   847 PM MDT
JULY 30 2014..........SUNRISE   555 AM MDT   SUNSET   845 PM MDT


-  INDICATES NEGATIVE NUMBERS.
R  INDICATES RECORD WAS SET OR TIED.
MM INDICATES DATA IS MISSING.
T  INDICATES TRACE AMOUNT.





&&

...THE CLIMATE SUMMARY FOR SOUTHWEST BILLINGS FOR 28 JULY 2014...

HIGH TEMPERATURE........................94
LOW TEMPERATURE.........................56

PRECIPITATION...........................0.00
MONTHLY PRECIPITATION TOTAL.............0.91
YEARLY PRECIPITATION TOTAL..............10.56

SNOWFALL................................0.0
MONTHLY SNOWFALL TOTAL..................0.0
TOTAL SNOWFALL SINCE JULY 1.............0.0

SNOW DEPTH AT MIDNIGHT..................0

$$
