000
CDUS43 KBIS 190133
CLIBIS


CLIMATE REPORT
NATIONAL WEATHER SERVICE BISMARCK ND
832 PM CDT WED OCT 18 2017


...................................

...THE BISMARCK ND CLIMATE SUMMARY FOR OCTOBER 18 2017...
VALID TODAY AS OF 0800 PM LOCAL TIME.

CLIMATE NORMAL PERIOD 1981 TO 2010
CLIMATE RECORD PERIOD 1875 TO 2017


WEATHER ITEM   OBSERVED TIME   RECORD YEAR NORMAL DEPARTURE LAST
                VALUE   (LST)  VALUE       VALUE  FROM      YEAR
                                                  NORMAL
..................................................................
TEMPERATURE (F)
 TODAY
  MAXIMUM         63        MM  83    1874  57      6       64
  MINIMUM         49    700 PM   9    1989  31     18       33
  AVERAGE         56                        44     12       49

PRECIPITATION (IN)
  TODAY            0.00          1.17 1994   0.05  -0.05     0.04
  MONTH TO DATE    0.01                      0.77  -0.76     0.24
  SINCE SEP 1      1.40                      2.36  -0.96     1.46
  SINCE JAN 1     13.04                     16.17  -3.13    20.00

SNOWFALL (IN)
  TODAY            0.0           1.4  1917
  MONTH TO DATE    0.0
  SINCE SEP 1      0.0
  SINCE JUL 1      T

DEGREE DAYS
 HEATING
  TODAY            9                        21    -12       16
  MONTH TO DATE  284                       310    -26      293
  SINCE SEP 1    465                       541    -76      466
  SINCE JUL 1    477                       596   -119      499

 COOLING
  TODAY            0                         0      0        0
  MONTH TO DATE    0                         0      0        2
  SINCE SEP 1     49                        38     11       31
  SINCE JAN 1    615                       519     96      548
..................................................................


WIND (MPH)
  RESULTANT WIND SPEED  12   RESULTANT WIND DIRECTION   W (290)
  HIGHEST WIND SPEED    24   HIGHEST WIND DIRECTION    NW (330)
  HIGHEST GUST SPEED    36   HIGHEST GUST DIRECTION    NW (330)
  AVERAGE WIND SPEED    12.8


SKY COVER
  POSSIBLE SUNSHINE   0 PERCENT
  AVERAGE SKY COVER 0.0


WEATHER CONDITIONS
 THE FOLLOWING WEATHER WAS RECORDED TODAY.
  NO SIGNIFICANT WEATHER WAS OBSERVED.


RELATIVE HUMIDITY (PERCENT)
 HIGHEST     0          1200 AM
 LOWEST      0          1200 AM
 AVERAGE     0

..........................................................


THE BISMARCK ND CLIMATE NORMALS FOR TOMORROW
                         NORMAL    RECORD    YEAR
 MAXIMUM TEMPERATURE (F)   56        89      2003
 MINIMUM TEMPERATURE (F)   31         5      1960


SUNRISE AND SUNSET
OCTOBER 18 2017.......SUNRISE   805 AM CDT   SUNSET   650 PM CDT
OCTOBER 19 2017.......SUNRISE   807 AM CDT   SUNSET   648 PM CDT


-  INDICATES NEGATIVE NUMBERS.
R  INDICATES RECORD WAS SET OR TIED.
MM INDICATES DATA IS MISSING.
T  INDICATES TRACE AMOUNT.




$$
