000
CDUS43 KBIS 240728
CLIBIS


CLIMATE REPORT
NATIONAL WEATHER SERVICE BISMARCK ND
228 AM CDT FRI OCT 24 2014


...................................

...THE BISMARCK ND CLIMATE SUMMARY FOR OCTOBER 23 2014...

CLIMATE NORMAL PERIOD 1981 TO 2010
CLIMATE RECORD PERIOD 1875 TO 2014


WEATHER ITEM   OBSERVED TIME   RECORD YEAR NORMAL DEPARTURE LAST
                VALUE   (LST)  VALUE       VALUE  FROM      YEAR
                                                  NORMAL
..................................................................
TEMPERATURE (F)
 YESTERDAY
  MAXIMUM         77R   324 PM  76    1998  54     23       42
  MINIMUM         30    523 AM  12    1895  30      0       27
  AVERAGE         54                        42     12       35

PRECIPITATION (IN)
  YESTERDAY        0.00          0.83 1943   0.03  -0.03     0.05
  MONTH TO DATE    0.07                      0.96  -0.89     4.73
  SINCE SEP 1      0.44                      2.55  -2.11     9.09
  SINCE JAN 1     13.13                     16.36  -3.23    25.40

SNOWFALL (IN)
  YESTERDAY        0.0           7.6  1991   0.1   -0.1       T
  MONTH TO DATE    0.0                       1.1   -1.1      1.0
  SINCE SEP 1      0.0                       1.3   -1.3      1.0
  SINCE JUL 1      0.0                       1.3   -1.3      1.0
  SNOW DEPTH       0

DEGREE DAYS
 HEATING
  YESTERDAY       11                        23    -12       30
  MONTH TO DATE  347                       421    -74      467
  SINCE SEP 1    535                       652   -117      570
  SINCE JUL 1    597                       707   -110      598

 COOLING
  YESTERDAY        0                         0      0        0
  MONTH TO DATE    0                         0      0        0
  SINCE SEP 1     51                        38     13       75
  SINCE JAN 1    457                       519    -62      555
..................................................................


WIND (MPH)
  HIGHEST WIND SPEED    16   HIGHEST WIND DIRECTION     W (250)
  HIGHEST GUST SPEED    20   HIGHEST GUST DIRECTION     W (250)
  AVERAGE WIND SPEED     5.6


SKY COVER
  POSSIBLE SUNSHINE  MM
  AVERAGE SKY COVER 0.0


WEATHER CONDITIONS
 THE FOLLOWING WEATHER WAS RECORDED YESTERDAY.
  NO SIGNIFICANT WEATHER WAS OBSERVED.


RELATIVE HUMIDITY (PERCENT)
 HIGHEST    92           600 AM
 LOWEST     19           200 PM
 AVERAGE    56

..........................................................


THE BISMARCK ND CLIMATE NORMALS FOR TODAY
                         NORMAL    RECORD    YEAR
 MAXIMUM TEMPERATURE (F)   53        80      1927
 MINIMUM TEMPERATURE (F)   29         7      1887


SUNRISE AND SUNSET
OCTOBER 24 2014.......SUNRISE   814 AM CDT   SUNSET   640 PM CDT
OCTOBER 25 2014.......SUNRISE   815 AM CDT   SUNSET   638 PM CDT


-  INDICATES NEGATIVE NUMBERS.
R  INDICATES RECORD WAS SET OR TIED.
MM INDICATES DATA IS MISSING.
T  INDICATES TRACE AMOUNT.




$$
