384
CDUS43 KBIS 300731
CLIBIS


CLIMATE REPORT
NATIONAL WEATHER SERVICE BISMARCK ND
230 AM CDT SAT APR 30 2016


...................................

...THE BISMARCK ND CLIMATE SUMMARY FOR APRIL 29 2016...

CLIMATE NORMAL PERIOD 1981 TO 2010
CLIMATE RECORD PERIOD 1875 TO 2016


WEATHER ITEM   OBSERVED TIME   RECORD YEAR NORMAL DEPARTURE LAST
                VALUE   (LST)  VALUE       VALUE  FROM      YEAR
                                                  NORMAL
..................................................................
TEMPERATURE (F)
 YESTERDAY
  MAXIMUM         62    455 PM  89    1952  63     -1       74
                                      1926
  MINIMUM         34    556 AM  18    1958  36     -2       34
                                      1907
  AVERAGE         48                        50     -2       54

PRECIPITATION (IN)
  YESTERDAY        0.00          1.33 1884   0.05  -0.05     0.00
  MONTH TO DATE    4.15                      1.20   2.95     0.37
  SINCE MAR 1      4.58                      2.07   2.51     0.82
  SINCE JAN 1      5.22                      3.01   2.21     1.96

SNOWFALL (IN)
  YESTERDAY        0.0           3.2  1940   0.0    0.0      0.0
  MONTH TO DATE    0.2                       4.1   -3.9      0.2
  SINCE MAR 1      3.5                      13.2   -9.7      1.0
  SINCE JUL 1     24.1                      50.7  -26.6     23.9
  SNOW DEPTH       0

DEGREE DAYS
 HEATING
  YESTERDAY       17                        16      1       11
  MONTH TO DATE  579                       622    -43      576
  SINCE MAR 1   1377                      1710   -333     1465
  SINCE JUL 1   6697                      8141  -1444     7826

 COOLING
  YESTERDAY        0                         0      0        0
  MONTH TO DATE    0                         0      0        0
  SINCE MAR 1      0                         0      0        0
  SINCE JAN 1      0                         0      0        0
..................................................................


WIND (MPH)
  HIGHEST WIND SPEED    22   HIGHEST WIND DIRECTION    SE (130)
  HIGHEST GUST SPEED    26   HIGHEST GUST DIRECTION    SE (120)
  AVERAGE WIND SPEED     8.6


SKY COVER
  POSSIBLE SUNSHINE  MM
  AVERAGE SKY COVER 0.2


WEATHER CONDITIONS
 THE FOLLOWING WEATHER WAS RECORDED YESTERDAY.
  NO SIGNIFICANT WEATHER WAS OBSERVED.


RELATIVE HUMIDITY (PERCENT)
 HIGHEST    89           500 AM
 LOWEST     34           500 PM
 AVERAGE    62

..........................................................


THE BISMARCK ND CLIMATE NORMALS FOR TODAY
                         NORMAL    RECORD    YEAR
 MAXIMUM TEMPERATURE (F)   64        93      1992
 MINIMUM TEMPERATURE (F)   36        16      1903


SUNRISE AND SUNSET
APRIL 30 2016.........SUNRISE   629 AM CDT   SUNSET   852 PM CDT
MAY  1 2016...........SUNRISE   627 AM CDT   SUNSET   854 PM CDT


-  INDICATES NEGATIVE NUMBERS.
R  INDICATES RECORD WAS SET OR TIED.
MM INDICATES DATA IS MISSING.
T  INDICATES TRACE AMOUNT.




$$
