000
CDUS43 KBIS 260803
CLIBIS


CLIMATE REPORT
NATIONAL WEATHER SERVICE BISMARCK ND
302 AM CDT TUE MAY 26 2015


...................................

...THE BISMARCK ND CLIMATE SUMMARY FOR MAY 25 2015...

CLIMATE NORMAL PERIOD 1981 TO 2010
CLIMATE RECORD PERIOD 1875 TO 2015


WEATHER ITEM   OBSERVED TIME   RECORD YEAR NORMAL DEPARTURE LAST
                VALUE   (LST)  VALUE       VALUE  FROM      YEAR
                                                  NORMAL
..................................................................
TEMPERATURE (F)
 YESTERDAY
  MAXIMUM         71    401 PM  96    1941  71      0       86
  MINIMUM         55    324 AM  26    1924  46      9       58
  AVERAGE         63                        58      5       72

PRECIPITATION (IN)
  YESTERDAY        0.33          1.51 1960   0.08   0.25     0.00
  MONTH TO DATE    5.22                      1.86   3.36     0.21
  SINCE MAR 1      6.04                      3.99   2.05     2.98
  SINCE JAN 1      7.18                      4.93   2.25     3.55

SNOWFALL (IN)
  YESTERDAY        0.0           0.0  2002   0.0    0.0      0.0
                                      2001
  MONTH TO DATE    0.2                       0.4   -0.2       T
  SINCE MAR 1      1.2                      13.7  -12.5     15.3
  SINCE JUL 1     24.1                      51.2  -27.1     40.5
  SNOW DEPTH       0

DEGREE DAYS
 HEATING
  YESTERDAY        2                         7     -5        0
  MONTH TO DATE  297                       271     26      329
  SINCE MAR 1   1766                      1995   -229     2203
  SINCE JUL 1   8127                      8426   -299     9055

 COOLING
  YESTERDAY        0                         1     -1        7
  MONTH TO DATE    0                         7     -7       19
  SINCE MAR 1      0                         8     -8       19
  SINCE JAN 1      0                         8     -8       19
..................................................................


WIND (MPH)
  HIGHEST WIND SPEED    15   HIGHEST WIND DIRECTION     W (250)
  HIGHEST GUST SPEED    18   HIGHEST GUST DIRECTION    SW (240)
  AVERAGE WIND SPEED     6.9


SKY COVER
  POSSIBLE SUNSHINE  MM
  AVERAGE SKY COVER 0.6


WEATHER CONDITIONS
 THE FOLLOWING WEATHER WAS RECORDED YESTERDAY.
  LIGHT RAIN
  FOG


RELATIVE HUMIDITY (PERCENT)
 HIGHEST   100           500 AM
 LOWEST     59           500 PM
 AVERAGE    80

..........................................................


THE BISMARCK ND CLIMATE NORMALS FOR TODAY
                         NORMAL    RECORD    YEAR
 MAXIMUM TEMPERATURE (F)   71        92      2006
                                             1934
 MINIMUM TEMPERATURE (F)   46        25      1984


SUNRISE AND SUNSET
MAY 26 2015...........SUNRISE   557 AM CDT   SUNSET   923 PM CDT
MAY 27 2015...........SUNRISE   556 AM CDT   SUNSET   924 PM CDT


-  INDICATES NEGATIVE NUMBERS.
R  INDICATES RECORD WAS SET OR TIED.
MM INDICATES DATA IS MISSING.
T  INDICATES TRACE AMOUNT.




$$
