000
CDUS43 KBIS 170027
CLIBIS


CLIMATE REPORT
NATIONAL WEATHER SERVICE BISMARCK ND
627 PM CST SAT DEC 16 2017


...................................

...THE BISMARCK ND CLIMATE SUMMARY FOR DECEMBER 16 2017...
VALID TODAY AS OF 0600 PM LOCAL TIME.

CLIMATE NORMAL PERIOD 1981 TO 2010
CLIMATE RECORD PERIOD 1875 TO 2017


WEATHER ITEM   OBSERVED TIME   RECORD YEAR NORMAL DEPARTURE LAST
                VALUE   (LST)  VALUE       VALUE  FROM      YEAR
                                                  NORMAL
..................................................................
TEMPERATURE (F)
 TODAY
  MAXIMUM         40    244 PM  59    1962  26     14        5
  MINIMUM         33    559 PM -26    1914   6     27       -5
  AVERAGE         37                        16     21        0

PRECIPITATION (IN)
  TODAY            0.06          0.47 1929   0.01   0.05     0.02
  MONTH TO DATE    0.19                      0.24  -0.05     0.65
  SINCE DEC 1      0.19                      0.24  -0.05     0.65
  SINCE JAN 1     13.56                     17.60  -4.04    22.07

SNOWFALL (IN)
  TODAY            0.0           6.0  1929
  MONTH TO DATE    2.6
  SINCE DEC 1      2.6
  SINCE JUL 1      3.9

DEGREE DAYS
 HEATING
  TODAY           28                        49    -21       65
  MONTH TO DATE  520                       748   -228      935
  SINCE DEC 1    520                       748   -228      935
  SINCE JUL 1   2259                      2734   -475     2415

 COOLING
  TODAY            0                         0      0        0
  MONTH TO DATE    0                         0      0        0
  SINCE DEC 1      0                         0      0        0
  SINCE JAN 1    615                       520     95      548
..................................................................


WIND (MPH)
  RESULTANT WIND SPEED   9   RESULTANT WIND DIRECTION  NW (310)
  HIGHEST WIND SPEED    20   HIGHEST WIND DIRECTION    NW (330)
  HIGHEST GUST SPEED    25   HIGHEST GUST DIRECTION    NW (330)
  AVERAGE WIND SPEED     9.5


SKY COVER
  POSSIBLE SUNSHINE  MM
  AVERAGE SKY COVER 0.7


WEATHER CONDITIONS
 THE FOLLOWING WEATHER WAS RECORDED TODAY.
  LIGHT RAIN


RELATIVE HUMIDITY (PERCENT)
 HIGHEST    92           200 AM
 LOWEST     70           300 PM
 AVERAGE    81

..........................................................


THE BISMARCK ND CLIMATE NORMALS FOR TOMORROW
                         NORMAL    RECORD    YEAR
 MAXIMUM TEMPERATURE (F)   25        57      1890
 MINIMUM TEMPERATURE (F)    5       -31      2016


SUNRISE AND SUNSET
DECEMBER 16 2017......SUNRISE   822 AM CST   SUNSET   456 PM CST
DECEMBER 17 2017......SUNRISE   823 AM CST   SUNSET   456 PM CST


-  INDICATES NEGATIVE NUMBERS.
R  INDICATES RECORD WAS SET OR TIED.
MM INDICATES DATA IS MISSING.
T  INDICATES TRACE AMOUNT.




$$
