000
CDUS43 KBIS 290726
CLIBIS


CLIMATE REPORT
NATIONAL WEATHER SERVICE BISMARCK ND
225 AM CDT FRI JUL 29 2016


...................................

...THE BISMARCK ND CLIMATE SUMMARY FOR JULY 28 2016...

CLIMATE NORMAL PERIOD 1981 TO 2010
CLIMATE RECORD PERIOD 1875 TO 2016


WEATHER ITEM   OBSERVED TIME   RECORD YEAR NORMAL DEPARTURE LAST
                VALUE   (LST)  VALUE       VALUE  FROM      YEAR
                                                  NORMAL
..................................................................
TEMPERATURE (F)
 YESTERDAY
  MAXIMUM         75    534 PM 107    1917  86    -11       74
  MINIMUM         62    537 AM  41    1976  58      4       60
  AVERAGE         69                        72     -3       67

PRECIPITATION (IN)
  YESTERDAY        T             1.33 1989   0.08  -0.08     0.00
  MONTH TO DATE    3.89                      2.63   1.26     1.51
  SINCE JUN 1      8.27                      5.80   2.47     6.49
  SINCE JAN 1     15.45                     11.27   4.18    13.76

SNOWFALL (IN)
  YESTERDAY        0.0           0.0  2002   0.0    0.0      0.0
                                      2001
  MONTH TO DATE    0.0                       0.0    0.0      0.0
  SINCE JUN 1      0.0                       0.0    0.0      0.0
  SINCE JUL 1      0.0                       0.0    0.0      0.0
  SNOW DEPTH       0

DEGREE DAYS
 HEATING
  YESTERDAY        0                         0      0        0
  MONTH TO DATE    8                        13     -5        7
  SINCE JUN 1     34                       106    -72       50
  SINCE JUL 1      8                        13     -5        7

 COOLING
  YESTERDAY        4                         7     -3        2
  MONTH TO DATE  199                       179     20      212
  SINCE JUN 1    325                       262     63      306
  SINCE JAN 1    335                       279     56      312
..................................................................


WIND (MPH)
  HIGHEST WIND SPEED    12   HIGHEST WIND DIRECTION    NE (60)
  HIGHEST GUST SPEED    17   HIGHEST GUST DIRECTION    NE (50)
  AVERAGE WIND SPEED     5.3


SKY COVER
  POSSIBLE SUNSHINE  MM
  AVERAGE SKY COVER 0.9


WEATHER CONDITIONS
 THE FOLLOWING WEATHER WAS RECORDED YESTERDAY.
  LIGHT RAIN


RELATIVE HUMIDITY (PERCENT)
 HIGHEST    93          1200 AM
 LOWEST     53           300 PM
 AVERAGE    73

..........................................................


THE BISMARCK ND CLIMATE NORMALS FOR TODAY
                         NORMAL    RECORD    YEAR
 MAXIMUM TEMPERATURE (F)   86       104      1999
                                             1975
 MINIMUM TEMPERATURE (F)   58        41      1899


SUNRISE AND SUNSET
JULY 29 2016..........SUNRISE   620 AM CDT   SUNSET   918 PM CDT
JULY 30 2016..........SUNRISE   621 AM CDT   SUNSET   917 PM CDT


-  INDICATES NEGATIVE NUMBERS.
R  INDICATES RECORD WAS SET OR TIED.
MM INDICATES DATA IS MISSING.
T  INDICATES TRACE AMOUNT.




$$
