000
CDUS43 KBIS 280733
CLIBIS


CLIMATE REPORT
NATIONAL WEATHER SERVICE BISMARCK ND
232 AM CDT SUN AUG 28 2016


...................................

...THE BISMARCK ND CLIMATE SUMMARY FOR AUGUST 27 2016...

CLIMATE NORMAL PERIOD 1981 TO 2010
CLIMATE RECORD PERIOD 1875 TO 2016


WEATHER ITEM   OBSERVED TIME   RECORD YEAR NORMAL DEPARTURE LAST
                VALUE   (LST)  VALUE       VALUE  FROM      YEAR
                                                  NORMAL
..................................................................
TEMPERATURE (F)
 YESTERDAY
  MAXIMUM         80    545 PM 107    1973  81     -1       86
  MINIMUM         48    610 AM  33    1982  53     -5       58
  AVERAGE         64                        67     -3       72

PRECIPITATION (IN)
  YESTERDAY        0.00          1.32 1892   0.07  -0.07     0.00
  MONTH TO DATE    1.88                      2.03  -0.15     1.41
  SINCE JUN 1     11.36                      8.09   3.27     7.90
  SINCE JAN 1     18.54                     13.56   4.98    15.17

SNOWFALL (IN)
  YESTERDAY        0.0           0.0  2002   0.0    0.0      0.0
                                      2001
  MONTH TO DATE    0.0                       0.0    0.0      0.0
  SINCE JUN 1      0.0                       0.0    0.0      0.0
  SINCE JUL 1      0.0                       0.0    0.0      0.0
  SNOW DEPTH       0

DEGREE DAYS
 HEATING
  YESTERDAY        1                         2     -1        0
  MONTH TO DATE   25                        29     -4       29
  SINCE JUN 1     59                       139    -80       79
  SINCE JUL 1     33                        46    -13       36

 COOLING
  YESTERDAY        0                         4     -4        7
  MONTH TO DATE  133                       162    -29      158
  SINCE JUN 1    488                       449     39      477
  SINCE JAN 1    498                       466     32      483
..................................................................


WIND (MPH)
  HIGHEST WIND SPEED    13   HIGHEST WIND DIRECTION     S (180)
  HIGHEST GUST SPEED    17   HIGHEST GUST DIRECTION    SW (220)
  AVERAGE WIND SPEED     4.5


SKY COVER
  POSSIBLE SUNSHINE  MM
  AVERAGE SKY COVER 0.1


WEATHER CONDITIONS
 THE FOLLOWING WEATHER WAS RECORDED YESTERDAY.
  FOG


RELATIVE HUMIDITY (PERCENT)
 HIGHEST   100           600 AM
 LOWEST     35           200 PM
 AVERAGE    68

..........................................................


THE BISMARCK ND CLIMATE NORMALS FOR TODAY
                         NORMAL    RECORD    YEAR
 MAXIMUM TEMPERATURE (F)   80       101      1991
                                             1969
                                             1905
 MINIMUM TEMPERATURE (F)   53        32      1911


SUNRISE AND SUNSET
AUGUST 28 2016........SUNRISE   658 AM CDT   SUNSET   829 PM CDT
AUGUST 29 2016........SUNRISE   700 AM CDT   SUNSET   827 PM CDT


-  INDICATES NEGATIVE NUMBERS.
R  INDICATES RECORD WAS SET OR TIED.
MM INDICATES DATA IS MISSING.
T  INDICATES TRACE AMOUNT.




$$
