000
CDUS43 KBIS 080744
CLIBIS


CLIMATE REPORT
NATIONAL WEATHER SERVICE BISMARCK ND
144 AM CST THU DEC 8 2016


...................................

...THE BISMARCK ND CLIMATE SUMMARY FOR DECEMBER 7 2016...

CLIMATE NORMAL PERIOD 1981 TO 2010
CLIMATE RECORD PERIOD 1875 TO 2016


WEATHER ITEM   OBSERVED TIME   RECORD YEAR NORMAL DEPARTURE LAST
                VALUE   (LST)  VALUE       VALUE  FROM      YEAR
                                                  NORMAL
..................................................................
TEMPERATURE (F)
 YESTERDAY
  MAXIMUM          6    757 AM  57    1918  29    -23       55
  MINIMUM          4   1103 PM -28    1972   9     -5       21
  AVERAGE          5                        19    -14       38

PRECIPITATION (IN)
  YESTERDAY        T             0.40 1963   0.01  -0.01     0.00
  MONTH TO DATE    0.44                      0.11   0.33     0.15
  SINCE DEC 1      0.44                      0.11   0.33     0.15
  SINCE JAN 1     21.86                     17.47   4.39    16.97

SNOWFALL (IN)
  YESTERDAY        T             4.8  1977   0.3   -0.3      0.0
  MONTH TO DATE    7.5                       2.0    5.5      1.9
  SINCE DEC 1      7.5                       2.0    5.5      1.9
  SINCE JUL 1     26.5                      13.2   13.3      3.7
  SNOW DEPTH      10

DEGREE DAYS
 HEATING
  YESTERDAY       60                        46     14       27
  MONTH TO DATE  319                       316      3      236
  SINCE DEC 1    319                       316      3      236
  SINCE JUL 1   1799                      2302   -503     1821

 COOLING
  YESTERDAY        0                         0      0        0
  MONTH TO DATE    0                         0      0        0
  SINCE DEC 1      0                         0      0        0
  SINCE JAN 1    548                       520     28      622
..................................................................


WIND (MPH)
  HIGHEST WIND SPEED    32   HIGHEST WIND DIRECTION     W (290)
  HIGHEST GUST SPEED    43   HIGHEST GUST DIRECTION    NW (310)
  AVERAGE WIND SPEED    20.7


SKY COVER
  POSSIBLE SUNSHINE  MM
  AVERAGE SKY COVER 0.9


WEATHER CONDITIONS
 THE FOLLOWING WEATHER WAS RECORDED YESTERDAY.
  LIGHT SNOW
  FOG
  HAZE
  BLOWING SNOW


RELATIVE HUMIDITY (PERCENT)
 HIGHEST    87          1200 AM
 LOWEST     76           500 AM
 AVERAGE    82

..........................................................


THE BISMARCK ND CLIMATE NORMALS FOR TODAY
                         NORMAL    RECORD    YEAR
 MAXIMUM TEMPERATURE (F)   28        56      1939
 MINIMUM TEMPERATURE (F)    8       -28      1927


SUNRISE AND SUNSET
DECEMBER  8 2016......SUNRISE   815 AM CST   SUNSET   455 PM CST
DECEMBER  9 2016......SUNRISE   816 AM CST   SUNSET   455 PM CST


-  INDICATES NEGATIVE NUMBERS.
R  INDICATES RECORD WAS SET OR TIED.
MM INDICATES DATA IS MISSING.
T  INDICATES TRACE AMOUNT.




$$
