000
CDUS43 KGRR 301345
CLIBIV


CLIMATE REPORT
NATIONAL WEATHER SERVICE GRAND RAPIDS, MI
943 AM EDT SAT MAY 30 2015


...................................

...THE HOLLAND/TULIP CITY MI CLIMATE SUMMARY FOR MAY 30 2015...
VALID AS OF 0900 AM LOCAL TIME.

CLIMATE NORMAL PERIOD 1981 TO 2010
CLIMATE RECORD PERIOD 1996 TO 2015


WEATHER ITEM   OBSERVED TIME   NORMAL DEPARTURE LAST
                VALUE   (LST)  VALUE  FROM      YEAR
                                      NORMAL
......................................................
TEMPERATURE (F)
 TODAY
  MAXIMUM         73   1239 AM  74     -1       84
  MINIMUM         61    553 AM  53      8       54
  AVERAGE         67            63      4       69

PRECIPITATION (IN)
  TODAY            0.00          0.09  -0.09     0.00
  MONTH TO DATE    4.47          3.11   1.36     2.03
  SINCE MAR 1      9.01          8.63   0.38     5.57
  SINCE JAN 1     10.49         12.52  -2.03     9.53

DEGREE DAYS
 HEATING
  TODAY            0             4     -4        0
  MONTH TO DATE  184           228    -44      228
  SINCE MAR 1   1654          1607     47     1867
  SINCE JUL 1   6621          6107    514     7025

 COOLING
  TODAY            2             2      0        4
  MONTH TO DATE   51            34     17       33
  SINCE MAR 1     51            38     13       33
  SINCE JAN 1     51            38     13       33
......................................................


WIND (MPH)
  RESULTANT WIND SPEED  10   RESULTANT WIND DIRECTION  SW (230)
  HIGHEST WIND SPEED    18   HIGHEST WIND DIRECTION    SW (220)
  HIGHEST GUST SPEED    24   HIGHEST GUST DIRECTION    SW (230)
  AVERAGE WIND SPEED    10.6


SKY COVER
  AVERAGE SKY COVER 0.7


WEATHER CONDITIONS
 THE FOLLOWING WEATHER WAS RECORDED TODAY.
  FOG


RELATIVE HUMIDITY (PERCENT)
 HIGHEST    97           600 AM
 LOWEST     78           400 AM
 AVERAGE    88

..........................................................


THE HOLLAND/TULIP CITY MI CLIMATE NORMALS FOR TOMORROW
                         NORMAL
 MAXIMUM TEMPERATURE (F)   74
 MINIMUM TEMPERATURE (F)   53


SUNRISE AND SUNSET
MAY 30 2015...........SUNRISE   610 AM EDT   SUNSET   915 PM EDT
MAY 31 2015...........SUNRISE   610 AM EDT   SUNSET   916 PM EDT


-  INDICATES NEGATIVE NUMBERS.
R  INDICATES RECORD WAS SET OR TIED.
MM INDICATES DATA IS MISSING.
T  INDICATES TRACE AMOUNT.




$$
