000
CDUS43 KGRR 012130
CLIBIV


CLIMATE REPORT
NATIONAL WEATHER SERVICE GRAND RAPIDS, MI
530 PM EDT MON SEP 1 2014


...................................

...THE HOLLAND/TULIP CITY MI CLIMATE SUMMARY FOR SEPTEMBER 1 2014...
VALID TODAY AS OF 0500 PM LOCAL TIME.

CLIMATE NORMAL PERIOD 1981 TO 2010
CLIMATE RECORD PERIOD 1996 TO 2014


WEATHER ITEM   OBSERVED TIME   RECORD YEAR NORMAL DEPARTURE LAST
                VALUE   (LST)  VALUE       VALUE  FROM      YEAR
                                                  NORMAL
..................................................................
TEMPERATURE (F)
 TODAY
  MAXIMUM         81    359 PM  MM      MM  79      2       81
  MINIMUM         69    229 AM  MM      MM  58     11       63
  AVERAGE         75                        68      7       72

PRECIPITATION (IN)
  TODAY            0.12         MM      MM   0.11   0.01     0.00
  MONTH TO DATE    0.12                      0.11   0.01     0.00
  SINCE SEP 1      0.12                      0.11   0.01     0.00
  SINCE JAN 1     21.15                     23.32  -2.17    28.01

DEGREE DAYS
 HEATING
  TODAY            0                         1     -1        0
  MONTH TO DATE    0                         1     -1        0
  SINCE SEP 1      0                         1     -1        0
  SINCE JUL 1     36                        16     20       19

 COOLING
  TODAY           10                         4      6        7
  MONTH TO DATE   10                         4      6        7
  SINCE SEP 1     10                         4      6        7
  SINCE JAN 1    527                       622    -95      714
..................................................................


WIND (MPH)
  RESULTANT WIND SPEED  10   RESULTANT WIND DIRECTION   S (190)
  HIGHEST WIND SPEED    25   HIGHEST WIND DIRECTION    SW (230)
  HIGHEST GUST SPEED    32   HIGHEST GUST DIRECTION    SW (240)
  AVERAGE WIND SPEED    11.4



WEATHER CONDITIONS
 THE FOLLOWING WEATHER WAS RECORDED TODAY.
  THUNDERSTORM
  RAIN
  LIGHT RAIN
  FOG


RELATIVE HUMIDITY (PERCENT)
 HIGHEST    97           300 AM
 LOWEST     69           400 PM
 AVERAGE    83

..........................................................




SUNRISE AND SUNSET
SEPTEMBER  1 2014.....SUNRISE   709 AM EDT   SUNSET   819 PM EDT
SEPTEMBER  2 2014.....SUNRISE   710 AM EDT   SUNSET   817 PM EDT


-  INDICATES NEGATIVE NUMBERS.
R  INDICATES RECORD WAS SET OR TIED.
MM INDICATES DATA IS MISSING.
T  INDICATES TRACE AMOUNT.




$$
