539
CDUS43 KGRR 210518
CLIBIV


CLIMATE REPORT
NATIONAL WEATHER SERVICE GRAND RAPIDS, MI
1217 AM EST WED FEB 21 2018


...................................

...THE HOLLAND/TULIP CITY MI CLIMATE SUMMARY FOR FEBRUARY 20 2018...

CLIMATE NORMAL PERIOD 1981 TO 2010
CLIMATE RECORD PERIOD 1996 TO 2018


WEATHER ITEM   OBSERVED TIME   NORMAL DEPARTURE LAST
                VALUE   (LST)  VALUE  FROM      YEAR
                                      NORMAL
......................................................
TEMPERATURE (F)
 YESTERDAY
  MAXIMUM         65    259 PM  36     29       65
  MINIMUM         37   1159 PM  23     14       33
  AVERAGE         51            29     22       49

PRECIPITATION (IN)
  YESTERDAY        2.22          0.08   2.14     0.00
  MONTH TO DATE    3.38          1.19   2.19     0.45
  SINCE DEC 1      6.39          5.58   0.81     4.92
  SINCE JAN 1      5.18          3.28   1.90     3.17

DEGREE DAYS
 HEATING
  YESTERDAY       14            36    -22       16
  MONTH TO DATE  776           752     24      625
  SINCE DEC 1   3141          3003    138     2796
  SINCE JUL 1   4308          4226     82     3694

 COOLING
  YESTERDAY        0             0      0        0
  MONTH TO DATE    0             0      0        0
  SINCE DEC 1      0             0      0        0
  SINCE JAN 1      0             0      0        0
......................................................


WIND (MPH)
  RESULTANT WIND SPEED  13   RESULTANT WIND DIRECTION  SW (230)
  HIGHEST WIND SPEED    36   HIGHEST WIND DIRECTION     W (260)
  HIGHEST GUST SPEED    51   HIGHEST GUST DIRECTION    SW (230)
  AVERAGE WIND SPEED    16.1


SKY COVER
  AVERAGE SKY COVER 1.0


WEATHER CONDITIONS
 THE FOLLOWING WEATHER WAS RECORDED YESTERDAY.
  HEAVY RAIN
  RAIN
  LIGHT RAIN
  FOG


RELATIVE HUMIDITY (PERCENT)
 HIGHEST   100           700 PM
 LOWEST     84           300 PM
 AVERAGE    92

..........................................................


THE HOLLAND/TULIP CITY MI CLIMATE NORMALS FOR TODAY
                         NORMAL
 MAXIMUM TEMPERATURE (F)   37
 MINIMUM TEMPERATURE (F)   23


SUNRISE AND SUNSET
FEBRUARY 21 2018......SUNRISE   733 AM EST   SUNSET   624 PM EST
FEBRUARY 22 2018......SUNRISE   732 AM EST   SUNSET   625 PM EST


-  INDICATES NEGATIVE NUMBERS.
R  INDICATES RECORD WAS SET OR TIED.
MM INDICATES DATA IS MISSING.
T  INDICATES TRACE AMOUNT.




$$
