000
CDUS43 KGRR 270513
CLIBIV


CLIMATE REPORT
NATIONAL WEATHER SERVICE GRAND RAPIDS, MI
1213 AM EST THU NOV 27 2014


...................................

...THE HOLLAND/TULIP CITY MI CLIMATE SUMMARY FOR NOVEMBER 26 2014...

CLIMATE NORMAL PERIOD 1981 TO 2010
CLIMATE RECORD PERIOD 1996 TO 2014


WEATHER ITEM   OBSERVED TIME   NORMAL DEPARTURE LAST
                VALUE   (LST)  VALUE  FROM      YEAR
                                      NORMAL
......................................................
TEMPERATURE (F)
 YESTERDAY
  MAXIMUM         32    358 PM  44    -12       37
  MINIMUM         29   1041 AM  32     -3       27
  AVERAGE         31            38     -7       32

PRECIPITATION (IN)
  YESTERDAY        0.00          0.09  -0.09      T
  MONTH TO DATE    3.03          3.09  -0.06     4.11
  SINCE SEP 1     10.96         10.58   0.38    10.46
  SINCE JAN 1     31.99         33.79  -1.80    38.47

DEGREE DAYS
 HEATING
  YESTERDAY       34            27      7       33
  MONTH TO DATE  719           584    135      598
  SINCE SEP 1   1234          1094    140     1073
  SINCE JUL 1   1270          1109    161     1092

 COOLING
  YESTERDAY        0             0      0        0
  MONTH TO DATE    0             0      0        2
  SINCE SEP 1     53            75    -22      106
  SINCE JAN 1    570           693   -123      813
......................................................


WIND (MPH)
  RESULTANT WIND SPEED   4   RESULTANT WIND DIRECTION  SE (150)
  HIGHEST WIND SPEED    10   HIGHEST WIND DIRECTION    SE (130)
  HIGHEST GUST SPEED    14   HIGHEST GUST DIRECTION     S (190)
  AVERAGE WIND SPEED     4.1


SKY COVER
  AVERAGE SKY COVER 1.0


WEATHER CONDITIONS
 THE FOLLOWING WEATHER WAS RECORDED YESTERDAY.
  NO SIGNIFICANT WEATHER WAS OBSERVED.


RELATIVE HUMIDITY (PERCENT)
 HIGHEST    75           200 AM
 LOWEST     63           400 PM
 AVERAGE    69

..........................................................


THE HOLLAND/TULIP CITY MI CLIMATE NORMALS FOR TODAY
                         NORMAL
 MAXIMUM TEMPERATURE (F)   43
 MINIMUM TEMPERATURE (F)   32


SUNRISE AND SUNSET
NOVEMBER 27 2014......SUNRISE   751 AM EST   SUNSET   513 PM EST
NOVEMBER 28 2014......SUNRISE   752 AM EST   SUNSET   513 PM EST


-  INDICATES NEGATIVE NUMBERS.
R  INDICATES RECORD WAS SET OR TIED.
MM INDICATES DATA IS MISSING.
T  INDICATES TRACE AMOUNT.




$$
