000
CDUS43 KGRR 060520
CLIBIV


CLIMATE REPORT
NATIONAL WEATHER SERVICE GRAND RAPIDS, MI
1220 AM EST SAT FEB 6 2016


...................................

...THE HOLLAND/TULIP CITY MI CLIMATE SUMMARY FOR FEBRUARY 5 2016...

CLIMATE NORMAL PERIOD 1981 TO 2010
CLIMATE RECORD PERIOD 1996 TO 2016


WEATHER ITEM   OBSERVED TIME   NORMAL DEPARTURE LAST
                VALUE   (LST)  VALUE  FROM      YEAR
                                      NORMAL
......................................................
TEMPERATURE (F)
 YESTERDAY
  MAXIMUM         32    111 PM  33     -1       21
  MINIMUM         24   1159 PM  20      4        8
  AVERAGE         28            26      2       15

PRECIPITATION (IN)
  YESTERDAY        0.03          0.05  -0.02      T
  MONTH TO DATE    1.27          0.24   1.03     0.43
  SINCE DEC 1      6.47          4.63   1.84     2.46
  SINCE JAN 1      2.89          2.33   0.56     1.07

DEGREE DAYS
 HEATING
  YESTERDAY       37            39     -2       50
  MONTH TO DATE  166           195    -29      230
  SINCE DEC 1   2104          2446   -342     2440
  SINCE JUL 1   3134          3669   -535     3831

 COOLING
  YESTERDAY        0             0      0        0
  MONTH TO DATE    0             0      0        0
  SINCE DEC 1      0             0      0        0
  SINCE JAN 1      0             0      0        0
......................................................


WIND (MPH)
  RESULTANT WIND SPEED   2   RESULTANT WIND DIRECTION   S (200)
  HIGHEST WIND SPEED    10   HIGHEST WIND DIRECTION    NW (320)
  HIGHEST GUST SPEED    15   HIGHEST GUST DIRECTION    NW (310)
  AVERAGE WIND SPEED     5.0


SKY COVER
  AVERAGE SKY COVER 0.7


WEATHER CONDITIONS
 THE FOLLOWING WEATHER WAS RECORDED YESTERDAY.
  LIGHT SNOW
  FOG


RELATIVE HUMIDITY (PERCENT)
 HIGHEST    85           100 PM
 LOWEST     63           500 PM
 AVERAGE    74

..........................................................


THE HOLLAND/TULIP CITY MI CLIMATE NORMALS FOR TODAY
                         NORMAL
 MAXIMUM TEMPERATURE (F)   33
 MINIMUM TEMPERATURE (F)   20


SUNRISE AND SUNSET
FEBRUARY  6 2016......SUNRISE   754 AM EST   SUNSET   604 PM EST
FEBRUARY  7 2016......SUNRISE   753 AM EST   SUNSET   605 PM EST


-  INDICATES NEGATIVE NUMBERS.
R  INDICATES RECORD WAS SET OR TIED.
MM INDICATES DATA IS MISSING.
T  INDICATES TRACE AMOUNT.




$$
