000
CDUS43 KGRR 230524
CLIBIV


CLIMATE REPORT
NATIONAL WEATHER SERVICE GRAND RAPIDS, MI
124 AM EDT SAT AUG 23 2014


...................................

...THE HOLLAND/TULIP CITY MI CLIMATE SUMMARY FOR AUGUST 22 2014...

CLIMATE NORMAL PERIOD 1981 TO 2010
CLIMATE RECORD PERIOD 1996 TO 2014


WEATHER ITEM   OBSERVED TIME   NORMAL DEPARTURE LAST
                VALUE   (LST)  VALUE  FROM      YEAR
                                      NORMAL
......................................................
TEMPERATURE (F)
 YESTERDAY
  MAXIMUM         83    556 PM  81      2       78
  MINIMUM         69    351 AM  61      8       65
  AVERAGE         76            70      6       72

PRECIPITATION (IN)
  YESTERDAY        0.00          0.13  -0.13     0.12
  MONTH TO DATE    4.18          2.47   1.71     1.56
  SINCE JUN 1     10.74          9.52   1.22     9.22
  SINCE JAN 1     20.27         22.11  -1.84    27.75

DEGREE DAYS
 HEATING
  YESTERDAY        0             0      0        0
  MONTH TO DATE   14             0     14       11
  SINCE JUN 1     59            54      5       53
  SINCE JUL 1     36             6     30       19

 COOLING
  YESTERDAY       11             6      5        7
  MONTH TO DATE  119           148    -29       93
  SINCE JUN 1    406           529   -123      528
  SINCE JAN 1    445           571   -126      618
......................................................


WIND (MPH)
  RESULTANT WIND SPEED   3   RESULTANT WIND DIRECTION   E (110)
  HIGHEST WIND SPEED     8   HIGHEST WIND DIRECTION     W (270)
  HIGHEST GUST SPEED    11   HIGHEST GUST DIRECTION     E (90)
  AVERAGE WIND SPEED     3.5


SKY COVER
  AVERAGE SKY COVER 0.7


WEATHER CONDITIONS
 THE FOLLOWING WEATHER WAS RECORDED YESTERDAY.
  FOG
  FOG W/VISIBILITY <= 1/4 MILE
  HAZE


RELATIVE HUMIDITY (PERCENT)
 HIGHEST   100           500 AM
 LOWEST     74           100 PM
 AVERAGE    87

..........................................................


THE HOLLAND/TULIP CITY MI CLIMATE NORMALS FOR TODAY
                         NORMAL
 MAXIMUM TEMPERATURE (F)   80
 MINIMUM TEMPERATURE (F)   60


SUNRISE AND SUNSET
AUGUST 23 2014........SUNRISE   700 AM EDT   SUNSET   834 PM EDT
AUGUST 24 2014........SUNRISE   701 AM EDT   SUNSET   833 PM EDT


-  INDICATES NEGATIVE NUMBERS.
R  INDICATES RECORD WAS SET OR TIED.
MM INDICATES DATA IS MISSING.
T  INDICATES TRACE AMOUNT.




$$
