000
CDUS43 KGRR 082229
CLIBIV


CLIMATE REPORT
NATIONAL WEATHER SERVICE GRAND RAPIDS, MI
529 PM EST THU DEC 8 2016


...................................

...THE HOLLAND/TULIP CITY MI CLIMATE SUMMARY FOR DECEMBER 8 2016...
VALID TODAY AS OF 0500 PM LOCAL TIME.

CLIMATE NORMAL PERIOD 1981 TO 2010
CLIMATE RECORD PERIOD 1996 TO 2016


WEATHER ITEM   OBSERVED TIME   NORMAL DEPARTURE LAST
                VALUE   (LST)  VALUE  FROM      YEAR
                                      NORMAL
......................................................
TEMPERATURE (F)
 TODAY
  MAXIMUM         29    459 PM  39    -10       45
  MINIMUM         25   1137 AM  28     -3       37
  AVERAGE         27            33     -6       41

PRECIPITATION (IN)
  TODAY            0.07          0.09  -0.02     0.00
  MONTH TO DATE    0.90          0.79   0.11      T
  SINCE DEC 1      0.90          0.79   0.11      T
  SINCE JAN 1     30.77         34.95  -4.18    24.01

DEGREE DAYS
 HEATING
  TODAY           38            32      6       24
  MONTH TO DATE  242           244     -2      212
  SINCE DEC 1    242           244     -2      212
  SINCE JUL 1   1140          1467   -327     1242

 COOLING
  TODAY            0             0      0        0
  MONTH TO DATE    0             0      0        0
  SINCE DEC 1      0             0      0        0
  SINCE JAN 1    785           693     92      601
......................................................


WIND (MPH)
  RESULTANT WIND SPEED  16   RESULTANT WIND DIRECTION   W (270)
  HIGHEST WIND SPEED    23   HIGHEST WIND DIRECTION     W (250)
  HIGHEST GUST SPEED    31   HIGHEST GUST DIRECTION    SW (240)
  AVERAGE WIND SPEED    16.3


SKY COVER
  AVERAGE SKY COVER 1.0


WEATHER CONDITIONS
 THE FOLLOWING WEATHER WAS RECORDED TODAY.
  LIGHT SNOW


RELATIVE HUMIDITY (PERCENT)
 HIGHEST    78           500 PM
 LOWEST     68          1100 AM
 AVERAGE    73

..........................................................


THE HOLLAND/TULIP CITY MI CLIMATE NORMALS FOR TOMORROW
                         NORMAL
 MAXIMUM TEMPERATURE (F)   38
 MINIMUM TEMPERATURE (F)   28


SUNRISE AND SUNSET
DECEMBER  8 2016......SUNRISE   803 AM EST   SUNSET   510 PM EST
DECEMBER  9 2016......SUNRISE   804 AM EST   SUNSET   510 PM EST


-  INDICATES NEGATIVE NUMBERS.
R  INDICATES RECORD WAS SET OR TIED.
MM INDICATES DATA IS MISSING.
T  INDICATES TRACE AMOUNT.




$$
