000
CDUS43 KGRR 261343
CLIBIV


CLIMATE REPORT
NATIONAL WEATHER SERVICE GRAND RAPIDS, MI
939 AM EDT MON SEP 26 2016


...................................

...THE HOLLAND/TULIP CITY MI CLIMATE SUMMARY FOR SEPTEMBER 26 2016...
VALID AS OF 0900 AM LOCAL TIME.

CLIMATE NORMAL PERIOD 1981 TO 2010
CLIMATE RECORD PERIOD 1996 TO 2016


WEATHER ITEM   OBSERVED TIME   NORMAL DEPARTURE LAST
                VALUE   (LST)  VALUE  FROM      YEAR
                                      NORMAL
......................................................
TEMPERATURE (F)
 TODAY
  MAXIMUM         70   1221 AM  69      1       78
  MINIMUM         61    759 AM  49     12       58
  AVERAGE         66            59      7       68

PRECIPITATION (IN)
  TODAY            0.07          0.15  -0.08     0.00
  MONTH TO DATE    1.09          3.21  -2.12     1.88
  SINCE SEP 1      1.09          3.21  -2.12     1.88
  SINCE JAN 1     22.97         26.42  -3.45    19.14

DEGREE DAYS
 HEATING
  TODAY            0             7     -7        0
  MONTH TO DATE   10            86    -76       46
  SINCE SEP 1     10            86    -76       46
  SINCE JUL 1     17           101    -84       68

 COOLING
  TODAY            1             1      0        3
  MONTH TO DATE   93            59     34      117
  SINCE SEP 1     93            59     34      117
  SINCE JAN 1    772           677     95      593
......................................................


WIND (MPH)
  RESULTANT WIND SPEED  11   RESULTANT WIND DIRECTION   W (280)
  HIGHEST WIND SPEED    16   HIGHEST WIND DIRECTION     W (290)
  HIGHEST GUST SPEED    32   HIGHEST GUST DIRECTION    SW (210)
  AVERAGE WIND SPEED    10.7


SKY COVER
  AVERAGE SKY COVER 0.4


WEATHER CONDITIONS
 THE FOLLOWING WEATHER WAS RECORDED TODAY.
  HEAVY RAIN
  RAIN
  LIGHT RAIN
  FOG


RELATIVE HUMIDITY (PERCENT)
 HIGHEST    84           500 AM
 LOWEST     60           800 AM
 AVERAGE    72

..........................................................


THE HOLLAND/TULIP CITY MI CLIMATE NORMALS FOR TOMORROW
                         NORMAL
 MAXIMUM TEMPERATURE (F)   69
 MINIMUM TEMPERATURE (F)   49


SUNRISE AND SUNSET
SEPTEMBER 26 2016.....SUNRISE   737 AM EDT   SUNSET   734 PM EDT
SEPTEMBER 27 2016.....SUNRISE   738 AM EDT   SUNSET   732 PM EDT


-  INDICATES NEGATIVE NUMBERS.
R  INDICATES RECORD WAS SET OR TIED.
MM INDICATES DATA IS MISSING.
T  INDICATES TRACE AMOUNT.




$$

63
