000
CDUS46 KBOI 280931
CLIBKE


CLIMATE REPORT
NATIONAL WEATHER SERVICE BOISE ID
231 AM MST FRI NOV 28 2014


...................................

...THE BAKER OR CLIMATE SUMMARY FOR NOVEMBER 27 2014...

CLIMATE NORMAL PERIOD 1981 TO 2010
CLIMATE RECORD PERIOD 1948 TO 2014


WEATHER ITEM   OBSERVED TIME   RECORD YEAR NORMAL DEPARTURE LAST
                VALUE   (LST)  VALUE       VALUE  FROM      YEAR
                                                  NORMAL
..................................................................
TEMPERATURE (F)
 YESTERDAY
  MAXIMUM         53    153 PM  56    1953  38     15       48
  MINIMUM         35    752 AM  -2    1979  19     16       15
  AVERAGE         44                        29     15       32

PRECIPITATION (IN)
  YESTERDAY        T             0.59 1995   0.04  -0.04     0.00
  MONTH TO DATE    0.46                      0.81  -0.35     0.36
  SINCE OCT 1      0.69                      1.44  -0.75     0.53
  SINCE JAN 1      6.69                      9.06  -2.37     8.30

DEGREE DAYS
 HEATING
  YESTERDAY       21                        36    -15       33
  MONTH TO DATE  932                       847     85      831
  SINCE SEP 1   1631                      1775   -144     1790
  SINCE JUL 1   1708                      1926   -218     1822

 COOLING
  YESTERDAY        0                         0      0        0
  MONTH TO DATE    0                         0      0        0
  SINCE SEP 1     15                         9      6       28
  SINCE JAN 1    250                       169     81      258
..................................................................


WIND (MPH)
  RESULTANT WIND SPEED   7   RESULTANT WIND DIRECTION  SE (120)
  HIGHEST WIND SPEED    24   HIGHEST WIND DIRECTION    SE (140)
  HIGHEST GUST SPEED    36   HIGHEST GUST DIRECTION     E (110)
  AVERAGE WIND SPEED    10.2


SKY COVER
  AVERAGE SKY COVER 0.7


WEATHER CONDITIONS
 THE FOLLOWING WEATHER WAS RECORDED YESTERDAY.
  LIGHT RAIN


RELATIVE HUMIDITY (PERCENT)
 HIGHEST   100           100 AM
 LOWEST     50          1200 PM
 AVERAGE    75

..........................................................


THE BAKER OR CLIMATE NORMALS FOR TODAY
                         NORMAL    RECORD    YEAR
 MAXIMUM TEMPERATURE (F)   38        52      1999
 MINIMUM TEMPERATURE (F)   19        -2      1979


SUNRISE AND SUNSET
NOVEMBER 28 2014......SUNRISE   705 AM PST   SUNSET   413 PM PST
NOVEMBER 29 2014......SUNRISE   706 AM PST   SUNSET   412 PM PST


-  INDICATES NEGATIVE NUMBERS.
R  INDICATES RECORD WAS SET OR TIED.
MM INDICATES DATA IS MISSING.
T  INDICATES TRACE AMOUNT.




$$
