000
CDUS46 KBOI 200932
CLIBKE


CLIMATE REPORT
NATIONAL WEATHER SERVICE BOISE ID
331 AM MDT SUN APR 20 2014


...................................

...THE BAKER OR CLIMATE SUMMARY FOR APRIL 19 2014...

CLIMATE NORMAL PERIOD 1981 TO 2010
CLIMATE RECORD PERIOD 1948 TO 2014


WEATHER ITEM   OBSERVED TIME   RECORD YEAR NORMAL DEPARTURE LAST
                VALUE   (LST)  VALUE       VALUE  FROM      YEAR
                                                  NORMAL
..................................................................
TEMPERATURE (F)
 YESTERDAY
  MAXIMUM         70    149 PM  78    1980  59     11       52
  MINIMUM         22    527 AM  17    2011  29     -7       39
  AVERAGE         46                        44      2       46

PRECIPITATION (IN)
  YESTERDAY        0.00          0.19 1965   0.03  -0.03     0.04
  MONTH TO DATE    0.15                      0.49  -0.34     0.35
  SINCE OCT 1      4.05                      5.20  -1.15     4.11
  SINCE JAN 1      2.88                      2.69   0.19     1.93

DEGREE DAYS
 HEATING
  YESTERDAY       19                        21     -2       19
  MONTH TO DATE  392                       430    -38      449
  SINCE MAR 1   1147                      1278   -131     1278
  SINCE JUL 1   6673                      6798   -125     6670

 COOLING
  YESTERDAY        0                         0      0        0
  MONTH TO DATE    0                         0      0        0
  SINCE MAR 1      0                         0      0        0
  SINCE JAN 1      0                         0      0        0
..................................................................


WIND (MPH)
  RESULTANT WIND SPEED   5   RESULTANT WIND DIRECTION   N (360)
  HIGHEST WIND SPEED    35   HIGHEST WIND DIRECTION    NW (330)
  HIGHEST GUST SPEED    42   HIGHEST GUST DIRECTION    NW (330)
  AVERAGE WIND SPEED    11.8


SKY COVER
  AVERAGE SKY COVER 0.2


WEATHER CONDITIONS
 THE FOLLOWING WEATHER WAS RECORDED YESTERDAY.
  NO SIGNIFICANT WEATHER WAS OBSERVED.


RELATIVE HUMIDITY (PERCENT)
 HIGHEST    88           300 AM
 LOWEST     20          1200 PM
 AVERAGE    54

..........................................................


THE BAKER OR CLIMATE NORMALS FOR TODAY
                         NORMAL    RECORD    YEAR
 MAXIMUM TEMPERATURE (F)   59        82      1994
 MINIMUM TEMPERATURE (F)   30        17      2007


SUNRISE AND SUNSET
APRIL 20 2014.........SUNRISE   558 AM PDT   SUNSET   743 PM PDT
APRIL 21 2014.........SUNRISE   557 AM PDT   SUNSET   744 PM PDT


-  INDICATES NEGATIVE NUMBERS.
R  INDICATES RECORD WAS SET OR TIED.
MM INDICATES DATA IS MISSING.
T  INDICATES TRACE AMOUNT.




$$
