000
CDUS46 KBOI 100932
CLIBKE


CLIMATE REPORT
NATIONAL WEATHER SERVICE BOISE ID
232 AM MST SUN DEC 10 2017


...................................

...THE BAKER OR CLIMATE SUMMARY FOR DECEMBER 9 2017...

CLIMATE NORMAL PERIOD 1981 TO 2010
CLIMATE RECORD PERIOD 1928 TO 2017


WEATHER ITEM   OBSERVED TIME   RECORD YEAR NORMAL DEPARTURE LAST
                VALUE   (LST)  VALUE       VALUE  FROM      YEAR
                                                  NORMAL
..................................................................
TEMPERATURE (F)
 YESTERDAY
  MAXIMUM         30    322 PM  54    1981  34     -4       26
  MINIMUM         23    755 AM -17    1972  16      7       18
  AVERAGE         27                        25      2       22

PRECIPITATION (IN)
  YESTERDAY        0.00          0.29 1929   0.03  -0.03     0.09
  MONTH TO DATE    0.02                      0.29  -0.27     0.16
  SINCE OCT 1      1.11                      1.82  -0.71     1.97
  SINCE JAN 1      6.85                      9.44  -2.59     5.67

DEGREE DAYS
 HEATING
  YESTERDAY       38                        40     -2       43
  MONTH TO DATE  335                       348    -13      392
  SINCE DEC 1    335                       348    -13      392
  SINCE JUL 1   1965                      2385   -420     2166

 COOLING
  YESTERDAY        0                         0      0        0
  MONTH TO DATE    0                         0      0        0
  SINCE DEC 1      0                         0      0        0
  SINCE JAN 1    357                       169    188      132
..................................................................


WIND (MPH)
  RESULTANT WIND SPEED   4   RESULTANT WIND DIRECTION  SE (120)
  HIGHEST WIND SPEED    12   HIGHEST WIND DIRECTION     E (80)
  HIGHEST GUST SPEED    14   HIGHEST GUST DIRECTION     E (70)
  AVERAGE WIND SPEED     5.4


SKY COVER
  AVERAGE SKY COVER 1.0


WEATHER CONDITIONS
 THE FOLLOWING WEATHER WAS RECORDED YESTERDAY.
  NO SIGNIFICANT WEATHER WAS OBSERVED.


RELATIVE HUMIDITY (PERCENT)
 HIGHEST    81           100 AM
 LOWEST     63           100 PM
 AVERAGE    72

..........................................................


THE BAKER OR CLIMATE NORMALS FOR TODAY
                         NORMAL    RECORD    YEAR
 MAXIMUM TEMPERATURE (F)   34        60      1939
 MINIMUM TEMPERATURE (F)   16       -15      1972


SUNRISE AND SUNSET
DECEMBER 10 2017......SUNRISE   718 AM PST   SUNSET   410 PM PST
DECEMBER 11 2017......SUNRISE   719 AM PST   SUNSET   410 PM PST


-  INDICATES NEGATIVE NUMBERS.
R  INDICATES RECORD WAS SET OR TIED.
MM INDICATES DATA IS MISSING.
T  INDICATES TRACE AMOUNT.




$$
