000
CDUS46 KBOI 170933
CLIBKE


CLIMATE REPORT
NATIONAL WEATHER SERVICE BOISE ID
333 AM MDT WED SEP 17 2014


...................................

...THE BAKER OR CLIMATE SUMMARY FOR SEPTEMBER 16 2014...

CLIMATE NORMAL PERIOD 1981 TO 2010
CLIMATE RECORD PERIOD 1948 TO 2014


WEATHER ITEM   OBSERVED TIME   RECORD YEAR NORMAL DEPARTURE LAST
                VALUE   (LST)  VALUE       VALUE  FROM      YEAR
                                                  NORMAL
..................................................................
TEMPERATURE (F)
 YESTERDAY
  MAXIMUM         93    208 PM  94    1981  75     18       79
  MINIMUM         49    332 AM  28    2006  37     12       46
  AVERAGE         71                        56     15       63

PRECIPITATION (IN)
  YESTERDAY        T             0.29 2000   0.02  -0.02     0.00
  MONTH TO DATE    T                         0.32  -0.32     0.68
  SINCE OCT 1      6.79                      9.90  -3.11     9.01
  SINCE JAN 1      5.62                      7.39  -1.77     6.83

DEGREE DAYS
 HEATING
  YESTERDAY        0                        10    -10        2
  MONTH TO DATE  139                       117     22       24
  SINCE SEP 1    139                       117     22       24
  SINCE JUL 1    216                       268    -52       56

 COOLING
  YESTERDAY        6                         0      6        0
  MONTH TO DATE    6                         7     -1       28
  SINCE SEP 1      6                         7     -1       28
  SINCE JAN 1    241                       167     74      258
..................................................................


WIND (MPH)
  RESULTANT WIND SPEED   5   RESULTANT WIND DIRECTION   S (200)
  HIGHEST WIND SPEED    22   HIGHEST WIND DIRECTION     S (160)
  HIGHEST GUST SPEED    28   HIGHEST GUST DIRECTION     S (180)
  AVERAGE WIND SPEED     6.6


SKY COVER
  AVERAGE SKY COVER 0.1


WEATHER CONDITIONS
 THE FOLLOWING WEATHER WAS RECORDED YESTERDAY.
  LIGHT RAIN


RELATIVE HUMIDITY (PERCENT)
 HIGHEST    71           400 AM
 LOWEST     10           200 PM
 AVERAGE    41

..........................................................


THE BAKER OR CLIMATE NORMALS FOR TODAY
                         NORMAL    RECORD    YEAR
 MAXIMUM TEMPERATURE (F)   74        94      1981
 MINIMUM TEMPERATURE (F)   36        21      1965


SUNRISE AND SUNSET
SEPTEMBER 17 2014.....SUNRISE   632 AM PDT   SUNSET   658 PM PDT
SEPTEMBER 18 2014.....SUNRISE   634 AM PDT   SUNSET   656 PM PDT


-  INDICATES NEGATIVE NUMBERS.
R  INDICATES RECORD WAS SET OR TIED.
MM INDICATES DATA IS MISSING.
T  INDICATES TRACE AMOUNT.




$$
