000
CDUS46 KBOI 160930
CLIBKE


CLIMATE REPORT
NATIONAL WEATHER SERVICE BOISE ID
330 AM MDT WED AUG 16 2017


...................................

...THE BAKER OR CLIMATE SUMMARY FOR AUGUST 15 2017...

CLIMATE NORMAL PERIOD 1981 TO 2010
CLIMATE RECORD PERIOD 1928 TO 2017


WEATHER ITEM   OBSERVED TIME   RECORD YEAR NORMAL DEPARTURE LAST
                VALUE   (LST)  VALUE       VALUE  FROM      YEAR
                                                  NORMAL
..................................................................
TEMPERATURE (F)
 YESTERDAY
  MAXIMUM         87    326 PM  98    1967  85      2       92
  MINIMUM         40    444 AM  32    1944  45     -5       42
  AVERAGE         64                        65     -1       67

PRECIPITATION (IN)
  YESTERDAY        0.00          0.76 1930   0.03  -0.03     0.00
  MONTH TO DATE    0.06                      0.32  -0.26     0.12
  SINCE OCT 1      7.67                      9.19  -1.52     6.17
  SINCE JAN 1      4.93                      6.68  -1.75     3.63

DEGREE DAYS
 HEATING
  YESTERDAY        1                         2     -1        0
  MONTH TO DATE    6                        25    -19       37
  SINCE JUN 1    188                       321   -133      314
  SINCE JUL 1     12                        95    -83      122

 COOLING
  YESTERDAY        0                         2     -2        2
  MONTH TO DATE   79                        43     36       16
  SINCE JUN 1    228                       134     94      106
  SINCE JAN 1    228                       136     92      106
..................................................................


WIND (MPH)
  RESULTANT WIND SPEED   3   RESULTANT WIND DIRECTION   W (290)
  HIGHEST WIND SPEED    15   HIGHEST WIND DIRECTION    NW (320)
  HIGHEST GUST SPEED    21   HIGHEST GUST DIRECTION    NW (330)
  AVERAGE WIND SPEED     4.8


SKY COVER
  AVERAGE SKY COVER 0.0


WEATHER CONDITIONS
 THE FOLLOWING WEATHER WAS RECORDED YESTERDAY.
  NO SIGNIFICANT WEATHER WAS OBSERVED.


RELATIVE HUMIDITY (PERCENT)
 HIGHEST    89           500 AM
 LOWEST     19           300 PM
 AVERAGE    54

..........................................................


THE BAKER OR CLIMATE NORMALS FOR TODAY
                         NORMAL    RECORD    YEAR
 MAXIMUM TEMPERATURE (F)   85       101      2001
 MINIMUM TEMPERATURE (F)   45        30      1954


SUNRISE AND SUNSET
AUGUST 16 2017........SUNRISE   555 AM PDT   SUNSET   755 PM PDT
AUGUST 17 2017........SUNRISE   556 AM PDT   SUNSET   753 PM PDT


-  INDICATES NEGATIVE NUMBERS.
R  INDICATES RECORD WAS SET OR TIED.
MM INDICATES DATA IS MISSING.
T  INDICATES TRACE AMOUNT.




$$
