000
CDUS46 KBOI 240931
CLIBKE


CLIMATE REPORT
NATIONAL WEATHER SERVICE BOISE ID
331 AM MDT SUN MAY 24 2015


...................................

...THE BAKER OR CLIMATE SUMMARY FOR MAY 23 2015...

CLIMATE NORMAL PERIOD 1981 TO 2010
CLIMATE RECORD PERIOD 1948 TO 2015


WEATHER ITEM   OBSERVED TIME   RECORD YEAR NORMAL DEPARTURE LAST
                VALUE   (LST)  VALUE       VALUE  FROM      YEAR
                                                  NORMAL
..................................................................
TEMPERATURE (F)
 YESTERDAY
  MAXIMUM         71    121 PM  94    2001  68      3       80
  MINIMUM         50   1146 PM  22    1966  38     12       40
  AVERAGE         61                        53      8       60

PRECIPITATION (IN)
  YESTERDAY        T             0.55 1956   0.05  -0.05     0.09
  MONTH TO DATE    1.87                      1.06   0.81     0.56
  SINCE OCT 1      6.31                      6.62  -0.31     5.00
  SINCE JAN 1      4.11                      4.11   0.00     3.83

DEGREE DAYS
 HEATING
  YESTERDAY        4                        12     -8        5
  MONTH TO DATE  286                       344    -58      299
  SINCE MAR 1   1652                      1837   -185     1698
  SINCE JUL 1   6328                      7357  -1029     7224

 COOLING
  YESTERDAY        0                         0      0        0
  MONTH TO DATE    0                         0      0        0
  SINCE MAR 1      0                         0      0        0
  SINCE JAN 1      0                         0      0        0
..................................................................


WIND (MPH)
  RESULTANT WIND SPEED  15   RESULTANT WIND DIRECTION  NW (310)
  HIGHEST WIND SPEED    29   HIGHEST WIND DIRECTION    NW (320)
  HIGHEST GUST SPEED    36   HIGHEST GUST DIRECTION    NW (310)
  AVERAGE WIND SPEED    15.3


SKY COVER
  AVERAGE SKY COVER 0.4


WEATHER CONDITIONS
 THE FOLLOWING WEATHER WAS RECORDED YESTERDAY.
  LIGHT RAIN


RELATIVE HUMIDITY (PERCENT)
 HIGHEST    93          1200 AM
 LOWEST     53           200 PM
 AVERAGE    73

..........................................................


THE BAKER OR CLIMATE NORMALS FOR TODAY
                         NORMAL    RECORD    YEAR
 MAXIMUM TEMPERATURE (F)   68        91      2003
 MINIMUM TEMPERATURE (F)   38        28      2002


SUNRISE AND SUNSET
MAY 24 2015...........SUNRISE   514 AM PDT   SUNSET   823 PM PDT
MAY 25 2015...........SUNRISE   513 AM PDT   SUNSET   824 PM PDT


-  INDICATES NEGATIVE NUMBERS.
R  INDICATES RECORD WAS SET OR TIED.
MM INDICATES DATA IS MISSING.
T  INDICATES TRACE AMOUNT.




$$
