000
CDUS46 KBOI 230931
CLIBKE


CLIMATE REPORT
NATIONAL WEATHER SERVICE BOISE ID
331 AM MDT FRI JUN 23 2017


...................................

...THE BAKER OR CLIMATE SUMMARY FOR JUNE 22 2017...

CLIMATE NORMAL PERIOD 1981 TO 2010
CLIMATE RECORD PERIOD 1928 TO 2017


WEATHER ITEM   OBSERVED TIME   RECORD YEAR NORMAL DEPARTURE LAST
                VALUE   (LST)  VALUE       VALUE  FROM      YEAR
                                                  NORMAL
..................................................................
TEMPERATURE (F)
 YESTERDAY
  MAXIMUM         74    325 PM  99    1961  76     -2       87
                                      1936
  MINIMUM         46    454 AM  35    2013  43      3       36
                                      2006
                                      1997
  AVERAGE         60                        60      0       62

PRECIPITATION (IN)
  YESTERDAY        0.00          0.21 1978   0.03  -0.03     0.00
  MONTH TO DATE    0.95                      0.93   0.02     0.37
  SINCE OCT 1      7.48                      7.97  -0.49     5.25
  SINCE JAN 1      4.74                      5.46  -0.72     2.71

DEGREE DAYS
 HEATING
  YESTERDAY        5                         6     -1        3
  MONTH TO DATE  159                       183    -24      166
  SINCE JUN 1    159                       183    -24      166
  SINCE JUL 1   7837                      7630    207     6849

 COOLING
  YESTERDAY        0                         1     -1        0
  MONTH TO DATE   15                         7      8       23
  SINCE JUN 1     15                         7      8       23
  SINCE JAN 1     15                         9      6       23
..................................................................


WIND (MPH)
  RESULTANT WIND SPEED  13   RESULTANT WIND DIRECTION  NW (310)
  HIGHEST WIND SPEED    23   HIGHEST WIND DIRECTION    NW (320)
  HIGHEST GUST SPEED    29   HIGHEST GUST DIRECTION    NW (320)
  AVERAGE WIND SPEED    13.5


SKY COVER
  AVERAGE SKY COVER 0.0


WEATHER CONDITIONS
 THE FOLLOWING WEATHER WAS RECORDED YESTERDAY.
  NO SIGNIFICANT WEATHER WAS OBSERVED.


RELATIVE HUMIDITY (PERCENT)
 HIGHEST    60           200 AM
 LOWEST     20           200 PM
 AVERAGE    40

..........................................................


THE BAKER OR CLIMATE NORMALS FOR TODAY
                         NORMAL    RECORD    YEAR
 MAXIMUM TEMPERATURE (F)   76        94      2004
                                             1992
 MINIMUM TEMPERATURE (F)   43        34      1993


SUNRISE AND SUNSET
JUNE 23 2017..........SUNRISE   506 AM PDT   SUNSET   841 PM PDT
JUNE 24 2017..........SUNRISE   506 AM PDT   SUNSET   841 PM PDT


-  INDICATES NEGATIVE NUMBERS.
R  INDICATES RECORD WAS SET OR TIED.
MM INDICATES DATA IS MISSING.
T  INDICATES TRACE AMOUNT.




$$
