000
CDUS41 KRLX 270822
CLIBKW


CLIMATE REPORT
NATIONAL WEATHER SERVICE CHARLESTON WV
318 AM EST FRI FEB 27 2015


...................................

...THE BECKLEY WV CLIMATE SUMMARY FOR FEBRUARY 26 2015...

CLIMATE NORMAL PERIOD 1981 TO 2010
CLIMATE RECORD PERIOD 1963 TO 2015


WEATHER ITEM   OBSERVED TIME   RECORD YEAR NORMAL DEPARTURE LAST
                VALUE   (LST)  VALUE       VALUE  FROM      YEAR
                                                  NORMAL
..................................................................
TEMPERATURE (F)
 YESTERDAY
  MAXIMUM         34   1106 AM  75    1917  46    -12       26
  MINIMUM         24   1159 PM  -4    1970  28     -4       15
  AVERAGE         29                        37     -8       21

PRECIPITATION (IN)
  YESTERDAY        0.10          1.40 1894   0.10   0.00     0.04
  MONTH TO DATE    4.42                      2.55   1.87     3.16
  SINCE JAN 1      6.65                      5.36   1.29     5.10

SNOWFALL (IN)
  YESTERDAY        2.0
  MONTH TO DATE   43.5
  SINCE SEP 1     58.5
  SNOW DEPTH      19

DEGREE DAYS
 HEATING
  YESTERDAY       36                        28      8       44
  MONTH TO DATE 1068                       801    267      848
  SINCE DEC 1   2999                      2805    194     2945
  SINCE JUL 1   4240                      3945    295     4127

 COOLING
  YESTERDAY        0                         0      0        0
  MONTH TO DATE    0                         0      0        0
  SINCE DEC 1      0                         0      0        0
  SINCE JAN 1      0                         0      0        0
..................................................................


WIND (MPH)
  HIGHEST WIND SPEED    14   HIGHEST WIND DIRECTION     N (340)
  HIGHEST GUST SPEED    19   HIGHEST GUST DIRECTION    SE (120)
  AVERAGE WIND SPEED     4.6


SKY COVER
  POSSIBLE SUNSHINE  MM
  AVERAGE SKY COVER 1.0


WEATHER CONDITIONS
 THE FOLLOWING WEATHER WAS RECORDED YESTERDAY.
  LIGHT SNOW
  FOG
  HAZE


RELATIVE HUMIDITY (PERCENT)
 HIGHEST    85           300 PM
 LOWEST     47          1200 AM
 AVERAGE    66

..........................................................


THE BECKLEY WV CLIMATE NORMALS FOR TODAY
                         NORMAL    RECORD    YEAR
 MAXIMUM TEMPERATURE (F)   46        75      1917
 MINIMUM TEMPERATURE (F)   28        -8      1963


SUNRISE AND SUNSET
FEBRUARY 27 2015......SUNRISE   659 AM EST   SUNSET   616 PM EST
FEBRUARY 28 2015......SUNRISE   658 AM EST   SUNSET   617 PM EST


-  INDICATES NEGATIVE NUMBERS.
R  INDICATES RECORD WAS SET OR TIED.
MM INDICATES DATA IS MISSING.
T  INDICATES TRACE AMOUNT.




$$
