000
CDUS41 KRLX 280844
CLIBKW


CLIMATE REPORT
NATIONAL WEATHER SERVICE CHARLESTON WV
336 AM EST FRI NOV 28 2014


...................................

...THE BECKLEY WV CLIMATE SUMMARY FOR NOVEMBER 27 2014...

CLIMATE NORMAL PERIOD 1981 TO 2010
CLIMATE RECORD PERIOD 1963 TO 2014


WEATHER ITEM   OBSERVED TIME   RECORD YEAR NORMAL DEPARTURE LAST
                VALUE   (LST)  VALUE       VALUE  FROM      YEAR
                                                  NORMAL
..................................................................
TEMPERATURE (F)
 YESTERDAY
  MAXIMUM         33   1040 AM  74    1990  48    -15       33
  MINIMUM         25   1159 PM   1    1930  31     -6       19
  AVERAGE         29                        40    -11       26

PRECIPITATION (IN)
  YESTERDAY        0.03          1.00 1921   0.10  -0.07     0.13
  MONTH TO DATE    2.20                      2.64  -0.44     3.27
  SINCE JAN 1     34.22                     37.88  -3.66    36.47

SNOWFALL (IN)
  YESTERDAY        1.1
  MONTH TO DATE    2.9
  SINCE SEP 1      2.9
  SNOW DEPTH       T

DEGREE DAYS
 HEATING
  YESTERDAY       36                        25     11       39
  MONTH TO DATE  718                       555    163      641
  SINCE SEP 1   1133                      1040     93     1054
  SINCE JUL 1   1162                      1061    101     1074

 COOLING
  YESTERDAY        0                         0      0        0
  MONTH TO DATE    0                         0      0        0
  SINCE SEP 1     78                        63     15       72
  SINCE JAN 1    602                       556     46      615
..................................................................


WIND (MPH)
  HIGHEST WIND SPEED    18   HIGHEST WIND DIRECTION    NW (310)
  HIGHEST GUST SPEED    25   HIGHEST GUST DIRECTION    NW (310)
  AVERAGE WIND SPEED     9.3


SKY COVER
  POSSIBLE SUNSHINE  MM
  AVERAGE SKY COVER 1.0


WEATHER CONDITIONS
 THE FOLLOWING WEATHER WAS RECORDED YESTERDAY.
  LIGHT SNOW
  FOG
  FOG W/VISIBILITY <= 1/4 MILE


RELATIVE HUMIDITY (PERCENT)
 HIGHEST    92           100 AM
 LOWEST     69          1200 PM
 AVERAGE    81

..........................................................


THE BECKLEY WV CLIMATE NORMALS FOR TODAY
                         NORMAL    RECORD    YEAR
 MAXIMUM TEMPERATURE (F)   48        72      1909
 MINIMUM TEMPERATURE (F)   31         6      1938


SUNRISE AND SUNSET
NOVEMBER 28 2014......SUNRISE   718 AM EST   SUNSET   507 PM EST
NOVEMBER 29 2014......SUNRISE   719 AM EST   SUNSET   506 PM EST


-  INDICATES NEGATIVE NUMBERS.
R  INDICATES RECORD WAS SET OR TIED.
MM INDICATES DATA IS MISSING.
T  INDICATES TRACE AMOUNT.




$$
