000
CDUS41 KRLX 010720
CLIBKW


CLIMATE REPORT
NATIONAL WEATHER SERVICE CHARLESTON WV
320 AM EDT TUE SEP 1 2015


...................................

...THE BECKLEY WV CLIMATE SUMMARY FOR AUGUST 31 2015...

CLIMATE NORMAL PERIOD 1981 TO 2010
CLIMATE RECORD PERIOD 1963 TO 2015


WEATHER ITEM   OBSERVED TIME   RECORD YEAR NORMAL DEPARTURE LAST
                VALUE   (LST)  VALUE       VALUE  FROM      YEAR
                                                  NORMAL
..................................................................
TEMPERATURE (F)
 YESTERDAY
  MAXIMUM         80    200 PM  94    1953  78      2       79
                                      1932
  MINIMUM         63   1154 PM  39    1897  58      5       68
  AVERAGE         72                        68      4       74

PRECIPITATION (IN)
  YESTERDAY        0.00          1.49 1940   0.08  -0.08     0.09
  MONTH TO DATE    2.65                      3.47  -0.82     4.11
  SINCE JAN 1     37.07                     29.66   7.41    24.50

SNOWFALL (IN)
  YESTERDAY        0.0
  MONTH TO DATE    0.0
  SINCE SEP 1     66.2
  SNOW DEPTH       0

DEGREE DAYS
 HEATING
  YESTERDAY        0                         1     -1        0
  MONTH TO DATE   12                         7      5        7
  SINCE JUN 1     22                        60    -38       41
  SINCE JUL 1     12                        21     -9       29

 COOLING
  YESTERDAY        7                         4      3        9
  MONTH TO DATE  155                       160     -5      127
  SINCE JUN 1    552                       452    100      449
  SINCE JAN 1    658                       493    165      524
..................................................................


WIND (MPH)
  HIGHEST WIND SPEED    12   HIGHEST WIND DIRECTION     N (340)
  HIGHEST GUST SPEED    15   HIGHEST GUST DIRECTION     N (340)
  AVERAGE WIND SPEED     2.8


SKY COVER
  POSSIBLE SUNSHINE  MM
  AVERAGE SKY COVER 0.6


WEATHER CONDITIONS
 THE FOLLOWING WEATHER WAS RECORDED YESTERDAY.
  NO SIGNIFICANT WEATHER WAS OBSERVED.


RELATIVE HUMIDITY (PERCENT)
 HIGHEST    87           600 AM
 LOWEST     56           300 PM
 AVERAGE    72

..........................................................


THE BECKLEY WV CLIMATE NORMALS FOR TODAY
                         NORMAL    RECORD    YEAR
 MAXIMUM TEMPERATURE (F)   78        96      1953
                                             1932
 MINIMUM TEMPERATURE (F)   58        36      1940


SUNRISE AND SUNSET
SEPTEMBER  1 2015.....SUNRISE   654 AM EDT   SUNSET   754 PM EDT
SEPTEMBER  2 2015.....SUNRISE   655 AM EDT   SUNSET   753 PM EDT


-  INDICATES NEGATIVE NUMBERS.
R  INDICATES RECORD WAS SET OR TIED.
MM INDICATES DATA IS MISSING.
T  INDICATES TRACE AMOUNT.




$$
