000
CDUS41 KRLX 010729
CLIBKW


CLIMATE REPORT
NATIONAL WEATHER SERVICE CHARLESTON WV
319 AM EDT SAT AUG 1 2015


...................................

...THE BECKLEY WV CLIMATE SUMMARY FOR JULY 31 2015...

CLIMATE NORMAL PERIOD 1981 TO 2010
CLIMATE RECORD PERIOD 1963 TO 2015


WEATHER ITEM   OBSERVED TIME   RECORD YEAR NORMAL DEPARTURE LAST
                VALUE   (LST)  VALUE       VALUE  FROM      YEAR
                                                  NORMAL
..................................................................
TEMPERATURE (F)
 YESTERDAY
  MAXIMUM         79    314 PM  93    1926  80     -1       78
  MINIMUM         58    604 AM  45    1936  61     -3       54
  AVERAGE         69                        70     -1       66

PRECIPITATION (IN)
  YESTERDAY        0.00          2.17 1909   0.17  -0.17     0.00
  MONTH TO DATE    9.11                      5.03   4.08     2.41
  SINCE JAN 1     34.42                     26.19   8.23    20.39

SNOWFALL (IN)
  YESTERDAY        0.0
  MONTH TO DATE    0.0
  SINCE SEP 1     66.2
  SNOW DEPTH       0

DEGREE DAYS
 HEATING
  YESTERDAY        0                         0      0        0
  MONTH TO DATE    0                         0      0       22
  SINCE JUN 1     10                        47    -37       34
  SINCE JUL 1      0                         8     -8       22

 COOLING
  YESTERDAY        4                         6     -2        1
  MONTH TO DATE  209                       181     28      151
  SINCE JUN 1    397                       292    105      322
  SINCE JAN 1    503                       333    170      397
..................................................................


WIND (MPH)
  HIGHEST WIND SPEED    12   HIGHEST WIND DIRECTION    NW (310)
  HIGHEST GUST SPEED    16   HIGHEST GUST DIRECTION     N (10)
  AVERAGE WIND SPEED     3.9


SKY COVER
  POSSIBLE SUNSHINE  MM
  AVERAGE SKY COVER 0.1


WEATHER CONDITIONS
 THE FOLLOWING WEATHER WAS RECORDED YESTERDAY.
  NO SIGNIFICANT WEATHER WAS OBSERVED.


RELATIVE HUMIDITY (PERCENT)
 HIGHEST    93           400 AM
 LOWEST     42           200 PM
 AVERAGE    68

..........................................................


THE BECKLEY WV CLIMATE NORMALS FOR TODAY
                         NORMAL    RECORD    YEAR
 MAXIMUM TEMPERATURE (F)   80        94      1931
 MINIMUM TEMPERATURE (F)   61        46      1912


SUNRISE AND SUNSET
AUGUST  1 2015........SUNRISE   628 AM EDT   SUNSET   833 PM EDT
AUGUST  2 2015........SUNRISE   629 AM EDT   SUNSET   832 PM EDT


-  INDICATES NEGATIVE NUMBERS.
R  INDICATES RECORD WAS SET OR TIED.
MM INDICATES DATA IS MISSING.
T  INDICATES TRACE AMOUNT.




$$
