000
CDUS41 KRLX 212216
CLIBKW


CLIMATE REPORT
NATIONAL WEATHER SERVICE CHARLESTON WV
516 PM EST SUN JAN 21 2018


...................................

...THE BECKLEY WV CLIMATE SUMMARY FOR JANUARY 21 2018...
VALID TODAY AS OF 0500 PM LOCAL TIME.

CLIMATE NORMAL PERIOD 1981 TO 2010
CLIMATE RECORD PERIOD 1963 TO 2018


WEATHER ITEM   OBSERVED TIME   RECORD YEAR NORMAL DEPARTURE LAST
                VALUE   (LST)  VALUE       VALUE  FROM      YEAR
                                                  NORMAL
..................................................................
TEMPERATURE (F)
 TODAY
  MAXIMUM         52    146 PM  71    1906  39     13       59
  MINIMUM         42    329 AM -22    1985  23     19       45
  AVERAGE         47                        31     16       52

PRECIPITATION (IN)
  TODAY            T             1.48 1947   0.09  -0.09      T
  MONTH TO DATE    1.63                      1.92  -0.29     2.72
  SINCE DEC 1      3.53                      4.92  -1.39     7.36
  SINCE JAN 1      1.63                      1.92  -0.29     2.72

DEGREE DAYS
 HEATING
  TODAY           18                        34    -16       13
  MONTH TO DATE  847                       714    133      538
  SINCE DEC 1   1843                      1667    176     1458
  SINCE JUL 1   2826                      2807     19     2233

 COOLING
  TODAY            0                         0      0        0
  MONTH TO DATE    0                         0      0        0
  SINCE DEC 1      0                         0      0        0
  SINCE JAN 1      0                         0      0        0
..................................................................


WIND (MPH)
  HIGHEST WIND SPEED    13   HIGHEST WIND DIRECTION    SW (220)
  HIGHEST GUST SPEED    17   HIGHEST GUST DIRECTION     S (200)
  AVERAGE WIND SPEED     5.5


SKY COVER
  POSSIBLE SUNSHINE  MM
  AVERAGE SKY COVER 1.0


WEATHER CONDITIONS
 THE FOLLOWING WEATHER WAS RECORDED TODAY.
  LIGHT RAIN


RELATIVE HUMIDITY (PERCENT)
 HIGHEST    80           300 PM
 LOWEST     65           800 AM
 AVERAGE    73

..........................................................


THE BECKLEY WV CLIMATE NORMALS FOR TOMORROW
                         NORMAL    RECORD    YEAR
 MAXIMUM TEMPERATURE (F)   39        70      1909
 MINIMUM TEMPERATURE (F)   23        -8      1970
                                             1961


SUNRISE AND SUNSET
JANUARY 21 2018.......SUNRISE   736 AM EST   SUNSET   536 PM EST
JANUARY 22 2018.......SUNRISE   736 AM EST   SUNSET   537 PM EST


-  INDICATES NEGATIVE NUMBERS.
R  INDICATES RECORD WAS SET OR TIED.
MM INDICATES DATA IS MISSING.
T  INDICATES TRACE AMOUNT.




$$
