000
CDUS41 KRLX 200817
CLIBKW


CLIMATE REPORT
NATIONAL WEATHER SERVICE CHARLESTON WV
317 AM EST MON NOV 20 2017


...................................

...THE BECKLEY WV CLIMATE SUMMARY FOR NOVEMBER 19 2017...

CLIMATE NORMAL PERIOD 1981 TO 2010
CLIMATE RECORD PERIOD 1963 TO 2017


WEATHER ITEM   OBSERVED TIME   RECORD YEAR NORMAL DEPARTURE LAST
                VALUE   (LST)  VALUE       VALUE  FROM      YEAR
                                                  NORMAL
..................................................................
TEMPERATURE (F)
 YESTERDAY
  MAXIMUM         54   1208 AM  73    1985  52      2       58
                                      1958
  MINIMUM         30   1159 PM   9    2014  34     -4       29
  AVERAGE         42                        43     -1       44

PRECIPITATION (IN)
  YESTERDAY        0.14          2.44 2003   0.10   0.04     0.09
  MONTH TO DATE    1.35                      1.85  -0.50     0.81
  SINCE JAN 1     41.09                     37.09   4.00    41.22

SNOWFALL (IN)
  YESTERDAY        T             2.0  1961   0.1   -0.1      0.2
  MONTH TO DATE    T                         1.1   -1.1      0.2
  SINCE SEP 1      T                         1.5   -1.5      0.2
  SNOW DEPTH       0

DEGREE DAYS
 HEATING
  YESTERDAY       23                        22      1       21
  MONTH TO DATE  353                       363    -10      281
  SINCE SEP 1    722                       848   -126      526
  SINCE JUL 1    739                       869   -130      526

 COOLING
  YESTERDAY        0                         0      0        0
  MONTH TO DATE    0                         0      0        1
  SINCE SEP 1     81                        63     18      143
  SINCE JAN 1    594                       556     38      844
..................................................................


WIND (MPH)
  HIGHEST WIND SPEED    32   HIGHEST WIND DIRECTION    NW (300)
  HIGHEST GUST SPEED    44   HIGHEST GUST DIRECTION    NW (300)
  AVERAGE WIND SPEED    12.7


SKY COVER
  POSSIBLE SUNSHINE  MM
  AVERAGE SKY COVER 1.0


WEATHER CONDITIONS
 THE FOLLOWING WEATHER WAS RECORDED YESTERDAY.
  RAIN
  LIGHT RAIN
  LIGHT SNOW
  FOG


RELATIVE HUMIDITY (PERCENT)
 HIGHEST    93          1200 AM
 LOWEST     61           800 PM
 AVERAGE    77

..........................................................


THE BECKLEY WV CLIMATE NORMALS FOR TODAY
                         NORMAL    RECORD    YEAR
 MAXIMUM TEMPERATURE (F)   51        78      1906
 MINIMUM TEMPERATURE (F)   34        11      1937
                                             1914


SUNRISE AND SUNSET
NOVEMBER 20 2017......SUNRISE   710 AM EST   SUNSET   510 PM EST
NOVEMBER 21 2017......SUNRISE   711 AM EST   SUNSET   509 PM EST


-  INDICATES NEGATIVE NUMBERS.
R  INDICATES RECORD WAS SET OR TIED.
MM INDICATES DATA IS MISSING.
T  INDICATES TRACE AMOUNT.




$$
