000
CDUS41 KRLX 300718
CLIBKW


CLIMATE REPORT
NATIONAL WEATHER SERVICE CHARLESTON WV
316 AM EDT TUE SEP 30 2014


...................................

...THE BECKLEY WV CLIMATE SUMMARY FOR SEPTEMBER 29 2014...

CLIMATE NORMAL PERIOD 1981 TO 2010
CLIMATE RECORD PERIOD 1963 TO 2014


WEATHER ITEM   OBSERVED TIME   RECORD YEAR NORMAL DEPARTURE LAST
                VALUE   (LST)  VALUE       VALUE  FROM      YEAR
                                                  NORMAL
..................................................................
TEMPERATURE (F)
 YESTERDAY
  MAXIMUM         73    322 PM  92    1953  68      5       70
  MINIMUM         57   1153 PM  23    1942  48      9       50
  AVERAGE         65                        58      7       60

PRECIPITATION (IN)
  YESTERDAY        0.07          4.35 1964   0.09  -0.02     0.00
  MONTH TO DATE    2.22                      2.91  -0.69     1.64
  SINCE JAN 1     26.72                     32.57  -5.85    31.61

SNOWFALL (IN)
  YESTERDAY        0.0
  MONTH TO DATE    0.0
  SINCE SEP 1      0.0
  SNOW DEPTH       0

DEGREE DAYS
 HEATING
  YESTERDAY        0                         7     -7        5
  MONTH TO DATE   59                       105    -46       87
  SINCE SEP 1     59                       105    -46       87
  SINCE JUL 1     88                       126    -38      107

 COOLING
  YESTERDAY        0                         1     -1        0
  MONTH TO DATE   78                        58     20       57
  SINCE SEP 1     78                        58     20       57
  SINCE JAN 1    602                       551     51      600
..................................................................


WIND (MPH)
  HIGHEST WIND SPEED    12   HIGHEST WIND DIRECTION    NW (310)
  HIGHEST GUST SPEED    14   HIGHEST GUST DIRECTION    NW (310)
  AVERAGE WIND SPEED     2.9


SKY COVER
  POSSIBLE SUNSHINE  MM
  AVERAGE SKY COVER 0.4


WEATHER CONDITIONS
 THE FOLLOWING WEATHER WAS RECORDED YESTERDAY.
  RAIN
  LIGHT RAIN
  FOG


RELATIVE HUMIDITY (PERCENT)
 HIGHEST    97           700 PM
 LOWEST     57           200 PM
 AVERAGE    77

..........................................................


THE BECKLEY WV CLIMATE NORMALS FOR TODAY
                         NORMAL    RECORD    YEAR
 MAXIMUM TEMPERATURE (F)   68        92      1953
 MINIMUM TEMPERATURE (F)   48        25      1935


SUNRISE AND SUNSET
SEPTEMBER 30 2014.....SUNRISE   719 AM EDT   SUNSET   709 PM EDT
OCTOBER  1 2014.......SUNRISE   720 AM EDT   SUNSET   708 PM EDT


-  INDICATES NEGATIVE NUMBERS.
R  INDICATES RECORD WAS SET OR TIED.
MM INDICATES DATA IS MISSING.
T  INDICATES TRACE AMOUNT.




$$
