000
CDUS41 KRLX 200718
CLIBKW


CLIMATE REPORT
NATIONAL WEATHER SERVICE CHARLESTON WV
318 AM EDT WED AUG 20 2014


...................................

...THE BECKLEY WV CLIMATE SUMMARY FOR AUGUST 19 2014...

CLIMATE NORMAL PERIOD 1981 TO 2010
CLIMATE RECORD PERIOD 1963 TO 2014


WEATHER ITEM   OBSERVED TIME   RECORD YEAR NORMAL DEPARTURE LAST
                VALUE   (LST)  VALUE       VALUE  FROM      YEAR
                                                  NORMAL
..................................................................
TEMPERATURE (F)
 YESTERDAY
  MAXIMUM         79    453 PM  98    1911  79      0       76
  MINIMUM         66   1159 PM  41    1943  60      6       61
  AVERAGE         73                        70      3       69

PRECIPITATION (IN)
  YESTERDAY        0.16          1.51 1969   0.10   0.06     0.10
  MONTH TO DATE    2.11                      2.35  -0.24     4.64
  SINCE JAN 1     22.50                     28.54  -6.04    29.46

SNOWFALL (IN)
  YESTERDAY        0.0
  MONTH TO DATE    0.0
  SINCE SEP 1     76.3
  SNOW DEPTH       0

DEGREE DAYS
 HEATING
  YESTERDAY        0                         0      0        0
  MONTH TO DATE    7                         0      7       15
  SINCE JUN 1     41                        47     -6       27
  SINCE JUL 1     29                         8     21       20

 COOLING
  YESTERDAY        8                         5      3        4
  MONTH TO DATE   51                       108    -57       81
  SINCE JUN 1    373                       400    -27      411
  SINCE JAN 1    448                       441      7      478
..................................................................


WIND (MPH)
  HIGHEST WIND SPEED    10   HIGHEST WIND DIRECTION    SW (220)
  HIGHEST GUST SPEED    13   HIGHEST GUST DIRECTION    SW (220)
  AVERAGE WIND SPEED     3.4


SKY COVER
  POSSIBLE SUNSHINE  MM
  AVERAGE SKY COVER 0.7


WEATHER CONDITIONS
 THE FOLLOWING WEATHER WAS RECORDED YESTERDAY.
  RAIN
  LIGHT RAIN
  FOG
  HAZE


RELATIVE HUMIDITY (PERCENT)
 HIGHEST   100           100 AM
 LOWEST     67           500 PM
 AVERAGE    84

..........................................................


THE BECKLEY WV CLIMATE NORMALS FOR TODAY
                         NORMAL    RECORD    YEAR
 MAXIMUM TEMPERATURE (F)   79        94      1936
 MINIMUM TEMPERATURE (F)   60        33      1940


SUNRISE AND SUNSET
AUGUST 20 2014........SUNRISE   644 AM EDT   SUNSET   811 PM EDT
AUGUST 21 2014........SUNRISE   645 AM EDT   SUNSET   809 PM EDT


-  INDICATES NEGATIVE NUMBERS.
R  INDICATES RECORD WAS SET OR TIED.
MM INDICATES DATA IS MISSING.
T  INDICATES TRACE AMOUNT.




$$
