000
CDUS41 KRLX 270716
CLIBKW


CLIMATE REPORT
NATIONAL WEATHER SERVICE CHARLESTON WV
315 AM EDT THU APR 27 2017


...................................

...THE BECKLEY WV CLIMATE SUMMARY FOR APRIL 26 2017...

CLIMATE NORMAL PERIOD 1981 TO 2010
CLIMATE RECORD PERIOD 1963 TO 2017


WEATHER ITEM   OBSERVED TIME   RECORD YEAR NORMAL DEPARTURE LAST
                VALUE   (LST)  VALUE       VALUE  FROM      YEAR
                                                  NORMAL
..................................................................
TEMPERATURE (F)
 YESTERDAY
  MAXIMUM         80    525 PM  87    1949  66     14       79
  MINIMUM         48    534 AM  24    1934  44      4       57
  AVERAGE         64                        55      9       68

PRECIPITATION (IN)
  YESTERDAY        0.00          1.94 1978   0.12  -0.12     0.47
  MONTH TO DATE    3.18                      2.88   0.30     1.83
  SINCE JAN 1     13.72                     12.02   1.70     9.99

SNOWFALL (IN)
  YESTERDAY        0.0
  MONTH TO DATE    1.8
  SINCE SEP 1     26.0
  SNOW DEPTH       0

DEGREE DAYS
 HEATING
  YESTERDAY        1                        10     -9        0
  MONTH TO DATE  222                       356   -134      342
  SINCE MAR 1    916                      1068   -152      798
  SINCE JUL 1   4050                      5069  -1019     4173

 COOLING
  YESTERDAY        0                         0      0        3
  MONTH TO DATE    9                         0      9        4
  SINCE MAR 1      9                         1      8        6
  SINCE JAN 1      9                         1      8        6
..................................................................


WIND (MPH)
  HIGHEST WIND SPEED    14   HIGHEST WIND DIRECTION    SE (150)
  HIGHEST GUST SPEED    18   HIGHEST GUST DIRECTION    SE (140)
  AVERAGE WIND SPEED     5.7


SKY COVER
  POSSIBLE SUNSHINE  MM
  AVERAGE SKY COVER 0.1


WEATHER CONDITIONS
 THE FOLLOWING WEATHER WAS RECORDED YESTERDAY.
  FOG
  FOG W/VISIBILITY <= 1/4 MILE


RELATIVE HUMIDITY (PERCENT)
 HIGHEST   100          1200 AM
 LOWEST     30           500 PM
 AVERAGE    65

..........................................................


THE BECKLEY WV CLIMATE NORMALS FOR TODAY
                         NORMAL    RECORD    YEAR
 MAXIMUM TEMPERATURE (F)   66        85      1957
 MINIMUM TEMPERATURE (F)   45        22      1940


SUNRISE AND SUNSET
APRIL 27 2017.........SUNRISE   633 AM EDT   SUNSET   811 PM EDT
APRIL 28 2017.........SUNRISE   632 AM EDT   SUNSET   812 PM EDT


-  INDICATES NEGATIVE NUMBERS.
R  INDICATES RECORD WAS SET OR TIED.
MM INDICATES DATA IS MISSING.
T  INDICATES TRACE AMOUNT.




$$
