000
CDUS41 KRNK 192121
CLIBLF


CLIMATE REPORT
NATIONAL WEATHER SERVICE BLACKSBURG VA
518 PM EDT SAT AUG 19 2017


...................................

...THE BLUEFIELD WV CLIMATE SUMMARY FOR AUGUST 19 2017...
VALID TODAY AS OF 0500 PM LOCAL TIME.

CLIMATE NORMAL PERIOD 1981 TO 2010
CLIMATE RECORD PERIOD 1959 TO 2017


WEATHER ITEM   OBSERVED TIME   RECORD YEAR NORMAL DEPARTURE LAST
                VALUE   (LST)  VALUE       VALUE  FROM      YEAR
                                                  NORMAL
..................................................................
TEMPERATURE (F)
 TODAY
  MAXIMUM         79    400 PM  91    2007  81     -2       75
  MINIMUM         59    508 AM  55    1992  64     -5       65
  AVERAGE         69                        72     -3       70

PRECIPITATION (IN)
  TODAY            0.00          0.99 2006   0.10  -0.10     0.46
  MONTH TO DATE    2.07                      2.10  -0.03     2.12
  SINCE JUN 1     11.12                     10.41   0.71    11.07
  SINCE JAN 1     31.92                     27.23   4.69    25.83

SNOWFALL (IN)
  TODAY            0.0                                       0.0
  MONTH TO DATE    0.0                                       0.0
  SINCE JUN 1      0.0                                       0.0
  SINCE JUL 1      0.0                                       0.0
  SNOW DEPTH       0

DEGREE DAYS
 HEATING
  TODAY            0                         0      0        0
  MONTH TO DATE    5                         0      5        0
  SINCE JUN 1     56                        24     32       16
  SINCE JUL 1     11                         2      9        0

 COOLING
  TODAY            4                         7     -3        5
  MONTH TO DATE   74                       150    -76      145
  SINCE JUN 1    341                       564   -223      503
  SINCE JAN 1    393                       655   -262      530
..................................................................


WIND (MPH)
  HIGHEST WIND SPEED    10   HIGHEST WIND DIRECTION     W (260)
  HIGHEST GUST SPEED    13   HIGHEST GUST DIRECTION     W (260)
  AVERAGE WIND SPEED     5.0


SKY COVER
  AVERAGE SKY COVER 0.1


WEATHER CONDITIONS
 THE FOLLOWING WEATHER WAS RECORDED TODAY.
  FOG


RELATIVE HUMIDITY (PERCENT)
 HIGHEST   100           400 AM
 LOWEST     54           200 PM
 AVERAGE    77

..........................................................


THE BLUEFIELD WV CLIMATE NORMALS FOR TOMORROW
                         NORMAL    RECORD    YEAR
 MAXIMUM TEMPERATURE (F)   81        91      2007
                                             1983
 MINIMUM TEMPERATURE (F)   64        50      1981


SUNRISE AND SUNSET
AUGUST 19 2017........SUNRISE   645 AM EDT   SUNSET   811 PM EDT
AUGUST 20 2017........SUNRISE   646 AM EDT   SUNSET   810 PM EDT


-  INDICATES NEGATIVE NUMBERS.
R  INDICATES RECORD WAS SET OR TIED.
MM INDICATES DATA IS MISSING.
T  INDICATES TRACE AMOUNT.

$$

PW
