000
CDUS41 KRNK 190801
CLIBLF


CLIMATE REPORT
NATIONAL WEATHER SERVICE BLACKSBURG VA
300 AM EST FRI JAN 19 2018


...................................

...THE BLUEFIELD WV CLIMATE SUMMARY FOR JANUARY 18 2018...

CLIMATE NORMAL PERIOD 1981 TO 2010
CLIMATE RECORD PERIOD 1959 TO 2018


WEATHER ITEM   OBSERVED TIME   RECORD YEAR NORMAL DEPARTURE LAST
                VALUE   (LST)  VALUE       VALUE  FROM      YEAR
                                                  NORMAL
..................................................................
TEMPERATURE (F)
 YESTERDAY
  MAXIMUM         28    428 PM  63    1973  42    -14       53
  MINIMUM          4    827 AM  -6    1994  26    -22       32
  AVERAGE         16                        34    -18       43

PRECIPITATION (IN)
  YESTERDAY        T             1.02 1980   0.09  -0.09      T
  MONTH TO DATE    1.14                      1.69  -0.55     2.30
  SINCE DEC 1      2.10                      4.60  -2.50     5.50
  SINCE JAN 1      1.14                      1.69  -0.55     2.30

SNOWFALL (IN)
  YESTERDAY        T                                         0.0
  MONTH TO DATE    2.6                                       3.8
  SINCE DEC 1      6.3                                       9.7
  SINCE JUL 1      6.6                                       9.7
  SNOW DEPTH       T

DEGREE DAYS
 HEATING
  YESTERDAY       49                        31     18       22
  MONTH TO DATE  772                       558    214      488
  SINCE DEC 1   1764                      1420    344     1412
  SINCE JUL 1   2791                      2323    468     2188

 COOLING
  YESTERDAY        0                         0      0        0
  MONTH TO DATE    0                         0      0        0
  SINCE DEC 1      0                         0      0        0
  SINCE JAN 1      0                         0      0        0
..................................................................


WIND (MPH)
  HIGHEST WIND SPEED    18   HIGHEST WIND DIRECTION     W (280)
  HIGHEST GUST SPEED    26   HIGHEST GUST DIRECTION     W (270)
  AVERAGE WIND SPEED    11.1


SKY COVER
  AVERAGE SKY COVER 0.4


WEATHER CONDITIONS
 THE FOLLOWING WEATHER WAS RECORDED YESTERDAY.
  LIGHT SNOW
  FOG


RELATIVE HUMIDITY (PERCENT)
 HIGHEST    91           300 AM
 LOWEST     38           400 PM
 AVERAGE    65

..........................................................


THE BLUEFIELD WV CLIMATE NORMALS FOR TODAY
                         NORMAL    RECORD    YEAR
 MAXIMUM TEMPERATURE (F)   42        60      1996
 MINIMUM TEMPERATURE (F)   26       -18      1994


SUNRISE AND SUNSET
JANUARY 19 2018.......SUNRISE   736 AM EST   SUNSET   535 PM EST
JANUARY 20 2018.......SUNRISE   736 AM EST   SUNSET   536 PM EST


-  INDICATES NEGATIVE NUMBERS.
R  INDICATES RECORD WAS SET OR TIED.
MM INDICATES DATA IS MISSING.
T  INDICATES TRACE AMOUNT.




$$
