000
CDUS41 KRNK 250845
CLIBLF


CLIMATE REPORT
NATIONAL WEATHER SERVICE BLACKSBURG VA
443 AM EDT SAT MAR 25 2017


...................................

...THE BLUEFIELD WV CLIMATE SUMMARY FOR MARCH 24 2017...

CLIMATE NORMAL PERIOD 1981 TO 2010
CLIMATE RECORD PERIOD 1959 TO 2017


WEATHER ITEM   OBSERVED TIME   RECORD YEAR NORMAL DEPARTURE LAST
                VALUE   (LST)  VALUE       VALUE  FROM      YEAR
                                                  NORMAL
..................................................................
TEMPERATURE (F)
 YESTERDAY
  MAXIMUM         67    516 PM  77    2007  57     10       71
  MINIMUM         42    208 AM  15    1960  39      3       48
  AVERAGE         55                        48      7       60

PRECIPITATION (IN)
  YESTERDAY        0.00          0.91 1979   0.12  -0.12      T
  MONTH TO DATE    2.24                      2.71  -0.47     0.97
  SINCE MAR 1      2.24                      2.71  -0.47     0.97
  SINCE JAN 1      8.05                      8.37  -0.32     5.79

SNOWFALL (IN)
  YESTERDAY        0.0                                       0.0
  MONTH TO DATE    3.2                                       0.9
  SINCE MAR 1      3.2                                       0.9
  SINCE JUL 1     20.4                                      33.1
  SNOW DEPTH       0

DEGREE DAYS
 HEATING
  YESTERDAY       10                        17     -7        5
  MONTH TO DATE  650                       503    147      373
  SINCE MAR 1    650                       503    147      373
  SINCE JUL 1   3782                      3996   -214     3186

 COOLING
  YESTERDAY        0                         0      0        0
  MONTH TO DATE    0                         0      0        1
  SINCE MAR 1      0                         0      0        1
  SINCE JAN 1      0                         0      0        1
..................................................................


WIND (MPH)
  HIGHEST WIND SPEED    17   HIGHEST WIND DIRECTION    SW (230)
  HIGHEST GUST SPEED    23   HIGHEST GUST DIRECTION     S (160)
  AVERAGE WIND SPEED     7.0


SKY COVER
  AVERAGE SKY COVER 0.6


WEATHER CONDITIONS
 THE FOLLOWING WEATHER WAS RECORDED YESTERDAY.
  NO SIGNIFICANT WEATHER WAS OBSERVED.


RELATIVE HUMIDITY (PERCENT)
 HIGHEST    57          1100 PM
 LOWEST     39           200 AM
 AVERAGE    48

..........................................................


THE BLUEFIELD WV CLIMATE NORMALS FOR TODAY
                         NORMAL    RECORD    YEAR
 MAXIMUM TEMPERATURE (F)   57        81      2007
 MINIMUM TEMPERATURE (F)   39        10      1960


SUNRISE AND SUNSET
MARCH 25 2017.........SUNRISE   720 AM EDT   SUNSET   741 PM EDT
MARCH 26 2017.........SUNRISE   719 AM EDT   SUNSET   742 PM EDT


-  INDICATES NEGATIVE NUMBERS.
R  INDICATES RECORD WAS SET OR TIED.
MM INDICATES DATA IS MISSING.
T  INDICATES TRACE AMOUNT.

REMARKS:

DUE TO A POWER OUTAGE CAUSING A MISSING HIGH TEMPERATURE ON NOVEMBER 10...
THE SEASONAL HEATING DEGREE DAY TOTAL AND DEPARTURE FROM NORMAL WILL BE
CALCULATED WITHOUT DATA FROM THIS DATE.

$$

RAB
