000
CDUS41 KRNK 270548
CLIBLF


CLIMATE REPORT
NATIONAL WEATHER SERVICE BLACKSBURG VA
145 AM EDT TUE JUN 27 2017


...................................

...THE BLUEFIELD WV CLIMATE SUMMARY FOR JUNE 26 2017...

CLIMATE NORMAL PERIOD 1981 TO 2010
CLIMATE RECORD PERIOD 1959 TO 2017


WEATHER ITEM   OBSERVED TIME   RECORD YEAR NORMAL DEPARTURE LAST
                VALUE   (LST)  VALUE       VALUE  FROM      YEAR
                                                  NORMAL
..................................................................
TEMPERATURE (F)
 YESTERDAY
  MAXIMUM         71    318 PM  90    2007  80     -9       80
  MINIMUM         52    447 AM  49    1974  64    -12       63
  AVERAGE         62                        72    -10       72

PRECIPITATION (IN)
  YESTERDAY        0.00          2.26 2006   0.13  -0.13     0.00
  MONTH TO DATE    4.14                      3.62   0.52     3.35
  SINCE JUN 1      4.14                      3.62   0.52     3.35
  SINCE JAN 1     24.94                     20.44   4.50    18.11

SNOWFALL (IN)
  YESTERDAY        0.0                                       0.0
  MONTH TO DATE    0.0                                       0.0
  SINCE JUN 1      0.0                                       0.0
  SINCE JUL 1     20.5                                      34.8
  SNOW DEPTH       0

DEGREE DAYS
 HEATING
  YESTERDAY        3                         0      3        0
  MONTH TO DATE   36                        21     15       16
  SINCE JUN 1     36                        21     15       16
  SINCE JUL 1   4297                      4587   -290     3882

 COOLING
  YESTERDAY        0                         7     -7        7
  MONTH TO DATE   64                       137    -73      105
  SINCE JUN 1     64                       137    -73      105
  SINCE JAN 1    116                       228   -112      132
..................................................................


WIND (MPH)
  HIGHEST WIND SPEED    17   HIGHEST WIND DIRECTION     W (250)
  HIGHEST GUST SPEED    23   HIGHEST GUST DIRECTION    SW (240)
  AVERAGE WIND SPEED     7.0


SKY COVER
  AVERAGE SKY COVER 0.2


WEATHER CONDITIONS
 THE FOLLOWING WEATHER WAS RECORDED YESTERDAY.
  NO SIGNIFICANT WEATHER WAS OBSERVED.


RELATIVE HUMIDITY (PERCENT)
 HIGHEST    77           400 AM
 LOWEST     42          1000 AM
 AVERAGE    60

..........................................................


THE BLUEFIELD WV CLIMATE NORMALS FOR TODAY
                         NORMAL    RECORD    YEAR
 MAXIMUM TEMPERATURE (F)   81        88      2010
                                             2007
 MINIMUM TEMPERATURE (F)   64        50      1981


SUNRISE AND SUNSET
JUNE 27 2017..........SUNRISE   606 AM EDT   SUNSET   849 PM EDT
JUNE 28 2017..........SUNRISE   607 AM EDT   SUNSET   849 PM EDT


-  INDICATES NEGATIVE NUMBERS.
R  INDICATES RECORD WAS SET OR TIED.
MM INDICATES DATA IS MISSING.
T  INDICATES TRACE AMOUNT.



REMARKS:

DUE TO A POWER OUTAGE CAUSING A MISSING HIGH TEMPERATURE ON NOVEMBER
10...THE SEASONAL HEATING DEGREE DAY TOTAL AND DEPARTURE FROM
NORMAL WILL BE CALCULATED WITHOUT DATA FROM THIS DATE.



$$
