000
CDUS41 KRNK 300758
CLIBLF


CLIMATE REPORT
NATIONAL WEATHER SERVICE BLACKSBURG VA
354 AM EDT SAT MAY 30 2015


...................................

...THE BLUEFIELD WV CLIMATE SUMMARY FOR MAY 29 2015...

CLIMATE NORMAL PERIOD 1981 TO 2010
CLIMATE RECORD PERIOD 1959 TO 2015


WEATHER ITEM   OBSERVED TIME   RECORD YEAR NORMAL DEPARTURE LAST
                VALUE   (LST)  VALUE       VALUE  FROM      YEAR
                                                  NORMAL
..................................................................
TEMPERATURE (F)
 YESTERDAY
  MAXIMUM         83    119 PM  88    2006  75      8       82
  MINIMUM         65    541 AM  43    1971  57      8       62
  AVERAGE         74                        66      8       72

PRECIPITATION (IN)
  YESTERDAY        0.07          1.02 1976   0.16  -0.09     0.08
  MONTH TO DATE    1.79                      4.01  -2.22     2.80
  SINCE MAR 1     12.20                     10.86   1.34     7.53
  SINCE JAN 1     15.76                     16.52  -0.76    11.66

SNOWFALL (IN)
  YESTERDAY        0.0                                       0.0
  MONTH TO DATE    0.0                                       0.0
  SINCE MAR 1      3.1                                       9.4
  SINCE JUL 1     39.7                                      47.0
  SNOW DEPTH       0

DEGREE DAYS
 HEATING
  YESTERDAY        0                         2     -2        0
  MONTH TO DATE   63                       132    -69       89
  SINCE MAR 1    915                      1069   -154     1017
  SINCE JUL 1   4835                      4562    273     4652

 COOLING
  YESTERDAY        9                         3      6        7
  MONTH TO DATE  128                        56     72      102
  SINCE MAR 1    139                        84     55      122
  SINCE JAN 1    139                        84     55      122
..................................................................


WIND (MPH)
  HIGHEST WIND SPEED    14   HIGHEST WIND DIRECTION    SW (230)
  HIGHEST GUST SPEED    20   HIGHEST GUST DIRECTION    SW (230)
  AVERAGE WIND SPEED     4.6


SKY COVER
  AVERAGE SKY COVER 0.6


WEATHER CONDITIONS
 THE FOLLOWING WEATHER WAS RECORDED YESTERDAY.
  THUNDERSTORM
  LIGHT RAIN


RELATIVE HUMIDITY (PERCENT)
 HIGHEST    79           600 PM
 LOWEST     45           100 PM
 AVERAGE    62

..........................................................


THE BLUEFIELD WV CLIMATE NORMALS FOR TODAY
                         NORMAL    RECORD    YEAR
 MAXIMUM TEMPERATURE (F)   75        89      2011
                                             2006
 MINIMUM TEMPERATURE (F)   57        38      1984


SUNRISE AND SUNSET
MAY 30 2015...........SUNRISE   607 AM EDT   SUNSET   838 PM EDT
MAY 31 2015...........SUNRISE   606 AM EDT   SUNSET   839 PM EDT


-  INDICATES NEGATIVE NUMBERS.
R  INDICATES RECORD WAS SET OR TIED.
MM INDICATES DATA IS MISSING.
T  INDICATES TRACE AMOUNT.




$$
