486
CDUS41 KRNK 260618
CLIBLF


CLIMATE REPORT
NATIONAL WEATHER SERVICE BLACKSBURG VA
217 AM EDT TUE JUL 26 2016


...................................

...THE BLUEFIELD WV CLIMATE SUMMARY FOR JULY 25 2016...

CLIMATE NORMAL PERIOD 1981 TO 2010
CLIMATE RECORD PERIOD 1959 TO 2016


WEATHER ITEM   OBSERVED TIME   RECORD YEAR NORMAL DEPARTURE LAST
                VALUE   (LST)  VALUE       VALUE  FROM      YEAR
                                                  NORMAL
..................................................................
TEMPERATURE (F)
 YESTERDAY
  MAXIMUM         86    329 PM  90    1987  81      5       86
  MINIMUM         69    523 AM  54    2003  65      4       62
  AVERAGE         78                        73      5       74

PRECIPITATION (IN)
  YESTERDAY        0.00          1.31 2002   0.13  -0.13     0.00
  MONTH TO DATE    4.01                      3.42   0.59     4.81
  SINCE JUN 1      7.41                      7.56  -0.15     8.04
  SINCE JAN 1     22.17                     24.38  -2.21    23.83

SNOWFALL (IN)
  YESTERDAY        0.0                                       0.0
  MONTH TO DATE    0.0                                       0.0
  SINCE JUN 1      0.0                                       0.0
  SINCE JUL 1      0.0                                       0.0
  SNOW DEPTH       0

DEGREE DAYS
 HEATING
  YESTERDAY        0                         0      0        0
  MONTH TO DATE    0                         0      0        0
  SINCE JUN 1     16                        22     -6        3
  SINCE JUL 1      0                         0      0        0

 COOLING
  YESTERDAY       13                         8      5        9
  MONTH TO DATE  183                       200    -17      214
  SINCE JUN 1    306                       366    -60      454
  SINCE JAN 1    333                       457   -124      611
..................................................................


WIND (MPH)
  HIGHEST WIND SPEED    12   HIGHEST WIND DIRECTION    NW (310)
  HIGHEST GUST SPEED    17   HIGHEST GUST DIRECTION     W (260)
  AVERAGE WIND SPEED     5.8


SKY COVER
  AVERAGE SKY COVER 0.1


WEATHER CONDITIONS
 THE FOLLOWING WEATHER WAS RECORDED YESTERDAY.
  NO SIGNIFICANT WEATHER WAS OBSERVED.


RELATIVE HUMIDITY (PERCENT)
 HIGHEST    84           300 AM
 LOWEST     58           200 PM
 AVERAGE    71

..........................................................


THE BLUEFIELD WV CLIMATE NORMALS FOR TODAY
                         NORMAL    RECORD    YEAR
 MAXIMUM TEMPERATURE (F)   81        91      1993
 MINIMUM TEMPERATURE (F)   65        54      1975


SUNRISE AND SUNSET
JULY 26 2016..........SUNRISE   625 AM EDT   SUNSET   837 PM EDT
JULY 27 2016..........SUNRISE   626 AM EDT   SUNSET   836 PM EDT


-  INDICATES NEGATIVE NUMBERS.
R  INDICATES RECORD WAS SET OR TIED.
MM INDICATES DATA IS MISSING.
T  INDICATES TRACE AMOUNT.




$$
