000
CDUS41 KRNK 110915
CLIBLF


CLIMATE REPORT
NATIONAL WEATHER SERVICE BLACKSBURG VA
409 AM EST SUN DEC 11 2016


...................................

...THE BLUEFIELD WV CLIMATE SUMMARY FOR DECEMBER 10 2016...

CLIMATE NORMAL PERIOD 1981 TO 2010
CLIMATE RECORD PERIOD 1959 TO 2016


WEATHER ITEM   OBSERVED TIME   RECORD YEAR NORMAL DEPARTURE LAST
                VALUE   (LST)  VALUE       VALUE  FROM      YEAR
                                                  NORMAL
..................................................................
TEMPERATURE (F)
 YESTERDAY
  MAXIMUM         27    419 PM  68    1971  46    -19       59
  MINIMUM         13    645 AM  -1    1995  31    -18       45
  AVERAGE         20                        38    -18       52

PRECIPITATION (IN)
  YESTERDAY        T             1.12 1966   0.10  -0.10     0.00
  MONTH TO DATE    0.82                      0.98  -0.16     1.25
  SINCE DEC 1      0.82                      0.98  -0.16     1.25
  SINCE JAN 1     32.45                     37.70  -5.25    39.42

SNOWFALL (IN)
  YESTERDAY        T                                         0.0
  MONTH TO DATE    0.9                                        T
  SINCE DEC 1      0.9                                        T
  SINCE JUL 1      0.9                                        T
  SNOW DEPTH       0

DEGREE DAYS
 HEATING
  YESTERDAY       45                        27     18       13
  MONTH TO DATE  325                       252     73      199
  SINCE DEC 1    325                       252     73      199
  SINCE JUL 1   1101                      1155    -54      921

 COOLING
  YESTERDAY        0                         0      0        0
  MONTH TO DATE    0                         0      0        0
  SINCE DEC 1      0                         0      0        0
  SINCE JAN 1    737                       853   -116     1041
..................................................................


WIND (MPH)
  HIGHEST WIND SPEED    14   HIGHEST WIND DIRECTION     W (260)
  HIGHEST GUST SPEED    18   HIGHEST GUST DIRECTION     W (260)
  AVERAGE WIND SPEED     6.3


SKY COVER
  AVERAGE SKY COVER 0.3


WEATHER CONDITIONS
 THE FOLLOWING WEATHER WAS RECORDED YESTERDAY.
  LIGHT SNOW


RELATIVE HUMIDITY (PERCENT)
 HIGHEST    88           700 AM
 LOWEST     42           400 PM
 AVERAGE    65

..........................................................


THE BLUEFIELD WV CLIMATE NORMALS FOR TODAY
                         NORMAL    RECORD    YEAR
 MAXIMUM TEMPERATURE (F)   46        69      2007
 MINIMUM TEMPERATURE (F)   30        -2      1962


SUNRISE AND SUNSET
DECEMBER 11 2016......SUNRISE   729 AM EST   SUNSET   507 PM EST
DECEMBER 12 2016......SUNRISE   730 AM EST   SUNSET   508 PM EST


-  INDICATES NEGATIVE NUMBERS.
R  INDICATES RECORD WAS SET OR TIED.
MM INDICATES DATA IS MISSING.
T  INDICATES TRACE AMOUNT.

REMARKS:

DUE TO A POWER OUTAGE CAUSING A MISSING HIGH TEMPERATURE ON NOVEMBER 10...
THE SEASONAL HEATING DEGREE DAY TOTAL AND DEPARTURE FROM NORMAL WILL BE
CALCULATED WITHOUT DATA FROM THIS DATE.

$$

RAB
