000
CDUS41 KRNK 160924
CLIBLF


CLIMATE REPORT
NATIONAL WEATHER SERVICE BLACKSBURG VA
521 AM EDT WED APR 16 2014


...................................

...THE BLUEFIELD WV CLIMATE SUMMARY FOR APRIL 15 2014...

CLIMATE NORMAL PERIOD 1981 TO 2010
CLIMATE RECORD PERIOD 1959 TO 2014


WEATHER ITEM   OBSERVED TIME   RECORD YEAR NORMAL DEPARTURE LAST
                VALUE   (LST)  VALUE       VALUE  FROM      YEAR
                                                  NORMAL
..................................................................
TEMPERATURE (F)
 YESTERDAY
  MAXIMUM         62    450 AM  82    2012  65     -3       57
                                      2006
  MINIMUM         28   1159 PM  25    1962  45    -17       51
  AVERAGE         45                        55    -10

PRECIPITATION (IN)
  YESTERDAY        0.18          1.46 1987   0.10   0.08     0.17
  MONTH TO DATE    1.58                      1.60  -0.02     2.53
  SINCE MAR 1      3.54                      5.11  -1.57     5.95
  SINCE JAN 1      7.67                     10.77  -3.10    13.62

SNOWFALL (IN)
  YESTERDAY        0.4
  MONTH TO DATE    0.4
  SINCE MAR 1      9.4
  SINCE JUL 1     47.0
  SNOW DEPTH       0

DEGREE DAYS
 HEATING
  YESTERDAY       20                        11      9
  MONTH TO DATE  114                       192    -78
  SINCE MAR 1    816                       808      8
  SINCE JUL 1   4451                      4301    150

 COOLING
  YESTERDAY        0                         1     -1
  MONTH TO DATE   15                        13      2
  SINCE MAR 1     15                        17     -2
  SINCE JAN 1     15                        17     -2
..................................................................


WIND (MPH)
  HIGHEST WIND SPEED    24   HIGHEST WIND DIRECTION    NW (300)
  HIGHEST GUST SPEED    34   HIGHEST GUST DIRECTION    NW (310)
  AVERAGE WIND SPEED    11.6


SKY COVER
  POSSIBLE SUNSHINE  MM
  AVERAGE SKY COVER 0.9


WEATHER CONDITIONS
 THE FOLLOWING WEATHER WAS RECORDED YESTERDAY.
  RAIN
  LIGHT RAIN
  SNOW
  LIGHT SNOW
  FOG


RELATIVE HUMIDITY (PERCENT)
 HIGHEST    82           200 PM
 LOWEST     58           800 PM
 AVERAGE    70

..........................................................


THE BLUEFIELD WV CLIMATE NORMALS FOR TODAY
                         NORMAL    RECORD    YEAR
 MAXIMUM TEMPERATURE (F)   65        81      2012
                                             2002
 MINIMUM TEMPERATURE (F)   46        23      1962


SUNRISE AND SUNSET
APRIL 16 2014.........SUNRISE   649 AM EDT   SUNSET   801 PM EDT
APRIL 17 2014.........SUNRISE   648 AM EDT   SUNSET   802 PM EDT


-  INDICATES NEGATIVE NUMBERS.
R  INDICATES RECORD WAS SET OR TIED.
MM INDICATES DATA IS MISSING.
T  INDICATES TRACE AMOUNT.



$$
