000
CDUS46 KSEW 250831
CLIBLI


CLIMATE REPORT
NATIONAL WEATHER SERVICE SEATTLE WA
130 AM PDT SAT OCT 25 2014


...................................

...THE BELLINGHAM WA AIRPORT CLIMATE SUMMARY FOR OCTOBER 24 2014...

CLIMATE NORMAL PERIOD 1981 TO 2010
CLIMATE RECORD PERIOD 1949 TO 2014


WEATHER ITEM   OBSERVED TIME   RECORD YEAR NORMAL DEPARTURE LAST
                VALUE   (LST)  VALUE       VALUE  FROM      YEAR
                                                  NORMAL
..................................................................
TEMPERATURE (F)
 YESTERDAY
  MAXIMUM         56    213 PM  72    1957  56      0       54
  MINIMUM         44    627 AM  27    1954  41      3       36
  AVERAGE         50                        48      2       45

PRECIPITATION (IN)
  YESTERDAY        0.10          0.90 2001   0.15  -0.05     0.00
  MONTH TO DATE    3.29                      2.58   0.71     1.75
  SINCE OCT 1      3.29                      2.58   0.71     1.75
  SINCE JAN 1     25.38                     24.71   0.67    22.25

DEGREE DAYS
 HEATING
  YESTERDAY       15                        17     -2       20
  MONTH TO DATE  172                       347   -175      371
  SINCE SEP 1    281                       581   -300      520

 COOLING
  YESTERDAY        0                         0      0        0
  MONTH TO DATE    0                         0      0        0
  SINCE SEP 1      2                         2      0        6
  SINCE JAN 1    117                        42     75       95
..................................................................


WIND (MPH)
  RESULTANT WIND SPEED   5   RESULTANT WIND DIRECTION   N (20)
  HIGHEST WIND SPEED    13   HIGHEST WIND DIRECTION     N (10)
  HIGHEST GUST SPEED    17   HIGHEST GUST DIRECTION     N (20)
  AVERAGE WIND SPEED     5.5


SKY COVER
  AVERAGE SKY COVER 0.6


WEATHER CONDITIONS
 THE FOLLOWING WEATHER WAS RECORDED YESTERDAY.
  LIGHT RAIN
  FOG


RELATIVE HUMIDITY (PERCENT)
 HIGHEST    92           600 AM
 LOWEST     66          1200 PM
 AVERAGE    79

..........................................................


THE BELLINGHAM WA AIRPORT CLIMATE NORMALS FOR TODAY
                         NORMAL    RECORD    YEAR
 MAXIMUM TEMPERATURE (F)   55        67      1965
 MINIMUM TEMPERATURE (F)   40        25      1954


SUNRISE AND SUNSET
OCTOBER 25 2014.......SUNRISE   746 AM PDT   SUNSET   602 PM PDT
OCTOBER 26 2014.......SUNRISE   748 AM PDT   SUNSET   600 PM PDT


-  INDICATES NEGATIVE NUMBERS.
R  INDICATES RECORD WAS SET OR TIED.
MM INDICATES DATA IS MISSING.
T  INDICATES TRACE AMOUNT.




$$
