000
CDUS46 KSEW 290120
CLIBLI


CLIMATE REPORT
NATIONAL WEATHER SERVICE SEATTLE WA
520 PM PST FRI NOV 28 2014


...................................

...THE BELLINGHAM WA AIRPORT CLIMATE SUMMARY FOR NOVEMBER 28 2014...
VALID TODAY AS OF 0500 PM LOCAL TIME.

CLIMATE NORMAL PERIOD 1981 TO 2010
CLIMATE RECORD PERIOD 1949 TO 2014


WEATHER ITEM   OBSERVED TIME   RECORD YEAR NORMAL DEPARTURE LAST
                VALUE   (LST)  VALUE       VALUE  FROM      YEAR
                                                  NORMAL
..................................................................
TEMPERATURE (F)
 TODAY
  MAXIMUM         54    351 AM  58    1995  47      7       54
  MINIMUM         41    459 PM  12    2006  34      7       31
  AVERAGE         48                        40      8       43

PRECIPITATION (IN)
  TODAY            0.62          1.13 1995   0.19   0.43     0.01
  MONTH TO DATE    4.33                      5.43  -1.10     4.38
  SINCE OCT 1      9.90                      9.11   0.79     6.55
  SINCE JAN 1     31.99                     31.24   0.75    27.05

DEGREE DAYS
 HEATING
  TODAY           17                        25     -8       22
  MONTH TO DATE  541                       603    -62      598
  SINCE SEP 1    914                      1310   -396     1230

 COOLING
  TODAY            0                         0      0        0
  MONTH TO DATE    0                         0      0        0
  SINCE SEP 1      2                         2      0        6
  SINCE JAN 1    117                        42     75       95
..................................................................


WIND (MPH)
  RESULTANT WIND SPEED   1   RESULTANT WIND DIRECTION  SW (230)
  HIGHEST WIND SPEED    22   HIGHEST WIND DIRECTION     S (170)
  HIGHEST GUST SPEED    30   HIGHEST GUST DIRECTION     S (170)
  AVERAGE WIND SPEED     5.5


SKY COVER
  AVERAGE SKY COVER 0.9


WEATHER CONDITIONS
 THE FOLLOWING WEATHER WAS RECORDED TODAY.
  HEAVY RAIN
  RAIN
  LIGHT RAIN
  FOG


RELATIVE HUMIDITY (PERCENT)
 HIGHEST    92           500 AM
 LOWEST     62           200 PM
 AVERAGE    77

..........................................................


THE BELLINGHAM WA AIRPORT CLIMATE NORMALS FOR TOMORROW
                         NORMAL    RECORD    YEAR
 MAXIMUM TEMPERATURE (F)   46        60      2012
 MINIMUM TEMPERATURE (F)   34        12      2006


SUNRISE AND SUNSET
NOVEMBER 28 2014......SUNRISE   738 AM PST   SUNSET   418 PM PST
NOVEMBER 29 2014......SUNRISE   740 AM PST   SUNSET   417 PM PST


-  INDICATES NEGATIVE NUMBERS.
R  INDICATES RECORD WAS SET OR TIED.
MM INDICATES DATA IS MISSING.
T  INDICATES TRACE AMOUNT.




$$
