000
CDUS46 KSEW 230827
CLIBLI


CLIMATE REPORT
NATIONAL WEATHER SERVICE SEATTLE WA
127 AM PDT TUE SEP 23 2014


...................................

...THE BELLINGHAM WA AIRPORT CLIMATE SUMMARY FOR SEPTEMBER 22 2014...

CLIMATE NORMAL PERIOD 1981 TO 2010
CLIMATE RECORD PERIOD 1949 TO 2014


WEATHER ITEM   OBSERVED TIME   RECORD YEAR NORMAL DEPARTURE LAST
                VALUE   (LST)  VALUE       VALUE  FROM      YEAR
                                                  NORMAL
..................................................................
TEMPERATURE (F)
 YESTERDAY
  MAXIMUM         69    433 PM  83    1975  65      4       61
  MINIMUM         59   1136 PM  34    1955  46     13       56
  AVERAGE         64                        56      8       59

PRECIPITATION (IN)
  YESTERDAY        T             1.68 1969   0.07  -0.07     0.43
  MONTH TO DATE    0.54                      1.23  -0.69     2.01
  SINCE OCT 1     30.62                     35.28  -4.66    19.87
  SINCE JAN 1     20.31                     21.58  -1.27    18.09

DEGREE DAYS
 HEATING
  YESTERDAY        1                         9     -8        6
  MONTH TO DATE   67                       147    -80       59
  SINCE SEP 1     67                       147    -80       59

 COOLING
  YESTERDAY        0                         0      0        0
  MONTH TO DATE    2                         0      2        6
  SINCE SEP 1      2                         0      2        6
  SINCE JAN 1    117                        40     77       95
..................................................................


WIND (MPH)
  RESULTANT WIND SPEED   4   RESULTANT WIND DIRECTION   S (160)
  HIGHEST WIND SPEED    13   HIGHEST WIND DIRECTION     S (160)
  HIGHEST GUST SPEED    17   HIGHEST GUST DIRECTION     S (170)
  AVERAGE WIND SPEED     4.3


SKY COVER
  AVERAGE SKY COVER 0.6


WEATHER CONDITIONS
 THE FOLLOWING WEATHER WAS RECORDED YESTERDAY.
  LIGHT RAIN


RELATIVE HUMIDITY (PERCENT)
 HIGHEST    87          1100 PM
 LOWEST     57           400 PM
 AVERAGE    72

..........................................................


THE BELLINGHAM WA AIRPORT CLIMATE NORMALS FOR TODAY
                         NORMAL    RECORD    YEAR
 MAXIMUM TEMPERATURE (F)   65        79      1957
 MINIMUM TEMPERATURE (F)   46        33      2000


SUNRISE AND SUNSET
SEPTEMBER 23 2014.....SUNRISE   658 AM PDT   SUNSET   706 PM PDT
SEPTEMBER 24 2014.....SUNRISE   700 AM PDT   SUNSET   703 PM PDT


-  INDICATES NEGATIVE NUMBERS.
R  INDICATES RECORD WAS SET OR TIED.
MM INDICATES DATA IS MISSING.
T  INDICATES TRACE AMOUNT.




$$
