000
CDUS46 KSEW 290830
CLIBLI


CLIMATE REPORT
NATIONAL WEATHER SERVICE SEATTLE WA
1230 AM PST THU JAN 29 2015


...................................

...THE BELLINGHAM WA AIRPORT CLIMATE SUMMARY FOR JANUARY 28 2015...

CLIMATE NORMAL PERIOD 1981 TO 2010
CLIMATE RECORD PERIOD 1949 TO 2015


WEATHER ITEM   OBSERVED TIME   RECORD YEAR NORMAL DEPARTURE LAST
                VALUE   (LST)  VALUE       VALUE  FROM      YEAR
                                                  NORMAL
..................................................................
TEMPERATURE (F)
 YESTERDAY
  MAXIMUM         55    246 PM  59    1995  47      8       44
  MINIMUM         35   1159 PM   4    1950  33      2       37
  AVERAGE         45                        40      5       41

PRECIPITATION (IN)
  YESTERDAY        0.00          1.36 1965   0.14  -0.14     0.01
  MONTH TO DATE    5.47                      4.25   1.22     2.26
  SINCE OCT 1     20.20                     17.95   2.25    12.57
  SINCE JAN 1      5.47                      4.25   1.22     2.26

DEGREE DAYS
 HEATING
  YESTERDAY       20                        25     -5       24
  MONTH TO DATE  624                       723    -99      664
  SINCE DEC 1   1319                      1557   -238     1556

 COOLING
  YESTERDAY        0                         0      0        0
  MONTH TO DATE    0                         0      0        0
  SINCE DEC 1      0                         0      0        0
  SINCE JAN 1      0                         0      0        0
..................................................................


WIND (MPH)
  RESULTANT WIND SPEED   1   RESULTANT WIND DIRECTION  NE (40)
  HIGHEST WIND SPEED     9   HIGHEST WIND DIRECTION    NE (40)
  HIGHEST GUST SPEED    13   HIGHEST GUST DIRECTION     S (170)
  AVERAGE WIND SPEED     2.4


SKY COVER
  AVERAGE SKY COVER 0.6


WEATHER CONDITIONS
 THE FOLLOWING WEATHER WAS RECORDED YESTERDAY.
  FOG


RELATIVE HUMIDITY (PERCENT)
 HIGHEST    92           700 AM
 LOWEST     55           200 PM
 AVERAGE    74

..........................................................


THE BELLINGHAM WA AIRPORT CLIMATE NORMALS FOR TODAY
                         NORMAL    RECORD    YEAR
 MAXIMUM TEMPERATURE (F)   47        62      1992
 MINIMUM TEMPERATURE (F)   33        -2      1950


SUNRISE AND SUNSET
JANUARY 29 2015.......SUNRISE   744 AM PST   SUNSET   503 PM PST
JANUARY 30 2015.......SUNRISE   743 AM PST   SUNSET   505 PM PST


-  INDICATES NEGATIVE NUMBERS.
R  INDICATES RECORD WAS SET OR TIED.
MM INDICATES DATA IS MISSING.
T  INDICATES TRACE AMOUNT.




$$
