000
CDUS46 KSEW 010827
CLIBLI


CLIMATE REPORT
NATIONAL WEATHER SERVICE SEATTLE WA
126 AM PDT FRI AUG 1 2014


...................................

...THE BELLINGHAM WA AIRPORT CLIMATE SUMMARY FOR JULY 31 2014...

CLIMATE NORMAL PERIOD 1981 TO 2010
CLIMATE RECORD PERIOD 1949 TO 2014


WEATHER ITEM   OBSERVED TIME   RECORD YEAR NORMAL DEPARTURE LAST
                VALUE   (LST)  VALUE       VALUE  FROM      YEAR
                                                  NORMAL
..................................................................
TEMPERATURE (F)
 YESTERDAY
  MAXIMUM         81    437 PM  90    1965  73      8       67
  MINIMUM         55    310 AM  45    2008  54      1       55
                                      1957
  AVERAGE         68                        64      4       61

PRECIPITATION (IN)
  YESTERDAY        0.00          0.38 1989   0.03  -0.03      T
  MONTH TO DATE    1.13                      1.18  -0.05     0.05
  SINCE OCT 1     29.40                     32.82  -3.42    16.69
  SINCE JAN 1     19.09                     19.12  -0.03    14.91

DEGREE DAYS
 HEATING
  YESTERDAY        0                         1     -1        4
  MONTH TO DATE   35                        84    -49       41
  SINCE JUN 1    171                       302   -131      176

 COOLING
  YESTERDAY        3                         0      3        0
  MONTH TO DATE   51                        19     32       35
  SINCE JUN 1     52                        23     29       49
  SINCE JAN 1     53                        23     30       49
..................................................................


WIND (MPH)
  RESULTANT WIND SPEED   1   RESULTANT WIND DIRECTION   S (170)
  HIGHEST WIND SPEED     8   HIGHEST WIND DIRECTION     W (260)
  HIGHEST GUST SPEED    13   HIGHEST GUST DIRECTION     W (270)
  AVERAGE WIND SPEED     2.8


SKY COVER
  AVERAGE SKY COVER 0.0


WEATHER CONDITIONS
 THE FOLLOWING WEATHER WAS RECORDED YESTERDAY.
  NO SIGNIFICANT WEATHER WAS OBSERVED.


RELATIVE HUMIDITY (PERCENT)
 HIGHEST    84           900 PM
 LOWEST     42           500 PM
 AVERAGE    63

..........................................................


THE BELLINGHAM WA AIRPORT CLIMATE NORMALS FOR TODAY
                         NORMAL    RECORD    YEAR
 MAXIMUM TEMPERATURE (F)   73        85      1965
                                             1949
 MINIMUM TEMPERATURE (F)   54        44      1953


SUNRISE AND SUNSET
AUGUST  1 2014........SUNRISE   544 AM PDT   SUNSET   848 PM PDT
AUGUST  2 2014........SUNRISE   545 AM PDT   SUNSET   847 PM PDT


-  INDICATES NEGATIVE NUMBERS.
R  INDICATES RECORD WAS SET OR TIED.
MM INDICATES DATA IS MISSING.
T  INDICATES TRACE AMOUNT.




$$
