000
CDUS46 KSEW 010826
CLIBLI


CLIMATE REPORT
NATIONAL WEATHER SERVICE SEATTLE WA
1226 AM PST SUN MAR 1 2015


...................................

...THE BELLINGHAM WA AIRPORT CLIMATE SUMMARY FOR FEBRUARY 28 2015...

CLIMATE NORMAL PERIOD 1981 TO 2010
CLIMATE RECORD PERIOD 1949 TO 2015


WEATHER ITEM   OBSERVED TIME   RECORD YEAR NORMAL DEPARTURE LAST
                VALUE   (LST)  VALUE       VALUE  FROM      YEAR
                                                  NORMAL
..................................................................
TEMPERATURE (F)
 YESTERDAY
  MAXIMUM         56    348 PM  65    1988  50      6       51
  MINIMUM         33   1124 PM  13    1971  34     -1       39
  AVERAGE         45                        42      3       45

PRECIPITATION (IN)
  YESTERDAY        0.00          0.57 2013   0.10  -0.10     0.00
  MONTH TO DATE    2.48                      3.02  -0.54     2.67
  SINCE OCT 1     22.70                     21.39   1.31    15.89
  SINCE JAN 1      7.97                      7.69   0.28     5.58

DEGREE DAYS
 HEATING
  YESTERDAY       20                        23     -3       20
  MONTH TO DATE  495                       679   -184      762
  SINCE DEC 1   1882                      2313   -431     2396

 COOLING
  YESTERDAY        0                         0      0        0
  MONTH TO DATE    0                         0      0        0
  SINCE DEC 1      0                         0      0        0
  SINCE JAN 1      0                         0      0        0
..................................................................


WIND (MPH)
  RESULTANT WIND SPEED  11   RESULTANT WIND DIRECTION   N (20)
  HIGHEST WIND SPEED    30   HIGHEST WIND DIRECTION     N (20)
  HIGHEST GUST SPEED    43   HIGHEST GUST DIRECTION    NE (30)
  AVERAGE WIND SPEED    11.2


SKY COVER
  AVERAGE SKY COVER 0.0


WEATHER CONDITIONS
 THE FOLLOWING WEATHER WAS RECORDED YESTERDAY.
  NO SIGNIFICANT WEATHER WAS OBSERVED.


RELATIVE HUMIDITY (PERCENT)
 HIGHEST    75           900 PM
 LOWEST     22          1200 PM
 AVERAGE    49

..........................................................


THE BELLINGHAM WA AIRPORT CLIMATE NORMALS FOR TODAY
                         NORMAL    RECORD    YEAR
 MAXIMUM TEMPERATURE (F)   50        60      1994
 MINIMUM TEMPERATURE (F)   34        20      1989
                                             1976
                                             1971


SUNRISE AND SUNSET
MARCH  1 2015.........SUNRISE   652 AM PST   SUNSET   554 PM PST
MARCH  2 2015.........SUNRISE   650 AM PST   SUNSET   555 PM PST


-  INDICATES NEGATIVE NUMBERS.
R  INDICATES RECORD WAS SET OR TIED.
MM INDICATES DATA IS MISSING.
T  INDICATES TRACE AMOUNT.




$$
