000
CDUS46 KSEW 170843
CLIBLI


CLIMATE REPORT
NATIONAL WEATHER SERVICE SEATTLE WA
1242 AM PST TUE JAN 17 2017


...................................

...THE BELLINGHAM WA AIRPORT CLIMATE SUMMARY FOR JANUARY 16 2017...

CLIMATE NORMAL PERIOD 1981 TO 2010
CLIMATE RECORD PERIOD 1949 TO 2017


WEATHER ITEM   OBSERVED TIME   RECORD YEAR NORMAL DEPARTURE LAST
                VALUE   (LST)  VALUE       VALUE  FROM      YEAR
                                                  NORMAL
..................................................................
TEMPERATURE (F)
 YESTERDAY
  MAXIMUM         42    356 PM  58    1958  46     -4       53
  MINIMUM         30    502 AM   9    1950  33     -3       39
  AVERAGE         36                        39     -3       46

PRECIPITATION (IN)
  YESTERDAY        0.11          1.28 1975   0.16  -0.05     0.33
  MONTH TO DATE    0.70                      2.46  -1.76     0.81
  SINCE OCT 1     19.82                     16.16   3.66    14.88
  SINCE JAN 1      0.70                      2.46  -1.76     0.81

DEGREE DAYS
 HEATING
  YESTERDAY       29                        26      3       19
  MONTH TO DATE  551                       422    129      448
  SINCE DEC 1   1501                      1256    245     1156

 COOLING
  YESTERDAY        0                         0      0        0
  MONTH TO DATE    0                         0      0        0
  SINCE DEC 1      0                         0      0        0
  SINCE JAN 1      0                         0      0        0
..................................................................


WIND (MPH)
  RESULTANT WIND SPEED   2   RESULTANT WIND DIRECTION   N (0)
  HIGHEST WIND SPEED    10   HIGHEST WIND DIRECTION    NE (50)
  HIGHEST GUST SPEED    13   HIGHEST GUST DIRECTION     N (360)
  AVERAGE WIND SPEED     3.4


SKY COVER
  AVERAGE SKY COVER 1.0


WEATHER CONDITIONS
 THE FOLLOWING WEATHER WAS RECORDED YESTERDAY.
  LIGHT RAIN


RELATIVE HUMIDITY (PERCENT)
 HIGHEST   100          1100 PM
 LOWEST     62           200 PM
 AVERAGE    81

..........................................................


THE BELLINGHAM WA AIRPORT CLIMATE NORMALS FOR TODAY
                         NORMAL    RECORD    YEAR
 MAXIMUM TEMPERATURE (F)   46        59      1977
 MINIMUM TEMPERATURE (F)   33         7      1950


SUNRISE AND SUNSET
JANUARY 17 2017.......SUNRISE   756 AM PST   SUNSET   445 PM PST
JANUARY 18 2017.......SUNRISE   755 AM PST   SUNSET   447 PM PST


-  INDICATES NEGATIVE NUMBERS.
R  INDICATES RECORD WAS SET OR TIED.
MM INDICATES DATA IS MISSING.
T  INDICATES TRACE AMOUNT.




$$
