000
CDUS46 KSEW 030827
CLIBLI


CLIMATE REPORT
NATIONAL WEATHER SERVICE SEATTLE WA
127 AM PDT THU SEP 3 2015


...................................

...THE BELLINGHAM WA AIRPORT CLIMATE SUMMARY FOR SEPTEMBER 2 2015...

CLIMATE NORMAL PERIOD 1981 TO 2010
CLIMATE RECORD PERIOD 1949 TO 2015


WEATHER ITEM   OBSERVED TIME   RECORD YEAR NORMAL DEPARTURE LAST
                VALUE   (LST)  VALUE       VALUE  FROM      YEAR
                                                  NORMAL
..................................................................
TEMPERATURE (F)
 YESTERDAY
  MAXIMUM         64   1244 PM  87    1988  70     -6       62
  MINIMUM         49    807 PM  39    1984  51     -2       55
  AVERAGE         57                        60     -3       59

PRECIPITATION (IN)
  YESTERDAY        0.25          0.53 2014   0.06   0.19     0.53
  MONTH TO DATE    0.63                      0.11   0.52     0.53
  SINCE OCT 1     32.46                     34.16  -1.70    30.61
  SINCE JAN 1     17.73                     20.46  -2.73    20.30

DEGREE DAYS
 HEATING
  YESTERDAY        8                         5      3        6
  MONTH TO DATE   13                         9      4        6
  SINCE SEP 1     13                         9      4        6

 COOLING
  YESTERDAY        0                         0      0        0
  MONTH TO DATE    0                         0      0        1
  SINCE SEP 1      0                         0      0        1
  SINCE JAN 1    193                        40    153      116
..................................................................


WIND (MPH)
  RESULTANT WIND SPEED   2   RESULTANT WIND DIRECTION   S (170)
  HIGHEST WIND SPEED    16   HIGHEST WIND DIRECTION    NW (310)
  HIGHEST GUST SPEED    25   HIGHEST GUST DIRECTION     W (270)
  AVERAGE WIND SPEED     4.8


SKY COVER
  AVERAGE SKY COVER 0.5


WEATHER CONDITIONS
 THE FOLLOWING WEATHER WAS RECORDED YESTERDAY.
  THUNDERSTORM
  RAIN
  LIGHT RAIN
  FOG


RELATIVE HUMIDITY (PERCENT)
 HIGHEST   100           700 PM
 LOWEST     64           100 PM
 AVERAGE    82

..........................................................


THE BELLINGHAM WA AIRPORT CLIMATE NORMALS FOR TODAY
                         NORMAL    RECORD    YEAR
 MAXIMUM TEMPERATURE (F)   70        87      1988
 MINIMUM TEMPERATURE (F)   50        40      1958


SUNRISE AND SUNSET
SEPTEMBER  3 2015.....SUNRISE   630 AM PDT   SUNSET   748 PM PDT
SEPTEMBER  4 2015.....SUNRISE   631 AM PDT   SUNSET   746 PM PDT


-  INDICATES NEGATIVE NUMBERS.
R  INDICATES RECORD WAS SET OR TIED.
MM INDICATES DATA IS MISSING.
T  INDICATES TRACE AMOUNT.




$$
