000
CDUS46 KSEW 230827
CLIBLI


CLIMATE REPORT
NATIONAL WEATHER SERVICE SEATTLE WA
127 AM PDT WED JUL 23 2014


...................................

...THE BELLINGHAM WA AIRPORT CLIMATE SUMMARY FOR JULY 22 2014...

CLIMATE NORMAL PERIOD 1981 TO 2010
CLIMATE RECORD PERIOD 1949 TO 2014


WEATHER ITEM   OBSERVED TIME   RECORD YEAR NORMAL DEPARTURE LAST
                VALUE   (LST)  VALUE       VALUE  FROM      YEAR
                                                  NORMAL
..................................................................
TEMPERATURE (F)
 YESTERDAY
  MAXIMUM         66    707 PM  87    1978  72     -6       75
  MINIMUM         53    456 AM  46    1966  54     -1       56
  AVERAGE         60                        63     -3       66

PRECIPITATION (IN)
  YESTERDAY        T             0.63 2000   0.03  -0.03     0.00
  MONTH TO DATE    0.10                      0.90  -0.80     0.05
  SINCE OCT 1     28.37                     32.54  -4.17    16.69
  SINCE JAN 1     18.06                     18.84  -0.78    14.91

DEGREE DAYS
 HEATING
  YESTERDAY        5                         2      3        0
  MONTH TO DATE   22                        67    -45       33
  SINCE JUN 1    158                       268   -110      168

 COOLING
  YESTERDAY        0                         0      0        1
  MONTH TO DATE   40                         0     40       29
  SINCE JUN 1     41                         4     37       43
  SINCE JAN 1     42                         4     38       43
..................................................................


WIND (MPH)
  RESULTANT WIND SPEED   3   RESULTANT WIND DIRECTION   S (160)
  HIGHEST WIND SPEED    10   HIGHEST WIND DIRECTION     S (180)
  HIGHEST GUST SPEED    14   HIGHEST GUST DIRECTION     S (190)
  AVERAGE WIND SPEED     2.9


SKY COVER
  AVERAGE SKY COVER 0.7


WEATHER CONDITIONS
 THE FOLLOWING WEATHER WAS RECORDED YESTERDAY.
  LIGHT RAIN


RELATIVE HUMIDITY (PERCENT)
 HIGHEST    93           500 AM
 LOWEST     63           600 PM
 AVERAGE    78

..........................................................


THE BELLINGHAM WA AIRPORT CLIMATE NORMALS FOR TODAY
                         NORMAL    RECORD    YEAR
 MAXIMUM TEMPERATURE (F)   72        89      1991
 MINIMUM TEMPERATURE (F)   54        44      1964


SUNRISE AND SUNSET
JULY 23 2014..........SUNRISE   532 AM PDT   SUNSET   900 PM PDT
JULY 24 2014..........SUNRISE   534 AM PDT   SUNSET   859 PM PDT


-  INDICATES NEGATIVE NUMBERS.
R  INDICATES RECORD WAS SET OR TIED.
MM INDICATES DATA IS MISSING.
T  INDICATES TRACE AMOUNT.




$$
