000
CDUS43 KIND 170532
CLIBMG


CLIMATE REPORT
NATIONAL WEATHER SERVICE INDIANAPOLIS IN
1231 AM EST TUE JAN 17 2017


...................................

...THE BLOOMINGTON IN CLIMATE SUMMARY FOR JANUARY 16 2017...

CLIMATE NORMAL PERIOD 1981 TO 2010
CLIMATE RECORD PERIOD 9999 TO 9999


WEATHER ITEM   OBSERVED TIME   NORMAL DEPARTURE LAST
                VALUE   (LST)  VALUE  FROM      YEAR
                                      NORMAL
......................................................
TEMPERATURE (F)
 YESTERDAY
  MAXIMUM         54   1159 PM  38     16       31
  MINIMUM         37    415 AM  20     17       27
  AVERAGE         46            29     17       29

PRECIPITATION (IN)
  YESTERDAY        0.45          0.12   0.33      T
  MONTH TO DATE    2.55          2.00   0.55     1.30
  SINCE DEC 1      5.03          5.54  -0.51     6.56
  SINCE JAN 1      2.55          2.00   0.55     1.30

DEGREE DAYS
 HEATING
  YESTERDAY       19            36    -17       36
  MONTH TO DATE  533           576    -43      535
  SINCE DEC 1   1559          1593    -34     1188
  SINCE JUL 1   2242          2649   -407     1980

 COOLING
  YESTERDAY        0             0      0        0
  MONTH TO DATE    0             0      0        0
  SINCE DEC 1      0             0      0        0
  SINCE JAN 1      0             0      0        0
......................................................


WIND (MPH)
  HIGHEST WIND SPEED    14   HIGHEST WIND DIRECTION    SE (130)
  HIGHEST GUST SPEED    19   HIGHEST GUST DIRECTION    SE (130)
  AVERAGE WIND SPEED     6.9


SKY COVER
  AVERAGE SKY COVER 1.0


WEATHER CONDITIONS
 THE FOLLOWING WEATHER WAS RECORDED YESTERDAY.
  HEAVY RAIN
  RAIN
  LIGHT RAIN
  FOG
  FOG W/VISIBILITY <= 1/4 MILE


RELATIVE HUMIDITY (PERCENT)
 HIGHEST   100          1200 PM
 LOWEST     86           500 PM
 AVERAGE    93

..........................................................


THE BLOOMINGTON IN CLIMATE NORMALS FOR TODAY
                         NORMAL
 MAXIMUM TEMPERATURE (F)   38
 MINIMUM TEMPERATURE (F)   20


SUNRISE AND SUNSET
JANUARY 17 2017.......SUNRISE   803 AM EST   SUNSET   551 PM EST
JANUARY 18 2017.......SUNRISE   803 AM EST   SUNSET   552 PM EST


-  INDICATES NEGATIVE NUMBERS.
R  INDICATES RECORD WAS SET OR TIED.
MM INDICATES DATA IS MISSING.
T  INDICATES TRACE AMOUNT.




$$
