000
CDUS43 KIND 240532
CLIBMG


CLIMATE REPORT
NATIONAL WEATHER SERVICE INDIANAPOLIS IN
131 AM EDT THU JUL 24 2014


...................................

...THE BLOOMINGTON IN CLIMATE SUMMARY FOR JULY 23 2014...

CLIMATE NORMAL PERIOD 1981 TO 2010
CLIMATE RECORD PERIOD 9999 TO 9999


WEATHER ITEM   OBSERVED TIME   NORMAL DEPARTURE LAST
                VALUE   (LST)  VALUE  FROM      YEAR
                                      NORMAL
......................................................
TEMPERATURE (F)
 YESTERDAY
  MAXIMUM         78    100 PM  84     -6       87
  MINIMUM         62   1159 PM  64     -2       67
  AVERAGE         70            74     -4       77

PRECIPITATION (IN)
  YESTERDAY        1.66          0.16   1.50     0.92
  MONTH TO DATE    3.71          4.06  -0.35     4.09
  SINCE JUN 1      8.88          8.95  -0.07     9.66
  SINCE JAN 1     27.48         28.84  -1.36    28.67

DEGREE DAYS
 HEATING
  YESTERDAY        0             0      0        0
  MONTH TO DATE    2             0      2        0
  SINCE JUN 1      5            15    -10        7
  SINCE JUL 1      2             0      2        0

 COOLING
  YESTERDAY        5             9     -4       12
  MONTH TO DATE  126           207    -81      230
  SINCE JUN 1    399           415    -16      454
  SINCE JAN 1    525           497     28      573
......................................................


WIND (MPH)
  HIGHEST WIND SPEED    26   HIGHEST WIND DIRECTION    SW (240)
  HIGHEST GUST SPEED    33   HIGHEST GUST DIRECTION     N (360)
  AVERAGE WIND SPEED     6.7


SKY COVER
  AVERAGE SKY COVER 0.6


WEATHER CONDITIONS
 THE FOLLOWING WEATHER WAS RECORDED YESTERDAY.
  THUNDERSTORM
  HEAVY RAIN
  LIGHT RAIN
  FOG
  HAZE


RELATIVE HUMIDITY (PERCENT)
 HIGHEST    90          1200 AM
 LOWEST     68           900 PM
 AVERAGE    79

..........................................................


THE BLOOMINGTON IN CLIMATE NORMALS FOR TODAY
                         NORMAL
 MAXIMUM TEMPERATURE (F)   84
 MINIMUM TEMPERATURE (F)   63


SUNRISE AND SUNSET
JULY 24 2014..........SUNRISE   640 AM EDT   SUNSET   906 PM EDT
JULY 25 2014..........SUNRISE   641 AM EDT   SUNSET   905 PM EDT


-  INDICATES NEGATIVE NUMBERS.
R  INDICATES RECORD WAS SET OR TIED.
MM INDICATES DATA IS MISSING.
T  INDICATES TRACE AMOUNT.




$$
