000
CDUS43 KIND 210552
CLIBMG


CLIMATE REPORT
NATIONAL WEATHER SERVICE INDIANAPOLIS IN
1242 AM EST SUN JAN 21 2018


...................................

...THE BLOOMINGTON IN CLIMATE SUMMARY FOR JANUARY 20 2018...

CLIMATE NORMAL PERIOD 1981 TO 2010
CLIMATE RECORD PERIOD 9999 TO 9999


WEATHER ITEM   OBSERVED TIME   NORMAL DEPARTURE LAST
                VALUE   (LST)  VALUE  FROM      YEAR
                                      NORMAL
......................................................
TEMPERATURE (F)
 YESTERDAY
  MAXIMUM         48   1159 PM  39      9       55
  MINIMUM         34    715 AM  20     14       46
  AVERAGE         41            29     12       51

PRECIPITATION (IN)
  YESTERDAY        T             0.07  -0.07     0.54
  MONTH TO DATE    1.62          2.39  -0.77     3.88
  SINCE DEC 1      2.81          5.93  -3.12     6.36
  SINCE JAN 1      1.62          2.39  -0.77     3.88

DEGREE DAYS
 HEATING
  YESTERDAY       24            36    -12       14
  MONTH TO DATE  887           720    167      613
  SINCE DEC 1   1923          1737    186     1639
  SINCE JUL 1   2840          2793     47     2322

 COOLING
  YESTERDAY        0             0      0        0
  MONTH TO DATE    0             0      0        0
  SINCE DEC 1      0             0      0        0
  SINCE JAN 1      0             0      0        0
......................................................


WIND (MPH)
  HIGHEST WIND SPEED    22   HIGHEST WIND DIRECTION    SW (230)
  HIGHEST GUST SPEED    29   HIGHEST GUST DIRECTION    SW (230)
  AVERAGE WIND SPEED    12.3


SKY COVER
  AVERAGE SKY COVER 0.5


WEATHER CONDITIONS
 THE FOLLOWING WEATHER WAS RECORDED YESTERDAY.
  FOG


RELATIVE HUMIDITY (PERCENT)
 HIGHEST    93           800 PM
 LOWEST     48          1200 AM
 AVERAGE    71

..........................................................


THE BLOOMINGTON IN CLIMATE NORMALS FOR TODAY
                         NORMAL
 MAXIMUM TEMPERATURE (F)   39
 MINIMUM TEMPERATURE (F)   20


SUNRISE AND SUNSET
JANUARY 21 2018.......SUNRISE   801 AM EST   SUNSET   555 PM EST
JANUARY 22 2018.......SUNRISE   801 AM EST   SUNSET   556 PM EST


-  INDICATES NEGATIVE NUMBERS.
R  INDICATES RECORD WAS SET OR TIED.
MM INDICATES DATA IS MISSING.
T  INDICATES TRACE AMOUNT.




$$
