000
CDUS43 KIND 170535
CLIBMG


CLIMATE REPORT
NATIONAL WEATHER SERVICE INDIANAPOLIS IN
133 AM EDT TUE OCT 17 2017


...................................

...THE BLOOMINGTON IN CLIMATE SUMMARY FOR OCTOBER 16 2017...

CLIMATE NORMAL PERIOD 1981 TO 2010
CLIMATE RECORD PERIOD 9999 TO 9999


WEATHER ITEM   OBSERVED TIME   NORMAL DEPARTURE LAST
                VALUE   (LST)  VALUE  FROM      YEAR
                                      NORMAL
......................................................
TEMPERATURE (F)
 YESTERDAY
  MAXIMUM         63    352 PM  67     -4       80
  MINIMUM         40   1159 PM  42     -2       61
  AVERAGE         52            55     -3       71

PRECIPITATION (IN)
  YESTERDAY        0.00          0.13  -0.13     0.00
  MONTH TO DATE    2.41          1.83   0.58     0.18
  SINCE SEP 1      3.27          5.18  -1.91     5.31
  SINCE JAN 1     32.83         38.37  -5.54    41.23

DEGREE DAYS
 HEATING
  YESTERDAY       13            11      2        0
  MONTH TO DATE   34           141   -107       58
  SINCE SEP 1     83           219   -136       74
  SINCE JUL 1     86           226   -140       77

 COOLING
  YESTERDAY        0             0      0        6
  MONTH TO DATE   47            11     36       26
  SINCE SEP 1    197           107     90      214
  SINCE JAN 1   1085           924    161     1289
......................................................


WIND (MPH)
  HIGHEST WIND SPEED    10   HIGHEST WIND DIRECTION     N (350)
  HIGHEST GUST SPEED    14   HIGHEST GUST DIRECTION     N (10)
  AVERAGE WIND SPEED     2.6


SKY COVER
  AVERAGE SKY COVER 0.1


WEATHER CONDITIONS
 THE FOLLOWING WEATHER WAS RECORDED YESTERDAY.
  NO SIGNIFICANT WEATHER WAS OBSERVED.


RELATIVE HUMIDITY (PERCENT)
 HIGHEST    83           600 AM
 LOWEST     34           400 PM
 AVERAGE    59

..........................................................


THE BLOOMINGTON IN CLIMATE NORMALS FOR TODAY
                         NORMAL
 MAXIMUM TEMPERATURE (F)   67
 MINIMUM TEMPERATURE (F)   42


SUNRISE AND SUNSET
OCTOBER 17 2017.......SUNRISE   758 AM EDT   SUNSET   705 PM EDT
OCTOBER 18 2017.......SUNRISE   759 AM EDT   SUNSET   703 PM EDT


-  INDICATES NEGATIVE NUMBERS.
R  INDICATES RECORD WAS SET OR TIED.
MM INDICATES DATA IS MISSING.
T  INDICATES TRACE AMOUNT.




$$
