000
CDUS44 KOHX 010623
CLIBNA


CLIMATE REPORT
NATIONAL WEATHER SERVICE NASHVILLE TN
123 AM CDT SUN MAY 1 2016


...................................

...THE NASHVILLE CLIMATE SUMMARY FOR APRIL 30 2016...

CLIMATE NORMAL PERIOD 1981 TO 2010
CLIMATE RECORD PERIOD 1871 TO 2016


WEATHER ITEM   OBSERVED TIME   RECORD YEAR NORMAL DEPARTURE
                VALUE   (LST)  VALUE       VALUE  FROM
                                                  NORMAL
...............................................................
TEMPERATURE (F)
 YESTERDAY
  MAXIMUM         77    209 PM  89    1987  74      3
                                      1986
                                      1942
  MINIMUM         63    344 AM  37    1908  52     11
  AVERAGE         70                        63      7

PRECIPITATION (IN)
  YESTERDAY        0.17          1.31 2002   0.15   0.02
  MONTH TO DATE    1.12                      4.00  -2.88
  SINCE JAN 1     12.08                     15.80  -3.72

SNOWFALL (IN)
  YESTERDAY        0.0           0.0  2002
                                      2001
  MONTH TO DATE    0.0
  SINCE MAR 1      0.0
  SINCE JUL 1     11.3

DEGREE DAYS
 HEATING
  YESTERDAY        0                               -4
  MONTH TO DATE  136                              -82
  SINCE MAR 1    426                             -264
  SINCE JUL 1   2669                             -959

 COOLING
  YESTERDAY        5                                3
  MONTH TO DATE   65                               28
  SINCE MAR 1     79                               34
  SINCE JAN 1     79                               34
...............................................................


WIND (MPH)
  HIGHEST WIND SPEED     9   HIGHEST WIND DIRECTION     S (200)
  HIGHEST GUST SPEED    12   HIGHEST GUST DIRECTION     S (180)
  AVERAGE WIND SPEED     2.9



WEATHER CONDITIONS
 THE FOLLOWING WEATHER WAS RECORDED YESTERDAY.
  LIGHT RAIN
  FOG


RELATIVE HUMIDITY (PERCENT)
 HIGHEST    93
 LOWEST     64

..........................................................


THE NASHVILLE CLIMATE NORMALS FOR TODAY
                         NORMAL    RECORD    YEAR
 MAXIMUM TEMPERATURE (F)   75        90      1942
 MINIMUM TEMPERATURE (F)   52        34      1963


SUNRISE AND SUNSET
MAY  1 2016...........SUNRISE   553 AM CDT   SUNSET   735 PM CDT
MAY  2 2016...........SUNRISE   552 AM CDT   SUNSET   735 PM CDT


-  INDICATES NEGATIVE NUMBERS.
R  INDICATES RECORD WAS SET OR TIED.
MM INDICATES DATA IS MISSING.
T  INDICATES TRACE AMOUNT.




$$
