000
CDUS44 KOHX 050037
CLIBNA

CLIMATE REPORT
NATIONAL WEATHER SERVICE NASHVILLE TN
736 PM CDT TUE AUG 4 2015


...................................

...THE NASHVILLE CLIMATE SUMMARY FOR AUGUST 4 2015...
VALID TODAY AS OF 0700 PM LOCAL TIME.

CLIMATE NORMAL PERIOD 1981 TO 2010
CLIMATE RECORD PERIOD 1871 TO 2015


WEATHER ITEM   OBSERVED TIME   RECORD YEAR NORMAL DEPARTURE
                VALUE   (LST)  VALUE       VALUE  FROM
                                                  NORMAL
...............................................................
TEMPERATURE (F)
 TODAY
  MAXIMUM         97   1254 PM 102    1947  90      7
  MINIMUM         72    503 AM  55    1976  69      3
  AVERAGE         85                        79      6

PRECIPITATION (IN)
  TODAY            0.00          2.06 1990   0.11  -0.11
  MONTH TO DATE    0.00                      0.43  -0.43
  SINCE JUN 1     10.45                      8.21   2.24
  SINCE JAN 1     31.45                     29.51   1.94

SNOWFALL (IN)
  TODAY            0.0           0.0  2002   0.0    0.0
                                      2001
  MONTH TO DATE    0.0                       0.0    0.0
  SINCE JUN 1      0.0                       0.0    0.0
  SINCE JUL 1      0.0                       0.0    0.0
  SNOW DEPTH       0

DEGREE DAYS
 HEATING
  TODAY            0                                0
  MONTH TO DATE    0                                0
  SINCE JUN 1      0                               -3
  SINCE JUL 1      0                                0

 COOLING
  TODAY           20                                6
  MONTH TO DATE   63                                7
  SINCE JUN 1    955                              129
  SINCE JAN 1   1211                              206
...............................................................


WIND (MPH)
  HIGHEST WIND SPEED    13   HIGHEST WIND DIRECTION    SW (230)
  HIGHEST GUST SPEED    17   HIGHEST GUST DIRECTION    SW (220)
  AVERAGE WIND SPEED     3.3




RELATIVE HUMIDITY (PERCENT)
 HIGHEST    90
 LOWEST     35
 AVERAGE    63

..........................................................


THE NASHVILLE CLIMATE NORMALS FOR TOMORROW
                         NORMAL    RECORD    YEAR
 MAXIMUM TEMPERATURE (F)   90       102      1947
 MINIMUM TEMPERATURE (F)   69        58      1974
                                             1912


SUNRISE AND SUNSET
AUGUST  4 2015........SUNRISE   556 AM CDT   SUNSET   749 PM CDT
AUGUST  5 2015........SUNRISE   557 AM CDT   SUNSET   748 PM CDT


-  INDICATES NEGATIVE NUMBERS.
R  INDICATES RECORD WAS SET OR TIED.
MM INDICATES DATA IS MISSING.
T  INDICATES TRACE AMOUNT.




$$
