000
CDUS44 KOHX 170625
CLIBNA

CLIMATE REPORT
NATIONAL WEATHER SERVICE NASHVILLE TN
124 AM CDT WED SEP 17 2014


...................................

...THE NASHVILLE CLIMATE SUMMARY FOR SEPTEMBER 16 2014...

CLIMATE NORMAL PERIOD 1981 TO 2010
CLIMATE RECORD PERIOD 1871 TO 2014


WEATHER ITEM   OBSERVED TIME   RECORD YEAR NORMAL DEPARTURE
                VALUE   (LST)  VALUE       VALUE  FROM
                                                  NORMAL
...............................................................
TEMPERATURE (F)
 YESTERDAY
  MAXIMUM         75    350 PM  98    1927  82     -7
  MINIMUM         60   1119 PM  43    1961  61     -1
  AVERAGE         68                        72     -4

PRECIPITATION (IN)
  YESTERDAY        T             2.69 2009   0.12  -0.12
  MONTH TO DATE    0.21                      1.76  -1.55
  SINCE SEP 1      0.21                      1.76  -1.55
  SINCE JAN 1     35.61                     34.01   1.60

SNOWFALL (IN)
  YESTERDAY        0.0           0.0  2002   0.0    0.0
                                      2001
                                      2000
  MONTH TO DATE    0.0                       0.0    0.0
  SINCE SEP 1      0.0                       0.0    0.0
  SINCE JUL 1      0.0                       0.0    0.0
  SNOW DEPTH       0

DEGREE DAYS
 HEATING
  YESTERDAY        0                               -1
  MONTH TO DATE    2                                1
  SINCE SEP 1      2                                1
  SINCE JUL 1      2                                1

 COOLING
  YESTERDAY        3                               -4
  MONTH TO DATE  167                               17
  SINCE SEP 1    167                               17
  SINCE JAN 1   1656                              132
...............................................................


WIND (MPH)
  HIGHEST WIND SPEED    14   HIGHEST WIND DIRECTION     N (360)
  HIGHEST GUST SPEED    17   HIGHEST GUST DIRECTION    NW (300)
  AVERAGE WIND SPEED     4.7




RELATIVE HUMIDITY (PERCENT)
 HIGHEST   100
 LOWEST     64
 AVERAGE    82

..........................................................


THE NASHVILLE CLIMATE NORMALS FOR TODAY
                         NORMAL    RECORD    YEAR
 MAXIMUM TEMPERATURE (F)   82        99      1896
 MINIMUM TEMPERATURE (F)   60        45      1961
                                             1916


SUNRISE AND SUNSET
SEPTEMBER 17 2014.....SUNRISE   631 AM CDT   SUNSET   651 PM CDT
SEPTEMBER 18 2014.....SUNRISE   631 AM CDT   SUNSET   650 PM CDT


-  INDICATES NEGATIVE NUMBERS.
R  INDICATES RECORD WAS SET OR TIED.
MM INDICATES DATA IS MISSING.
T  INDICATES TRACE AMOUNT.




$$
