000
CDUS44 KOHX 310702
CLIBNA

CLIMATE REPORT
NATIONAL WEATHER SERVICE NASHVILLE TN
202 AM CDT THU JUL 31 2014


...................................

...THE NASHVILLE CLIMATE SUMMARY FOR JULY 30 2014...

CLIMATE NORMAL PERIOD 1981 TO 2010
CLIMATE RECORD PERIOD 1871 TO 2014


WEATHER ITEM   OBSERVED TIME   RECORD YEAR NORMAL DEPARTURE LAST
                VALUE   (LST)  VALUE       VALUE  FROM      YEAR
                                                  NORMAL
..................................................................
TEMPERATURE (F)
 YESTERDAY
  MAXIMUM         84    133 PM 101    1999  90     -6       85
  MINIMUM         58R   527 AM  58    1965  70    -12       64
  AVERAGE         71                        80     -9       75

PRECIPITATION (IN)
  YESTERDAY        0.00          1.23 1901   0.10  -0.10     0.27
  MONTH TO DATE    2.38                      3.53  -1.15     6.44
  SINCE JUN 1      8.11                      7.67   0.44    10.92
  SINCE JAN 1     29.93                     28.97   0.96    35.36

SNOWFALL (IN)
  YESTERDAY        0.0           0.0  2002   0.0    0.0      0.0
                                      2001
  MONTH TO DATE    0.0                       0.0    0.0      0.0
  SINCE JUN 1      0.0                       0.0    0.0      0.0
  SINCE JUL 1      0.0                       0.0    0.0      0.0
  SNOW DEPTH       0

DEGREE DAYS
 HEATING
  YESTERDAY        0                         0      0        0
  MONTH TO DATE    0                         0      0        0
  SINCE JUN 1      0                         3     -3        0
  SINCE JUL 1      0                         0      0        0

 COOLING
  YESTERDAY        6                        14     -8       10
  MONTH TO DATE  363                       437    -74      394
  SINCE JUN 1    756                       761     -5      764
  SINCE JAN 1   1020                       940     80      971
..................................................................


WIND (MPH)
  HIGHEST WIND SPEED     9   HIGHEST WIND DIRECTION     N (340)
  HIGHEST GUST SPEED    14   HIGHEST GUST DIRECTION    NE (40)
  AVERAGE WIND SPEED     2.3


SKY COVER
  POSSIBLE SUNSHINE  MM
  AVERAGE SKY COVER 0.7


WEATHER CONDITIONS
 THE FOLLOWING WEATHER WAS RECORDED YESTERDAY.
  NO SIGNIFICANT WEATHER WAS OBSERVED.


RELATIVE HUMIDITY (PERCENT)
 HIGHEST    93
 LOWEST     37
 AVERAGE    65

..........................................................


THE NASHVILLE CLIMATE NORMALS FOR TODAY
                         NORMAL    RECORD    YEAR
 MAXIMUM TEMPERATURE (F)   90        99      1999
                                             1954
                                             1915
 MINIMUM TEMPERATURE (F)   70        54      1965


SUNRISE AND SUNSET
JULY 31 2014..........SUNRISE   553 AM CDT   SUNSET   753 PM CDT
AUGUST  1 2014........SUNRISE   554 AM CDT   SUNSET   752 PM CDT


-  INDICATES NEGATIVE NUMBERS.
R  INDICATES RECORD WAS SET OR TIED.
MM INDICATES DATA IS MISSING.
T  INDICATES TRACE AMOUNT.




$$
