000
CDUS44 KOHX 201516
CLIBNA


CLIMATE REPORT
NATIONAL WEATHER SERVICE NASHVILLE TN
906 AM CST FRI JAN 20 2017


...................................

...THE NASHVILLE CLIMATE SUMMARY FOR JANUARY 20 2017...
VALID AS OF 0900 AM LOCAL TIME.

CLIMATE NORMAL PERIOD 1981 TO 2010
CLIMATE RECORD PERIOD 1871 TO 2017


WEATHER ITEM   OBSERVED TIME   RECORD YEAR NORMAL DEPARTURE
                VALUE   (LST)  VALUE       VALUE  FROM
                                                  NORMAL
...............................................................
TEMPERATURE (F)
 TODAY
  MINIMUM         54    238 AM -16    1985  28     26

PRECIPITATION (IN)
  TODAY            0.00          2.43 1935   0.13  -0.13
  MONTH TO DATE    3.23                      2.37   0.86
  SINCE JAN 1      3.23                      2.37   0.86

SNOWFALL (IN)
  TODAY            0.0           1.5  1977
  MONTH TO DATE    0.4
  SINCE DEC 1      0.7
  SINCE JUL 1      0.7

DEGREE DAYS
 HEATING
  TODAY           MM                               MM
  MONTH TO DATE  360                             -194
  SINCE DEC 1   1043                             -274
  SINCE JUL 1   1397                             -594

 COOLING
  TODAY           MM                               MM
  MONTH TO DATE    0                                0
  SINCE DEC 1      4                                3
  SINCE JAN 1      0                                0
...............................................................


WIND (MPH)
  HIGHEST WIND SPEED     9   HIGHEST WIND DIRECTION     S (180)
  HIGHEST GUST SPEED    16   HIGHEST GUST DIRECTION     S (170)
  AVERAGE WIND SPEED     6.6




RELATIVE HUMIDITY (PERCENT)
 HIGHEST    93
 LOWEST     86
 AVERAGE    90

..........................................................


THE NASHVILLE CLIMATE NORMALS FOR TOMORROW
                         NORMAL    RECORD    YEAR
 MAXIMUM TEMPERATURE (F)   47        74      1959
 MINIMUM TEMPERATURE (F)   28       -17      1985


SUNRISE AND SUNSET
JANUARY 20 2017.......SUNRISE   655 AM CST   SUNSET   501 PM CST
JANUARY 21 2017.......SUNRISE   654 AM CST   SUNSET   502 PM CST


-  INDICATES NEGATIVE NUMBERS.
R  INDICATES RECORD WAS SET OR TIED.
MM INDICATES DATA IS MISSING.
T  INDICATES TRACE AMOUNT.




$$
