000
CDUS44 KOHX 080700
CLIBNA


CLIMATE REPORT
NATIONAL WEATHER SERVICE NASHVILLE TN
100 AM CST THU DEC 8 2016


...................................

...THE NASHVILLE CLIMATE SUMMARY FOR DECEMBER 7 2016...

CLIMATE NORMAL PERIOD 1981 TO 2010
CLIMATE RECORD PERIOD 1871 TO 2016


WEATHER ITEM   OBSERVED TIME   RECORD YEAR NORMAL DEPARTURE
                VALUE   (LST)  VALUE       VALUE  FROM
                                                  NORMAL
...............................................................
TEMPERATURE (F)
 YESTERDAY
  MAXIMUM         50    237 PM  72    1951  52     -2
                                      1939
  MINIMUM         36    716 AM  10    1984  33      3
                                      1977
  AVERAGE         43                        42      1

PRECIPITATION (IN)
  YESTERDAY        0.00          2.79 1951   0.15  -0.15
  MONTH TO DATE    1.04                      1.07  -0.03
  SINCE JAN 1     36.83                     44.08  -7.25

SNOWFALL (IN)
  YESTERDAY        0.0           0.7  1962
  MONTH TO DATE    0.0
  SINCE DEC 1      0.0
  SINCE JUL 1      0.0

DEGREE DAYS
 HEATING
  YESTERDAY       22                               -1
  MONTH TO DATE  144                               -9
  SINCE DEC 1    144                               -9
  SINCE JUL 1    498                             -329

 COOLING
  YESTERDAY        0                                0
  MONTH TO DATE    0                                0
  SINCE DEC 1      0                                0
  SINCE JAN 1   2244                              599
...............................................................


WIND (MPH)
  HIGHEST WIND SPEED    13   HIGHEST WIND DIRECTION    NE (30)
  HIGHEST GUST SPEED    20   HIGHEST GUST DIRECTION    NW (320)
  AVERAGE WIND SPEED     7.8




RELATIVE HUMIDITY (PERCENT)
 HIGHEST    89
 LOWEST     50

..........................................................


THE NASHVILLE CLIMATE NORMALS FOR TODAY
                         NORMAL    RECORD    YEAR
 MAXIMUM TEMPERATURE (F)   51        74      1956
                                             1922
 MINIMUM TEMPERATURE (F)   33         5      1917


SUNRISE AND SUNSET
DECEMBER  8 2016......SUNRISE   645 AM CST   SUNSET   432 PM CST
DECEMBER  9 2016......SUNRISE   646 AM CST   SUNSET   432 PM CST


-  INDICATES NEGATIVE NUMBERS.
R  INDICATES RECORD WAS SET OR TIED.
MM INDICATES DATA IS MISSING.
T  INDICATES TRACE AMOUNT.




$$
