000
CDUS44 KOHX 202233
CLIBNA

MEMCLIOHX 000
TTAA00 KOHX 202233


CLIMATE REPORT
NATIONAL WEATHER SERVICE NASHVILLE TN
533 PM CDT SUN APR 20 2014


...................................

...THE NASHVILLE CLIMATE SUMMARY FOR APRIL 20 2014...
VALID AS OF 0400 PM LOCAL TIME.

CLIMATE NORMAL PERIOD 1981 TO 2010
CLIMATE RECORD PERIOD 1871 TO 2014


WEATHER ITEM   OBSERVED TIME   RECORD YEAR NORMAL DEPARTURE LAST
                VALUE   (LST)  VALUE       VALUE  FROM      YEAR
                                                  NORMAL
..................................................................
TEMPERATURE (F)
 TODAY
  MAXIMUM         82    243 PM  87    2002  72     10       63
                                      1971
                                      1964
  MINIMUM         45    551 AM  26    1983  49     -4       35
  AVERAGE         64                        60      4       49

PRECIPITATION (IN)
  TODAY            0.00          3.45 1920   0.13  -0.13     0.00
  MONTH TO DATE    2.76                      2.47   0.29     3.38
  SINCE MAR 1      7.12                      6.58   0.54     7.70
  SINCE JAN 1     14.82                     14.27   0.55    17.42

SNOWFALL (IN)
  TODAY            0.0           0.0  2002   0.0    0.0      0.0
                                      2001
  MONTH TO DATE    0.0                       0.1   -0.1      0.0
  SINCE MAR 1      0.2                       1.0   -0.8      0.3
  SINCE JUL 1      1.6                       6.4   -4.8      1.3
  SNOW DEPTH       0

DEGREE DAYS
 HEATING
  TODAY            1                         6     -5       16
  MONTH TO DATE  128                       170    -42      145
  SINCE MAR 1    670                       643     27      761
  SINCE JUL 1   3855                      3581    274     3393

 COOLING
  TODAY            0                         1     -1        0
  MONTH TO DATE   24                        20      4       47
  SINCE MAR 1     24                        28     -4       48
  SINCE JAN 1     24                        28     -4       52
..................................................................


WIND (MPH)
  HIGHEST WIND SPEED     8   HIGHEST WIND DIRECTION     E (70)
  HIGHEST GUST SPEED    17   HIGHEST GUST DIRECTION    NW (330)
  AVERAGE WIND SPEED     1.9


SKY COVER
  POSSIBLE SUNSHINE  MM
  AVERAGE SKY COVER 0.3


WEATHER CONDITIONS
 THE FOLLOWING WEATHER WAS RECORDED TODAY.
  NO SIGNIFICANT WEATHER WAS OBSERVED.


RELATIVE HUMIDITY (PERCENT)
 HIGHEST    86           300 AM
 LOWEST     21           300 PM

..........................................................


THE NASHVILLE CLIMATE NORMALS FOR TOMORROW
                         NORMAL    RECORD    YEAR
 MAXIMUM TEMPERATURE (F)   72        89      1963
 MINIMUM TEMPERATURE (F)   49        29      1983


SUNRISE AND SUNSET
APRIL 20 2014.........SUNRISE   607 AM CDT   SUNSET   725 PM CDT
APRIL 21 2014.........SUNRISE   606 AM CDT   SUNSET   726 PM CDT


-  INDICATES NEGATIVE NUMBERS.
R  INDICATES RECORD WAS SET OR TIED.
MM INDICATES DATA IS MISSING.
T  INDICATES TRACE AMOUNT.




$$
