000
CDUS44 KOHX 280716
CLIBNA


CLIMATE REPORT
NATIONAL WEATHER SERVICE NASHVILLE TN
216 AM CDT SAT MAY 28 2016


...................................

...THE NASHVILLE CLIMATE SUMMARY FOR MAY 27 2016...

CLIMATE NORMAL PERIOD 1981 TO 2010
CLIMATE RECORD PERIOD 1871 TO 2016


WEATHER ITEM   OBSERVED TIME   RECORD YEAR NORMAL DEPARTURE
                VALUE   (LST)  VALUE       VALUE  FROM
                                                  NORMAL
...............................................................
TEMPERATURE (F)
 YESTERDAY
  MAXIMUM         89    242 PM  95    2012  81      8
                                      1911
  MINIMUM         64    450 AM  38    1961  60      4
  AVERAGE         77                        70      7

PRECIPITATION (IN)
  YESTERDAY        T             2.03 1973   0.16  -0.16
  MONTH TO DATE    2.37                      4.84  -2.47
  SINCE JAN 1     14.45                     20.64  -6.19

SNOWFALL (IN)
  YESTERDAY        0.0           0.0  2002
                                      2001
  MONTH TO DATE    0.0
  SINCE MAR 1      0.0
  SINCE JUL 1     11.3

DEGREE DAYS
 HEATING
  YESTERDAY        0                               -1
  MONTH TO DATE   67                               13
  SINCE MAR 1    493                             -251
  SINCE JUL 1   2736                             -946

 COOLING
  YESTERDAY       12                                6
  MONTH TO DATE  108                                2
  SINCE MAR 1    187                               36
  SINCE JAN 1    187                               36
...............................................................


WIND (MPH)
  HIGHEST WIND SPEED    20   HIGHEST WIND DIRECTION     S (190)
  HIGHEST GUST SPEED    28   HIGHEST GUST DIRECTION     W (250)
  AVERAGE WIND SPEED     6.5



WEATHER CONDITIONS
 THE FOLLOWING WEATHER WAS RECORDED YESTERDAY.
  NO SIGNIFICANT WEATHER WAS OBSERVED.


RELATIVE HUMIDITY (PERCENT)
 HIGHEST    93
 LOWEST     38

..........................................................


THE NASHVILLE CLIMATE NORMALS FOR TODAY
                         NORMAL    RECORD    YEAR
 MAXIMUM TEMPERATURE (F)   81        96      1911
 MINIMUM TEMPERATURE (F)   60        40      1961


SUNRISE AND SUNSET
MAY 28 2016...........SUNRISE   532 AM CDT   SUNSET   756 PM CDT
MAY 29 2016...........SUNRISE   532 AM CDT   SUNSET   757 PM CDT


-  INDICATES NEGATIVE NUMBERS.
R  INDICATES RECORD WAS SET OR TIED.
MM INDICATES DATA IS MISSING.
T  INDICATES TRACE AMOUNT.




$$
