819
CDUS44 KOHX 220641
CLIBNA

CLIMATE REPORT
NATIONAL WEATHER SERVICE NASHVILLE TN
141 AM CDT FRI SEP 22 2017

...THE NASHVILLE CLIMATE SUMMARY FOR SEPTEMBER 21 2017...

CLIMATE NORMAL PERIOD 1981 TO 2010
CLIMATE RECORD PERIOD 1871 TO 2017


WEATHER ITEM   OBSERVED TIME   RECORD YEAR NORMAL DEPARTURE
                VALUE   (LST)  VALUE       VALUE  FROM
                                                  NORMAL
...............................................................
TEMPERATURE (F)
 YESTERDAY
  MAXIMUM         92    224 PM  97    1955  81     11
  MINIMUM         69    618 AM  41    1918  59     10
  AVERAGE         81                        70     11

PRECIPITATION (IN)
  YESTERDAY        0.08          2.18 1979   0.12  -0.04
  MONTH TO DATE    3.58                      2.33   1.25
  SINCE JAN 1     40.42                     34.58   5.84

SNOWFALL (IN)
  YESTERDAY        0.0           0.0  2002
                                      2001
                                      2000
  MONTH TO DATE    0.0
  SINCE SEP 1      0.0
  SINCE JUL 1      0.0

DEGREE DAYS
 HEATING
  YESTERDAY        0                               -1
  MONTH TO DATE   12                                6
  SINCE SEP 1     12                                6
  SINCE JUL 1     12                                6

 COOLING
  YESTERDAY       16                               10
  MONTH TO DATE  125                              -56
  SINCE SEP 1    125                              -56
  SINCE JAN 1   1705                              150
...............................................................

WIND (MPH)
  HIGHEST WIND SPEED    18   HIGHEST WIND DIRECTION    SE (140)
  HIGHEST GUST SPEED    25   HIGHEST GUST DIRECTION     E (80)
  AVERAGE WIND SPEED   2.1


RELATIVE HUMIDITY (PERCENT)
 HIGHEST    97
 LOWEST     44

..........................................................

THE NASHVILLE CLIMATE NORMALS FOR TODAY
                         NORMAL    RECORD    YEAR
 MAXIMUM TEMPERATURE (F)   80        97      1955
 MINIMUM TEMPERATURE (F)   58        36      1983


SUNRISE AND SUNSET
SEPTEMBER 22 2017.....SUNRISE   635 AM CDT   SUNSET   643 PM CDT
SEPTEMBER 23 2017.....SUNRISE   636 AM CDT   SUNSET   642 PM CDT


-  INDICATES NEGATIVE NUMBERS.
R  INDICATES RECORD WAS SET OR TIED.
MM INDICATES DATA IS MISSING.
T  INDICATES TRACE AMOUNT.
$$
31
