000
CDUS44 KOHX 291252
CLIBNA

CLIMATE REPORT
NATIONAL WEATHER SERVICE NASHVILLE TN
753 AM CDT SAT AUG 29 2015


...................................

...THE NASHVILLE CLIMATE SUMMARY FOR AUGUST 28 2015...

CLIMATE NORMAL PERIOD 1981 TO 2010
CLIMATE RECORD PERIOD 1871 TO 2015


WEATHER ITEM   OBSERVED TIME   RECORD YEAR NORMAL DEPARTURE
                VALUE   (LST)  VALUE       VALUE  FROM
                                                  NORMAL
...............................................................
TEMPERATURE (F)
 YESTERDAY
  MAXIMUM         90    319 PM 103    1990  88      2
  MINIMUM         62    403 AM  52    1968  67     -5
  AVERAGE         76                        78     -2

PRECIPITATION (IN)
  YESTERDAY        0.00          4.10 1963   0.09  -0.09
  MONTH TO DATE    2.89                      2.88   0.01
  SINCE JUN 1     13.34                     10.66   2.68
  SINCE JAN 1     34.34                     31.96   2.38

SNOWFALL (IN)
  YESTERDAY        0.0           0.0  2002   0.0    0.0
                                      2001
                                      2000
  MONTH TO DATE    0.0                       0.0    0.0
  SINCE JUN 1      0.0                       0.0    0.0
  SINCE JUL 1      0.0                       0.0    0.0
  SNOW DEPTH       0

DEGREE DAYS
 HEATING
  YESTERDAY        0                                0
  MONTH TO DATE    0                                0
  SINCE JUN 1      0                               -3
  SINCE JUL 1      0                                0

 COOLING
  YESTERDAY       11                               -1
  MONTH TO DATE  350                              -34
  SINCE JUN 1   1242                               88
  SINCE JAN 1   1498                              165
...............................................................


WIND (MPH)
  HIGHEST WIND SPEED    14   HIGHEST WIND DIRECTION     S (170)
  HIGHEST GUST SPEED    17   HIGHEST GUST DIRECTION    SE (150)
  AVERAGE WIND SPEED     4.8




RELATIVE HUMIDITY (PERCENT)
 HIGHEST    84
 LOWEST     32
 AVERAGE    58

..........................................................

LOW AT NASHVILLE AIRPORT SINCE MIDNIGHT...70
PRECIPITATION AT NASHVILLE AIRPORT SINCE MIDNIGHT...0.00

NATIONAL TEMPERATURE EXTREMES

HIGH FRI...118 AT DEATH VALLEY CA

LOW  SAT...36 AT LEADVILLE CO


THE NASHVILLE CLIMATE NORMALS FOR TODAY
                         NORMAL    RECORD    YEAR
 MAXIMUM TEMPERATURE (F)   88       100      1897
 MINIMUM TEMPERATURE (F)   67        49      1986


SUNRISE AND SUNSET
AUGUST 29 2015........SUNRISE   616 AM CDT   SUNSET   719 PM CDT
AUGUST 30 2015........SUNRISE   617 AM CDT   SUNSET   718 PM CDT


-  INDICATES NEGATIVE NUMBERS.
R  INDICATES RECORD WAS SET OR TIED.
MM INDICATES DATA IS MISSING.
T  INDICATES TRACE AMOUNT.




$$
