000
CDUS44 KOHX 020047
CLIBNA

MEMCLIOHX 000
TTAA00 KOHX 020047


CLIMATE REPORT
NATIONAL WEATHER SERVICE NASHVILLE TN
747 PM CDT MON JUN 1 2015


...................................

...THE NASHVILLE CLIMATE SUMMARY FOR JUNE 1 2015...
VALID TODAY AS OF 0700 PM LOCAL TIME.

CLIMATE NORMAL PERIOD 1981 TO 2010
CLIMATE RECORD PERIOD 1871 TO 2015


WEATHER ITEM   OBSERVED TIME   RECORD YEAR NORMAL DEPARTURE
                VALUE   (LST)  VALUE       VALUE  FROM
                                                  NORMAL
...............................................................
TEMPERATURE (F)
 TODAY
  MAXIMUM         72    336 PM  98    1951  82    -10
  MINIMUM         63    231 AM  42    1966  62      1
                                      1894
  AVERAGE         68                        72     -4

PRECIPITATION (IN)
  TODAY            0.73          2.73 1893   0.16   0.57
  MONTH TO DATE    0.73                      0.16   0.57
  SINCE JUN 1      0.73                      0.16   0.57
  SINCE JAN 1     21.73                     21.46   0.27

SNOWFALL (IN)
  TODAY            0.0           0.0  2002   0.0    0.0
                                      2001
  MONTH TO DATE    0.0                       0.0    0.0
  SINCE JUN 1      0.0                       0.0    0.0
  SINCE JUL 1      6.1                       6.3   -0.2
  SNOW DEPTH       0

DEGREE DAYS
 HEATING
  TODAY            0                                0
  MONTH TO DATE    0                                0
  SINCE JUN 1      0                                0
  SINCE JUL 1   3778                               93

 COOLING
  TODAY            3                               -4
  MONTH TO DATE    3                               -4
  SINCE JUN 1      3                               -4
  SINCE JAN 1    259                               73
...............................................................


WIND (MPH)
  HIGHEST WIND SPEED    13   HIGHEST WIND DIRECTION     N (340)
  HIGHEST GUST SPEED    22   HIGHEST GUST DIRECTION    NW (330)
  AVERAGE WIND SPEED     4.8




RELATIVE HUMIDITY (PERCENT)
 HIGHEST    93
 LOWEST     79
 AVERAGE    86

..........................................................


THE NASHVILLE CLIMATE NORMALS FOR TOMORROW
                         NORMAL    RECORD    YEAR
 MAXIMUM TEMPERATURE (F)   83        95      1951
                                             1895
 MINIMUM TEMPERATURE (F)   62        46      1966
                                             1956


SUNRISE AND SUNSET
JUNE  1 2015..........SUNRISE   531 AM CDT   SUNSET   758 PM CDT
JUNE  2 2015..........SUNRISE   531 AM CDT   SUNSET   759 PM CDT


-  INDICATES NEGATIVE NUMBERS.
R  INDICATES RECORD WAS SET OR TIED.
MM INDICATES DATA IS MISSING.
T  INDICATES TRACE AMOUNT.




$$
