000
CDUS45 KBOI 230933
CLIBNO


CLIMATE REPORT
NATIONAL WEATHER SERVICE BOISE ID
333 AM MDT THU OCT 23 2014


...................................

...THE BURNS OR CLIMATE SUMMARY FOR OCTOBER 22 2014...

CLIMATE NORMAL PERIOD 1981 TO 2010
CLIMATE RECORD PERIOD 1939 TO 2014


WEATHER ITEM   OBSERVED TIME   RECORD YEAR NORMAL DEPARTURE LAST
                VALUE   (LST)  VALUE       VALUE  FROM      YEAR
                                                  NORMAL
..................................................................
TEMPERATURE (F)
 YESTERDAY
  MAXIMUM         62    231 PM  80    2003  59      3       68
  MINIMUM         24    144 AM   7    1980  26     -2       23
  AVERAGE         43                        42      1       46

PRECIPITATION (IN)
  YESTERDAY        0.03          0.65 1985   0.03   0.00     0.00
  MONTH TO DATE    0.20                      0.50  -0.30     0.04
  SINCE OCT 1      0.20                      0.50  -0.30     0.04
  SINCE JAN 1      6.45                      7.92  -1.47     5.97

DEGREE DAYS
 HEATING
  YESTERDAY       22                        23     -1       19
  MONTH TO DATE  328                       413    -85      509
  SINCE SEP 1    522                       695   -173      765
  SINCE JUL 1    587                       832   -245      801

 COOLING
  YESTERDAY        0                         0      0        0
  MONTH TO DATE    0                         0      0        0
  SINCE SEP 1      5                         9     -4       21
  SINCE JAN 1    318                       215    103      372
..................................................................


WIND (MPH)
  HIGHEST WIND SPEED    23   HIGHEST WIND DIRECTION     S (180)
  HIGHEST GUST SPEED    28   HIGHEST GUST DIRECTION     S (170)
  AVERAGE WIND SPEED     4.8


SKY COVER
  POSSIBLE SUNSHINE  MM
  AVERAGE SKY COVER 0.7


WEATHER CONDITIONS
 THE FOLLOWING WEATHER WAS RECORDED YESTERDAY.
  LIGHT RAIN


RELATIVE HUMIDITY (PERCENT)
 HIGHEST    92           100 AM
 LOWEST     35           200 PM
 AVERAGE    64

..........................................................


THE BURNS OR CLIMATE NORMALS FOR TODAY
                         NORMAL    RECORD    YEAR
 MAXIMUM TEMPERATURE (F)   58        74      1960
                                             1944
 MINIMUM TEMPERATURE (F)   26        15      1980


SUNRISE AND SUNSET
OCTOBER 23 2014.......SUNRISE   720 AM PDT   SUNSET   600 PM PDT
OCTOBER 24 2014.......SUNRISE   721 AM PDT   SUNSET   558 PM PDT


-  INDICATES NEGATIVE NUMBERS.
R  INDICATES RECORD WAS SET OR TIED.
MM INDICATES DATA IS MISSING.
T  INDICATES TRACE AMOUNT.




$$
