178
CDUS45 KBOI 140124
CLIBNO


CLIMATE REPORT
NATIONAL WEATHER SERVICE BOISE ID
624 PM MST SAT FEB 13 2016


...................................

...THE BURNS OR CLIMATE SUMMARY FOR FEBRUARY 13 2016...
VALID TODAY AS OF 0600 PM LOCAL TIME.

CLIMATE NORMAL PERIOD 1981 TO 2010
CLIMATE RECORD PERIOD 1938 TO 2016


WEATHER ITEM   OBSERVED TIME   RECORD YEAR NORMAL DEPARTURE LAST
                VALUE   (LST)  VALUE       VALUE  FROM      YEAR
                                                  NORMAL
..................................................................
TEMPERATURE (F)
 TODAY
  MAXIMUM         42    211 PM  58    1977  39      3       57
  MINIMUM         19    721 AM  -6    1949  18      1       28
  AVERAGE         31                        28      3       43

PRECIPITATION (IN)
  TODAY            0.00          0.83 1957   0.04  -0.04     0.00
  MONTH TO DATE    0.12                      0.46  -0.34     0.75
  SINCE OCT 1      6.47                      5.15   1.32     5.65
  SINCE JAN 1      1.60                      1.65  -0.05     1.15

DEGREE DAYS
 HEATING
  TODAY           34                        37     -3       22
  MONTH TO DATE  414                       495    -81      274
  SINCE DEC 1   2813                      3007   -194     2321
  SINCE JUL 1   4674                      5008   -334     4051

 COOLING
  TODAY            0                         0      0        0
  MONTH TO DATE    0                         0      0        0
  SINCE DEC 1      0                         0      0        0
  SINCE JAN 1      0                         0      0        0
..................................................................


WIND (MPH)
  HIGHEST WIND SPEED    14   HIGHEST WIND DIRECTION     W (260)
  HIGHEST GUST SPEED    15   HIGHEST GUST DIRECTION     W (260)
  AVERAGE WIND SPEED     4.7



WEATHER CONDITIONS
 THE FOLLOWING WEATHER WAS RECORDED TODAY.
  NO SIGNIFICANT WEATHER WAS OBSERVED.


RELATIVE HUMIDITY (PERCENT)
 HIGHEST    92          1200 AM
 LOWEST     64           200 PM
 AVERAGE    78

..........................................................


THE BURNS OR CLIMATE NORMALS FOR TOMORROW
                         NORMAL    RECORD    YEAR
 MAXIMUM TEMPERATURE (F)   39        62      2015
 MINIMUM TEMPERATURE (F)   18        -1      2001


SUNRISE AND SUNSET
FEBRUARY 13 2016......SUNRISE   658 AM PST   SUNSET   523 PM PST
FEBRUARY 14 2016......SUNRISE   656 AM PST   SUNSET   524 PM PST


-  INDICATES NEGATIVE NUMBERS.
R  INDICATES RECORD WAS SET OR TIED.
MM INDICATES DATA IS MISSING.
T  INDICATES TRACE AMOUNT.




$$
