433
CDUS45 KBOI 240932
CLIBNO


CLIMATE REPORT
NATIONAL WEATHER SERVICE BOISE ID
232 AM MST SAT FEB 24 2018


...................................

...THE BURNS OR CLIMATE SUMMARY FOR FEBRUARY 23 2018...

CLIMATE NORMAL PERIOD 1981 TO 2010
CLIMATE RECORD PERIOD 1938 TO 2018


WEATHER ITEM   OBSERVED TIME   RECORD YEAR NORMAL DEPARTURE LAST
                VALUE   (LST)  VALUE       VALUE  FROM      YEAR
                                                  NORMAL
..................................................................
TEMPERATURE (F)
 YESTERDAY
  MAXIMUM         28    314 PM  66    1995  42    -14       31
  MINIMUM          5R   642 AM   7    2017  20    -15        7
  AVERAGE         17                        31    -14       19

PRECIPITATION (IN)
  YESTERDAY        0.00          0.30 2010   0.04  -0.04     0.00
  MONTH TO DATE    0.20                      0.83  -0.63     1.72
  SINCE OCT 1      4.13                      5.52  -1.39     8.47
  SINCE JAN 1      1.47                      2.02  -0.55     4.96

DEGREE DAYS
 HEATING
  YESTERDAY       48                        34     14       46
  MONTH TO DATE  786                       849    -63      820
  SINCE DEC 1   3149                      3361   -212     3834
  SINCE JUL 1   5065                      5362   -297     5647

 COOLING
  YESTERDAY        0                         0      0        0
  MONTH TO DATE    0                         0      0        0
  SINCE DEC 1      0                         0      0        0
  SINCE JAN 1      0                         0      0        0
..................................................................


WIND (MPH)
  HIGHEST WIND SPEED    17   HIGHEST WIND DIRECTION     W (270)
  HIGHEST GUST SPEED    21   HIGHEST GUST DIRECTION     W (280)
  AVERAGE WIND SPEED     7.8


SKY COVER
  POSSIBLE SUNSHINE  MM
  AVERAGE SKY COVER 0.4


WEATHER CONDITIONS
 THE FOLLOWING WEATHER WAS RECORDED YESTERDAY.
  NO SIGNIFICANT WEATHER WAS OBSERVED.


RELATIVE HUMIDITY (PERCENT)
 HIGHEST    80           200 AM
 LOWEST     35           300 PM
 AVERAGE    58

..........................................................


THE BURNS OR CLIMATE NORMALS FOR TODAY
                         NORMAL    RECORD    YEAR
 MAXIMUM TEMPERATURE (F)   42        67      1995
 MINIMUM TEMPERATURE (F)   20         3      2017


SUNRISE AND SUNSET
FEBRUARY 24 2018......SUNRISE   640 AM PST   SUNSET   538 PM PST
FEBRUARY 25 2018......SUNRISE   639 AM PST   SUNSET   540 PM PST


-  INDICATES NEGATIVE NUMBERS.
R  INDICATES RECORD WAS SET OR TIED.
MM INDICATES DATA IS MISSING.
T  INDICATES TRACE AMOUNT.




$$
