000
CDUS45 KBOI 310933
CLIBNO


CLIMATE REPORT
NATIONAL WEATHER SERVICE BOISE ID
332 AM MDT THU JUL 31 2014


...................................

...THE BURNS OR CLIMATE SUMMARY FOR JULY 30 2014...

CLIMATE NORMAL PERIOD 1981 TO 2010
CLIMATE RECORD PERIOD 1939 TO 2014


WEATHER ITEM   OBSERVED TIME   RECORD YEAR NORMAL DEPARTURE LAST
                VALUE   (LST)  VALUE       VALUE  FROM      YEAR
                                                  NORMAL
..................................................................
TEMPERATURE (F)
 YESTERDAY
  MAXIMUM         95    222 PM 103    2003  88      7       88
  MINIMUM         53    520 AM  30    1995  48      5       46
  AVERAGE         74                        68      6       67

PRECIPITATION (IN)
  YESTERDAY        0.00          0.16 1964   0.02  -0.02     0.00
  MONTH TO DATE    0.32                      0.39  -0.07      T
  SINCE OCT 1      6.69                     10.11  -3.42     7.31
  SINCE JAN 1      5.72                      6.61  -0.89     3.41

DEGREE DAYS
 HEATING
  YESTERDAY        0                         1     -1        0
  MONTH TO DATE   12                        56    -44        4
  SINCE JUN 1    197                       274    -77      192
  SINCE JUL 1     12                        56    -44        4

 COOLING
  YESTERDAY        9                         4      5        2
  MONTH TO DATE  197                       102     95      217
  SINCE JUN 1    205                       122     83      271
  SINCE JAN 1    205                       125     80      272
..................................................................


WIND (MPH)
  HIGHEST WIND SPEED    22   HIGHEST WIND DIRECTION    NW (320)
  HIGHEST GUST SPEED    28   HIGHEST GUST DIRECTION    NW (330)
  AVERAGE WIND SPEED     6.9


SKY COVER
  POSSIBLE SUNSHINE  MM
  AVERAGE SKY COVER 0.1


WEATHER CONDITIONS
 THE FOLLOWING WEATHER WAS RECORDED YESTERDAY.
  NO SIGNIFICANT WEATHER WAS OBSERVED.


RELATIVE HUMIDITY (PERCENT)
 HIGHEST    71           500 AM
 LOWEST     13           500 PM
 AVERAGE    42

..........................................................


THE BURNS OR CLIMATE NORMALS FOR TODAY
                         NORMAL    RECORD    YEAR
 MAXIMUM TEMPERATURE (F)   88        99      2003
                                             1949
 MINIMUM TEMPERATURE (F)   48        35      2001


SUNRISE AND SUNSET
JULY 31 2014..........SUNRISE   544 AM PDT   SUNSET   820 PM PDT
AUGUST  1 2014........SUNRISE   545 AM PDT   SUNSET   818 PM PDT


-  INDICATES NEGATIVE NUMBERS.
R  INDICATES RECORD WAS SET OR TIED.
MM INDICATES DATA IS MISSING.
T  INDICATES TRACE AMOUNT.




$$
