000
CDUS45 KBOI 190937
CLIBNO


CLIMATE REPORT
NATIONAL WEATHER SERVICE BOISE ID
337 AM MDT THU OCT 19 2017


...................................

...THE BURNS OR CLIMATE SUMMARY FOR OCTOBER 18 2017...

CLIMATE NORMAL PERIOD 1981 TO 2010
CLIMATE RECORD PERIOD 1938 TO 2017


WEATHER ITEM   OBSERVED TIME   RECORD YEAR NORMAL DEPARTURE LAST
                VALUE   (LST)  VALUE       VALUE  FROM      YEAR
                                                  NORMAL
..................................................................
TEMPERATURE (F)
 YESTERDAY
  MAXIMUM         74    227 PM  79    2003  61     13       51
                                      1977
  MINIMUM         23    416 AM  12    2001  27     -4       27
  AVERAGE         49                        44      5       39

PRECIPITATION (IN)
  YESTERDAY        0.00          0.37 1979   0.03  -0.03     0.03
  MONTH TO DATE    0.21                      0.39  -0.18     0.76
  SINCE OCT 1      0.21                      0.39  -0.18     0.76
  SINCE JAN 1      8.85                      7.81   1.04     5.28

DEGREE DAYS
 HEATING
  YESTERDAY       16                        21     -5       26
  MONTH TO DATE  462                       325    137      351
  SINCE SEP 1    761                       607    154      657
  SINCE JUL 1    776                       744     32      773

 COOLING
  YESTERDAY        0                         0      0        0
  MONTH TO DATE    0                         0      0        0
  SINCE SEP 1     50                         9     41        0
  SINCE JAN 1    343                       215    128      226
..................................................................


WIND (MPH)
  HIGHEST WIND SPEED    18   HIGHEST WIND DIRECTION    SW (220)
  HIGHEST GUST SPEED    22   HIGHEST GUST DIRECTION    SW (220)
  AVERAGE WIND SPEED     3.7


SKY COVER
  POSSIBLE SUNSHINE  MM
  AVERAGE SKY COVER 0.0


WEATHER CONDITIONS
 THE FOLLOWING WEATHER WAS RECORDED YESTERDAY.
  NO SIGNIFICANT WEATHER WAS OBSERVED.


RELATIVE HUMIDITY (PERCENT)
 HIGHEST   100           500 AM
 LOWEST     15           300 PM
 AVERAGE    58

..........................................................


THE BURNS OR CLIMATE NORMALS FOR TODAY
                         NORMAL    RECORD    YEAR
 MAXIMUM TEMPERATURE (F)   60        77      1974
 MINIMUM TEMPERATURE (F)   27        11      1995
                                             1982


SUNRISE AND SUNSET
OCTOBER 19 2017.......SUNRISE   715 AM PDT   SUNSET   605 PM PDT
OCTOBER 20 2017.......SUNRISE   717 AM PDT   SUNSET   604 PM PDT


-  INDICATES NEGATIVE NUMBERS.
R  INDICATES RECORD WAS SET OR TIED.
MM INDICATES DATA IS MISSING.
T  INDICATES TRACE AMOUNT.




$$
