000
CDUS45 KBOI 200932
CLIBNO


CLIMATE REPORT
NATIONAL WEATHER SERVICE BOISE ID
232 AM MST FRI JAN 20 2017


...................................

...THE BURNS OR CLIMATE SUMMARY FOR JANUARY 19 2017...

CLIMATE NORMAL PERIOD 1981 TO 2010
CLIMATE RECORD PERIOD 1938 TO 2017


WEATHER ITEM   OBSERVED TIME   RECORD YEAR NORMAL DEPARTURE LAST
                VALUE   (LST)  VALUE       VALUE  FROM      YEAR
                                                  NORMAL
..................................................................
TEMPERATURE (F)
 YESTERDAY
  MAXIMUM         36    123 PM  50    1994  35      1       38
  MINIMUM         20   1138 PM  -8    2013  15      5       30
                                      1984
  AVERAGE         28                        25      3       34

PRECIPITATION (IN)
  YESTERDAY        0.06          0.53 1957   0.03   0.03     0.40
  MONTH TO DATE    2.62                      0.78   1.84     1.11
  SINCE OCT 1      6.13                      4.28   1.85     5.98
  SINCE JAN 1      2.62                      0.78   1.84     1.11

DEGREE DAYS
 HEATING
  YESTERDAY       37                        40     -3       31
  MONTH TO DATE 1045                       771    274      805
  SINCE DEC 1   2394                      2037    357     2064
  SINCE JUL 1   4207                      4038    169     3925

 COOLING
  YESTERDAY        0                         0      0        0
  MONTH TO DATE    0                         0      0        0
  SINCE DEC 1      0                         0      0        0
  SINCE JAN 1      0                         0      0        0
..................................................................


WIND (MPH)
  HIGHEST WIND SPEED    15   HIGHEST WIND DIRECTION    SW (210)
  HIGHEST GUST SPEED    17   HIGHEST GUST DIRECTION    SW (210)
  AVERAGE WIND SPEED     5.8


SKY COVER
  POSSIBLE SUNSHINE  MM
  AVERAGE SKY COVER 0.7


WEATHER CONDITIONS
 THE FOLLOWING WEATHER WAS RECORDED YESTERDAY.
  LIGHT RAIN
  LIGHT SNOW
  FOG


RELATIVE HUMIDITY (PERCENT)
 HIGHEST   100           300 AM
 LOWEST     82          1000 AM
 AVERAGE    91

..........................................................


THE BURNS OR CLIMATE NORMALS FOR TODAY
                         NORMAL    RECORD    YEAR
 MAXIMUM TEMPERATURE (F)   35        51      1981
 MINIMUM TEMPERATURE (F)   15       -13      1949


SUNRISE AND SUNSET
JANUARY 20 2017.......SUNRISE   723 AM PST   SUNSET   452 PM PST
JANUARY 21 2017.......SUNRISE   722 AM PST   SUNSET   453 PM PST


-  INDICATES NEGATIVE NUMBERS.
R  INDICATES RECORD WAS SET OR TIED.
MM INDICATES DATA IS MISSING.
T  INDICATES TRACE AMOUNT.




$$
