000
CDUS45 KBOI 050121
CLIBOI


CLIMATE REPORT
NATIONAL WEATHER SERVICE BOISE ID
721 PM MDT FRI SEP 4 2015


...................................

...THE BOISE ID CLIMATE SUMMARY FOR SEPTEMBER 4 2015...
VALID TODAY AS OF 0600 PM LOCAL TIME.

CLIMATE NORMAL PERIOD 1981 TO 2010
CLIMATE RECORD PERIOD 1878 TO 2015


WEATHER ITEM   OBSERVED TIME   RECORD YEAR NORMAL DEPARTURE LAST
                VALUE   (LST)  VALUE       VALUE  FROM      YEAR
                                                  NORMAL
..................................................................
TEMPERATURE (F)
 TODAY
  MAXIMUM         74    245 PM 100    1924  84    -10       76
  MINIMUM         49    703 AM  33    1887  55     -6       44
  AVERAGE         62                        69     -7       60

PRECIPITATION (IN)
  TODAY            0.00          0.60 1884   0.01  -0.01     0.00
  MONTH TO DATE    0.00                      0.05  -0.05     0.00
  SINCE OCT 1     12.02                     11.20   0.82    11.52
  SINCE JAN 1      6.11                      7.55  -1.44     8.61

DEGREE DAYS
 HEATING
  TODAY            3                         1      2        5
  MONTH TO DATE    5                         4      1       10
  SINCE SEP 1      5                         4      1       10
  SINCE JUL 1      5                        22    -17       14

 COOLING
  TODAY            0                         5     -5        0
  MONTH TO DATE   17                        23     -6        7
  SINCE SEP 1     17                        23     -6        7
  SINCE JAN 1   1153                       857    296      990
..................................................................


WIND (MPH)
  HIGHEST WIND SPEED    33   HIGHEST WIND DIRECTION     W (290)
  HIGHEST GUST SPEED    43   HIGHEST GUST DIRECTION     W (280)
  AVERAGE WIND SPEED     4.8



WEATHER CONDITIONS
 THE FOLLOWING WEATHER WAS RECORDED TODAY.
  HAZE


RELATIVE HUMIDITY (PERCENT)
 HIGHEST    64           300 AM
 LOWEST     31           200 PM
 AVERAGE    48

..........................................................


THE BOISE ID CLIMATE NORMALS FOR TOMORROW
                         NORMAL    RECORD    YEAR
 MAXIMUM TEMPERATURE (F)   83       100      1963
 MINIMUM TEMPERATURE (F)   55        34      1887
                                             1886


SUNRISE AND SUNSET
SEPTEMBER  4 2015.....SUNRISE   712 AM MDT   SUNSET   815 PM MDT
SEPTEMBER  5 2015.....SUNRISE   713 AM MDT   SUNSET   813 PM MDT


-  INDICATES NEGATIVE NUMBERS.
R  INDICATES RECORD WAS SET OR TIED.
MM INDICATES DATA IS MISSING.
T  INDICATES TRACE AMOUNT.




$$
