000
CDUS45 KBOI 210932
CLIBOI


CLIMATE REPORT
NATIONAL WEATHER SERVICE BOISE ID
231 AM MST SUN DEC 21 2014


...................................

...THE BOISE ID CLIMATE SUMMARY FOR DECEMBER 20 2014...

CLIMATE NORMAL PERIOD 1981 TO 2010
CLIMATE RECORD PERIOD 1878 TO 2014


WEATHER ITEM   OBSERVED TIME   RECORD YEAR NORMAL DEPARTURE LAST
                VALUE   (LST)  VALUE       VALUE  FROM      YEAR
                                                  NORMAL
..................................................................
TEMPERATURE (F)
 YESTERDAY
  MAXIMUM         44    210 PM  57    1964  37      7       31
                                      1900
  MINIMUM         36    105 AM  -8    1990  23     13       11
  AVERAGE         40                        30     10       21

PRECIPITATION (IN)
  YESTERDAY        0.71R         0.71 1996   0.05   0.66     0.20
  MONTH TO DATE    1.91                      1.00   0.91     0.59
  SINCE OCT 1      4.48                      3.10   1.38     2.84
  SINCE JAN 1     14.01                     11.18   2.83     9.50

SNOWFALL (IN)
  YESTERDAY        0.0           9.8  1996   0.2   -0.2      2.3
  MONTH TO DATE    0.5                       4.2   -3.7      4.7
  SINCE OCT 1      8.1                       6.9    1.2      6.7
  SINCE JUL 1      8.1                       6.9    1.2      6.7
  SNOW DEPTH       0

DEGREE DAYS
 HEATING
  YESTERDAY       25                        35    -10       44
  MONTH TO DATE  470                       673   -203      869
  SINCE DEC 1    470                       673   -203      869
  SINCE JUL 1   1609                      1927   -318     2163

 COOLING
  YESTERDAY        0                         0      0        0
  MONTH TO DATE    0                         0      0        0
  SINCE DEC 1      0                         0      0        0
  SINCE JAN 1   1129                       942    187     1320
..................................................................


WIND (MPH)
  HIGHEST WIND SPEED    17   HIGHEST WIND DIRECTION    SE (120)
  HIGHEST GUST SPEED    22   HIGHEST GUST DIRECTION    SE (120)
  AVERAGE WIND SPEED    10.0


SKY COVER
  POSSIBLE SUNSHINE  MM
  AVERAGE SKY COVER 0.9


WEATHER CONDITIONS
 THE FOLLOWING WEATHER WAS RECORDED YESTERDAY.
  RAIN
  LIGHT RAIN
  FOG


RELATIVE HUMIDITY (PERCENT)
 HIGHEST   100           600 PM
 LOWEST     73           600 AM
 AVERAGE    87

..........................................................


THE BOISE ID CLIMATE NORMALS FOR TODAY
                         NORMAL    RECORD    YEAR
 MAXIMUM TEMPERATURE (F)   36        60      1964
 MINIMUM TEMPERATURE (F)   23       -23      1990


SUNRISE AND SUNSET
DECEMBER 21 2014......SUNRISE   815 AM MST   SUNSET   511 PM MST
DECEMBER 22 2014......SUNRISE   815 AM MST   SUNSET   512 PM MST


-  INDICATES NEGATIVE NUMBERS.
R  INDICATES RECORD WAS SET OR TIED.
MM INDICATES DATA IS MISSING.
T  INDICATES TRACE AMOUNT.




$$
