000
CDUS45 KBOI 270936
CLIBOI


CLIMATE REPORT
NATIONAL WEATHER SERVICE BOISE ID
334 AM MDT WED JUL 27 2016


...................................

...THE BOISE ID CLIMATE SUMMARY FOR JULY 26 2016...

CLIMATE NORMAL PERIOD 1981 TO 2010
CLIMATE RECORD PERIOD 1875 TO 2016


WEATHER ITEM   OBSERVED TIME   RECORD YEAR NORMAL DEPARTURE LAST
                VALUE   (LST)  VALUE       VALUE  FROM      YEAR
                                                  NORMAL
..................................................................
TEMPERATURE (F)
 YESTERDAY
  MAXIMUM         99    529 PM 105    1978  93      6       86
  MINIMUM         66    535 AM  41    1894  62      4       61
  AVERAGE         83                        78      5       74

PRECIPITATION (IN)
  YESTERDAY        0.00          0.44 1913   0.01  -0.01     0.00
  MONTH TO DATE    0.27                      0.28  -0.01     0.97
  SINCE OCT 1      9.31                     10.86  -1.55    11.84
  SINCE JAN 1      4.97                      7.21  -2.24     5.93

SNOWFALL (IN)
  YESTERDAY        0.0           0.0  2006   0.0    0.0      0.0
  MONTH TO DATE    0.0                       0.0    0.0      0.0
  SINCE OCT 1     10.9                      19.2   -8.3     13.3
  SINCE JUL 1      0.0                       0.0    0.0      0.0
  SNOW DEPTH       0

DEGREE DAYS
 HEATING
  YESTERDAY        0                         0      0        0
  MONTH TO DATE    8                         4      4        0
  SINCE JUN 1     45                        68    -23        2
  SINCE JUL 1      8                         4      4        0

 COOLING
  YESTERDAY       18                        13      5        9
  MONTH TO DATE  252                       278    -26      327
  SINCE JUN 1    499                       417     82      665
  SINCE JAN 1    530                       461     69      700
..................................................................


WIND (MPH)
  HIGHEST WIND SPEED    18   HIGHEST WIND DIRECTION    NW (310)
  HIGHEST GUST SPEED    23   HIGHEST GUST DIRECTION    NW (330)
  AVERAGE WIND SPEED     7.1


SKY COVER
  POSSIBLE SUNSHINE  MM
  AVERAGE SKY COVER 0.0


WEATHER CONDITIONS
 THE FOLLOWING WEATHER WAS RECORDED YESTERDAY.
  NO SIGNIFICANT WEATHER WAS OBSERVED.


RELATIVE HUMIDITY (PERCENT)
 HIGHEST    34           300 AM
 LOWEST     13           500 PM
 AVERAGE    24

..........................................................


THE BOISE ID CLIMATE NORMALS FOR TODAY
                         NORMAL    RECORD    YEAR
 MAXIMUM TEMPERATURE (F)   93       108      1975
                                             1934
 MINIMUM TEMPERATURE (F)   62        46      1918


SUNRISE AND SUNSET
JULY 27 2016..........SUNRISE   630 AM MDT   SUNSET   913 PM MDT
JULY 28 2016..........SUNRISE   631 AM MDT   SUNSET   911 PM MDT


-  INDICATES NEGATIVE NUMBERS.
R  INDICATES RECORD WAS SET OR TIED.
MM INDICATES DATA IS MISSING.
T  INDICATES TRACE AMOUNT.




$$
