000
CDUS45 KBOI 310933
CLIBOI


CLIMATE REPORT
NATIONAL WEATHER SERVICE BOISE ID
333 AM MDT TUE MAY 31 2016


...................................

...THE BOISE ID CLIMATE SUMMARY FOR MAY 30 2016...

CLIMATE NORMAL PERIOD 1981 TO 2010
CLIMATE RECORD PERIOD 1875 TO 2016


WEATHER ITEM   OBSERVED TIME   RECORD YEAR NORMAL DEPARTURE LAST
                VALUE   (LST)  VALUE       VALUE  FROM      YEAR
                                                  NORMAL
..................................................................
TEMPERATURE (F)
 YESTERDAY
  MAXIMUM         76    538 PM  98    1986  76      0       82
  MINIMUM         51    605 AM  33    1979  50      1       65
                                      1919
  AVERAGE         64                        63      1       74

PRECIPITATION (IN)
  YESTERDAY        0.00          0.40 1942   0.04  -0.04     0.00
  MONTH TO DATE    0.87                      1.35  -0.48     1.50
  SINCE OCT 1      8.86                      9.85  -0.99    10.70
  SINCE JAN 1      4.52                      6.20  -1.68     4.79

SNOWFALL (IN)
  YESTERDAY        0.0           T    1919   0.0    0.0      0.0
  MONTH TO DATE    0.0                       0.0    0.0      0.0
  SINCE OCT 1     10.9                      19.2   -8.3     13.3
  SINCE JUL 1     10.9                      19.2   -8.3     13.3
  SNOW DEPTH       0

DEGREE DAYS
 HEATING
  YESTERDAY        1                         4     -3        0
  MONTH TO DATE  137                       221    -84      117
  SINCE MAR 1    926                      1286   -360      991
  SINCE JUL 1   4675                      5445   -770     4586

 COOLING
  YESTERDAY        0                         2     -2        9
  MONTH TO DATE   26                        39    -13       24
  SINCE MAR 1     31                        42    -11       24
  SINCE JAN 1     31                        42    -11       24
..................................................................


WIND (MPH)
  HIGHEST WIND SPEED    20   HIGHEST WIND DIRECTION    NW (310)
  HIGHEST GUST SPEED    27   HIGHEST GUST DIRECTION     W (280)
  AVERAGE WIND SPEED    10.9


SKY COVER
  POSSIBLE SUNSHINE  MM
  AVERAGE SKY COVER 0.0


WEATHER CONDITIONS
 THE FOLLOWING WEATHER WAS RECORDED YESTERDAY.
  NO SIGNIFICANT WEATHER WAS OBSERVED.


RELATIVE HUMIDITY (PERCENT)
 HIGHEST    59           600 AM
 LOWEST     14           500 PM
 AVERAGE    37

..........................................................


THE BOISE ID CLIMATE NORMALS FOR TODAY
                         NORMAL    RECORD    YEAR
 MAXIMUM TEMPERATURE (F)   76        98      1910
 MINIMUM TEMPERATURE (F)   50        32      1978
                                             1955


SUNRISE AND SUNSET
MAY 31 2016...........SUNRISE   607 AM MDT   SUNSET   919 PM MDT
JUNE  1 2016..........SUNRISE   606 AM MDT   SUNSET   920 PM MDT


-  INDICATES NEGATIVE NUMBERS.
R  INDICATES RECORD WAS SET OR TIED.
MM INDICATES DATA IS MISSING.
T  INDICATES TRACE AMOUNT.




$$
