000
CDUS45 KBOI 300136
CLIBOI


CLIMATE REPORT
NATIONAL WEATHER SERVICE BOISE ID
735 PM MDT SUN MAR 29 2015


...................................

...THE BOISE ID CLIMATE SUMMARY FOR MARCH 29 2015...
VALID TODAY AS OF 0600 PM LOCAL TIME.

CLIMATE NORMAL PERIOD 1981 TO 2010
CLIMATE RECORD PERIOD 1878 TO 2015


WEATHER ITEM   OBSERVED TIME   RECORD YEAR NORMAL DEPARTURE LAST
                VALUE   (LST)  VALUE       VALUE  FROM      YEAR
                                                  NORMAL
..................................................................
TEMPERATURE (F)
 TODAY
  MAXIMUM         67    544 PM  81    1978  58      9       54
  MINIMUM         37    659 AM  20    1987  37      0       41
                                      1949
                                      1902
  AVERAGE         52                        47      5       48

PRECIPITATION (IN)
  TODAY            0.00          2.46 1904   0.05  -0.05     0.52
  MONTH TO DATE    0.50                      1.30  -0.80     2.30
  SINCE OCT 1      8.59                      7.18   1.41     8.22
  SINCE JAN 1      2.68                      3.53  -0.85     5.31

DEGREE DAYS
 HEATING
  TODAY           13                        18     -5       17
  MONTH TO DATE  451                       602   -151      550
  SINCE MAR 1    451                       602   -151      550
  SINCE JUL 1   4046                      4761   -715     4890

 COOLING
  TODAY            0                         0      0        0
  MONTH TO DATE    0                         0      0        0
  SINCE MAR 1      0                         0      0        0
  SINCE JAN 1      0                         0      0        0
..................................................................


WIND (MPH)
  HIGHEST WIND SPEED    12   HIGHEST WIND DIRECTION    SE (140)
  HIGHEST GUST SPEED    13   HIGHEST GUST DIRECTION    SE (140)
  AVERAGE WIND SPEED     4.5



WEATHER CONDITIONS
 THE FOLLOWING WEATHER WAS RECORDED TODAY.
  NO SIGNIFICANT WEATHER WAS OBSERVED.


RELATIVE HUMIDITY (PERCENT)
 HIGHEST    70           700 AM
 LOWEST     20           400 PM
 AVERAGE    45

..........................................................


THE BOISE ID CLIMATE NORMALS FOR TOMORROW
                         NORMAL    RECORD    YEAR
 MAXIMUM TEMPERATURE (F)   58        79      2004
 MINIMUM TEMPERATURE (F)   37        17      1954


SUNRISE AND SUNSET
MARCH 29 2015.........SUNRISE   732 AM MDT   SUNSET   808 PM MDT
MARCH 30 2015.........SUNRISE   730 AM MDT   SUNSET   809 PM MDT


-  INDICATES NEGATIVE NUMBERS.
R  INDICATES RECORD WAS SET OR TIED.
MM INDICATES DATA IS MISSING.
T  INDICATES TRACE AMOUNT.




$$
