000
CDUS41 KBOX 180548
CLIBOS


CLIMATE REPORT
NATIONAL WEATHER SERVICE TAUNTON MA
1238 AM EST SAT NOV 18 2017


...................................

...THE BOSTON MA CLIMATE SUMMARY FOR NOVEMBER 17 2017...

CLIMATE NORMAL PERIOD 1981 TO 2010
CLIMATE RECORD PERIOD 1872 TO 2017


WEATHER ITEM   OBSERVED TIME   RECORD YEAR NORMAL DEPARTURE LAST
                VALUE   (LST)  VALUE       VALUE  FROM      YEAR
                                                  NORMAL
..................................................................
TEMPERATURE (F)
 YESTERDAY
  MAXIMUM         44    222 PM  76    1928  51     -7       57
  MINIMUM         34   1159 PM  14    1924  38     -4       45
  AVERAGE         39                        44     -5       51

PRECIPITATION (IN)
  YESTERDAY        0.00          1.65 1930   0.14  -0.14     0.00
  MONTH TO DATE    0.59                      2.23  -1.64     1.20
  SINCE SEP 1      8.46                      9.61  -1.15     8.04
  SINCE JAN 1     39.75                     38.23   1.52    28.30

SNOWFALL (IN)
  YESTERDAY        0.0           0.4  1968   0.1   -0.1      0.0
  MONTH TO DATE    0.0                       0.4   -0.4       T
  SINCE SEP 1      0.0                       0.4   -0.4       T
  SINCE JUL 1      0.0                       0.4   -0.4       T
  SNOW DEPTH      MM

DEGREE DAYS
 HEATING
  YESTERDAY       26                        21      5       14
  MONTH TO DATE  340                       311     29      264
  SINCE SEP 1    522                       745   -223      615
  SINCE JUL 1    534                       758   -224      622

 COOLING
  YESTERDAY        0                         0      0        0
  MONTH TO DATE    0                         0      0        0
  SINCE SEP 1    151                        88     63      141
  SINCE JAN 1    880                       747    133     1035
..................................................................


WIND (MPH)
  RESULTANT WIND SPEED  16   RESULTANT WIND DIRECTION  NW (300)
  HIGHEST WIND SPEED    30   HIGHEST WIND DIRECTION    NW (300)
  HIGHEST GUST SPEED    39   HIGHEST GUST DIRECTION    NW (300)
  AVERAGE WIND SPEED    16.1


SKY COVER
  POSSIBLE SUNSHINE  MM
  AVERAGE SKY COVER 0.3


WEATHER CONDITIONS
 THE FOLLOWING WEATHER WAS RECORDED YESTERDAY.
  NO SIGNIFICANT WEATHER WAS OBSERVED.


RELATIVE HUMIDITY (PERCENT)
 HIGHEST    76          1200 AM
 LOWEST     37           700 PM
 AVERAGE    57

..........................................................


THE BOSTON MA CLIMATE NORMALS FOR TODAY
                         NORMAL    RECORD    YEAR
 MAXIMUM TEMPERATURE (F)   51        73      1953
 MINIMUM TEMPERATURE (F)   37        14      1936


SUNRISE AND SUNSET
NOVEMBER 18 2017......SUNRISE   639 AM EST   SUNSET   419 PM EST
NOVEMBER 19 2017......SUNRISE   640 AM EST   SUNSET   419 PM EST


-  INDICATES NEGATIVE NUMBERS.
R  INDICATES RECORD WAS SET OR TIED.
MM INDICATES DATA IS MISSING.
T  INDICATES TRACE AMOUNT.




$$
