000
CDUS41 KBOX 300549
CLIBOS


CLIMATE REPORT
NATIONAL WEATHER SERVICE TAUNTON MA
149 AM EDT THU OCT 30 2014


...................................

...THE BOSTON MA CLIMATE SUMMARY FOR OCTOBER 29 2014...

CLIMATE NORMAL PERIOD 1981 TO 2010
CLIMATE RECORD PERIOD 1872 TO 2014


WEATHER ITEM   OBSERVED TIME   RECORD YEAR NORMAL DEPARTURE LAST
                VALUE   (LST)  VALUE       VALUE  FROM      YEAR
                                                  NORMAL
..................................................................
TEMPERATURE (F)
 YESTERDAY
  MAXIMUM         74    311 PM  79    1918  57     17       49
  MINIMUM         52   1159 PM  26    1876  43      9       35
  AVERAGE         63                        50     13       42

PRECIPITATION (IN)
  YESTERDAY        0.02          1.49 2003   0.12  -0.10     0.00
  MONTH TO DATE    5.83                      3.69   2.14     0.53
  SINCE SEP 1      6.53                      7.13  -0.60     2.74
  SINCE JAN 1     33.42                     35.75  -2.33    32.94

SNOWFALL (IN)
  YESTERDAY        0.0           1.1  2005   0.0    0.0      0.0
  MONTH TO DATE    0.0                       0.0    0.0      0.0
  SINCE SEP 1      0.0                       0.0    0.0      0.0
  SINCE JUL 1      0.0                       0.0    0.0      0.0
  SNOW DEPTH      MM

DEGREE DAYS
 HEATING
  YESTERDAY        2                        15    -13       23
  MONTH TO DATE  244                       319    -75      235
  SINCE SEP 1    320                       403    -83      318
  SINCE JUL 1    320                       416    -96      320

 COOLING
  YESTERDAY        0                         0      0        0
  MONTH TO DATE   10                         6      4       16
  SINCE SEP 1    130                        87     43       98
  SINCE JAN 1    769                       746     23      919
..................................................................


WIND (MPH)
  RESULTANT WIND SPEED   4   RESULTANT WIND DIRECTION   W (270)
  HIGHEST WIND SPEED    21   HIGHEST WIND DIRECTION    NW (310)
  HIGHEST GUST SPEED    32   HIGHEST GUST DIRECTION     N (360)
  AVERAGE WIND SPEED     6.8


SKY COVER
  POSSIBLE SUNSHINE  MM
  AVERAGE SKY COVER 1.0


WEATHER CONDITIONS
 THE FOLLOWING WEATHER WAS RECORDED YESTERDAY.
  LIGHT RAIN
  FOG


RELATIVE HUMIDITY (PERCENT)
 HIGHEST    93          1200 AM
 LOWEST     49           700 PM
 AVERAGE    71

..........................................................


THE BOSTON MA CLIMATE NORMALS FOR TODAY
                         NORMAL    RECORD    YEAR
 MAXIMUM TEMPERATURE (F)   57        78      1918
 MINIMUM TEMPERATURE (F)   42        28      1928


SUNRISE AND SUNSET
OCTOBER 30 2014.......SUNRISE   715 AM EDT   SUNSET   540 PM EDT
OCTOBER 31 2014.......SUNRISE   716 AM EDT   SUNSET   539 PM EDT


-  INDICATES NEGATIVE NUMBERS.
R  INDICATES RECORD WAS SET OR TIED.
MM INDICATES DATA IS MISSING.
T  INDICATES TRACE AMOUNT.




$$
