000
CDUS41 KBOX 290551
CLIBOS


CLIMATE REPORT
NATIONAL WEATHER SERVICE TAUNTON MA
146 AM EDT SAT JUL 29 2017


...................................

...THE BOSTON MA CLIMATE SUMMARY FOR JULY 28 2017...

CLIMATE NORMAL PERIOD 1981 TO 2010
CLIMATE RECORD PERIOD 1872 TO 2017


WEATHER ITEM   OBSERVED TIME   RECORD YEAR NORMAL DEPARTURE LAST
                VALUE   (LST)  VALUE       VALUE  FROM      YEAR
                                                  NORMAL
..................................................................
TEMPERATURE (F)
 YESTERDAY
  MAXIMUM         82    220 PM  99    1949  82      0       92
  MINIMUM         66    127 AM  54    1884  66      0       73
  AVERAGE         74                        74      0       83

PRECIPITATION (IN)
  YESTERDAY        0.00          3.49 1911   0.13  -0.13     0.00
  MONTH TO DATE    4.03                      3.05   0.98     0.66
  SINCE JUN 1      8.88                      6.73   2.15     1.99
  SINCE JAN 1     29.71                     24.89   4.82    18.33

SNOWFALL (IN)
  YESTERDAY        0.0           0.0  2002   0.0    0.0      0.0
                                      2001
                                      2000
  MONTH TO DATE    0.0                       0.0    0.0      0.0
  SINCE JUN 1      0.0                       0.0    0.0      0.0
  SINCE JUL 1      0.0                       0.0    0.0      0.0
  SNOW DEPTH      MM

DEGREE DAYS
 HEATING
  YESTERDAY        0                         0      0        0
  MONTH TO DATE   10                         0     10        7
  SINCE JUN 1     60                        55      5       24
  SINCE JUL 1     10                         0     10        7

 COOLING
  YESTERDAY        9                         9      0       18
  MONTH TO DATE  241                       241      0      330
  SINCE JUN 1    432                       377     55      459
  SINCE JAN 1    492                       407     85      504
..................................................................


WIND (MPH)
  RESULTANT WIND SPEED   2   RESULTANT WIND DIRECTION   W (250)
  HIGHEST WIND SPEED    15   HIGHEST WIND DIRECTION    SE (120)
  HIGHEST GUST SPEED    19   HIGHEST GUST DIRECTION    NW (330)
  AVERAGE WIND SPEED     7.9


SKY COVER
  POSSIBLE SUNSHINE  MM
  AVERAGE SKY COVER 0.5


WEATHER CONDITIONS
 THE FOLLOWING WEATHER WAS RECORDED YESTERDAY.
  NO SIGNIFICANT WEATHER WAS OBSERVED.


RELATIVE HUMIDITY (PERCENT)
 HIGHEST   100          1200 AM
 LOWEST     54          1100 AM
 AVERAGE    77

..........................................................


THE BOSTON MA CLIMATE NORMALS FOR TODAY
                         NORMAL    RECORD    YEAR
 MAXIMUM TEMPERATURE (F)   82        97      1933
                                             1931
 MINIMUM TEMPERATURE (F)   66        55      1880


SUNRISE AND SUNSET
JULY 29 2017..........SUNRISE   534 AM EDT   SUNSET   807 PM EDT
JULY 30 2017..........SUNRISE   535 AM EDT   SUNSET   806 PM EDT


-  INDICATES NEGATIVE NUMBERS.
R  INDICATES RECORD WAS SET OR TIED.
MM INDICATES DATA IS MISSING.
T  INDICATES TRACE AMOUNT.




$$
