000
CDUS41 KBOX 140538
CLIBOS


CLIMATE REPORT
NATIONAL WEATHER SERVICE TAUNTON MA
1237 AM EST SUN FEB 14 2016


...................................

...THE BOSTON MA CLIMATE SUMMARY FOR FEBRUARY 13 2016...

CLIMATE NORMAL PERIOD 1981 TO 2010
CLIMATE RECORD PERIOD 1872 TO 2016


WEATHER ITEM   OBSERVED TIME   RECORD YEAR NORMAL DEPARTURE LAST
                VALUE   (LST)  VALUE       VALUE  FROM      YEAR
                                                  NORMAL
..................................................................
TEMPERATURE (F)
 YESTERDAY
  MAXIMUM         24   1115 AM  66    1951  38    -14       22
  MINIMUM         -4R  1159 PM  -3    1967  24    -28        7
  AVERAGE         10                        31    -21       15

PRECIPITATION (IN)
  YESTERDAY        0.00          2.66 2008   0.12  -0.12     0.00
  MONTH TO DATE    1.84                      1.43   0.41     2.29
  SINCE DEC 1      9.39                      8.57   0.82    12.42
  SINCE JAN 1      5.11                      4.79   0.32     5.86

SNOWFALL (IN)
  YESTERDAY        0.0           9.5  1894   0.4   -0.4      0.0
  MONTH TO DATE   13.6                       5.0    8.6     42.3
  SINCE DEC 1     24.0                      26.9   -2.9     76.9
  SINCE JUL 1     24.0                      28.2   -4.2     79.5
  SNOW DEPTH      MM

DEGREE DAYS
 HEATING
  YESTERDAY       55                        34     21       50
  MONTH TO DATE  425                       449    -24      584
  SINCE DEC 1   2029                      2504   -475     2605
  SINCE JUL 1   2884                      3559   -675     3618

 COOLING
  YESTERDAY        0                         0      0        0
  MONTH TO DATE    0                         0      0        0
  SINCE DEC 1      0                         0      0        0
  SINCE JAN 1      0                         0      0        0
..................................................................


WIND (MPH)
  RESULTANT WIND SPEED  15   RESULTANT WIND DIRECTION   W (290)
  HIGHEST WIND SPEED    32   HIGHEST WIND DIRECTION     W (290)
  HIGHEST GUST SPEED    43   HIGHEST GUST DIRECTION    NW (300)
  AVERAGE WIND SPEED    16.4


SKY COVER
  POSSIBLE SUNSHINE  MM
  AVERAGE SKY COVER 0.6


WEATHER CONDITIONS
 THE FOLLOWING WEATHER WAS RECORDED YESTERDAY.
  NO SIGNIFICANT WEATHER WAS OBSERVED.


RELATIVE HUMIDITY (PERCENT)
 HIGHEST    62           100 AM
 LOWEST     28           300 PM
 AVERAGE    45

..........................................................


THE BOSTON MA CLIMATE NORMALS FOR TODAY
                         NORMAL    RECORD    YEAR
 MAXIMUM TEMPERATURE (F)   39        59      1946
                                             1884
 MINIMUM TEMPERATURE (F)   25        -3      1934


SUNRISE AND SUNSET
FEBRUARY 14 2016......SUNRISE   643 AM EST   SUNSET   514 PM EST
FEBRUARY 15 2016......SUNRISE   641 AM EST   SUNSET   516 PM EST


-  INDICATES NEGATIVE NUMBERS.
R  INDICATES RECORD WAS SET OR TIED.
MM INDICATES DATA IS MISSING.
T  INDICATES TRACE AMOUNT.




$$
