000
CDUS45 KRIW 310734
CLIBPI


CLIMATE REPORT
NATIONAL WEATHER SERVICE RIVERTON WY
134 AM MDT MON AUG 31 2015


...................................

...THE BIG PINEY WY CLIMATE SUMMARY FOR AUGUST 30 2015...

CLIMATE NORMAL PERIOD 1981 TO 2010
CLIMATE RECORD PERIOD 1976 TO 2015


WEATHER ITEM   OBSERVED TIME   RECORD YEAR NORMAL DEPARTURE LAST
                VALUE   (LST)  VALUE       VALUE  FROM      YEAR
                                                  NORMAL
..................................................................
TEMPERATURE (F)
 YESTERDAY
  MAXIMUM         83    246 PM  85    2008  75      8       70
                                      1990
  MINIMUM         49    615 AM  23    1993  37     12       42
  AVERAGE         66                        56     10       56

PRECIPITATION (IN)
  YESTERDAY        T             0.39 2003   0.02  -0.02     0.17
  MONTH TO DATE    0.39                      0.66  -0.27     1.58
  SINCE JUN 1      2.35                      2.16   0.19     2.20
  SINCE JAN 1      5.33                      4.63   0.70     3.35

DEGREE DAYS
 HEATING
  YESTERDAY        0                         9     -9        9
  MONTH TO DATE  112                       167    -55      160
  SINCE JUN 1    405                       589   -184      561
  SINCE JUL 1    270                       284    -14      214

 COOLING
  YESTERDAY        1                         0      1        0
  MONTH TO DATE   11                        12     -1        0
  SINCE JUN 1     53                        36     17       26
  SINCE JAN 1     53                        36     17       26
..................................................................


WIND (MPH)
  HIGHEST WIND SPEED    32   HIGHEST WIND DIRECTION     W (270)
  HIGHEST GUST SPEED    39   HIGHEST GUST DIRECTION     W (260)
  AVERAGE WIND SPEED    11.0


SKY COVER
  POSSIBLE SUNSHINE  MM
  AVERAGE SKY COVER 0.1


WEATHER CONDITIONS
 THE FOLLOWING WEATHER WAS RECORDED YESTERDAY.
  LIGHT RAIN


RELATIVE HUMIDITY (PERCENT)
 HIGHEST    68           500 AM
 LOWEST     17           200 PM
 AVERAGE    43

..........................................................


THE BIG PINEY WY CLIMATE NORMALS FOR TODAY
                         NORMAL    RECORD    YEAR
 MAXIMUM TEMPERATURE (F)   75        86      2013
 MINIMUM TEMPERATURE (F)   36        24      2005


SUNRISE AND SUNSET
AUGUST 31 2015........SUNRISE   644 AM MDT   SUNSET   757 PM MDT
SEPTEMBER  1 2015.....SUNRISE   645 AM MDT   SUNSET   755 PM MDT


-  INDICATES NEGATIVE NUMBERS.
R  INDICATES RECORD WAS SET OR TIED.
MM INDICATES DATA IS MISSING.
T  INDICATES TRACE AMOUNT.




$$
