000
CDUS45 KRIW 050738
CLIBPI


CLIMATE REPORT
NATIONAL WEATHER SERVICE RIVERTON WY
129 AM MDT THU MAY 5 2016


...................................

...THE BIG PINEY WY CLIMATE SUMMARY FOR MAY 4 2016...

CLIMATE NORMAL PERIOD 1981 TO 2010
CLIMATE RECORD PERIOD 1976 TO 2016


WEATHER ITEM   OBSERVED TIME   RECORD YEAR NORMAL DEPARTURE LAST
                VALUE   (LST)  VALUE       VALUE  FROM      YEAR
                                                  NORMAL
..................................................................
TEMPERATURE (F)
 YESTERDAY
  MAXIMUM         73    343 PM  75    2004  58     15       62
  MINIMUM         27    417 AM  13    2011  27      0       30
  AVERAGE         50                        42      8       46

PRECIPITATION (IN)
  YESTERDAY        0.00          0.12 1993   0.03  -0.03     0.00
  MONTH TO DATE    0.00                      0.10  -0.10     0.04
  SINCE MAR 1      1.89                      1.07   0.82     0.66
  SINCE JAN 1      2.06                      1.73   0.33     0.72

DEGREE DAYS
 HEATING
  YESTERDAY       15                        23     -8       19
  MONTH TO DATE   86                        93     -7       69
  SINCE MAR 1   1894                      2101   -207     1779
  SINCE JUL 1   8748                      9624   -876     7879

 COOLING
  YESTERDAY        0                         0      0        0
  MONTH TO DATE    0                         0      0        0
  SINCE MAR 1      0                         0      0        0
  SINCE JAN 1      0                         0      0        0
..................................................................


WIND (MPH)
  HIGHEST WIND SPEED    20   HIGHEST WIND DIRECTION    SW (220)
  HIGHEST GUST SPEED    24   HIGHEST GUST DIRECTION    SW (220)
  AVERAGE WIND SPEED     5.9


SKY COVER
  POSSIBLE SUNSHINE  MM
  AVERAGE SKY COVER 0.0


WEATHER CONDITIONS
 THE FOLLOWING WEATHER WAS RECORDED YESTERDAY.
  NO SIGNIFICANT WEATHER WAS OBSERVED.


RELATIVE HUMIDITY (PERCENT)
 HIGHEST    78           400 AM
 LOWEST     13           400 PM
 AVERAGE    46

..........................................................


THE BIG PINEY WY CLIMATE NORMALS FOR TODAY
                         NORMAL    RECORD    YEAR
 MAXIMUM TEMPERATURE (F)   58        74      1986
 MINIMUM TEMPERATURE (F)   27        10      2010


SUNRISE AND SUNSET
MAY  5 2016...........SUNRISE   609 AM MDT   SUNSET   826 PM MDT
MAY  6 2016...........SUNRISE   608 AM MDT   SUNSET   827 PM MDT


-  INDICATES NEGATIVE NUMBERS.
R  INDICATES RECORD WAS SET OR TIED.
MM INDICATES DATA IS MISSING.
T  INDICATES TRACE AMOUNT.




$$
