000
CDUS45 KRIW 230729
CLIBPI


CLIMATE REPORT
NATIONAL WEATHER SERVICE RIVERTON WY
128 AM MDT FRI JUN 23 2017


...................................

...THE BIG PINEY WY CLIMATE SUMMARY FOR JUNE 22 2017...

CLIMATE NORMAL PERIOD 1981 TO 2010
CLIMATE RECORD PERIOD 1976 TO 2017


WEATHER ITEM   OBSERVED TIME   RECORD YEAR NORMAL DEPARTURE LAST
                VALUE   (LST)  VALUE       VALUE  FROM      YEAR
                                                  NORMAL
..................................................................
TEMPERATURE (F)
 YESTERDAY
  MAXIMUM         77    208 PM  87    2001  75      2       84
  MINIMUM         41    503 AM  28    1989  39      2       36
  AVERAGE         59                        57      2       60

PRECIPITATION (IN)
  YESTERDAY        0.00          0.21 2003   0.02  -0.02     0.00
  MONTH TO DATE    0.14                      0.62  -0.48     0.51
  SINCE JUN 1      0.14                      0.62  -0.48     0.51
  SINCE JAN 1      5.60                      3.09   2.51     6.56

DEGREE DAYS
 HEATING
  YESTERDAY        6                         8     -2        5
  MONTH TO DATE  196                       248    -52      143
  SINCE JUN 1    196                       248    -52      143
  SINCE JUL 1  10159                     10374   -215     9408

 COOLING
  YESTERDAY        0                         0      0        0
  MONTH TO DATE    1                         0      1        0
  SINCE JUN 1      1                         0      1        0
  SINCE JAN 1      1                         0      1        0
..................................................................


WIND (MPH)
  HIGHEST WIND SPEED    23   HIGHEST WIND DIRECTION     N (340)
  HIGHEST GUST SPEED    33   HIGHEST GUST DIRECTION    NW (330)
  AVERAGE WIND SPEED    11.0


SKY COVER
  POSSIBLE SUNSHINE  MM
  AVERAGE SKY COVER 0.0


WEATHER CONDITIONS
 THE FOLLOWING WEATHER WAS RECORDED YESTERDAY.
  NO SIGNIFICANT WEATHER WAS OBSERVED.


RELATIVE HUMIDITY (PERCENT)
 HIGHEST    63           100 AM
 LOWEST     15           100 PM
 AVERAGE    39

..........................................................


THE BIG PINEY WY CLIMATE NORMALS FOR TODAY
                         NORMAL    RECORD    YEAR
 MAXIMUM TEMPERATURE (F)   75        90      2012
 MINIMUM TEMPERATURE (F)   39        27      2013
                                             2010


SUNRISE AND SUNSET
JUNE 23 2017..........SUNRISE   544 AM MDT   SUNSET   902 PM MDT
JUNE 24 2017..........SUNRISE   544 AM MDT   SUNSET   902 PM MDT


-  INDICATES NEGATIVE NUMBERS.
R  INDICATES RECORD WAS SET OR TIED.
MM INDICATES DATA IS MISSING.
T  INDICATES TRACE AMOUNT.




$$
