000
CDUS45 KRIW 300753
CLIBPI


CLIMATE REPORT
NATIONAL WEATHER SERVICE RIVERTON WY
151 AM MDT SAT MAY 30 2015


...................................

...THE BIG PINEY WY CLIMATE SUMMARY FOR MAY 29 2015...

CLIMATE NORMAL PERIOD 1981 TO 2010
CLIMATE RECORD PERIOD 1976 TO 2015


WEATHER ITEM   OBSERVED TIME   RECORD YEAR NORMAL DEPARTURE LAST
                VALUE   (LST)  VALUE       VALUE  FROM      YEAR
                                                  NORMAL
..................................................................
TEMPERATURE (F)
 YESTERDAY
  MAXIMUM         60    609 PM  85    2003  66     -6       76
  MINIMUM         33    518 AM  10    1984  34     -1       42
  AVERAGE         47                        50     -3       59

PRECIPITATION (IN)
  YESTERDAY        T             0.47 2005   0.03  -0.03     0.00
  MONTH TO DATE    2.30                      0.78   1.52     0.73
  SINCE MAR 1      2.92                      1.75   1.17     1.10
  SINCE JAN 1      2.98                      2.41   0.57     1.14

DEGREE DAYS
 HEATING
  YESTERDAY       18                        15      3        6
  MONTH TO DATE  560                       566     -6      481
  SINCE MAR 1   2270                      2574   -304     2399
  SINCE JUL 1   8370                     10097  -1727     9343

 COOLING
  YESTERDAY        0                         0      0        0
  MONTH TO DATE    0                         0      0        0
  SINCE MAR 1      0                         0      0        0
  SINCE JAN 1      0                         0      0        0
..................................................................


WIND (MPH)
  HIGHEST WIND SPEED    22   HIGHEST WIND DIRECTION    NW (310)
  HIGHEST GUST SPEED    27   HIGHEST GUST DIRECTION    NW (310)
  AVERAGE WIND SPEED     5.4


SKY COVER
  POSSIBLE SUNSHINE  MM
  AVERAGE SKY COVER 0.3


WEATHER CONDITIONS
 THE FOLLOWING WEATHER WAS RECORDED YESTERDAY.
  NO SIGNIFICANT WEATHER WAS OBSERVED.


RELATIVE HUMIDITY (PERCENT)
 HIGHEST    92           300 AM
 LOWEST     43           200 PM
 AVERAGE    68

..........................................................


THE BIG PINEY WY CLIMATE NORMALS FOR TODAY
                         NORMAL    RECORD    YEAR
 MAXIMUM TEMPERATURE (F)   66        82      2002
 MINIMUM TEMPERATURE (F)   34        17      1977


SUNRISE AND SUNSET
MAY 30 2015...........SUNRISE   547 AM MDT   SUNSET   850 PM MDT
MAY 31 2015...........SUNRISE   546 AM MDT   SUNSET   850 PM MDT


-  INDICATES NEGATIVE NUMBERS.
R  INDICATES RECORD WAS SET OR TIED.
MM INDICATES DATA IS MISSING.
T  INDICATES TRACE AMOUNT.




$$
