000
CDUS45 KRIW 240728
CLIBPI


CLIMATE REPORT
NATIONAL WEATHER SERVICE RIVERTON WY
127 AM MDT THU JUL 24 2014


...................................

...THE BIG PINEY WY CLIMATE SUMMARY FOR JULY 23 2014...

CLIMATE NORMAL PERIOD 1981 TO 2010
CLIMATE RECORD PERIOD 1976 TO 2014


WEATHER ITEM   OBSERVED TIME   RECORD YEAR NORMAL DEPARTURE LAST
                VALUE   (LST)  VALUE       VALUE  FROM      YEAR
                                                  NORMAL
..................................................................
TEMPERATURE (F)
 YESTERDAY
  MAXIMUM         92    331 PM  94    2003  82     10       90
  MINIMUM         42    515 AM  33    2001  44     -2       41
  AVERAGE         67                        63      4       66

PRECIPITATION (IN)
  YESTERDAY        0.03          0.27 1993   0.02   0.01     0.00
  MONTH TO DATE    0.28                      0.48  -0.20     0.54
  SINCE JUN 1      0.46                      1.27  -0.81     0.54
  SINCE JAN 1      1.61                      3.74  -2.13     2.24

DEGREE DAYS
 HEATING
  YESTERDAY        0                         3     -3        0
  MONTH TO DATE   28                        91    -63        9
  SINCE JUN 1    375                       396    -21      226
  SINCE JUL 1     28                        91    -63        9

 COOLING
  YESTERDAY        2                         1      1        1
  MONTH TO DATE   20                        15      5       53
  SINCE JUN 1     20                        17      3       73
  SINCE JAN 1     20                        17      3       73
..................................................................


WIND (MPH)
  HIGHEST WIND SPEED    35   HIGHEST WIND DIRECTION    SW (230)
  HIGHEST GUST SPEED    46   HIGHEST GUST DIRECTION    SW (240)
  AVERAGE WIND SPEED     8.0


SKY COVER
  POSSIBLE SUNSHINE  MM
  AVERAGE SKY COVER 0.1


WEATHER CONDITIONS
 THE FOLLOWING WEATHER WAS RECORDED YESTERDAY.
  THUNDERSTORM
  HEAVY RAIN
  LIGHT RAIN


RELATIVE HUMIDITY (PERCENT)
 HIGHEST    62           600 AM
 LOWEST     12          1200 PM
 AVERAGE    37

..........................................................


THE BIG PINEY WY CLIMATE NORMALS FOR TODAY
                         NORMAL    RECORD    YEAR
 MAXIMUM TEMPERATURE (F)   82        88      2003
                                             2002
 MINIMUM TEMPERATURE (F)   44        31      2001


SUNRISE AND SUNSET
JULY 24 2014..........SUNRISE   604 AM MDT   SUNSET   849 PM MDT
JULY 25 2014..........SUNRISE   605 AM MDT   SUNSET   848 PM MDT


-  INDICATES NEGATIVE NUMBERS.
R  INDICATES RECORD WAS SET OR TIED.
MM INDICATES DATA IS MISSING.
T  INDICATES TRACE AMOUNT.




$$
