000
CDUS45 KRIW 020742
CLIBPI


CLIMATE REPORT
NATIONAL WEATHER SERVICE RIVERTON WY
1241 AM MST MON MAR 2 2015


...................................

...THE BIG PINEY WY CLIMATE SUMMARY FOR MARCH 1 2015...

CLIMATE NORMAL PERIOD 1981 TO 2010
CLIMATE RECORD PERIOD 1976 TO 2015


WEATHER ITEM   OBSERVED TIME   RECORD YEAR NORMAL DEPARTURE LAST
                VALUE   (LST)  VALUE       VALUE  FROM      YEAR
                                                  NORMAL
..................................................................
TEMPERATURE (F)
 YESTERDAY
  MAXIMUM         31    454 PM  49    1994  34     -3       35
  MINIMUM          7    534 AM -29    1993   6      1       25
  AVERAGE         19                        20     -1       30

PRECIPITATION (IN)
  YESTERDAY        0.00          0.13 1988   0.01  -0.01     0.06
  MONTH TO DATE    0.00                      0.01  -0.01     0.06
  SINCE MAR 1      0.00                      0.01  -0.01     0.06
  SINCE JAN 1      0.06                      0.67  -0.61     0.10

DEGREE DAYS
 HEATING
  YESTERDAY       46                        45      1       35
  MONTH TO DATE   46                        45      1       35
  SINCE MAR 1     46                        45      1       35
  SINCE JUL 1   6146                      7568  -1422     6979

 COOLING
  YESTERDAY        0                         0      0        0
  MONTH TO DATE    0                         0      0        0
  SINCE MAR 1      0                         0      0        0
  SINCE JAN 1      0                         0      0        0
..................................................................


WIND (MPH)
  HIGHEST WIND SPEED    10   HIGHEST WIND DIRECTION    NE (50)
  HIGHEST GUST SPEED    12   HIGHEST GUST DIRECTION    NE (50)
  AVERAGE WIND SPEED     3.7


SKY COVER
  POSSIBLE SUNSHINE  MM
  AVERAGE SKY COVER 0.5


WEATHER CONDITIONS
 THE FOLLOWING WEATHER WAS RECORDED YESTERDAY.
  HAZE


RELATIVE HUMIDITY (PERCENT)
 HIGHEST    88          1100 PM
 LOWEST     47           300 PM
 AVERAGE    68

..........................................................


THE BIG PINEY WY CLIMATE NORMALS FOR TODAY
                         NORMAL    RECORD    YEAR
 MAXIMUM TEMPERATURE (F)   35        56      1994
 MINIMUM TEMPERATURE (F)    7       -19      2002


SUNRISE AND SUNSET
MARCH  2 2015.........SUNRISE   655 AM MST   SUNSET   611 PM MST
MARCH  3 2015.........SUNRISE   653 AM MST   SUNSET   612 PM MST


-  INDICATES NEGATIVE NUMBERS.
R  INDICATES RECORD WAS SET OR TIED.
MM INDICATES DATA IS MISSING.
T  INDICATES TRACE AMOUNT.




$$
