000
CDUS45 KRIW 300735
CLIBPI


CLIMATE REPORT
NATIONAL WEATHER SERVICE RIVERTON WY
134 AM MDT SAT AUG 30 2014


...................................

...THE BIG PINEY WY CLIMATE SUMMARY FOR AUGUST 29 2014...

CLIMATE NORMAL PERIOD 1981 TO 2010
CLIMATE RECORD PERIOD 1976 TO 2014


WEATHER ITEM   OBSERVED TIME   RECORD YEAR NORMAL DEPARTURE LAST
                VALUE   (LST)  VALUE       VALUE  FROM      YEAR
                                                  NORMAL
..................................................................
TEMPERATURE (F)
 YESTERDAY
  MAXIMUM         77    433 PM  87    2012  75      2       84
                                      2005
  MINIMUM         40    600 AM  26    1989  37      3       44
  AVERAGE         59                        56      3       64

PRECIPITATION (IN)
  YESTERDAY        0.00          0.03 2002   0.02  -0.02     0.01
  MONTH TO DATE    1.41                      0.64   0.77     0.40
  SINCE JUN 1      2.03                      2.14  -0.11     1.29
  SINCE JAN 1      3.18                      4.61  -1.43     2.99

DEGREE DAYS
 HEATING
  YESTERDAY        6                         9     -3        1
  MONTH TO DATE  151                       158     -7       73
  SINCE JUN 1    552                       580    -28      314
  SINCE JUL 1    205                       275    -70       97

 COOLING
  YESTERDAY        0                         0      0        0
  MONTH TO DATE    0                        12    -12        7
  SINCE JUN 1     26                        36    -10       84
  SINCE JAN 1     26                        36    -10       84
..................................................................


WIND (MPH)
  HIGHEST WIND SPEED    14   HIGHEST WIND DIRECTION    NW (330)
  HIGHEST GUST SPEED    19   HIGHEST GUST DIRECTION    NW (330)
  AVERAGE WIND SPEED     5.7


SKY COVER
  POSSIBLE SUNSHINE  MM
  AVERAGE SKY COVER 0.0


WEATHER CONDITIONS
 THE FOLLOWING WEATHER WAS RECORDED YESTERDAY.
  NO SIGNIFICANT WEATHER WAS OBSERVED.


RELATIVE HUMIDITY (PERCENT)
 HIGHEST    92           600 AM
 LOWEST     22           400 PM
 AVERAGE    57

..........................................................


THE BIG PINEY WY CLIMATE NORMALS FOR TODAY
                         NORMAL    RECORD    YEAR
 MAXIMUM TEMPERATURE (F)   75        85      2008
                                             1990
 MINIMUM TEMPERATURE (F)   37        23      1993


SUNRISE AND SUNSET
AUGUST 30 2014........SUNRISE   643 AM MDT   SUNSET   758 PM MDT
AUGUST 31 2014........SUNRISE   644 AM MDT   SUNSET   756 PM MDT


-  INDICATES NEGATIVE NUMBERS.
R  INDICATES RECORD WAS SET OR TIED.
MM INDICATES DATA IS MISSING.
T  INDICATES TRACE AMOUNT.




$$
