864
CDUS45 KRIW 190942
CLIBPI


CLIMATE REPORT
NATIONAL WEATHER SERVICE RIVERTON WY
241 AM MST THU JAN 19 2017


...................................

...THE BIG PINEY WY CLIMATE SUMMARY FOR JANUARY 18 2017...

CLIMATE NORMAL PERIOD 1981 TO 2010
CLIMATE RECORD PERIOD 1976 TO 2017


WEATHER ITEM   OBSERVED TIME   RECORD YEAR NORMAL DEPARTURE LAST
                VALUE   (LST)  VALUE       VALUE  FROM      YEAR
                                                  NORMAL
..................................................................
TEMPERATURE (F)
 YESTERDAY
  MAXIMUM          8    351 PM  47    1985  26    -18       31
  MINIMUM        -17    528 AM -47    1984  -4    -13       10
  AVERAGE         -4                        11    -15       21

PRECIPITATION (IN)
  YESTERDAY        0.00          0.09 1999   0.01  -0.01     0.00
  MONTH TO DATE    0.53                      0.19   0.34     0.03
  SINCE DEC 1      1.08                      0.49   0.59     0.14
  SINCE JAN 1      0.53                      0.19   0.34     0.03

DEGREE DAYS
 HEATING
  YESTERDAY       69                        54     15       44
  MONTH TO DATE 1176                       972    204      943
  SINCE DEC 1   2904                      2596    308     2615
  SINCE JUL 1   5353                      5411    -58     5096

 COOLING
  YESTERDAY        0                         0      0        0
  MONTH TO DATE    0                         0      0        0
  SINCE DEC 1      0                         0      0        0
  SINCE JAN 1      0                         0      0        0
..................................................................


WIND (MPH)
  HIGHEST WIND SPEED    13   HIGHEST WIND DIRECTION     E (70)
  HIGHEST GUST SPEED    13   HIGHEST GUST DIRECTION     E (70)
  AVERAGE WIND SPEED     4.1


SKY COVER
  POSSIBLE SUNSHINE  MM
  AVERAGE SKY COVER 0.0


WEATHER CONDITIONS
 THE FOLLOWING WEATHER WAS RECORDED YESTERDAY.
  NO SIGNIFICANT WEATHER WAS OBSERVED.


RELATIVE HUMIDITY (PERCENT)
 HIGHEST    91           600 AM
 LOWEST     74           900 AM
 AVERAGE    83

..........................................................


THE BIG PINEY WY CLIMATE NORMALS FOR TODAY
                         NORMAL    RECORD    YEAR
 MAXIMUM TEMPERATURE (F)   26        46      1994
                                             1977
 MINIMUM TEMPERATURE (F)   -4       -43      1984


SUNRISE AND SUNSET
JANUARY 19 2017.......SUNRISE   745 AM MST   SUNSET   518 PM MST
JANUARY 20 2017.......SUNRISE   744 AM MST   SUNSET   519 PM MST


-  INDICATES NEGATIVE NUMBERS.
R  INDICATES RECORD WAS SET OR TIED.
MM INDICATES DATA IS MISSING.
T  INDICATES TRACE AMOUNT.




$$
