000
CDUS45 KRIW 010736
CLIBPI


CLIMATE REPORT
NATIONAL WEATHER SERVICE RIVERTON WY
136 AM MDT SAT AUG 1 2015


...................................

...THE BIG PINEY WY CLIMATE SUMMARY FOR JULY 31 2015...

CLIMATE NORMAL PERIOD 1981 TO 2010
CLIMATE RECORD PERIOD 1976 TO 2015


WEATHER ITEM   OBSERVED TIME   RECORD YEAR NORMAL DEPARTURE LAST
                VALUE   (LST)  VALUE       VALUE  FROM      YEAR
                                                  NORMAL
..................................................................
TEMPERATURE (F)
 YESTERDAY
  MAXIMUM         86    305 PM  92    2003  82      4       75
  MINIMUM         38    532 AM  28    1987  44     -6       40
  AVERAGE         62                        63     -1       58

PRECIPITATION (IN)
  YESTERDAY        0.00          0.35 2010   0.03  -0.03     0.00
  MONTH TO DATE    1.73                      0.71   1.02     0.44
  SINCE JUN 1      1.96                      1.50   0.46     0.62
  SINCE JAN 1      4.94                      3.97   0.97     1.77

DEGREE DAYS
 HEATING
  YESTERDAY        3                         3      0        7
  MONTH TO DATE  158                       115     43       54
  SINCE JUN 1    293                       422   -129      401
  SINCE JUL 1    158                       117     41       54

 COOLING
  YESTERDAY        0                         1     -1        0
  MONTH TO DATE   18                        22     -4       26
  SINCE JUN 1     42                        24     18       26
  SINCE JAN 1     42                        24     18       26
..................................................................


WIND (MPH)
  HIGHEST WIND SPEED    17   HIGHEST WIND DIRECTION     N (10)
  HIGHEST GUST SPEED    21   HIGHEST GUST DIRECTION     N (20)
  AVERAGE WIND SPEED     5.4


SKY COVER
  POSSIBLE SUNSHINE  MM
  AVERAGE SKY COVER 0.0


WEATHER CONDITIONS
 THE FOLLOWING WEATHER WAS RECORDED YESTERDAY.
  NO SIGNIFICANT WEATHER WAS OBSERVED.


RELATIVE HUMIDITY (PERCENT)
 HIGHEST    62           600 AM
 LOWEST      9           300 PM
 AVERAGE    36

..........................................................


THE BIG PINEY WY CLIMATE NORMALS FOR TODAY
                         NORMAL    RECORD    YEAR
 MAXIMUM TEMPERATURE (F)   82        90      2008
                                             1998
 MINIMUM TEMPERATURE (F)   43        33      1995
                                             1986


SUNRISE AND SUNSET
AUGUST  1 2015........SUNRISE   612 AM MDT   SUNSET   841 PM MDT
AUGUST  2 2015........SUNRISE   613 AM MDT   SUNSET   839 PM MDT


-  INDICATES NEGATIVE NUMBERS.
R  INDICATES RECORD WAS SET OR TIED.
MM INDICATES DATA IS MISSING.
T  INDICATES TRACE AMOUNT.




$$
