000
CDUS44 KLCH 300828
CLIBPT


CLIMATE REPORT
NATIONAL WEATHER SERVICE LAKE CHARLES, LA
326 AM CDT MON MAR 30 2015


...................................

...THE BEAUMONT PORT ARTHUR CLIMATE SUMMARY FOR MARCH 29 2015...

CLIMATE NORMAL PERIOD 1981 TO 2010
CLIMATE RECORD PERIOD 1901 TO 2015


WEATHER ITEM   OBSERVED TIME   RECORD YEAR NORMAL DEPARTURE LAST
                VALUE   (LST)  VALUE       VALUE  FROM      YEAR
                                                  NORMAL
..................................................................
TEMPERATURE (F)
 YESTERDAY
  MAXIMUM         80   1158 AM  87    1974  75      5       77
                                      1946
  MINIMUM         59   1252 AM  35    1955  55      4       55
                                      1906
  AVERAGE         70                        65      5       66

PRECIPITATION (IN)
  YESTERDAY        0.00          2.56 1926   0.11  -0.11     0.00
  MONTH TO DATE    8.12                      3.31   4.81     2.29
  SINCE MAR 1      8.12                      3.31   4.81     2.29
  SINCE JAN 1     15.10                     12.15   2.95     9.01

SNOWFALL (IN)
  YESTERDAY        0.0           T    1987   0.0    0.0      0.0
  MONTH TO DATE    T                         0.0    0.0      0.0
  SINCE MAR 1      T                         0.0    0.0      0.0
  SINCE JUL 1      T                         T      0.0      0.3
  SNOW DEPTH       0

DEGREE DAYS
 HEATING
  YESTERDAY        0                         3     -3        0
  MONTH TO DATE  103                       142    -39      200
  SINCE MAR 1    103                       142    -39      200
  SINCE JUL 1   1360                      1355      5     1669

 COOLING
  YESTERDAY        5                         3      2        1
  MONTH TO DATE   57                        49      8       23
  SINCE MAR 1     57                        49      8       23
  SINCE JAN 1     65                        75    -10       47
..................................................................


WIND (MPH)
  HIGHEST WIND SPEED    22   HIGHEST WIND DIRECTION     S (180)
  HIGHEST GUST SPEED    29   HIGHEST GUST DIRECTION     S (180)
  AVERAGE WIND SPEED    10.3


SKY COVER
  POSSIBLE SUNSHINE  MM
  AVERAGE SKY COVER 0.3


WEATHER CONDITIONS
 THE FOLLOWING WEATHER WAS RECORDED YESTERDAY.
  FOG


RELATIVE HUMIDITY (PERCENT)
 HIGHEST   100           200 AM
 LOWEST     58          1200 PM
 AVERAGE    79

..........................................................


THE BEAUMONT PORT ARTHUR CLIMATE NORMALS FOR TODAY
                         NORMAL    RECORD    YEAR
 MAXIMUM TEMPERATURE (F)   75        95      1946
 MINIMUM TEMPERATURE (F)   55        35      1987


SUNRISE AND SUNSET
MARCH 30 2015.........SUNRISE   708 AM CDT   SUNSET   733 PM CDT
MARCH 31 2015.........SUNRISE   707 AM CDT   SUNSET   734 PM CDT


-  INDICATES NEGATIVE NUMBERS.
R  INDICATES RECORD WAS SET OR TIED.
MM INDICATES DATA IS MISSING.
T  INDICATES TRACE AMOUNT.




$$
