000
CDUS44 KLCH 300833
CLIBPT


CLIMATE REPORT
NATIONAL WEATHER SERVICE LAKE CHARLES, LA
332 AM CDT SAT MAY 30 2015


...................................

...THE BEAUMONT PORT ARTHUR CLIMATE SUMMARY FOR MAY 29 2015...

CLIMATE NORMAL PERIOD 1981 TO 2010
CLIMATE RECORD PERIOD 1901 TO 2015


WEATHER ITEM   OBSERVED TIME   RECORD YEAR NORMAL DEPARTURE LAST
                VALUE   (LST)  VALUE       VALUE  FROM      YEAR
                                                  NORMAL
..................................................................
TEMPERATURE (F)
 YESTERDAY
  MAXIMUM         88    235 PM  99    1905  88      0       87
  MINIMUM         73   1153 PM  58    1961  70      3       67
                                      1920
  AVERAGE         81                        79      2       77

PRECIPITATION (IN)
  YESTERDAY        0.00          6.12 1941   0.18  -0.18     0.00
  MONTH TO DATE    6.33                      4.88   1.45     1.34
  SINCE MAR 1     25.56                     11.62  13.94     5.65
  SINCE JAN 1     32.54                     20.46  12.08    12.37

SNOWFALL (IN)
  YESTERDAY        0.0           0.0    MM   0.0    0.0      0.0
  MONTH TO DATE    0.0                       0.0    0.0      0.0
  SINCE MAR 1      T                         0.0    0.0      0.0
  SINCE JUL 1      T                         T      0.0      0.3
  SNOW DEPTH       0

DEGREE DAYS
 HEATING
  YESTERDAY        0                         0      0        0
  MONTH TO DATE    0                         0      0        7
  SINCE MAR 1    105                       187    -82      248
  SINCE JUL 1   1362                      1400    -38     1717

 COOLING
  YESTERDAY       16                        14      2       12
  MONTH TO DATE  368                       312     56      264
  SINCE MAR 1    679                       513    166      441
  SINCE JAN 1    687                       539    148      465
..................................................................


WIND (MPH)
  HIGHEST WIND SPEED    22   HIGHEST WIND DIRECTION    SE (150)
  HIGHEST GUST SPEED    28   HIGHEST GUST DIRECTION    SE (150)
  AVERAGE WIND SPEED     9.9


SKY COVER
  POSSIBLE SUNSHINE  MM
  AVERAGE SKY COVER 0.3


WEATHER CONDITIONS
 THE FOLLOWING WEATHER WAS RECORDED YESTERDAY.
  THUNDERSTORM
  FOG


RELATIVE HUMIDITY (PERCENT)
 HIGHEST    94           100 AM
 LOWEST     65           100 PM
 AVERAGE    80

..........................................................


THE BEAUMONT PORT ARTHUR CLIMATE NORMALS FOR TODAY
                         NORMAL    RECORD    YEAR
 MAXIMUM TEMPERATURE (F)   88        99      1911
 MINIMUM TEMPERATURE (F)   70        55      1984


SUNRISE AND SUNSET
MAY 30 2015...........SUNRISE   616 AM CDT   SUNSET   811 PM CDT
MAY 31 2015...........SUNRISE   616 AM CDT   SUNSET   812 PM CDT


-  INDICATES NEGATIVE NUMBERS.
R  INDICATES RECORD WAS SET OR TIED.
MM INDICATES DATA IS MISSING.
T  INDICATES TRACE AMOUNT.




$$
