597
CDUS44 KLCH 171023
CLIBPT


CLIMATE REPORT
NATIONAL WEATHER SERVICE LAKE CHARLES, LA
422 AM CST FRI NOV 17 2017


...................................

...THE BEAUMONT PORT ARTHUR CLIMATE SUMMARY FOR NOVEMBER 16 2017...

CLIMATE NORMAL PERIOD 1981 TO 2010
CLIMATE RECORD PERIOD 1901 TO 2017


WEATHER ITEM   OBSERVED TIME   RECORD YEAR NORMAL DEPARTURE LAST
                VALUE   (LST)  VALUE       VALUE  FROM      YEAR
                                                  NORMAL
..................................................................
TEMPERATURE (F)
 YESTERDAY
  MAXIMUM         78    300 PM  88    2011  72      6       83
  MINIMUM         57    641 AM  31    1920  52      5       50
  AVERAGE         68                        62      6       67

PRECIPITATION (IN)
  YESTERDAY        0.00          3.11 1918   0.15  -0.15     0.00
  MONTH TO DATE    1.86                      2.41  -0.55     2.20
  SINCE SEP 1      8.15                     13.96  -5.81     6.61
  SINCE JAN 1     97.75                     53.19  44.56    64.13

SNOWFALL (IN)
  YESTERDAY        0.0           0.0    MM   0.0    0.0      0.0
  MONTH TO DATE    0.0                       0.0    0.0      0.0
  SINCE SEP 1      0.0                       0.0    0.0      0.0
  SINCE JUL 1      0.0                       0.0    0.0      0.0
  SNOW DEPTH       0

DEGREE DAYS
 HEATING
  YESTERDAY        0                         5     -5        0
  MONTH TO DATE   14                        62    -48       12
  SINCE SEP 1     53                        96    -43       16
  SINCE JUL 1     53                        96    -43       16

 COOLING
  YESTERDAY        3                         2      1        2
  MONTH TO DATE   97                        44     53       84
  SINCE SEP 1    796                       668    128      918
  SINCE JAN 1   3089                      2835    254     3371
..................................................................


WIND (MPH)
  HIGHEST WIND SPEED    13   HIGHEST WIND DIRECTION     E (110)
  HIGHEST GUST SPEED    15   HIGHEST GUST DIRECTION     E (110)
  AVERAGE WIND SPEED     5.1


SKY COVER
  POSSIBLE SUNSHINE  MM
  AVERAGE SKY COVER 0.6


WEATHER CONDITIONS
 THE FOLLOWING WEATHER WAS RECORDED YESTERDAY.
  FOG
  FOG W/VISIBILITY <= 1/4 MILE


RELATIVE HUMIDITY (PERCENT)
 HIGHEST   100          1200 AM
 LOWEST     58           300 PM
 AVERAGE    79

..........................................................


THE BEAUMONT PORT ARTHUR CLIMATE NORMALS FOR TODAY
                         NORMAL    RECORD    YEAR
 MAXIMUM TEMPERATURE (F)   71        85      1964
                                             1942
                                             1911
 MINIMUM TEMPERATURE (F)   51        32      1959
                                             1920


SUNRISE AND SUNSET
NOVEMBER 17 2017......SUNRISE   643 AM CST   SUNSET   519 PM CST
NOVEMBER 18 2017......SUNRISE   644 AM CST   SUNSET   519 PM CST


-  INDICATES NEGATIVE NUMBERS.
R  INDICATES RECORD WAS SET OR TIED.
MM INDICATES DATA IS MISSING.
T  INDICATES TRACE AMOUNT.




$$
