000
CDUS44 KLCH 200840
CLIBPT


CLIMATE REPORT
NATIONAL WEATHER SERVICE LAKE CHARLES, LA
239 AM CST MON FEB 20 2017


...................................

...THE BEAUMONT PORT ARTHUR CLIMATE SUMMARY FOR FEBRUARY 19 2017...

CLIMATE NORMAL PERIOD 1981 TO 2010
CLIMATE RECORD PERIOD 1901 TO 2017


WEATHER ITEM   OBSERVED TIME   RECORD YEAR NORMAL DEPARTURE LAST
                VALUE   (LST)  VALUE       VALUE  FROM      YEAR
                                                  NORMAL
..................................................................
TEMPERATURE (F)
 YESTERDAY
  MAXIMUM         82    221 PM  85    1917  66     16       78
  MINIMUM         67    716 AM  26    1978  47     20       60
  AVERAGE         75                        57     18       69

PRECIPITATION (IN)
  YESTERDAY        0.00          2.18 1903   0.12  -0.12     0.00
  MONTH TO DATE    1.11                      2.51  -1.40     1.03
  SINCE DEC 1     15.07                     13.06   2.01     9.16
  SINCE JAN 1      2.05                      7.77  -5.72     5.02

SNOWFALL (IN)
  YESTERDAY        0.0           T    1969   0.0    0.0      0.0
  MONTH TO DATE    0.0                       0.0    0.0      0.0
  SINCE DEC 1      0.0                       T      0.0      0.0
  SINCE JUL 1      0.0                       T      0.0      0.0
  SNOW DEPTH       0

DEGREE DAYS
 HEATING
  YESTERDAY        0                         9     -9        0
  MONTH TO DATE   57                       198   -141      153
  SINCE DEC 1    477                       946   -469      709
  SINCE JUL 1    547                      1141   -594      773

 COOLING
  YESTERDAY       10                         1      9        4
  MONTH TO DATE   81                         7     74       12
  SINCE DEC 1    227                        40    187       86
  SINCE JAN 1    157                        18    139       18
..................................................................


WIND (MPH)
  HIGHEST WIND SPEED    24   HIGHEST WIND DIRECTION    SE (120)
  HIGHEST GUST SPEED    30   HIGHEST GUST DIRECTION    SE (120)
  AVERAGE WIND SPEED    13.0


SKY COVER
  POSSIBLE SUNSHINE  MM
  AVERAGE SKY COVER 0.9


WEATHER CONDITIONS
 THE FOLLOWING WEATHER WAS RECORDED YESTERDAY.
  FOG


RELATIVE HUMIDITY (PERCENT)
 HIGHEST    93          1200 AM
 LOWEST     62           200 PM
 AVERAGE    78

..........................................................


THE BEAUMONT PORT ARTHUR CLIMATE NORMALS FOR TODAY
                         NORMAL    RECORD    YEAR
 MAXIMUM TEMPERATURE (F)   66        82      1919
                                             1910
 MINIMUM TEMPERATURE (F)   48        32      1908


SUNRISE AND SUNSET
FEBRUARY 20 2017......SUNRISE   651 AM CST   SUNSET   609 PM CST
FEBRUARY 21 2017......SUNRISE   650 AM CST   SUNSET   610 PM CST


-  INDICATES NEGATIVE NUMBERS.
R  INDICATES RECORD WAS SET OR TIED.
MM INDICATES DATA IS MISSING.
T  INDICATES TRACE AMOUNT.




$$
