000
CDUS43 KDVN 011034
CLIBRL


CLIMATE REPORT
NATIONAL WEATHER SERVICE QUAD CITIES IA IL
434 AM CST SUN FEB 1 2015


...................................

...THE BURLINGTON IA CLIMATE SUMMARY FOR JANUARY 31 2015...

CLIMATE NORMAL PERIOD 1981 TO 2010
CLIMATE RECORD PERIOD 1897 TO 2015


WEATHER ITEM   OBSERVED TIME   RECORD YEAR NORMAL DEPARTURE LAST
                VALUE   (LST)  VALUE       VALUE  FROM      YEAR
                                                  NORMAL
..................................................................
TEMPERATURE (F)
 YESTERDAY
  MAXIMUM         36   1224 PM  70    1989  36      0       19
  MINIMUM         26    214 AM -20    1996  18      8       12
  AVERAGE         31                        27      4       16

PRECIPITATION (IN)
  YESTERDAY        0.46         MM      MM   0.04   0.42     0.15
  MONTH TO DATE    1.54                      1.24   0.30     1.08
  SINCE DEC 1      2.20                      3.33  -1.13     2.16
  SINCE JAN 1      1.54                      1.24   0.30     1.08

DEGREE DAYS
 HEATING
  YESTERDAY       34                        38     -4       49
  MONTH TO DATE 1229                      1207     22     1458
  SINCE DEC 1   2223                      2328   -105     2738
  SINCE JUL 1   3600                      3401    199     3975

 COOLING
  YESTERDAY        0                         0      0        0
  MONTH TO DATE    0                         0      0        0
  SINCE DEC 1      0                         0      0        0
  SINCE JAN 1      0                         0      0        0
..................................................................


WIND (MPH)
  HIGHEST WIND SPEED    14   HIGHEST WIND DIRECTION     S (180)
  HIGHEST GUST SPEED    17   HIGHEST GUST DIRECTION    SE (150)
  AVERAGE WIND SPEED     7.4


SKY COVER
  POSSIBLE SUNSHINE  MM
  AVERAGE SKY COVER 0.8


WEATHER CONDITIONS
 THE FOLLOWING WEATHER WAS RECORDED YESTERDAY.
  LIGHT RAIN
  LIGHT SNOW
  FOG
  HAZE


RELATIVE HUMIDITY (PERCENT)
 HIGHEST   100           400 PM
 LOWEST     70          1000 AM
 AVERAGE    85

..........................................................


THE BURLINGTON IA CLIMATE NORMALS FOR TODAY
                         NORMAL    RECORD    YEAR
 MAXIMUM TEMPERATURE (F)   36        61      1911
 MINIMUM TEMPERATURE (F)   18       -14      1951


SUNRISE AND SUNSET
FEBRUARY  1 2015......SUNRISE   715 AM CST   SUNSET   522 PM CST
FEBRUARY  2 2015......SUNRISE   714 AM CST   SUNSET   523 PM CST


-  INDICATES NEGATIVE NUMBERS.
R  INDICATES RECORD WAS SET OR TIED.
MM INDICATES DATA IS MISSING.
T  INDICATES TRACE AMOUNT.




$$
