000
CDUS43 KDVN 270936
CLIBRL


CLIMATE REPORT
NATIONAL WEATHER SERVICE QUAD CITIES IA IL
434 AM CDT WED MAY 27 2015


...................................

...THE BURLINGTON IA CLIMATE SUMMARY FOR MAY 26 2015...

CLIMATE NORMAL PERIOD 1981 TO 2010
CLIMATE RECORD PERIOD 1897 TO 2015


WEATHER ITEM   OBSERVED TIME   RECORD YEAR NORMAL DEPARTURE LAST
                VALUE   (LST)  VALUE       VALUE  FROM      YEAR
                                                  NORMAL
..................................................................
TEMPERATURE (F)
 YESTERDAY
  MAXIMUM         75    438 PM  96    1926  78     -3       87
  MINIMUM         64   1159 PM  37    1901  56      8       64
  AVERAGE         70                        67      3       76

PRECIPITATION (IN)
  YESTERDAY        0.58         MM      MM   0.15   0.43      T
  MONTH TO DATE    3.71                      4.11  -0.40     1.27
  SINCE MAR 1      5.61                     10.66  -5.05     6.48
  SINCE JAN 1      8.03                     13.52  -5.49    10.85

DEGREE DAYS
 HEATING
  YESTERDAY        0                         2     -2        0
  MONTH TO DATE   90                       116    -26      143
  SINCE MAR 1   1154                      1200    -46     1501
  SINCE JUL 1   6085                      5578    507     6824

 COOLING
  YESTERDAY        5                         4      1       11
  MONTH TO DATE   70                        60     10       78
  SINCE MAR 1     73                        80     -7       86
  SINCE JAN 1     73                        80     -7       86
..................................................................


WIND (MPH)
  HIGHEST WIND SPEED    28   HIGHEST WIND DIRECTION    SW (230)
  HIGHEST GUST SPEED    35   HIGHEST GUST DIRECTION     W (250)
  AVERAGE WIND SPEED    11.1


SKY COVER
  POSSIBLE SUNSHINE  MM
  AVERAGE SKY COVER 0.6


WEATHER CONDITIONS
 THE FOLLOWING WEATHER WAS RECORDED YESTERDAY.
  THUNDERSTORM
  HEAVY RAIN
  RAIN
  LIGHT RAIN
  FOG
  HAZE


RELATIVE HUMIDITY (PERCENT)
 HIGHEST    93           700 AM
 LOWEST     64           300 PM
 AVERAGE    79

..........................................................


THE BURLINGTON IA CLIMATE NORMALS FOR TODAY
                         NORMAL    RECORD    YEAR
 MAXIMUM TEMPERATURE (F)   78        93      2012
                                             2006
                                             1914
 MINIMUM TEMPERATURE (F)   57        36      1907


SUNRISE AND SUNSET
MAY 27 2015...........SUNRISE   538 AM CDT   SUNSET   826 PM CDT
MAY 28 2015...........SUNRISE   537 AM CDT   SUNSET   826 PM CDT


-  INDICATES NEGATIVE NUMBERS.
R  INDICATES RECORD WAS SET OR TIED.
MM INDICATES DATA IS MISSING.
T  INDICATES TRACE AMOUNT.




$$
