000
CDUS43 KDVN 300859
CLIBRL


CLIMATE REPORT
NATIONAL WEATHER SERVICE QUAD CITIES IA IL
357 AM CDT FRI SEP 30 2016


...................................

...THE BURLINGTON IA CLIMATE SUMMARY FOR SEPTEMBER 29 2016...

CLIMATE NORMAL PERIOD 1981 TO 2010
CLIMATE RECORD PERIOD 1897 TO 2016


WEATHER ITEM   OBSERVED TIME   RECORD YEAR NORMAL DEPARTURE LAST
                VALUE   (LST)  VALUE       VALUE  FROM      YEAR
                                                  NORMAL
..................................................................
TEMPERATURE (F)
 YESTERDAY
  MAXIMUM         76    247 PM  99    1953  73      3       68
  MINIMUM         51    633 AM  28    1899  50      1       54
  AVERAGE         64                        62      2       61

PRECIPITATION (IN)
  YESTERDAY        0.00         MM      MM   0.10  -0.10     0.04
  MONTH TO DATE    3.23                      3.43  -0.20     1.09
  SINCE SEP 1      3.23                      3.43  -0.20     1.09
  SINCE JAN 1     27.48                     30.68  -3.20    29.68

DEGREE DAYS
 HEATING
  YESTERDAY        1                         5     -4        4
  MONTH TO DATE   19                        61    -42       32
  SINCE SEP 1     19                        61    -42       32
  SINCE JUL 1     25                        65    -40       39

 COOLING
  YESTERDAY        0                         2     -2        0
  MONTH TO DATE  196                       138     58      227
  SINCE SEP 1    196                       138     58      227
  SINCE JAN 1   1229                      1181     48     1079
..................................................................


WIND (MPH)
  HIGHEST WIND SPEED    22   HIGHEST WIND DIRECTION     N (350)
  HIGHEST GUST SPEED    27   HIGHEST GUST DIRECTION     N (350)
  AVERAGE WIND SPEED    12.4


SKY COVER
  POSSIBLE SUNSHINE  MM
  AVERAGE SKY COVER 0.3


WEATHER CONDITIONS
 THE FOLLOWING WEATHER WAS RECORDED YESTERDAY.
  NO SIGNIFICANT WEATHER WAS OBSERVED.


RELATIVE HUMIDITY (PERCENT)
 HIGHEST   100           700 AM
 LOWEST     41           200 PM
 AVERAGE    71

..........................................................


THE BURLINGTON IA CLIMATE NORMALS FOR TODAY
                         NORMAL    RECORD    YEAR
 MAXIMUM TEMPERATURE (F)   73        91      1994
 MINIMUM TEMPERATURE (F)   50        23      1899


SUNRISE AND SUNSET
SEPTEMBER 30 2016.....SUNRISE   701 AM CDT   SUNSET   647 PM CDT
OCTOBER  1 2016.......SUNRISE   702 AM CDT   SUNSET   646 PM CDT


-  INDICATES NEGATIVE NUMBERS.
R  INDICATES RECORD WAS SET OR TIED.
MM INDICATES DATA IS MISSING.
T  INDICATES TRACE AMOUNT.




$$
