000
CDUS43 KDVN 262129
CLIBRL


CLIMATE REPORT
NATIONAL WEATHER SERVICE QUAD CITIES IA IL
427 PM CDT FRI MAY 26 2017


...................................

...THE BURLINGTON IA CLIMATE SUMMARY FOR MAY 26 2017...
VALID TODAY AS OF 0400 PM LOCAL TIME.

CLIMATE NORMAL PERIOD 1981 TO 2010
CLIMATE RECORD PERIOD 1897 TO 2017


WEATHER ITEM   OBSERVED TIME   RECORD YEAR NORMAL DEPARTURE LAST
                VALUE   (LST)  VALUE       VALUE  FROM      YEAR
                                                  NORMAL
..................................................................
TEMPERATURE (F)
 TODAY
  MAXIMUM         74    259 PM  96    1926  78     -4       83
  MINIMUM         58    449 AM  37    1901  56      2       65
  AVERAGE         66                        67     -1       74

PRECIPITATION (IN)
  TODAY            0.30         MM      MM   0.15   0.15     0.46
  MONTH TO DATE    3.32                      4.11  -0.79     1.99
  SINCE MAR 1     12.29                     10.66   1.63     8.46
  SINCE JAN 1     14.15                     13.52   0.63     9.84

DEGREE DAYS
 HEATING
  TODAY            0                         2     -2        0
  MONTH TO DATE  134                       116     18      158
  SINCE MAR 1   1112                      1200    -88     1114
  SINCE JUL 1   4806                      5578   -772     4996

 COOLING
  TODAY            1                         4     -3        9
  MONTH TO DATE   49                        60    -11       42
  SINCE MAR 1     69                        80    -11       60
  SINCE JAN 1     69                        80    -11       60
..................................................................


WIND (MPH)
  HIGHEST WIND SPEED    23   HIGHEST WIND DIRECTION    SE (120)
  HIGHEST GUST SPEED    32   HIGHEST GUST DIRECTION     E (110)
  AVERAGE WIND SPEED     5.6


SKY COVER
  POSSIBLE SUNSHINE  MM
  AVERAGE SKY COVER 0.5


WEATHER CONDITIONS
 THE FOLLOWING WEATHER WAS RECORDED TODAY.
  THUNDERSTORM
  HEAVY RAIN
  RAIN
  LIGHT RAIN
  FOG


RELATIVE HUMIDITY (PERCENT)
 HIGHEST    87           100 PM
 LOWEST     72           100 AM
 AVERAGE    80

..........................................................


THE BURLINGTON IA CLIMATE NORMALS FOR TOMORROW
                         NORMAL    RECORD    YEAR
 MAXIMUM TEMPERATURE (F)   78        93      2012
                                             2006
                                             1914
 MINIMUM TEMPERATURE (F)   57        36      1907


SUNRISE AND SUNSET
MAY 26 2017...........SUNRISE   538 AM CDT   SUNSET   825 PM CDT
MAY 27 2017...........SUNRISE   538 AM CDT   SUNSET   826 PM CDT


-  INDICATES NEGATIVE NUMBERS.
R  INDICATES RECORD WAS SET OR TIED.
MM INDICATES DATA IS MISSING.
T  INDICATES TRACE AMOUNT.




$$
