000
CDUS43 KDVN 042121
CLIBRL


CLIMATE REPORT
NATIONAL WEATHER SERVICE QUAD CITIES IA IL
420 PM CDT TUE AUG 4 2015


...................................

...THE BURLINGTON IA CLIMATE SUMMARY FOR AUGUST 4 2015...
VALID TODAY AS OF 0400 PM LOCAL TIME.

CLIMATE NORMAL PERIOD 1981 TO 2010
CLIMATE RECORD PERIOD 1897 TO 2015


WEATHER ITEM   OBSERVED TIME   RECORD YEAR NORMAL DEPARTURE LAST
                VALUE   (LST)  VALUE       VALUE  FROM      YEAR
                                                  NORMAL
..................................................................
TEMPERATURE (F)
 TODAY
  MAXIMUM         78    935 AM 106    1918  86     -8       85
  MINIMUM         61    326 AM  48    1978  66     -5       65
  AVERAGE         70                        76     -6       75

PRECIPITATION (IN)
  TODAY            0.00         MM      MM   0.12  -0.12     0.17
  MONTH TO DATE    0.00                      0.51  -0.51     0.67
  SINCE JUN 1     16.16                      9.23   6.93    12.14
  SINCE JAN 1     25.12                     23.49   1.63    23.53

DEGREE DAYS
 HEATING
  TODAY            0                         0      0        0
  MONTH TO DATE    0                         0      0        0
  SINCE JUN 1      9                        14     -5        9
  SINCE JUL 1      4                         1      3        7

 COOLING
  TODAY            5                        11     -6       10
  MONTH TO DATE   33                        44    -11       30
  SINCE JUN 1    569                       670   -101      467
  SINCE JAN 1    662                       773   -111      605
..................................................................


WIND (MPH)
  HIGHEST WIND SPEED     9   HIGHEST WIND DIRECTION     W (250)
  HIGHEST GUST SPEED    12   HIGHEST GUST DIRECTION    SW (240)
  AVERAGE WIND SPEED     3.1


SKY COVER
  POSSIBLE SUNSHINE  MM
  AVERAGE SKY COVER 0.2


WEATHER CONDITIONS
 THE FOLLOWING WEATHER WAS RECORDED TODAY.
  NO SIGNIFICANT WEATHER WAS OBSERVED.


RELATIVE HUMIDITY (PERCENT)
 HIGHEST    97           200 AM
 LOWEST     54          1000 AM
 AVERAGE    76

..........................................................


THE BURLINGTON IA CLIMATE NORMALS FOR TOMORROW
                         NORMAL    RECORD    YEAR
 MAXIMUM TEMPERATURE (F)   86       106      1918
 MINIMUM TEMPERATURE (F)   66        49      1912


SUNRISE AND SUNSET
AUGUST  4 2015........SUNRISE   604 AM CDT   SUNSET   817 PM CDT
AUGUST  5 2015........SUNRISE   605 AM CDT   SUNSET   816 PM CDT


-  INDICATES NEGATIVE NUMBERS.
R  INDICATES RECORD WAS SET OR TIED.
MM INDICATES DATA IS MISSING.
T  INDICATES TRACE AMOUNT.




$$
