000
CDUS43 KDVN 082227
CLIBRL


CLIMATE REPORT
NATIONAL WEATHER SERVICE QUAD CITIES IA IL
426 PM CST THU DEC 8 2016


...................................

...THE BURLINGTON IA CLIMATE SUMMARY FOR DECEMBER 8 2016...
VALID TODAY AS OF 0400 PM LOCAL TIME.

CLIMATE NORMAL PERIOD 1981 TO 2010
CLIMATE RECORD PERIOD 1897 TO 2016


WEATHER ITEM   OBSERVED TIME   RECORD YEAR NORMAL DEPARTURE LAST
                VALUE   (LST)  VALUE       VALUE  FROM      YEAR
                                                  NORMAL
..................................................................
TEMPERATURE (F)
 TODAY
  MAXIMUM         21    358 PM  69    1991  39    -18       50
  MINIMUM         15    847 AM -10    1917  23     -8       33
  AVERAGE         18                        31    -13       42

PRECIPITATION (IN)
  TODAY            0.00         MM      MM   0.08  -0.08     0.00
  MONTH TO DATE    0.51                      0.62  -0.11     0.03
  SINCE DEC 1      0.51                      0.62  -0.11     0.03
  SINCE JAN 1     32.13                     37.01  -4.88    37.76

DEGREE DAYS
 HEATING
  TODAY           47                        34     13       23
  MONTH TO DATE  263                       259      4      211
  SINCE DEC 1    263                       259      4      211
  SINCE JUL 1   1019                      1332   -313     1128

 COOLING
  TODAY            0                         0      0        0
  MONTH TO DATE    0                         0      0        0
  SINCE DEC 1      0                         0      0        0
  SINCE JAN 1   1276                      1207     69     1093
..................................................................


WIND (MPH)
  HIGHEST WIND SPEED    21   HIGHEST WIND DIRECTION    NW (300)
  HIGHEST GUST SPEED    28   HIGHEST GUST DIRECTION    NW (310)
  AVERAGE WIND SPEED    12.9


SKY COVER
  POSSIBLE SUNSHINE  MM
  AVERAGE SKY COVER 0.7


WEATHER CONDITIONS
 THE FOLLOWING WEATHER WAS RECORDED TODAY.
  NO SIGNIFICANT WEATHER WAS OBSERVED.


RELATIVE HUMIDITY (PERCENT)
 HIGHEST    80           600 AM
 LOWEST     62          1100 AM
 AVERAGE    71

..........................................................


THE BURLINGTON IA CLIMATE NORMALS FOR TOMORROW
                         NORMAL    RECORD    YEAR
 MAXIMUM TEMPERATURE (F)   39        66      1940
 MINIMUM TEMPERATURE (F)   23       -12      1958


SUNRISE AND SUNSET
DECEMBER  8 2016......SUNRISE   716 AM CST   SUNSET   437 PM CST
DECEMBER  9 2016......SUNRISE   717 AM CST   SUNSET   437 PM CST


-  INDICATES NEGATIVE NUMBERS.
R  INDICATES RECORD WAS SET OR TIED.
MM INDICATES DATA IS MISSING.
T  INDICATES TRACE AMOUNT.




$$
