000
CDUS43 KDVN 250917
CLIBRL


CLIMATE REPORT
NATIONAL WEATHER SERVICE QUAD CITIES IA IL
416 AM CDT SAT JUN 25 2016


...................................

...THE BURLINGTON IA CLIMATE SUMMARY FOR JUNE 24 2016...

CLIMATE NORMAL PERIOD 1981 TO 2010
CLIMATE RECORD PERIOD 1897 TO 2016


WEATHER ITEM   OBSERVED TIME   RECORD YEAR NORMAL DEPARTURE LAST
                VALUE   (LST)  VALUE       VALUE  FROM      YEAR
                                                  NORMAL
..................................................................
TEMPERATURE (F)
 YESTERDAY
  MAXIMUM         85    540 PM 100    1937  86     -1       76
  MINIMUM         61    450 AM  47    1972  65     -4       63
  AVERAGE         73                        76     -3       70

PRECIPITATION (IN)
  YESTERDAY        0.00         MM      MM   0.15  -0.15     1.25
  MONTH TO DATE    0.53                      3.62  -3.09     7.82
  SINCE JUN 1      0.53                      3.62  -3.09     7.82
  SINCE JAN 1     11.38                     17.88  -6.50    16.78

DEGREE DAYS
 HEATING
  YESTERDAY        0                         0      0        0
  MONTH TO DATE    0                         9     -9        5
  SINCE JUN 1      0                         9     -9        5
  SINCE JUL 1   4996                      5596   -600     6101

 COOLING
  YESTERDAY        8                        11     -3        5
  MONTH TO DATE  256                       192     64      185
  SINCE JUN 1    256                       192     64      185
  SINCE JAN 1    355                       295     60      278
..................................................................


WIND (MPH)
  HIGHEST WIND SPEED    10   HIGHEST WIND DIRECTION     S (160)
  HIGHEST GUST SPEED    15   HIGHEST GUST DIRECTION    SE (140)
  AVERAGE WIND SPEED     5.7


SKY COVER
  POSSIBLE SUNSHINE  MM
  AVERAGE SKY COVER 0.0


WEATHER CONDITIONS
 THE FOLLOWING WEATHER WAS RECORDED YESTERDAY.
  FOG


RELATIVE HUMIDITY (PERCENT)
 HIGHEST   100           200 AM
 LOWEST     47           200 PM
 AVERAGE    74

..........................................................


THE BURLINGTON IA CLIMATE NORMALS FOR TODAY
                         NORMAL    RECORD    YEAR
 MAXIMUM TEMPERATURE (F)   86       103      1988
 MINIMUM TEMPERATURE (F)   66        49      1974


SUNRISE AND SUNSET
JUNE 25 2016..........SUNRISE   534 AM CDT   SUNSET   840 PM CDT
JUNE 26 2016..........SUNRISE   535 AM CDT   SUNSET   840 PM CDT


-  INDICATES NEGATIVE NUMBERS.
R  INDICATES RECORD WAS SET OR TIED.
MM INDICATES DATA IS MISSING.
T  INDICATES TRACE AMOUNT.




$$
