000
CDUS43 KDVN 182125
CLIBRL


CLIMATE REPORT
NATIONAL WEATHER SERVICE QUAD CITIES IA IL
423 PM CDT THU SEP 18 2014


...................................

...THE BURLINGTON IA CLIMATE SUMMARY FOR SEPTEMBER 18 2014...
VALID TODAY AS OF 0400 PM LOCAL TIME.

CLIMATE NORMAL PERIOD 1981 TO 2010
CLIMATE RECORD PERIOD 1897 TO 2014


WEATHER ITEM   OBSERVED TIME   RECORD YEAR NORMAL DEPARTURE LAST
                VALUE   (LST)  VALUE       VALUE  FROM      YEAR
                                                  NORMAL
..................................................................
TEMPERATURE (F)
 TODAY
  MAXIMUM         75    259 PM  94    1910  78     -3       88
  MINIMUM         48    600 AM  37    1929  55     -7       63
  AVERAGE         62                        67     -5       76

PRECIPITATION (IN)
  TODAY            0.00         MM      MM   0.11  -0.11     0.00
  MONTH TO DATE    5.14                      2.20   2.94     0.43
  SINCE SEP 1      5.14                      2.20   2.94     0.43
  SINCE JAN 1     34.21                     29.45   4.76    27.49

DEGREE DAYS
 HEATING
  TODAY            3                         2      1        0
  MONTH TO DATE   82                        19     63       16
  SINCE SEP 1     82                        19     63       16
  SINCE JUL 1     89                        23     66       27

 COOLING
  TODAY            0                         4     -4       11
  MONTH TO DATE   52                       108    -56      148
  SINCE SEP 1     52                       108    -56      148
  SINCE JAN 1    906                      1151   -245     1049
..................................................................


WIND (MPH)
  HIGHEST WIND SPEED    13   HIGHEST WIND DIRECTION    SE (150)
  HIGHEST GUST SPEED    17   HIGHEST GUST DIRECTION    SE (150)
  AVERAGE WIND SPEED     4.9


SKY COVER
  POSSIBLE SUNSHINE  MM
  AVERAGE SKY COVER 0.0


WEATHER CONDITIONS
 THE FOLLOWING WEATHER WAS RECORDED TODAY.
  FOG
  HAZE


RELATIVE HUMIDITY (PERCENT)
 HIGHEST   100          1200 AM
 LOWEST     46           200 PM
 AVERAGE    73

..........................................................


THE BURLINGTON IA CLIMATE NORMALS FOR TOMORROW
                         NORMAL    RECORD    YEAR
 MAXIMUM TEMPERATURE (F)   78        94      2013
                                             1948
 MINIMUM TEMPERATURE (F)   55        33      1991


SUNRISE AND SUNSET
SEPTEMBER 18 2014.....SUNRISE   648 AM CDT   SUNSET   708 PM CDT
SEPTEMBER 19 2014.....SUNRISE   649 AM CDT   SUNSET   707 PM CDT


-  INDICATES NEGATIVE NUMBERS.
R  INDICATES RECORD WAS SET OR TIED.
MM INDICATES DATA IS MISSING.
T  INDICATES TRACE AMOUNT.




$$
