000
CDUS43 KDVN 300936
CLIBRL


CLIMATE REPORT
NATIONAL WEATHER SERVICE QUAD CITIES IA IL
435 AM CDT THU MAR 30 2017


...................................

...THE BURLINGTON IA CLIMATE SUMMARY FOR MARCH 29 2017...

CLIMATE NORMAL PERIOD 1981 TO 2010
CLIMATE RECORD PERIOD 1897 TO 2017


WEATHER ITEM   OBSERVED TIME   RECORD YEAR NORMAL DEPARTURE LAST
                VALUE   (LST)  VALUE       VALUE  FROM      YEAR
                                                  NORMAL
..................................................................
TEMPERATURE (F)
 YESTERDAY
  MAXIMUM         50    609 PM  88    1986  58     -8       62
  MINIMUM         41    500 AM  10    1969  37      4       39
  AVERAGE         46                        47     -1       51

PRECIPITATION (IN)
  YESTERDAY        0.85         MM      MM   0.10   0.75     0.00
  MONTH TO DATE    2.36                      2.59  -0.23     2.71
  SINCE MAR 1      2.36                      2.59  -0.23     2.71
  SINCE JAN 1      4.22                      5.45  -1.23     4.09

DEGREE DAYS
 HEATING
  YESTERDAY       19                        18      1       14
  MONTH TO DATE  647                       694    -47      560
  SINCE MAR 1    647                       694    -47      560
  SINCE JUL 1   4341                      5072   -731     4442

 COOLING
  YESTERDAY        0                         0      0        0
  MONTH TO DATE    0                         0      0        1
  SINCE MAR 1      0                         0      0        1
  SINCE JAN 1      0                         0      0        1
..................................................................


WIND (MPH)
  HIGHEST WIND SPEED    24   HIGHEST WIND DIRECTION     E (70)
  HIGHEST GUST SPEED    32   HIGHEST GUST DIRECTION     E (70)
  AVERAGE WIND SPEED    14.5


SKY COVER
  POSSIBLE SUNSHINE  MM
  AVERAGE SKY COVER 0.8


WEATHER CONDITIONS
 THE FOLLOWING WEATHER WAS RECORDED YESTERDAY.
  THUNDERSTORM
  HEAVY RAIN
  RAIN
  LIGHT RAIN
  FOG


RELATIVE HUMIDITY (PERCENT)
 HIGHEST   100          1000 AM
 LOWEST     80           600 PM
 AVERAGE    90

..........................................................


THE BURLINGTON IA CLIMATE NORMALS FOR TODAY
                         NORMAL    RECORD    YEAR
 MAXIMUM TEMPERATURE (F)   59        84      1986
 MINIMUM TEMPERATURE (F)   37        11      1969


SUNRISE AND SUNSET
MARCH 30 2017.........SUNRISE   651 AM CDT   SUNSET   727 PM CDT
MARCH 31 2017.........SUNRISE   649 AM CDT   SUNSET   729 PM CDT


-  INDICATES NEGATIVE NUMBERS.
R  INDICATES RECORD WAS SET OR TIED.
MM INDICATES DATA IS MISSING.
T  INDICATES TRACE AMOUNT.




$$
