000
CDUS43 KDVN 312125
CLIBRL


CLIMATE REPORT
NATIONAL WEATHER SERVICE QUAD CITIES IA IL
424 PM CDT TUE MAR 31 2015


...................................

...THE BURLINGTON IA CLIMATE SUMMARY FOR MARCH 31 2015...
VALID TODAY AS OF 0400 PM LOCAL TIME.

CLIMATE NORMAL PERIOD 1981 TO 2010
CLIMATE RECORD PERIOD 1897 TO 2015


WEATHER ITEM   OBSERVED TIME   RECORD YEAR NORMAL DEPARTURE LAST
                VALUE   (LST)  VALUE       VALUE  FROM      YEAR
                                                  NORMAL
..................................................................
TEMPERATURE (F)
 TODAY
  MAXIMUM         72    259 PM  82    1986  59     13       70
  MINIMUM         46    647 AM  12    1923  37      9       41
  AVERAGE         59                        48     11       56

PRECIPITATION (IN)
  TODAY            0.00         MM      MM   0.10  -0.10     0.03
  MONTH TO DATE    0.30                      2.79  -2.49     1.17
  SINCE MAR 1      0.30                      2.79  -2.49     1.17
  SINCE JAN 1      2.72                      5.65  -2.93     5.54

DEGREE DAYS
 HEATING
  TODAY            6                        17    -11        9
  MONTH TO DATE  766                       729     37      965
  SINCE MAR 1    766                       728     38      965
  SINCE JUL 1   5697                      5106    591     6288

 COOLING
  TODAY            0                         0      0        0
  MONTH TO DATE    0                         2     -2        0
  SINCE MAR 1      0                         2     -2        0
  SINCE JAN 1      0                         2     -2        0
..................................................................


WIND (MPH)
  HIGHEST WIND SPEED    23   HIGHEST WIND DIRECTION     N (350)
  HIGHEST GUST SPEED    26   HIGHEST GUST DIRECTION     N (360)
  AVERAGE WIND SPEED     9.3


SKY COVER
  POSSIBLE SUNSHINE  MM
  AVERAGE SKY COVER 0.0


WEATHER CONDITIONS
 THE FOLLOWING WEATHER WAS RECORDED TODAY.
  NO SIGNIFICANT WEATHER WAS OBSERVED.


RELATIVE HUMIDITY (PERCENT)
 HIGHEST    65           600 AM
 LOWEST     22           300 PM
 AVERAGE    44

..........................................................


THE BURLINGTON IA CLIMATE NORMALS FOR TOMORROW
                         NORMAL    RECORD    YEAR
 MAXIMUM TEMPERATURE (F)   59        86      2012
 MINIMUM TEMPERATURE (F)   38        19      1926


SUNRISE AND SUNSET
MARCH 31 2015.........SUNRISE   650 AM CDT   SUNSET   728 PM CDT
APRIL  1 2015.........SUNRISE   648 AM CDT   SUNSET   729 PM CDT


-  INDICATES NEGATIVE NUMBERS.
R  INDICATES RECORD WAS SET OR TIED.
MM INDICATES DATA IS MISSING.
T  INDICATES TRACE AMOUNT.




$$
