000
CDUS44 KBRO 202126
CLIBRO


CLIMATE REPORT
NATIONAL WEATHER SERVICE BROWNSVILLE TX
425 PM CDT FRI OCT 20 2017


...................................

...THE BROWNSVILLE CLIMATE SUMMARY FOR OCTOBER 20 2017...
VALID TODAY AS OF 0400 PM LOCAL TIME.

CLIMATE NORMAL PERIOD 1981 TO 2010
CLIMATE RECORD PERIOD 1878 TO 2017


WEATHER ITEM   OBSERVED TIME   RECORD YEAR NORMAL DEPARTURE LAST
                VALUE   (LST)  VALUE       VALUE  FROM      YEAR
                                                  NORMAL
..................................................................
TEMPERATURE (F)
 TODAY
  MAXIMUM         91   1254 PM  94    1918  85      6       91
  MINIMUM         69    638 AM  40    1989  66      3       73
  AVERAGE         80                        76      4       82

PRECIPITATION (IN)
  TODAY            0.00          1.22 2006   0.12  -0.12     0.77
  MONTH TO DATE    3.00                      2.68   0.32     0.98
  SINCE SEP 1      7.64                      8.60  -0.96     2.96
  SINCE JAN 1     20.68                     23.41  -2.73    16.62

SNOWFALL (IN)
  TODAY            0.0           0.0  2002   0.0
                                      2001
  MONTH TO DATE    0.0                       0.0
  SINCE SEP 1      0.0                       0.0
  SINCE JUL 1      0.0                       0.0

DEGREE DAYS
 HEATING
  TODAY            0                         0      0        0
  MONTH TO DATE    0                         0      0        0
  SINCE SEP 1      0                         0      0        0
  SINCE JUL 1      0                         0      0        0

 COOLING
  TODAY           15                        11      4       17
  MONTH TO DATE  283                       248     35      351
  SINCE SEP 1    815                       752     63      967
  SINCE JAN 1   4342                      3659    683     4072
..................................................................


WIND (MPH)
  HIGHEST WIND SPEED    14   HIGHEST WIND DIRECTION    SE (130)
  HIGHEST GUST SPEED    20   HIGHEST GUST DIRECTION    SE (120)
  AVERAGE WIND SPEED     4.0


SKY COVER
  POSSIBLE SUNSHINE  MM
  AVERAGE SKY COVER 0.1


WEATHER CONDITIONS
 THE FOLLOWING WEATHER WAS RECORDED TODAY.
  FOG


RELATIVE HUMIDITY (PERCENT)
 HIGHEST   100          1200 AM
 LOWEST     52           100 PM
 AVERAGE    76

..........................................................


THE BROWNSVILLE CLIMATE NORMALS FOR TOMORROW
                         NORMAL    RECORD    YEAR
 MAXIMUM TEMPERATURE (F)   85        92      2007
                                             1979
                                             1920
 MINIMUM TEMPERATURE (F)   66        50      1964
                                             1917


SUNRISE AND SUNSET
OCTOBER 20 2017.......SUNRISE   731 AM CDT   SUNSET   657 PM CDT
OCTOBER 21 2017.......SUNRISE   732 AM CDT   SUNSET   656 PM CDT


-  INDICATES NEGATIVE NUMBERS.
R  INDICATES RECORD WAS SET OR TIED.
MM INDICATES DATA IS MISSING.
T  INDICATES TRACE AMOUNT.




$$
