000
CDUS44 KBRO 020633
CLIBRO


CLIMATE REPORT
NATIONAL WEATHER SERVICE BROWNSVILLE TX
132 AM CDT WED SEP 2 2015


...................................

...THE BROWNSVILLE CLIMATE SUMMARY FOR SEPTEMBER 1 2015...

CLIMATE NORMAL PERIOD 1981 TO 2010
CLIMATE RECORD PERIOD 1878 TO 2015


WEATHER ITEM   OBSERVED TIME   RECORD YEAR NORMAL DEPARTURE LAST
                VALUE   (LST)  VALUE       VALUE  FROM      YEAR
                                                  NORMAL
..................................................................
TEMPERATURE (F)
 YESTERDAY
  MAXIMUM         89    225 PM  99    1982  93     -4       94
                                      1918
                                      1901
  MINIMUM         72    603 AM  64    1896  75     -3       79
  AVERAGE         81                        84     -3       87

PRECIPITATION (IN)
  YESTERDAY        0.00          1.64 1975   0.15  -0.15      T
  MONTH TO DATE    0.00                      0.15  -0.15      T
  SINCE SEP 1      0.00                      0.15  -0.15      T
  SINCE JAN 1     26.64                     14.96  11.68     9.52

SNOWFALL (IN)
  YESTERDAY        0.0           0.0  2002   0.0
                                      2001
  MONTH TO DATE    0.0                       0.0
  SINCE SEP 1      0.0                       0.0
  SINCE JUL 1      0.0                       0.0

DEGREE DAYS
 HEATING
  YESTERDAY        0                         0      0        0
  MONTH TO DATE    0                         0      0        0
  SINCE SEP 1      0                         0      0        0
  SINCE JUL 1      0                         0      0        0

 COOLING
  YESTERDAY       16                        19     -3       22
  MONTH TO DATE   16                        19     -3       22
  SINCE SEP 1     16                        19     -3       22
  SINCE JAN 1   2480                      2926   -446     2842
..................................................................


WIND (MPH)
  HIGHEST WIND SPEED    22   HIGHEST WIND DIRECTION    SE (130)
  HIGHEST GUST SPEED    26   HIGHEST GUST DIRECTION    SE (120)
  AVERAGE WIND SPEED    10.0


SKY COVER
  POSSIBLE SUNSHINE  MM
  AVERAGE SKY COVER 0.3


WEATHER CONDITIONS
 THE FOLLOWING WEATHER WAS RECORDED YESTERDAY.
  NO SIGNIFICANT WEATHER WAS OBSERVED.


RELATIVE HUMIDITY (PERCENT)
 HIGHEST   100          1200 AM
 LOWEST     65          1200 PM
 AVERAGE    83

..........................................................


THE BROWNSVILLE CLIMATE NORMALS FOR TODAY
                         NORMAL    RECORD    YEAR
 MAXIMUM TEMPERATURE (F)   93        98      1998
                                             1918
                                             1900
 MINIMUM TEMPERATURE (F)   75        68      1893


SUNRISE AND SUNSET
SEPTEMBER  2 2015.....SUNRISE   710 AM CDT   SUNSET   748 PM CDT
SEPTEMBER  3 2015.....SUNRISE   711 AM CDT   SUNSET   747 PM CDT


-  INDICATES NEGATIVE NUMBERS.
R  INDICATES RECORD WAS SET OR TIED.
MM INDICATES DATA IS MISSING.
T  INDICATES TRACE AMOUNT.




$$
