000
CDUS44 KBRO 020628
CLIBRO


CLIMATE REPORT
NATIONAL WEATHER SERVICE BROWNSVILLE TX
127 AM CDT TUE SEP 2 2014


...................................

...THE BROWNSVILLE CLIMATE SUMMARY FOR SEPTEMBER 1 2014...

CLIMATE NORMAL PERIOD 1981 TO 2010
CLIMATE RECORD PERIOD 1878 TO 2014


WEATHER ITEM   OBSERVED TIME   RECORD YEAR NORMAL DEPARTURE LAST
                VALUE   (LST)  VALUE       VALUE  FROM      YEAR
                                                  NORMAL
..................................................................
TEMPERATURE (F)
 YESTERDAY
  MAXIMUM         94    227 PM  99    1982  93      1       97
                                      1918
                                      1901
  MINIMUM         79    650 AM  64    1896  75      4       77
  AVERAGE         87                        84      3       87

PRECIPITATION (IN)
  YESTERDAY        T             1.64 1975   0.15  -0.15     0.00
  MONTH TO DATE    T                         0.15  -0.15     0.00
  SINCE SEP 1      T                         0.15  -0.15     0.00
  SINCE JAN 1      9.52                     14.96  -5.44    10.05

SNOWFALL (IN)
  YESTERDAY        0.0           0.0  2002   0.0
                                      2001
  MONTH TO DATE    0.0                       0.0
  SINCE SEP 1      0.0                       0.0
  SINCE JUL 1      0.0                       0.0

DEGREE DAYS
 HEATING
  YESTERDAY        0                         0      0        0
  MONTH TO DATE    0                         0      0        0
  SINCE SEP 1      0                         0      0        0
  SINCE JUL 1      0                         0      0        0

 COOLING
  YESTERDAY       22                        19      3       22
  MONTH TO DATE   22                        19      3       22
  SINCE SEP 1     22                        19      3       22
  SINCE JAN 1   2842                      2926    -84     3055
..................................................................


WIND (MPH)
  HIGHEST WIND SPEED    17   HIGHEST WIND DIRECTION     E (110)
  HIGHEST GUST SPEED    23   HIGHEST GUST DIRECTION     E (110)
  AVERAGE WIND SPEED     8.6


SKY COVER
  POSSIBLE SUNSHINE  MM
  AVERAGE SKY COVER 0.2


WEATHER CONDITIONS
 THE FOLLOWING WEATHER WAS RECORDED YESTERDAY.
  LIGHT RAIN


RELATIVE HUMIDITY (PERCENT)
 HIGHEST   100           400 AM
 LOWEST     60          1100 AM
 AVERAGE    80

..........................................................


THE BROWNSVILLE CLIMATE NORMALS FOR TODAY
                         NORMAL    RECORD    YEAR
 MAXIMUM TEMPERATURE (F)   93        98      1998
                                             1918
                                             1900
 MINIMUM TEMPERATURE (F)   75        68      1893


SUNRISE AND SUNSET
SEPTEMBER  2 2014.....SUNRISE   710 AM CDT   SUNSET   748 PM CDT
SEPTEMBER  3 2014.....SUNRISE   711 AM CDT   SUNSET   747 PM CDT


-  INDICATES NEGATIVE NUMBERS.
R  INDICATES RECORD WAS SET OR TIED.
MM INDICATES DATA IS MISSING.
T  INDICATES TRACE AMOUNT.




$$
