000
CDUS44 KBRO 020627
CLIBRO


CLIMATE REPORT
NATIONAL WEATHER SERVICE BROWNSVILLE TX
126 AM CDT THU JUL 2 2015


...................................

...THE BROWNSVILLE CLIMATE SUMMARY FOR JULY 1 2015...

CLIMATE NORMAL PERIOD 1981 TO 2010
CLIMATE RECORD PERIOD 1878 TO 2015


WEATHER ITEM   OBSERVED TIME   RECORD YEAR NORMAL DEPARTURE LAST
                VALUE   (LST)  VALUE       VALUE  FROM      YEAR
                                                  NORMAL
..................................................................
TEMPERATURE (F)
 YESTERDAY
  MAXIMUM         83    234 PM  98    2013  93    -10       92
                                      1980
                                      1918
  MINIMUM         72   1159 PM  65    1900  76     -4       76
  AVERAGE         78                        84     -6       84

PRECIPITATION (IN)
  YESTERDAY        1.75          2.34 1883   0.08   1.67     0.00
  MONTH TO DATE    1.75                      0.08   1.67     0.00
  SINCE JUN 1      2.51                      2.65  -0.14     0.64
  SINCE JAN 1     23.00                     10.41  12.59     5.97

SNOWFALL (IN)
  YESTERDAY        0.0          MM    2001   0.0
  MONTH TO DATE    0.0                       0.0
  SINCE JUN 1      0.0                       0.0
  SINCE JUL 1      0.0                       0.0

DEGREE DAYS
 HEATING
  YESTERDAY        0                         0      0        0
  MONTH TO DATE    0                         0      0        0
  SINCE JUN 1      0                         0      0        0
  SINCE JUL 1      0                         0      0        0

 COOLING
  YESTERDAY       13                        20     -7       19
  MONTH TO DATE   13                        20     -7       19
  SINCE JUN 1    586                       587     -1      616
  SINCE JAN 1   1648                      1680    -32     1538
..................................................................


WIND (MPH)
  HIGHEST WIND SPEED    35   HIGHEST WIND DIRECTION     S (160)
  HIGHEST GUST SPEED    43   HIGHEST GUST DIRECTION     S (160)
  AVERAGE WIND SPEED    11.1


SKY COVER
  POSSIBLE SUNSHINE  MM
  AVERAGE SKY COVER 0.3


WEATHER CONDITIONS
 THE FOLLOWING WEATHER WAS RECORDED YESTERDAY.
  THUNDERSTORM
  HEAVY RAIN
  RAIN
  LIGHT RAIN
  FOG


RELATIVE HUMIDITY (PERCENT)
 HIGHEST   100           900 AM
 LOWEST     63           300 PM
 AVERAGE    82

..........................................................


THE BROWNSVILLE CLIMATE NORMALS FOR TODAY
                         NORMAL    RECORD    YEAR
 MAXIMUM TEMPERATURE (F)   93       100      1918
                                             1894
 MINIMUM TEMPERATURE (F)   76        67      1901


SUNRISE AND SUNSET
JULY  2 2015..........SUNRISE   642 AM CDT   SUNSET   825 PM CDT
JULY  3 2015..........SUNRISE   642 AM CDT   SUNSET   825 PM CDT


-  INDICATES NEGATIVE NUMBERS.
R  INDICATES RECORD WAS SET OR TIED.
MM INDICATES DATA IS MISSING.
T  INDICATES TRACE AMOUNT.




$$
