000
CDUS44 KBRO 230625
CLIBRO


CLIMATE REPORT
NATIONAL WEATHER SERVICE BROWNSVILLE TX
125 AM CDT SAT AUG 23 2014


...................................

...THE BROWNSVILLE CLIMATE SUMMARY FOR AUGUST 22 2014...

CLIMATE NORMAL PERIOD 1981 TO 2010
CLIMATE RECORD PERIOD 1878 TO 2014


WEATHER ITEM   OBSERVED TIME   RECORD YEAR NORMAL DEPARTURE LAST
                VALUE   (LST)  VALUE       VALUE  FROM      YEAR
                                                  NORMAL
..................................................................
TEMPERATURE (F)
 YESTERDAY
  MAXIMUM         98   1228 PM  99    1883  94      4       90
  MINIMUM         76    641 AM  68    1956  76      0       79
                                      1946
  AVERAGE         87                        85      2       85

PRECIPITATION (IN)
  YESTERDAY        0.00          4.39 1951   0.09  -0.09     0.12
  MONTH TO DATE    0.21                      1.48  -1.27     0.73
  SINCE JUN 1      2.49                      6.09  -3.60     3.71
  SINCE JAN 1      7.82                     13.85  -6.03     9.31

SNOWFALL (IN)
  YESTERDAY        0.0           0.0  2002   0.0
                                      2001
  MONTH TO DATE    0.0                       0.0
  SINCE JUN 1      0.0                       0.0
  SINCE JUL 1      0.0                       0.0

DEGREE DAYS
 HEATING
  YESTERDAY        0                         0      0        0
  MONTH TO DATE    0                         0      0        0
  SINCE JUN 1      0                         0      0        0
  SINCE JUL 1      0                         0      0        0

 COOLING
  YESTERDAY       22                        20      2       20
  MONTH TO DATE  485                       456     29      482
  SINCE JUN 1   1706                      1641     65     1737
  SINCE JAN 1   2628                      2734   -106     2859
..................................................................


WIND (MPH)
  HIGHEST WIND SPEED    22   HIGHEST WIND DIRECTION    SE (140)
  HIGHEST GUST SPEED    28   HIGHEST GUST DIRECTION    SE (130)
  AVERAGE WIND SPEED    10.7


SKY COVER
  POSSIBLE SUNSHINE  MM
  AVERAGE SKY COVER 0.0


WEATHER CONDITIONS
 THE FOLLOWING WEATHER WAS RECORDED YESTERDAY.
  NO SIGNIFICANT WEATHER WAS OBSERVED.


RELATIVE HUMIDITY (PERCENT)
 HIGHEST   100           600 AM
 LOWEST     38          1200 PM
 AVERAGE    69

..........................................................


THE BROWNSVILLE CLIMATE NORMALS FOR TODAY
                         NORMAL    RECORD    YEAR
 MAXIMUM TEMPERATURE (F)   94       102      1917
 MINIMUM TEMPERATURE (F)   76        70      1973
                                             1961
                                             1956


SUNRISE AND SUNSET
AUGUST 23 2014........SUNRISE   706 AM CDT   SUNSET   758 PM CDT
AUGUST 24 2014........SUNRISE   707 AM CDT   SUNSET   757 PM CDT


-  INDICATES NEGATIVE NUMBERS.
R  INDICATES RECORD WAS SET OR TIED.
MM INDICATES DATA IS MISSING.
T  INDICATES TRACE AMOUNT.




$$
