000
CDUS44 KBRO 290726
CLIBRO


CLIMATE REPORT
NATIONAL WEATHER SERVICE BROWNSVILLE TX
125 AM CST THU JAN 29 2015


...................................

...THE BROWNSVILLE CLIMATE SUMMARY FOR JANUARY 28 2015...

CLIMATE NORMAL PERIOD 1981 TO 2010
CLIMATE RECORD PERIOD 1878 TO 2015


WEATHER ITEM   OBSERVED TIME   RECORD YEAR NORMAL DEPARTURE LAST
                VALUE   (LST)  VALUE       VALUE  FROM      YEAR
                                                  NORMAL
..................................................................
TEMPERATURE (F)
 YESTERDAY
  MAXIMUM         78   1247 PM  85    1982  72      6       54
  MINIMUM         51    555 AM  28    1948  53     -2       37
  AVERAGE         65                        62      3       46

PRECIPITATION (IN)
  YESTERDAY        0.00          1.26 1912   0.05  -0.05      T
  MONTH TO DATE    3.56                      1.14   2.42     0.16
  SINCE DEC 1      4.99                      2.29   2.70     3.68
  SINCE JAN 1      3.56                      1.14   2.42     0.16

SNOWFALL (IN)
  YESTERDAY        0.0           0.0  2002   0.0
                                      1998
                                      2000
  MONTH TO DATE    0.0                       0.0
  SINCE DEC 1      0.0                       0.0
  SINCE JUL 1      0.0                       0.0

DEGREE DAYS
 HEATING
  YESTERDAY        0                         5     -5       19
  MONTH TO DATE  291                       161    130      198
  SINCE DEC 1    363                       326     37      415
  SINCE JUL 1    476                       380     96      523

 COOLING
  YESTERDAY        0                         2     -2        0
  MONTH TO DATE    5                        56    -51       20
  SINCE DEC 1    114                       136    -22       97
  SINCE JAN 1      5                        56    -51       20
..................................................................


WIND (MPH)
  HIGHEST WIND SPEED    20   HIGHEST WIND DIRECTION    SE (150)
  HIGHEST GUST SPEED    24   HIGHEST GUST DIRECTION    SE (150)
  AVERAGE WIND SPEED     8.3


SKY COVER
  POSSIBLE SUNSHINE  MM
  AVERAGE SKY COVER 0.3


WEATHER CONDITIONS
 THE FOLLOWING WEATHER WAS RECORDED YESTERDAY.
  FOG
  FOG W/VISIBILITY <= 1/4 MILE


RELATIVE HUMIDITY (PERCENT)
 HIGHEST   100           100 AM
 LOWEST     56           100 PM
 AVERAGE    78

..........................................................


THE BROWNSVILLE CLIMATE NORMALS FOR TODAY
                         NORMAL    RECORD    YEAR
 MAXIMUM TEMPERATURE (F)   72        86      2006
                                             1971
                                             1917
 MINIMUM TEMPERATURE (F)   53        27      1973


SUNRISE AND SUNSET
JANUARY 29 2015.......SUNRISE   715 AM CST   SUNSET   611 PM CST
JANUARY 30 2015.......SUNRISE   715 AM CST   SUNSET   612 PM CST


-  INDICATES NEGATIVE NUMBERS.
R  INDICATES RECORD WAS SET OR TIED.
MM INDICATES DATA IS MISSING.
T  INDICATES TRACE AMOUNT.




$$
