000
CDUS44 KBRO 010745
CLIBRO


CLIMATE REPORT
NATIONAL WEATHER SERVICE BROWNSVILLE TX
145 AM CST SUN MAR 1 2015


...................................

...THE BROWNSVILLE CLIMATE SUMMARY FOR FEBRUARY 28 2015...

CLIMATE NORMAL PERIOD 1981 TO 2010
CLIMATE RECORD PERIOD 1878 TO 2015


WEATHER ITEM   OBSERVED TIME   RECORD YEAR NORMAL DEPARTURE LAST
                VALUE   (LST)  VALUE       VALUE  FROM      YEAR
                                                  NORMAL
..................................................................
TEMPERATURE (F)
 YESTERDAY
  MAXIMUM         57   1218 AM  92    1940  76    -19       81
  MINIMUM         48    801 AM  36    1890  57     -9       51
  AVERAGE         53                        66    -13       66

PRECIPITATION (IN)
  YESTERDAY        0.09          0.88 1967   0.04   0.05     0.00
  MONTH TO DATE    0.76                      1.08  -0.32     0.08
  SINCE DEC 1      5.75                      3.50   2.25     4.28
  SINCE JAN 1      4.32                      2.35   1.97     0.76

SNOWFALL (IN)
  YESTERDAY       MM             0.0  2002   0.0
                                      2001
  MONTH TO DATE    0.0                       0.0
  SINCE DEC 1      0.0                       0.0
  SINCE JUL 1      0.0                       0.0

DEGREE DAYS
 HEATING
  YESTERDAY       12                         3      9        0
  MONTH TO DATE  147                       107     40      166
  SINCE DEC 1    510                       449     61      616
  SINCE JUL 1    623                       503    120      724

 COOLING
  YESTERDAY        0                         4     -4        1
  MONTH TO DATE   44                        82    -38       99
  SINCE DEC 1    166                       221    -55      197
  SINCE JAN 1     57                       141    -84      120
..................................................................


WIND (MPH)
  HIGHEST WIND SPEED    14   HIGHEST WIND DIRECTION    NW (320)
  HIGHEST GUST SPEED    17   HIGHEST GUST DIRECTION    NW (300)
  AVERAGE WIND SPEED     9.0


SKY COVER
  POSSIBLE SUNSHINE  MM
  AVERAGE SKY COVER 1.0


WEATHER CONDITIONS
 THE FOLLOWING WEATHER WAS RECORDED YESTERDAY.
  LIGHT RAIN
  FOG
  HAZE


RELATIVE HUMIDITY (PERCENT)
 HIGHEST   100           400 AM
 LOWEST     83           100 PM
 AVERAGE    92

..........................................................


THE BROWNSVILLE CLIMATE NORMALS FOR TODAY
                         NORMAL    RECORD    YEAR
 MAXIMUM TEMPERATURE (F)   76        93      1991
                                             1910
 MINIMUM TEMPERATURE (F)   57        31      1922
                                             1890


SUNRISE AND SUNSET
MARCH  1 2015.........SUNRISE   653 AM CST   SUNSET   631 PM CST
MARCH  2 2015.........SUNRISE   652 AM CST   SUNSET   632 PM CST


-  INDICATES NEGATIVE NUMBERS.
R  INDICATES RECORD WAS SET OR TIED.
MM INDICATES DATA IS MISSING.
T  INDICATES TRACE AMOUNT.




$$
