562
CDAK49 PAFG 241000
CLIBRW

CLIMATE REPORT
NATIONAL WEATHER SERVICE FAIRBANKS AK
200 AM AKDT FRI MAR 24 2017


...................................

...THE BARROW AK CLIMATE SUMMARY FOR MARCH 23 2017...

CLIMATE NORMAL PERIOD 1981 TO 2010
CLIMATE RECORD PERIOD 1920 TO 2017


WEATHER ITEM   OBSERVED TIME   RECORD YEAR NORMAL DEPARTURE LAST
                VALUE   (LST)  VALUE       VALUE  FROM      YEAR
                                                  NORMAL
..................................................................
TEMPERATURE (F)
 YESTERDAY
  MAXIMUM         10    445 PM  28    1965  -5     15        3
  MINIMUM         -9   1235 AM -42    1925 -18      9       -2
  AVERAGE          1                       -12     13        1

PRECIPITATION (IN)
  YESTERDAY        0.01          0.35 1963   0.00   0.01     0.02
  MONTH TO DATE    0.30                      0.06   0.24     0.04
  SINCE MAR 1      0.30                      0.06   0.24     0.04
  SINCE JAN 1      1.17                      0.33   0.84     3.10

SNOWFALL (IN)
  YESTERDAY        0.2           3.6  1963   0.0    0.2     MM
  MONTH TO DATE    2.4                       1.5    0.9      0.2
  SINCE MAR 1      2.4                       1.5    0.9      0.2
  SINCE JUL 1     29.3                      30.5   -1.2      9.0
  SNOW DEPTH       9

DEGREE DAYS
 HEATING
  YESTERDAY       64                        77    -13       64
  MONTH TO DATE 1660                      1806   -146     1495
  SINCE MAR 1   1660                      1806   -146     1495
  SINCE JUL 1  12622                     14663  -2041    12891

 COOLING
  YESTERDAY        0                         0      0        0
  MONTH TO DATE    0                         0      0        0
  SINCE MAR 1      0                         0      0        0
  SINCE JAN 1      0                         0      0        0
..................................................................


WIND (MPH)
  HIGHEST GUST SPEED    20   HIGHEST GUST DIRECTION     W (260)


SKY COVER
  AVERAGE SKY COVER 0.6


WEATHER CONDITIONS
 THE FOLLOWING WEATHER WAS RECORDED YESTERDAY.
  LIGHT SNOW
  FOG
  HAZE


RELATIVE HUMIDITY (PERCENT)
 HIGHEST    83
 LOWEST     74
 AVERAGE    79

..........................................................


THE BARROW AK CLIMATE NORMALS FOR TODAY
                         NORMAL    RECORD    YEAR
 MAXIMUM TEMPERATURE (F)   -5        18      2002
 MINIMUM TEMPERATURE (F)  -18       -51      1925


SUNRISE AND SUNSET
MARCH 24 2017.........SUNRISE   803 AM AKDT  SUNSET   906 PM AKDT
MARCH 25 2017.........SUNRISE   759 AM AKDT  SUNSET   911 PM AKDT

-  INDICATES NEGATIVE NUMBERS.
R  INDICATES RECORD WAS SET OR TIED.
MM INDICATES DATA IS MISSING.
T  INDICATES TRACE AMOUNT.

&&

SNOW DEPTH IS MEASURED AT 3AM AKST/4AM AKDT.

----------------------------
AVAILABLE DAYLIGHT

AMOUNT OF DAYLIGHT TODAY  (HOUR:MIN)........13:03
GAIN/LOSS SINCE YESTERDAY (HOUR:MIN:SEC)....+0:09:22

$$
MAR 17
