000
CDAK49 PABR 240908
CLIBRW

CLIMATE REPORT
NATIONAL WEATHER SERVICE BARROW, AK
108 AM AKDT WED AUG 24 2016

...................................
...THE BARROW WSO AP CLIMATE SUMMARY FOR AUGUST 23 2016...

CLIMATE NORMAL PERIOD  1981 TO  2010
CLIMATE RECORD PERIOD  1915 TO  2016

WEATHER ITEM   OBSERVED TIME    RECORD YEAR NORMAL DEPARTURE LAST
               VALUE    (LST)   VALUE       VALUE  FROM      YEAR
                                                   NORMAL
...................................................................
TEMPERATURE
YESTERDAY
 MAXIMUM            38  1159 PM    65  1954     43      -5     38
 MINIMUM            33   626 AM    22  1956     34      -1     33
 AVERAGE            36                          38      -2     36

PRECIPITATION
(INCHES)
 YESTERDAY           T           0.37  1951   0.03   -0.03      T
 MONTH TO DATE    0.84                        0.79    0.05   0.91
 SINCE JUN 1      2.33                        2.09    0.24   1.97
 SINCE JAN 1      3.66                        2.79    0.87   3.93

SNOWFALL
(INCHES)
 YESTERDAY           T            0.2  2003    0.0       T    0.0
 MONTH TO DATE     2.1                         0.5     1.6    0.2
 SINCE JUN 1       4.8                         1.4     3.4    1.2
 SINCE JUL 1       2.1                         0.7     1.4    0.2
 SNOW DEPTH (IN)     T                                          0

DEGREE DAYS
 HEATING
  YESTERDAY         29                          27       2     29
  MONTH TO DATE    599                         587      12    604
  SINCE JUN 1     2062                        2214    -152   2097
  SINCE JUL 1     1252                        1334     -82   1355

 COOLING
  YESTERDAY          0                           0       0      0
  MONTH TO DATE      0                           0       0      0
  SINCE JUN 1        0                           0       0      0
  SINCE JAN 1        0                           0       0      0
...................................................................

WIND (MPH)
 HIGHEST WIND SPEED    23     HIGHEST WIND DIRECTION    100
 HIGHEST GUST SPEED    29     HIGHEST GUST DIRECTION    100
 AVERAGE WIND SPEED  15.6

SKY COVER
  POSSIBLE SUNSHINE    MM          AVERAGE SKY COVER     MM

WEATHER CONDITIONS
 THE FOLLOWING WEATHER WAS RECORDED YESTERDAY.
  FOG
  RAIN
  SNOW

...................................................................

THE BARROW CLIMATE NORMALS FOR TODAY
                           NORMAL    RECORD   YEAR
 MAXIMUM TEMPERATURE (F)     43        70     1979
 MINIMUM TEMPERATURE (F)     34        24     1944

SUNRISE AND SUNSET
 AUG 24 2016..........SUNRISE  559 AM      SUNSET 1056 PM
 AUG 25 2016..........SUNRISE  604 AM      SUNSET 1051 PM

-  INDICATES NEGATIVE NUMBERS.
R  INDICATES RECORD HAS BEEN SET OR TIED.
MM INDICATES DATA IS MISSING.
T  INDICATES TRACE OF PRECIPITATION.

&&
-------------------------------------------------------------------

AMOUNT OF DAYLIGHT TODAY  (HOUR:MIN)........16 HOURS 57 MINUTES
GAIN/LOSS SINCE YESTERDAY (HOUR:MIN:SEC)....-0:10:41

$$
*** AUG 16
