000
CDAK49 PABR 012248
CLIBRW

CLIMATE REPORT
NATIONAL WEATHER SERVICE BARROW, AK
248 PM AKDT WED JUL 1 2015

...................................
...THE BARROW WSO AP CLIMATE SUMMARY FOR JULY 1 2015...
VALID TODAY AS OF 2:00 PM LOCAL TIME

CLIMATE NORMAL PERIOD  1981 TO  2010
CLIMATE RECORD PERIOD  1915 TO  2015

WEATHER ITEM   OBSERVED TIME    RECORD YEAR NORMAL DEPARTURE LAST
               VALUE    (LST)   VALUE       VALUE  FROM      YEAR
                                                   NORMAL
...................................................................
TEMPERATURE
TODAY
 MAXIMUM            48  0147 PM    76  1999     46       2     49
 MINIMUM            40  1029 AM    26  1943     34       6     37
 AVERAGE            44                          40       4     43

PRECIPITATION
(INCHES)
 TODAY            0.01           0.26  2003   0.02   -0.01      T
 MONTH TO DATE    0.01                        0.02   -0.01      T
 SINCE JUN 1      0.85                        0.34    0.51   1.47
 SINCE JAN 1      2.81                        1.04    1.77   3.09

SNOWFALL
(INCHES)
 TODAY             0.0            0.4  2011    0.0     0.0    0.0
 MONTH TO DATE     0.0                         0.0     0.0    0.0
 SINCE JUN 1       1.0                         0.7     0.3    0.9
 SINCE JUL 1       0.0                         0.0     0.0    0.0
 SNOW DEPTH (IN)     0                                          0

DEGREE DAYS
 HEATING
  TODAY             21                          25      -4     22
  MONTH TO DATE     21                          25      -4     22
  SINCE JUN 1      763                         905    -142    955
  SINCE JUL 1       21                          25      -4     22

 COOLING
  TODAY              0                           0       0      0
  MONTH TO DATE      0                           0       0      0
  SINCE JUN 1        0                           0       0      0
  SINCE JAN 1        0                           0       0      0
...................................................................

WIND (MPH)
 HIGHEST WIND SPEED    16     HIGHEST WIND DIRECTION    220
 HIGHEST GUST SPEED    20     HIGHEST GUST DIRECTION    250
 AVERAGE WIND SPEED    MM

WEATHER CONDITIONS
 THE FOLLOWING WEATHER WAS RECORDED TODAY.
 FOG
 DRIZZLE
 RAIN

RELATIVE HUMIDITY
 HIGHEST RH     MM PERCENT       MM
 LOWEST  RH     MM PERCENT       MM
 AVERAGE RH     MM PERCENT       MM
...................................................................

THE BARROW CLIMATE NORMALS FOR TOMORROW
                        NORMAL    RECORD   YEAR
 MAXIMUM TEMPERATURE      46        71     1984
 MINIMUM TEMPERATURE      34        27     1926

SUNRISE AND SUNSET
 THE SUN IS CONTINUOUSLY ABOVE THE HORIZON ALL DAY.

-  INDICATES NEGATIVE NUMBERS.
R  INDICATES RECORD HAS BEEN SET OR TIED.
MM INDICATES DATA IS MISSING.
T  INDICATES TRACE OF PRECIPITATION.

&&
-------------------------------------------------------------------

AMOUNT OF DAYLIGHT TODAY  (HOUR:MIN)........24 HOURS 00 MINUTES
GAIN/LOSS SINCE YESTERDAY (HOUR:MIN:SEC)....+0:00:00

$$
RFL JUL 15
