000
CDAK49 PAFG 010048
CLIBRW

CLIMATE REPORT
NATIONAL WEATHER SERVICE FAIRBANKS AK
448 PM AKDT FRI SEP 30 2016


...................................

...THE BARROW AK CLIMATE SUMMARY FOR SEPTEMBER 30 2016...
VALID TODAY AS OF 0400 PM LOCAL TIME.

CLIMATE NORMAL PERIOD 1981 TO 2010
CLIMATE RECORD PERIOD 1920 TO 2016


WEATHER ITEM   OBSERVED TIME   RECORD YEAR NORMAL DEPARTURE LAST
                VALUE   (LST)  VALUE       VALUE  FROM      YEAR
                                                  NORMAL
..................................................................
TEMPERATURE (F)
 TODAY
  MAXIMUM         48R   104 PM  41    1955  30     18       32
  MINIMUM         40    632 AM   5    1975  23     17       24
  AVERAGE         44                        26     18       28

PRECIPITATION (IN)
  TODAY            T             0.56 1959   0.02  -0.02      T
  MONTH TO DATE    0.77                      0.72   0.05     0.36
  SINCE SEP 1      0.77                      0.72   0.05     0.36
  SINCE JAN 1      6.42                      3.77   2.65     4.79

SNOWFALL (IN)
  TODAY            0.0           4.4  1950   0.2   -0.2     MM
  MONTH TO DATE    2.0                       4.4   -2.4      0.8
  SINCE SEP 1      2.0                       4.4   -2.4      0.8
  SINCE JUL 1      3.8                       5.5   -1.7      0.8
  SNOW DEPTH       0

DEGREE DAYS
 HEATING
  TODAY           21                        39    -18       37
  MONTH TO DATE  904                       986    -82      796
  SINCE SEP 1    904                       986    -82      796
  SINCE JUL 1   2333                      2541   -208     1999

 COOLING
  TODAY            0                         0      0        0
  MONTH TO DATE    0                         0      0        0
  SINCE SEP 1      0                         0      0        0
  SINCE JAN 1      0                         0      0        0
..................................................................


WIND (MPH)
  HIGHEST GUST SPEED    25   HIGHEST GUST DIRECTION    SW (230)


SKY COVER
  AVERAGE SKY COVER 1.0


WEATHER CONDITIONS
 THE FOLLOWING WEATHER WAS RECORDED TODAY.
  LIGHT RAIN


RELATIVE HUMIDITY (PERCENT)
 HIGHEST    86
 LOWEST     76
 AVERAGE    81

..........................................................


THE BARROW AK CLIMATE NORMALS FOR TOMORROW
                         NORMAL    RECORD    YEAR
 MAXIMUM TEMPERATURE (F)   30        39      1989
                                             1959
                                             1937
 MINIMUM TEMPERATURE (F)   22         6      1922


SUNRISE AND SUNSET
SEPTEMBER 30 2016.....SUNRISE   844 AM AKDT  SUNSET   748 PM AKDT
OCTOBER 01 2016.......SUNRISE   849 AM AKDT  SUNSET   743 PM AKDT

-  INDICATES NEGATIVE NUMBERS.
R  INDICATES RECORD WAS SET OR TIED.
MM INDICATES DATA IS MISSING.
T  INDICATES TRACE AMOUNT.

&&

SNOW DEPTH IS MEASURED AT 3AM AKST/4AM AKDT.

----------------------------
AVAILABLE DAYLIGHT

AMOUNT OF DAYLIGHT TODAY  (HOUR:MIN)........11:04
GAIN/LOSS SINCE YESTERDAY (HOUR:MIN:SEC)....-0:09:13

$$
SEP 16
