000
CDAK49 PABR 260911
CLIBRW

CLIMATE REPORT
NATIONAL WEATHER SERVICE BARROW, AK
111 AM AKDT TUE MAY 26 2015

...................................
...THE BARROW WSO AP CLIMATE SUMMARY FOR MAY 25 2015...

CLIMATE NORMAL PERIOD  1981 TO  2010
CLIMATE RECORD PERIOD  1915 TO  2015

WEATHER ITEM   OBSERVED TIME    RECORD YEAR NORMAL DEPARTURE LAST
               VALUE    (LST)   VALUE       VALUE  FROM      YEAR
                                                   NORMAL
...................................................................
TEMPERATURE
YESTERDAY
 MAXIMUM            35  0355 PM    44  1938     30       5     24
 MINIMUM            31  1159 PM     9  2001     22       9     19
 AVERAGE            33                          26       7     22

PRECIPITATION
(INCHES)
 YESTERDAY        0.34           0.06  1967   0.00    0.00      T
 MONTH TO DATE    0.49                        0.13    0.02   0.80
 SINCE MAR 1      1.23                        0.38    0.51   1.15
 SINCE JAN 1      1.80                        0.65    0.81   1.52

SNOWFALL
(INCHES)
 YESTERDAY         0.0            1.0  1973    0.1    -0.1    0.1
 MONTH TO DATE     1.0                         2.3    -1.3    3.4
 SINCE MAR 1      11.6                         7.6     4.0    9.0
 SINCE JUL 1      54.7                        36.6    18.1   51.6
 SNOW DEPTH (IN)     0                                          T

DEGREE DAYS
 HEATING
  YESTERDAY         32                          39      -7     43
  MONTH TO DATE    945                        1138    -193    944
  SINCE MAR 1     5034                        5437    -403   4928
  SINCE JUL 1    17177                       18285   -1108  16651

 COOLING
  YESTERDAY          0                           0       0      0
  MONTH TO DATE      0                           0       0      0
  SINCE MAR 1        0                           0       0      0
  SINCE JAN 1        0                           0       0      0
...................................................................

WIND (MPH)
 HIGHEST WIND SPEED    12     HIGHEST WIND DIRECTION    110
 HIGHEST GUST SPEED    13     HIGHEST GUST DIRECTION    110
 AVERAGE WIND SPEED   6.5

WEATHER CONDITIONS
 THE FOLLOWING WEATHER WAS RECORDED YESTERDAY.
  FOG
  GLAZE
  RAIN

RELATIVE HUMIDITY
 HIGHEST RH     100 PERCENT  AT 1153 PM AST
 LOWEST  RH      82 PERCENT  AT  953 AM AST
 AVERAGE RH      94 PERCENT
...................................................................

THE BARROW CLIMATE NORMALS FOR TODAY
                           NORMAL    RECORD   YEAR
 MAXIMUM TEMPERATURE (F)     31        41     1990
 MINIMUM TEMPERATURE (F)     23         5     2001

SUNRISE AND SUNSET
 MAY 26 2015..........SUNRISE  **.**      SUNSET **.**
 MAY 27 2015..........SUNRISE  **.**      SUNSET **.**

-  INDICATES NEGATIVE NUMBERS.
R  INDICATES RECORD HAS BEEN SET OR TIED.
MM INDICATES DATA IS MISSING.
T  INDICATES TRACE OF PRECIPITATION.

&&
-------------------------------------------------------------------

AMOUNT OF DAYLIGHT TODAY  (HOUR:MIN)........24 HOURS 00 MINUTES
GAIN/LOSS SINCE YESTERDAY (HOUR:MIN:SEC)....+0:00:00

$$
RFL MAY 15
