141
CDAK49 PAFG 251003
CLIBRW

CLIMATE REPORT
NATIONAL WEATHER SERVICE FAIRBANKS AK
203 AM AKDT SUN JUN 25 2017


...................................

...THE BARROW AK CLIMATE SUMMARY FOR JUNE 24 2017...

CLIMATE NORMAL PERIOD 1981 TO 2010
CLIMATE RECORD PERIOD 1920 TO 2017


WEATHER ITEM   OBSERVED TIME   RECORD YEAR NORMAL DEPARTURE LAST
                VALUE   (LST)  VALUE       VALUE  FROM      YEAR
                                                  NORMAL
..................................................................
TEMPERATURE (F)
 YESTERDAY
  MAXIMUM         48   1209 PM  64    2006  44      4       52
  MINIMUM         40    838 PM  24    1978  33      7       34
  AVERAGE         44                        39      5       43

PRECIPITATION (IN)
  YESTERDAY        T             0.23 2004   0.01  -0.01      T
  MONTH TO DATE    0.23                      0.22   0.01     0.60
  SINCE JUN 1      0.23                      0.22   0.01     0.60
  SINCE JAN 1      2.34                      0.92   1.42     3.95

SNOWFALL (IN)
  YESTERDAY        0.0           0.5  1949   0.0    0.0      0.0
  MONTH TO DATE    0.5                       0.7   -0.2      1.9
  SINCE JUN 1      0.5                       0.7   -0.2      1.9
  SINCE JUL 1     40.7                      37.7    3.0     12.2
  SNOW DEPTH       0

DEGREE DAYS
 HEATING
  YESTERDAY       21                        26     -5       22
  MONTH TO DATE  771                       727     44      673
  SINCE JUN 1    771                       727     44      673
  SINCE JUL 1  16957                     19246  -2289    16775

 COOLING
  YESTERDAY        0                         0      0        0
  MONTH TO DATE    0                         0      0        0
  SINCE JUN 1      0                         0      0        0
  SINCE JAN 1      0                         0      0        0
..................................................................


WIND (MPH)
  HIGHEST GUST SPEED    36   HIGHEST GUST DIRECTION    SW (220)


SKY COVER
  AVERAGE SKY COVER 0.6


WEATHER CONDITIONS
 THE FOLLOWING WEATHER WAS RECORDED YESTERDAY.
  LIGHT RAIN


RELATIVE HUMIDITY (PERCENT)
 HIGHEST    82
 LOWEST     66
 AVERAGE    74

..........................................................


THE BARROW AK CLIMATE NORMALS FOR TODAY
                         NORMAL    RECORD    YEAR
 MAXIMUM TEMPERATURE (F)   45        71      1990
 MINIMUM TEMPERATURE (F)   33        26      1979
                                             1939


SUNRISE AND SUNSET
JUNE 25 2017..........SUN ABOVE VISIBLE HORIZON.
JUNE 26 2017..........SUN ABOVE VISIBLE HORIZON.

-  INDICATES NEGATIVE NUMBERS.
R  INDICATES RECORD WAS SET OR TIED.
MM INDICATES DATA IS MISSING.
T  INDICATES TRACE AMOUNT.

&&

SNOW DEPTH IS MEASURED AT 3AM AKST/4AM AKDT.

----------------------------
AVAILABLE DAYLIGHT

AMOUNT OF DAYLIGHT TODAY  (HOUR:MIN)........24:00
GAIN/LOSS SINCE YESTERDAY (HOUR:MIN:SEC)....+0:00:00

$$
NTS JUN 17
