000
CDAK49 PABR 230924
CLIBRW

CLIMATE REPORT
NATIONAL WEATHER SERVICE BARROW, AK
1224 AM AKST SUN NOV 23 2014

...................................
...THE BARROW WSO AP CLIMATE SUMMARY FOR NOVEMBER 22 2014...

CLIMATE NORMAL PERIOD  1981 TO  2010
CLIMATE RECORD PERIOD  1915 TO  2014

WEATHER ITEM   OBSERVED TIME    RECORD YEAR NORMAL DEPARTURE LAST
               VALUE    (LST)   VALUE       VALUE  FROM      YEAR
                                                   NORMAL
...................................................................
TEMPERATURE
YESTERDAY
 MAXIMUM            16  0126 AM    33  2010      3      13      3
 MINIMUM             1  1053 PM   -38  1992     -8       9    -11
 AVERAGE             9                          -2      11     -4

PRECIPITATION
(INCHES)
 YESTERDAY        0.00           0.11  2010   0.00    0.00   0.00
 MONTH TO DATE    0.44                        0.16    0.28   0.34
 SINCE SEP 1      2.62                        1.29    1.33   2.12
 SINCE JAN 1      7.17                        4.34    2.83   7.14

SNOWFALL
(INCHES)
 YESTERDAY         0.0            1.9  1931    0.2    -0.2    0.0
 MONTH TO DATE     5.2                         4.5     0.7    5.8
 SINCE SEP 1      28.7                        18.0    10.7   21.0
 SINCE JUL 1      30.1                        19.1    11.0   22.1
 SNOW DEPTH (IN)     6                                          5

DEGREE DAYS
 HEATING
  YESTERDAY         56                          67     -11     69
  MONTH TO DATE   1129                        1381    -252   1204
  SINCE SEP 1     3414                        3849    -435   3447
  SINCE JUL 1     5080                        5403    -323   4858

 COOLING
  YESTERDAY          0                           0       0      0
  MONTH TO DATE      0                           0       0      0
  SINCE SEP 1        0                           0       0      0
  SINCE JAN 1        0                           0       0      0
...................................................................

WIND (MPH)
 HIGHEST WIND SPEED    26     HIGHEST WIND DIRECTION    100
 HIGHEST GUST SPEED    32     HIGHEST GUST DIRECTION    100
 AVERAGE WIND SPEED  18.6

SKY COVER
  POSSIBLE SUNSHINE    MM          AVERAGE SKY COVER     MM

WEATHER CONDITIONS
 THE FOLLOWING WEATHER WAS RECORDED YESTERDAY.
 FOG
 BLOWING SNOW


RELATIVE HUMIDITY
 HIGHEST RH     96 PERCENT       253 PM
 LOWEST  RH     84 PERCENT       553 AM
 AVERAGE RH     90 PERCENT
...................................................................

THE BARROW CLIMATE NORMALS FOR TODAY
                           NORMAL    RECORD   YEAR
 MAXIMUM TEMPERATURE (F)      3        29     1952
 MINIMUM TEMPERATURE (F)     -8       -38     1992

SUNRISE AND SUNSET
 NOV 23 2014..........SUNRISE  --.--      SUNSET --.--
 NOV 24 2014..........SUNRISE  --.--      SUNSET --.--

-  INDICATES NEGATIVE NUMBERS.
R  INDICATES RECORD HAS BEEN SET OR TIED.
MM INDICATES DATA IS MISSING.
T  INDICATES TRACE OF PRECIPITATION.

&&
-------------------------------------------------------------------

AMOUNT OF DAYLIGHT TODAY  (HOUR:MIN)........0 HOURS 00 MINUTES
GAIN/LOSS SINCE YESTERDAY (HOUR:MIN:SEC)....+0:00:00

$$
