000
CDAK49 PABR 190912
CLIBRW

CLIMATE REPORT
NATIONAL WEATHER SERVICE BARROW, AK
112 AM AKDT SAT APR 19 2014

...................................
...THE BARROW WSO AP CLIMATE SUMMARY FOR APRIL 18 2014...

CLIMATE NORMAL PERIOD  1981 TO  2010
CLIMATE RECORD PERIOD  1915 TO  2014

WEATHER ITEM   OBSERVED TIME    RECORD YEAR NORMAL DEPARTURE LAST
               VALUE    (LST)   VALUE       VALUE  FROM      YEAR
                                                   NORMAL
...................................................................
TEMPERATURE
YESTERDAY
 MAXIMUM             8  0427 PM    32  1988     10      -2      3
 MINIMUM            -2  1159 PM   -27  1997     -3       1    -16
 AVERAGE             3                           3       0     -7

PRECIPITATION
(INCHES)
 YESTERDAY           T           0.07  2002   0.01   -0.01   0.00
 MONTH TO DATE    0.20                        0.10    0.10   0.04
 SINCE MAR 1      0.25                        0.19    0.06   0.54
 SINCE JAN 1      0.62                        0.46    0.16   0.67

SNOWFALL
(INCHES)
 YESTERDAY           T            1.5  2002    0.1    -0.1    0.0
 MONTH TO DATE     1.1                         1.9    -0.8    1.5
 SINCE MAR 1       2.9                         4.0    -1.1    9.4
 SINCE JUL 1      45.5                        33.0    12.5   53.4
 SNOW DEPTH (IN)     7                                          6

DEGREE DAYS
 HEATING
  YESTERDAY         62                          62       0     72
  MONTH TO DATE   1197                        1211     -14   1283
  SINCE MAR 1     3350                        3615    -265   3509
  SINCE JUL 1    15021                       16463   -1442  15554

 COOLING
  YESTERDAY          0                           0       0      0
  MONTH TO DATE      0                           0       0      0
  SINCE MAR 1        0                           0       0      0
  SINCE JAN 1        0                           0       0      0
...................................................................

WIND (MPH)
 HIGHEST WIND SPEED    14     HIGHEST WIND DIRECTION     40
 HIGHEST GUST SPEED    16     HIGHEST GUST DIRECTION     40
 AVERAGE WIND SPEED  10.1

WEATHER CONDITIONS
 THE FOLLOWING WEATHER WAS RECORDED YESTERDAY.
  FOG
  SNOW

RELATIVE HUMIDITY
 HIGHEST RH     95 PERCENT       153 AM
 LOWEST  RH     75 PERCENT       753 AM
 AVERAGE RH     83 PERCENT
...................................................................

THE BARROW CLIMATE NORMALS FOR TODAY
                           NORMAL    RECORD   YEAR
 MAXIMUM TEMPERATURE (F)     11        35     1967
 MINIMUM TEMPERATURE (F)     -3       -27     1960

SUNRISE AND SUNSET
 APR 19 2014..........SUNRISE  5:49 AM      SUNSET 11:08 PM
 APR 20 2014..........SUNRISE  5:43 AM      SUNSET 11:14 PM

-  INDICATES NEGATIVE NUMBERS.
R  INDICATES RECORD HAS BEEN SET OR TIED.
MM INDICATES DATA IS MISSING.
T  INDICATES TRACE OF PRECIPITATION.

&&
-------------------------------------------------------------------

AMOUNT OF DAYLIGHT TODAY  (HOUR:MIN)........17 HOURS 19 MINUTES
GAIN/LOSS SINCE YESTERDAY (HOUR:MIN:SEC)....+0:10:59

$$
GMS APR 14
