000
CDAK49 PABR 220904
CLIBRW

CLIMATE REPORT
NATIONAL WEATHER SERVICE BARROW, AK
104 AM AKDT FRI AUG 22 2014

...................................
...THE BARROW WSO AP CLIMATE SUMMARY FOR AUGUST 21 2014...

CLIMATE NORMAL PERIOD  1981 TO  2010
CLIMATE RECORD PERIOD  1915 TO  2014

WEATHER ITEM   OBSERVED TIME    RECORD YEAR NORMAL DEPARTURE LAST
               VALUE    (LST)   VALUE       VALUE  FROM      YEAR
                                                   NORMAL
...................................................................
TEMPERATURE
YESTERDAY
 MAXIMUM            53  0436 PM    65  1940     43      10     37
 MINIMUM            41  1051 PM    22  1960     34       7     30
 AVERAGE            47                          39       8     34

PRECIPITATION
(INCHES)
 YESTERDAY        0.00           0.18  1973   0.03   -0.03      T
 MONTH TO DATE    0.02                        0.72   -0.70   1.27
 SINCE JUN 1      2.50                        2.02    0.48   3.72
 SINCE JAN 1      4.12                        2.72    1.40   4.94

SNOWFALL
(INCHES)
 YESTERDAY         0.0            2.8  2003    0.0     0.0    0.1
 MONTH TO DATE       T                         0.4    -0.4    0.4
 SINCE JUN 1       1.8                         1.3     0.5    0.7
 SINCE JUL 1       0.9                         0.6     0.3    0.4
 SNOW DEPTH (IN)     0                                          T

DEGREE DAYS
 HEATING
  YESTERDAY         18                          26      -8     31
  MONTH TO DATE    576                         533      43    496
  SINCE JUN 1     2337                        2160     177   1903
  SINCE JUL 1     1404                        1280     124   1125

 COOLING
  YESTERDAY          0                           0       0      0
  MONTH TO DATE      0                           0       0      0
  SINCE JUN 1        0                           0       0      0
  SINCE JAN 1        0                           0       0      0
...................................................................

WIND (MPH)
 HIGHEST WIND SPEED    14     HIGHEST WIND DIRECTION    130
 HIGHEST GUST SPEED    16     HIGHEST GUST DIRECTION    130
 AVERAGE WIND SPEED   7.5

WEATHER CONDITIONS
 THE FOLLOWING WEATHER WAS RECORDED YESTERDAY.
  FOG


RELATIVE HUMIDITY
 HIGHEST RH     100 PERCENT       10:53 PM
 LOWEST  RH     80 PERCENT       03:53 PM
 AVERAGE RH     95 PERCENT       MM
...................................................................

THE BARROW CLIMATE NORMALS FOR TODAY
                           NORMAL    RECORD   YEAR
 MAXIMUM TEMPERATURE (F)     43        63     2012
 MINIMUM TEMPERATURE (F)     34        22     1933

SUNRISE AND SUNSET
 AUG 22 2014..........SUNRISE  5:46 AM      SUNSET 11:11 PM
 AUG 23 2014..........SUNRISE  5:52 AM      SUNSET 11:05 PM

-  INDICATES NEGATIVE NUMBERS.
R  INDICATES RECORD HAS BEEN SET OR TIED.
MM INDICATES DATA IS MISSING.
T  INDICATES TRACE OF PRECIPITATION.

&&
-------------------------------------------------------------------

AMOUNT OF DAYLIGHT TODAY  (HOUR:MIN)........17 HOURS 25 MINUTES
GAIN/LOSS SINCE YESTERDAY (HOUR:MIN:SEC)....-0:11:03

$$
DZB AUG 14
