000
CDAK49 PABR 060909
CLIBRW

CLIMATE REPORT
NATIONAL WEATHER SERVICE BARROW, AK
1209 AM AKST SAT FEB 6 2016

...................................
...THE BARROW WSO AP CLIMATE SUMMARY FOR FEBRUARY 5 2016...

CLIMATE NORMAL PERIOD  1981 TO  2010
CLIMATE RECORD PERIOD  1915 TO  2016

WEATHER ITEM   OBSERVED TIME    RECORD YEAR NORMAL DEPARTURE LAST
               VALUE    (LST)   VALUE       VALUE  FROM      YEAR
                                                   NORMAL
...................................................................
TEMPERATURE
YESTERDAY
 MAXIMUM            -5  0833 AM    29  1989     -8       3     -4
 MINIMUM           -18  0812 PM   -49  1968    -20       2    -36
 AVERAGE           -12                         -14       2    -20

PRECIPITATION
(INCHES)
 YESTERDAY        0.00           0.12  1950   0.00    0.00      T
 MONTH TO DATE       T                        0.02   -0.02   0.01
 SINCE DEC 1      0.34                        0.29    0.05   0.47
 SINCE JAN 1      0.30                        0.15    0.15   0.27

SNOWFALL
(INCHES)
 YESTERDAY         0.0            1.2  1950    0.1    -0.1    0.1
 MONTH TO DATE     0.1                         0.5    -0.4    0.2
 SINCE DEC 1       7.9                         6.6     1.3    7.8
 SINCE JUL 1      21.1                        26.9    -5.8   38.9
 SNOW DEPTH (IN)     7                                          7

DEGREE DAYS
 HEATING
  YESTERDAY         77                          79      -2     85
  MONTH TO DATE    349                         395     -46    374
  SINCE DEC 1     4698                        5081    -383   4916
  SINCE JUL 1    10512                       11031    -519  10554

 COOLING
  YESTERDAY          0                           0       0      0
  MONTH TO DATE      0                           0       0      0
  SINCE DEC 1        0                           0       0      0
  SINCE JAN 1        0                           0       0      0
...................................................................

WIND (MPH)
 HIGHEST WIND SPEED    30     HIGHEST WIND DIRECTION     50
 HIGHEST GUST SPEED    39     HIGHEST GUST DIRECTION     60
 AVERAGE WIND SPEED  18.4

WEATHER CONDITIONS
 THE FOLLOWING WEATHER WAS RECORDED YESTERDAY.
  SMOKE OR HAZE
FOG
BLOWING SNOW


...................................................................

THE BARROW CLIMATE NORMALS FOR TODAY
                           NORMAL    RECORD   YEAR
 MAXIMUM TEMPERATURE (F)     -8        33     1982
 MINIMUM TEMPERATURE (F)    -20       -48     1968

SUNRISE AND SUNSET
 FEB 6 2016..........SUNRISE 11:06 AM      SUNSET  4:19 PM
 FEB 7 2016..........SUNRISE 11:00 AM      SUNSET  4:25 PM

-  INDICATES NEGATIVE NUMBERS.
R  INDICATES RECORD HAS BEEN SET OR TIED.
MM INDICATES DATA IS MISSING.
T  INDICATES TRACE OF PRECIPITATION.

&&
-------------------------------------------------------------------

AMOUNT OF DAYLIGHT TODAY  (HOUR:MIN)........5 HOURS 13 MINUTES
GAIN/LOSS SINCE YESTERDAY (HOUR:MIN:SEC)....+0:12:32

$$
*** FEB 16
