000
CDAK49 PAFG 230941
CLIBRW

CLIMATE REPORT
NATIONAL WEATHER SERVICE FAIRBANKS AK
1241 AM AKST MON JAN 23 2017


...................................

...THE BARROW AK CLIMATE SUMMARY FOR JANUARY 22 2017...

CLIMATE NORMAL PERIOD 1981 TO 2010
CLIMATE RECORD PERIOD 1920 TO 2017


WEATHER ITEM   OBSERVED TIME   RECORD YEAR NORMAL DEPARTURE LAST
                VALUE   (LST)  VALUE       VALUE  FROM      YEAR
                                                  NORMAL
..................................................................
TEMPERATURE (F)
 YESTERDAY
  MAXIMUM         -2    256 AM  30    1961  -8      6      -11
  MINIMUM        -29   1144 PM -46    2002 -20     -9      -24
                                      1968
  AVERAGE        -15                       -14     -1      -17

PRECIPITATION (IN)
  YESTERDAY        T             0.08 1954   0.01  -0.01      T
  MONTH TO DATE    0.46                      0.10   0.36     0.53
  SINCE DEC 1      0.76                      0.24   0.52     0.54
  SINCE JAN 1      0.46                      0.10   0.36     0.53

SNOWFALL (IN)
  YESTERDAY        T             1.5  1938   0.1   -0.1       T
  MONTH TO DATE    4.4                       1.9    2.5      0.9
  SINCE DEC 1      8.6                       5.4    3.2      1.3
  SINCE JUL 1     21.7                      25.7   -4.0      4.8
  SNOW DEPTH       6

DEGREE DAYS
 HEATING
  YESTERDAY       80                        79      1       82
  MONTH TO DATE 1414                      1718   -304     1428
  SINCE DEC 1   3418                      3975   -557     3762
  SINCE JUL 1   8373                      9927  -1554     8823

 COOLING
  YESTERDAY        0                         0      0        0
  MONTH TO DATE    0                         0      0        0
  SINCE DEC 1      0                         0      0        0
  SINCE JAN 1      0                         0      0        0
..................................................................


WIND (MPH)
  HIGHEST GUST SPEED    23   HIGHEST GUST DIRECTION     W (260)


SKY COVER
  AVERAGE SKY COVER 0.5


WEATHER CONDITIONS
 THE FOLLOWING WEATHER WAS RECORDED YESTERDAY.
  LIGHT SNOW
  FOG
  HAZE


RELATIVE HUMIDITY (PERCENT)
 HIGHEST    82
 LOWEST     69
 AVERAGE    76

..........................................................


THE BARROW AK CLIMATE NORMALS FOR TODAY
                         NORMAL    RECORD    YEAR
 MAXIMUM TEMPERATURE (F)   -8        25      1930
 MINIMUM TEMPERATURE (F)  -20       -47      1947


SUNRISE AND SUNSET
JANUARY 23 2017.......SUNRISE  1255 PM AKST  SUNSET   225 PM AKST
JANUARY 24 2017.......SUNRISE  1241 PM AKST  SUNSET   239 PM AKST

-  INDICATES NEGATIVE NUMBERS.
R  INDICATES RECORD WAS SET OR TIED.
MM INDICATES DATA IS MISSING.
T  INDICATES TRACE AMOUNT.

&&

SNOW DEPTH IS MEASURED AT 3AM AKST/4AM AKDT.

----------------------------
AVAILABLE DAYLIGHT

AMOUNT OF DAYLIGHT TODAY  (HOUR:MIN)........1:30
GAIN/LOSS SINCE YESTERDAY (HOUR:MIN:SEC)....+0:42:09

$$
SDB JAN 17
