000
CDAK49 PAFG 210046
CLIBRW

CLIMATE REPORT
NATIONAL WEATHER SERVICE FAIRBANKS AK
446 PM AKDT FRI OCT 20 2017


...................................

...THE BARROW AK CLIMATE SUMMARY FOR OCTOBER 20 2017...
VALID TODAY AS OF 0400 PM LOCAL TIME.

CLIMATE NORMAL PERIOD 1981 TO 2010
CLIMATE RECORD PERIOD 1920 TO 2017


WEATHER ITEM   OBSERVED TIME   RECORD YEAR NORMAL DEPARTURE LAST
                VALUE   (LST)  VALUE       VALUE  FROM      YEAR
                                                  NORMAL
..................................................................
TEMPERATURE (F)
 TODAY
  MAXIMUM         24    728 AM  37    1925  20      4       31
  MINIMUM         16   1224 AM -17    1933  10      6       28
  AVERAGE         20                        15      5       30

PRECIPITATION (IN)
  TODAY            0.06          0.13 2003   0.01   0.05     0.01
  MONTH TO DATE    0.56                      0.29   0.27     0.09
  SINCE SEP 1      1.25                      1.01   0.24     0.86
  SINCE JAN 1      6.92                      4.06   2.86     6.51

SNOWFALL (IN)
  TODAY            0.6           2.1  2011   0.3    0.3      0.1
  MONTH TO DATE    1.6                       5.8   -4.2      1.3
  SINCE SEP 1      4.1                      10.2   -6.1      3.3
  SINCE JUL 1      4.9                      11.3   -6.4      5.1
  SNOW DEPTH       1

DEGREE DAYS
 HEATING
  TODAY           45                        50     -5       35
  MONTH TO DATE  748                       889   -141      656
  SINCE SEP 1   1644                      1875   -231     1562
  SINCE JUL 1   2987                      3430   -443     2991

 COOLING
  TODAY            0                         0      0        0
  MONTH TO DATE    0                         0      0        0
  SINCE SEP 1      0                         0      0        0
  SINCE JAN 1      0                         0      0        0
..................................................................


WIND (MPH)
  HIGHEST GUST SPEED    35   HIGHEST GUST DIRECTION    NE (50)


SKY COVER
  AVERAGE SKY COVER 1.0


WEATHER CONDITIONS
 THE FOLLOWING WEATHER WAS RECORDED TODAY.
  SNOW
  LIGHT SNOW
  FOG
  BLOWING SNOW


RELATIVE HUMIDITY (PERCENT)
 HIGHEST    96
 LOWEST     62
 AVERAGE    79

..........................................................


THE BARROW AK CLIMATE NORMALS FOR TOMORROW
                         NORMAL    RECORD    YEAR
 MAXIMUM TEMPERATURE (F)   19        34      2005
                                             1949
 MINIMUM TEMPERATURE (F)    9       -21      1983


SUNRISE AND SUNSET
OCTOBER 20 2017.......SUNRISE  1014 AM AKDT  SUNSET   609 PM AKDT
OCTOBER 21 2017.......SUNRISE  1019 AM AKDT  SUNSET   604 PM AKDT

-  INDICATES NEGATIVE NUMBERS.
R  INDICATES RECORD WAS SET OR TIED.
MM INDICATES DATA IS MISSING.
T  INDICATES TRACE AMOUNT.

&&

SNOW DEPTH IS MEASURED AT 3AM AKST/4AM AKDT.

----------------------------
AVAILABLE DAYLIGHT

AMOUNT OF DAYLIGHT TODAY  (HOUR:MIN)........7:55
GAIN/LOSS SINCE YESTERDAY (HOUR:MIN:SEC)....-0:10:02

$$
HFL OCT 17
