000
CDAK49 PABR 210913
CLIBRW

CLIMATE REPORT
NATIONAL WEATHER SERVICE BARROW, AK
1213 AM AKST SUN DEC 21 2014

...................................
...THE BARROW WSO AP CLIMATE SUMMARY FOR DECEMBER 20 2014...

CLIMATE NORMAL PERIOD  1981 TO  2010
CLIMATE RECORD PERIOD  1915 TO  2014

WEATHER ITEM   OBSERVED TIME    RECORD YEAR NORMAL DEPARTURE LAST
               VALUE    (LST)   VALUE       VALUE  FROM      YEAR
                                                   NORMAL
...................................................................
TEMPERATURE
YESTERDAY
 MAXIMUM             2  1112 PM    31  1924     -3       5      0
 MINIMUM            -9   950 AM   -40  1997    -15       6    -18
 AVERAGE            -4                          -9       5     -9

PRECIPITATION
(INCHES)
 YESTERDAY           T           0.07  1990   0.00       T   0.01
 MONTH TO DATE    0.05                        0.09   -0.04   1.13
 SINCE DEC 1      0.05                        0.09   -0.04   1.13
 SINCE JAN 1      7.27                        4.48    2.79   8.35

SNOWFALL
(INCHES)
 YESTERDAY         0.1            1.2  1990    0.1     0.0    0.1
 MONTH TO DATE     1.1                         2.4    -1.3   12.8
 SINCE DEC 1       1.1                         2.4    -1.3   12.8
 SINCE JUL 1      32.2                        22.7     9.5   36.7
 SNOW DEPTH (IN)     4                                          8

DEGREE DAYS
 HEATING
  YESTERDAY         69                          74      -5     74
  MONTH TO DATE   1492                        1432      60   1254
  SINCE DEC 1     1480                        1432      48   1247
  SINCE JUL 1     7082                        7382    -300   6627

 COOLING
  YESTERDAY          0                           0       0      0
  MONTH TO DATE      0                           0       0      0
  SINCE DEC 1        0                           0       0      0
  SINCE JAN 1        0                           0       0      0
...................................................................

WIND (MPH)
 HIGHEST WIND SPEED    22     HIGHEST WIND DIRECTION     60
 HIGHEST GUST SPEED    26     HIGHEST GUST DIRECTION     60
 AVERAGE WIND SPEED  15.7

SKY COVER
  POSSIBLE SUNSHINE    MM          AVERAGE SKY COVER     MM

WEATHER CONDITIONS
 THE FOLLOWING WEATHER WAS RECORDED YESTERDAY.
 FOG
 BLOWING SNOW
 SNOW


RELATIVE HUMIDITY
 HIGHEST RH     91 PERCENT       753 PM
 LOWEST  RH     75 PERCENT       653 PM
 AVERAGE RH     83 PERCENT
...................................................................

THE BARROW CLIMATE NORMALS FOR TODAY
                           NORMAL    RECORD   YEAR
 MAXIMUM TEMPERATURE (F)     -3        32     1998
 MINIMUM TEMPERATURE (F)    -15       -42     2007

SUNRISE AND SUNSET
 DEC 21 2014..........SUNRISE  --.--      SUNSET --.--
 DEC 22 2014..........SUNRISE  --.--      SUNSET --.--

-  INDICATES NEGATIVE NUMBERS.
R  INDICATES RECORD HAS BEEN SET OR TIED.
MM INDICATES DATA IS MISSING.
T  INDICATES TRACE OF PRECIPITATION.

&&
-------------------------------------------------------------------

AMOUNT OF DAYLIGHT TODAY  (HOUR:MIN)........0 HOURS 00 MINUTES
GAIN/LOSS SINCE YESTERDAY (HOUR:MIN:SEC)....+0:00:00

$$
JML DEC 14
