000
CDAK49 PABR 030901
CLIBRW

CLIMATE REPORT
NATIONAL WEATHER SERVICE BARROW, AK
102 AM AKDT THU SEP 3 2015

...................................
...THE BARROW WSO AP CLIMATE SUMMARY FOR SEPTEMBER 2 2015...

CLIMATE NORMAL PERIOD  1981 TO  2010
CLIMATE RECORD PERIOD  1915 TO  2015

WEATHER ITEM   OBSERVED TIME    RECORD YEAR NORMAL DEPARTURE LAST
               VALUE    (LST)   VALUE       VALUE  FROM      YEAR
                                                   NORMAL
...................................................................
TEMPERATURE
YESTERDAY
 MAXIMUM            45  0211 PM    61  1954     40       5     35
 MINIMUM            35  1159 PM    22  1980     32       3     27
 AVERAGE            40                          36       4     31

PRECIPITATION
(INCHES)
 YESTERDAY        0.04           0.42  2014   0.03    0.01   0.42
 MONTH TO DATE    0.05                        0.06   -0.01   0.42
 SINCE SEP 1      0.05                        0.06   -0.01   0.42
 SINCE JAN 1      4.76                        3.11    1.65   4.97

SNOWFALL
(INCHES)
 YESTERDAY         0.0            4.4  2014    0.1    -0.1    4.4
 MONTH TO DATE     0.0                         0.2    -0.2    4.4
 SINCE SEP 1       0.0                         0.2    -0.2    4.4
 SINCE JUL 1       0.8                         1.3    -0.5    5.8
 SNOW DEPTH (IN)     0                                          2

DEGREE DAYS
 HEATING
  YESTERDAY         25                          29      -4     34
  MONTH TO DATE     51                          57      -6     63
  SINCE SEP 1       51                          57      -6     63
  SINCE JUL 1     1629                        1611      18   1729

 COOLING
  YESTERDAY          0                           0       0      0
  MONTH TO DATE      0                           0       0      0
  SINCE SEP 1        0                           0       0      0
  SINCE JAN 1        0                           0       0      0
...................................................................

WIND (MPH)
 HIGHEST WIND SPEED    18     HIGHEST WIND DIRECTION    100
 HIGHEST GUST SPEED    22     HIGHEST GUST DIRECTION    100
 AVERAGE WIND SPEED   9.4

WEATHER CONDITIONS
 THE FOLLOWING WEATHER WAS RECORDED YESTERDAY.
  FOG
RAIN


RELATIVE HUMIDITY
 HIGHEST RH     MM PERCENT       MM
 LOWEST  RH     MM PERCENT       MM
 AVERAGE RH     MM PERCENT       MM
...................................................................

THE BARROW CLIMATE NORMALS FOR TODAY
                           NORMAL    RECORD   YEAR
 MAXIMUM TEMPERATURE (F)     40        53     2000
 MINIMUM TEMPERATURE (F)     32        20     1955

SUNRISE AND SUNSET
 SEP 3 2015..........SUNRISE  6:44 AM      SUNSET 10:07 PM
 SEP 4 2015..........SUNRISE  6:48 AM      SUNSET 10:02 PM

-  INDICATES NEGATIVE NUMBERS.
R  INDICATES RECORD HAS BEEN SET OR TIED.
MM INDICATES DATA IS MISSING.
T  INDICATES TRACE OF PRECIPITATION.

&&
-------------------------------------------------------------------

AMOUNT OF DAYLIGHT TODAY  (HOUR:MIN)........15 HOURS 23 MINUTES
GAIN/LOSS SINCE YESTERDAY (HOUR:MIN:SEC)....-0:09:49

$$
DZB SEP 15
