000
CDAK49 PABR 250903
CLIBRW

CLIMATE REPORT
NATIONAL WEATHER SERVICE BARROW, AK
103 AM AKDT FRI JUL 25 2014

...................................
...THE BARROW WSO AP CLIMATE SUMMARY FOR JULY 24 2014...

CLIMATE NORMAL PERIOD  1981 TO  2010
CLIMATE RECORD PERIOD  1915 TO  2014

WEATHER ITEM   OBSERVED TIME    RECORD YEAR NORMAL DEPARTURE LAST
               VALUE    (LST)   VALUE       VALUE  FROM      YEAR
                                                   NORMAL
...................................................................
TEMPERATURE
YESTERDAY
 MAXIMUM            36  0511 PM    68  1981     47     -11     39
 MINIMUM            31  0550 AM    23  1931     35      -4     36
 AVERAGE            34                          41      -7     38

PRECIPITATION
(INCHES)
 YESTERDAY        0.01           0.44  1989   0.03   -0.02   0.01
 MONTH TO DATE    0.96                        0.73    0.23   0.82
 SINCE JUN 1      2.43                        1.05    1.38   1.59
 SINCE JAN 1      4.05                        1.75    2.30   2.81

SNOWFALL
(INCHES)
 YESTERDAY         0.2            0.6  1945    0.0     0.2    0.0
 MONTH TO DATE     0.4                         0.1     0.3    0.0
 SINCE JUN 1       1.3                         0.8     0.5    0.3
 SINCE JUL 1       0.4                         0.1     0.3    0.0
 SNOW DEPTH (IN)     0                                          0

DEGREE DAYS
 HEATING
  YESTERDAY         31                          24       7     27
  MONTH TO DATE    630                         579      51    475
  SINCE JUN 1     1563                        1459     104   1253
  SINCE JUL 1      630                         579      51    475

 COOLING
  YESTERDAY          0                           0       0      0
  MONTH TO DATE      0                           0       0      0
  SINCE JUN 1        0                           0       0      0
  SINCE JAN 1        0                           0       0      0
...................................................................

WIND (MPH)
 HIGHEST WIND SPEED    17     HIGHEST WIND DIRECTION    350
 HIGHEST GUST SPEED    22     HIGHEST GUST DIRECTION    360
 AVERAGE WIND SPEED  10.8

WEATHER CONDITIONS
 THE FOLLOWING WEATHER WAS RECORDED YESTERDAY.
  FOG
SNOW


RELATIVE HUMIDITY
 HIGHEST RH     100 PERCENT       05:02 PM
 LOWEST  RH     85 PERCENT       09:53 PM
 AVERAGE RH     95 PERCENT       MM
...................................................................

THE BARROW CLIMATE NORMALS FOR TODAY
                           NORMAL    RECORD   YEAR
 MAXIMUM TEMPERATURE (F)     47        68     1932
 MINIMUM TEMPERATURE (F)     35        23     1931

SUNRISE AND SUNSET
 JUL 25 2014..........SUNRISE  **.**      SUNSET **.**
 JUL 26 2014..........SUNRISE  **.**      SUNSET **.**

-  INDICATES NEGATIVE NUMBERS.
R  INDICATES RECORD HAS BEEN SET OR TIED.
MM INDICATES DATA IS MISSING.
T  INDICATES TRACE OF PRECIPITATION.

&&
-------------------------------------------------------------------

AMOUNT OF DAYLIGHT TODAY  (HOUR:MIN)........24 HOURS 00 MINUTES
GAIN/LOSS SINCE YESTERDAY (HOUR:MIN:SEC)....+0:00:00

$$
DZB JUL 14
