000
CDAK49 PAFG 160955
CLIBRW

CLIMATE REPORT
NATIONAL WEATHER SERVICE FAIRBANKS AK
155 AM AKDT WED AUG 16 2017


...................................

...THE BARROW AK CLIMATE SUMMARY FOR AUGUST 15 2017...

CLIMATE NORMAL PERIOD 1981 TO 2010
CLIMATE RECORD PERIOD 1920 TO 2017


WEATHER ITEM   OBSERVED TIME   RECORD YEAR NORMAL DEPARTURE LAST
                VALUE   (LST)  VALUE       VALUE  FROM      YEAR
                                                  NORMAL
..................................................................
TEMPERATURE (F)
 YESTERDAY
  MAXIMUM         37    909 PM  69    1925  44     -7       43
  MINIMUM         34   1114 PM  24    1953  34      0       34
  AVERAGE         36                        39     -3       39

PRECIPITATION (IN)
  YESTERDAY        0.29          0.32 1974   0.04   0.25     0.02
  MONTH TO DATE    0.86                      0.52   0.34     0.09
  SINCE JUN 1      2.72                      1.82   0.90     1.57
  SINCE JAN 1      4.83                      2.52   2.31     4.92

SNOWFALL (IN)
  YESTERDAY        T             2.0  1929   0.1   -0.1     MM
  MONTH TO DATE    T                         0.3   -0.3       T
  SINCE JUN 1      0.5                       1.2   -0.7      1.9
  SINCE JUL 1      T                         0.5   -0.5       T
  SNOW DEPTH       0

DEGREE DAYS
 HEATING
  YESTERDAY       29                        26      3       26
  MONTH TO DATE  337                       377    -40      380
  SINCE JUN 1   1820                      2007   -187     1842
  SINCE JUL 1    919                      1126   -207     1033

 COOLING
  YESTERDAY        0                         0      0        0
  MONTH TO DATE    0                         0      0        0
  SINCE JUN 1      0                         0      0        0
  SINCE JAN 1      0                         0      0        0
..................................................................


WIND (MPH)
  HIGHEST GUST SPEED    16   HIGHEST GUST DIRECTION    NW (320)


SKY COVER
  AVERAGE SKY COVER 1.0


WEATHER CONDITIONS
 THE FOLLOWING WEATHER WAS RECORDED YESTERDAY.
  LIGHT RAIN
  LIGHT SNOW
  FOG


RELATIVE HUMIDITY (PERCENT)
 HIGHEST   100
 LOWEST     85
 AVERAGE    93

..........................................................


THE BARROW AK CLIMATE NORMALS FOR TODAY
                         NORMAL    RECORD    YEAR
 MAXIMUM TEMPERATURE (F)   44        67      2004
 MINIMUM TEMPERATURE (F)   34        20      1925


SUNRISE AND SUNSET
AUGUST 16 2017........SUNRISE   514 AM AKDT  SUNSET  1144 PM AKDT
AUGUST 17 2017........SUNRISE   520 AM AKDT  SUNSET  1138 PM AKDT

-  INDICATES NEGATIVE NUMBERS.
R  INDICATES RECORD WAS SET OR TIED.
MM INDICATES DATA IS MISSING.
T  INDICATES TRACE AMOUNT.

&&

SNOW DEPTH IS MEASURED AT 3AM AKST/4AM AKDT.

----------------------------
AVAILABLE DAYLIGHT

AMOUNT OF DAYLIGHT TODAY  (HOUR:MIN)........18:30
GAIN/LOSS SINCE YESTERDAY (HOUR:MIN:SEC)....-0:12:15

$$
AUG 17
