000
CDUS43 KGRR 211352
CLIBTL


CLIMATE REPORT
NATIONAL WEATHER SERVICE GRAND RAPIDS, MI
951 AM EDT THU SEP 21 2017


...................................

...THE BATTLE CREEK MI CLIMATE SUMMARY FOR SEPTEMBER 21 2017...
VALID AS OF 0900 AM LOCAL TIME.

CLIMATE NORMAL PERIOD 1981 TO 2010
CLIMATE RECORD PERIOD 1998 TO 2017


WEATHER ITEM   OBSERVED TIME   NORMAL DEPARTURE LAST
                VALUE   (LST)  VALUE  FROM      YEAR
                                      NORMAL
......................................................
TEMPERATURE (F)
 TODAY
  MAXIMUM         74    759 AM  71      3       83
  MINIMUM         70    617 AM  48     22       58
  AVERAGE         72            60     12       71

PRECIPITATION (IN)
  TODAY            0.00          0.13  -0.13      T
  MONTH TO DATE    0.23          2.55  -2.32     1.86
  SINCE SEP 1      0.23          2.55  -2.32     1.86
  SINCE JAN 1     21.83         24.09  -2.26    25.32

DEGREE DAYS
 HEATING
  TODAY            0             7     -7        0
  MONTH TO DATE   63            80    -17       16
  SINCE SEP 1     63            80    -17       16
  SINCE JUL 1     83           121    -38       24

 COOLING
  TODAY            7             1      6        6
  MONTH TO DATE   58            47     11       83
  SINCE SEP 1     58            47     11       83
  SINCE JAN 1    645           565     80      699
......................................................


WIND (MPH)
  RESULTANT WIND SPEED   6   RESULTANT WIND DIRECTION   S (170)
  HIGHEST WIND SPEED    10   HIGHEST WIND DIRECTION     S (190)
  HIGHEST GUST SPEED    13   HIGHEST GUST DIRECTION     S (200)
  AVERAGE WIND SPEED     6.4


SKY COVER
  AVERAGE SKY COVER 0.0


WEATHER CONDITIONS
 THE FOLLOWING WEATHER WAS RECORDED TODAY.
  NO SIGNIFICANT WEATHER WAS OBSERVED.


RELATIVE HUMIDITY (PERCENT)
 HIGHEST    97           500 AM
 LOWEST     84           100 AM
 AVERAGE    91

..........................................................


THE BATTLE CREEK MI CLIMATE NORMALS FOR TOMORROW
                         NORMAL
 MAXIMUM TEMPERATURE (F)   71
 MINIMUM TEMPERATURE (F)   47


SUNRISE AND SUNSET
SEPTEMBER 21 2017.....SUNRISE   727 AM EDT   SUNSET   739 PM EDT
SEPTEMBER 22 2017.....SUNRISE   729 AM EDT   SUNSET   738 PM EDT


-  INDICATES NEGATIVE NUMBERS.
R  INDICATES RECORD WAS SET OR TIED.
MM INDICATES DATA IS MISSING.
T  INDICATES TRACE AMOUNT.




$$
