000
CDUS43 KGRR 092237
CLIBTL


CLIMATE REPORT
NATIONAL WEATHER SERVICE GRAND RAPIDS, MI
536 PM EST FRI DEC 9 2016


...................................

...THE BATTLE CREEK MI CLIMATE SUMMARY FOR DECEMBER 9 2016...
VALID TODAY AS OF 0500 PM LOCAL TIME.

CLIMATE NORMAL PERIOD 1981 TO 2010
CLIMATE RECORD PERIOD 1998 TO 2016


WEATHER ITEM   OBSERVED TIME   NORMAL DEPARTURE LAST
                VALUE   (LST)  VALUE  FROM      YEAR
                                      NORMAL
......................................................
TEMPERATURE (F)
 TODAY
  MAXIMUM         28    203 PM  37     -9       51
  MINIMUM         24    459 PM  22      2       34
  AVERAGE         26            29     -3       43

PRECIPITATION (IN)
  TODAY            0.09          0.07   0.02     0.00
  MONTH TO DATE    0.61          0.62  -0.01     0.14
  SINCE DEC 1      0.61          0.62  -0.01     0.14
  SINCE JAN 1     30.99         31.78  -0.79    30.54

DEGREE DAYS
 HEATING
  TODAY           39            36      3       22
  MONTH TO DATE  287           308    -21      243
  SINCE DEC 1    287           308    -21      243
  SINCE JUL 1   1130          1746   -616     1293

 COOLING
  TODAY            0             0      0        0
  MONTH TO DATE    0             0      0        0
  SINCE DEC 1      0             0      0        0
  SINCE JAN 1    727           578    149      720
......................................................


WIND (MPH)
  RESULTANT WIND SPEED   8   RESULTANT WIND DIRECTION   W (280)
  HIGHEST WIND SPEED    18   HIGHEST WIND DIRECTION    NW (300)
  HIGHEST GUST SPEED    23   HIGHEST GUST DIRECTION     W (280)
  AVERAGE WIND SPEED     8.9


SKY COVER
  AVERAGE SKY COVER 1.0


WEATHER CONDITIONS
 THE FOLLOWING WEATHER WAS RECORDED TODAY.
  SNOW
  LIGHT SNOW
  FOG


RELATIVE HUMIDITY (PERCENT)
 HIGHEST   100           400 AM
 LOWEST     75           300 PM
 AVERAGE    88

..........................................................


THE BATTLE CREEK MI CLIMATE NORMALS FOR TOMORROW
                         NORMAL
 MAXIMUM TEMPERATURE (F)   37
 MINIMUM TEMPERATURE (F)   21


SUNRISE AND SUNSET
DECEMBER  9 2016......SUNRISE   758 AM EST   SUNSET   508 PM EST
DECEMBER 10 2016......SUNRISE   759 AM EST   SUNSET   509 PM EST


-  INDICATES NEGATIVE NUMBERS.
R  INDICATES RECORD WAS SET OR TIED.
MM INDICATES DATA IS MISSING.
T  INDICATES TRACE AMOUNT.




$$
