000
CDUS43 KGRR 252134
CLIBTL


CLIMATE REPORT
NATIONAL WEATHER SERVICE GRAND RAPIDS, MI
534 PM EDT MON JUL 25 2016


...................................

...THE BATTLE CREEK MI CLIMATE SUMMARY FOR JULY 25 2016...
VALID TODAY AS OF 0500 PM LOCAL TIME.

CLIMATE NORMAL PERIOD 1981 TO 2010
CLIMATE RECORD PERIOD 1998 TO 2016


WEATHER ITEM   OBSERVED TIME   NORMAL DEPARTURE LAST
                VALUE   (LST)  VALUE  FROM      YEAR
                                      NORMAL
......................................................
TEMPERATURE (F)
 TODAY
  MAXIMUM         84    330 PM  82      2       86
  MINIMUM         70    243 AM  59     11       66
  AVERAGE         77            71      6       76

PRECIPITATION (IN)
  TODAY            0.01          0.11  -0.10     0.00
  MONTH TO DATE    3.57          2.69   0.88     4.21
  SINCE JUN 1      4.97          5.92  -0.95    12.78
  SINCE JAN 1     14.81         17.40  -2.59    21.03

DEGREE DAYS
 HEATING
  TODAY            0             0      0        0
  MONTH TO DATE    5             6     -1        7
  SINCE JUN 1     39            63    -24       30
  SINCE JUL 1      5             6     -1        7

 COOLING
  TODAY           12             6      6       11
  MONTH TO DATE  182           162     20      138
  SINCE JUN 1    318           288     30      278
  SINCE JAN 1    373           326     47      351
......................................................


WIND (MPH)
  RESULTANT WIND SPEED   9   RESULTANT WIND DIRECTION   W (290)
  HIGHEST WIND SPEED    20   HIGHEST WIND DIRECTION     W (250)
  HIGHEST GUST SPEED    23   HIGHEST GUST DIRECTION     W (250)
  AVERAGE WIND SPEED    10.2


SKY COVER
  AVERAGE SKY COVER 0.4


WEATHER CONDITIONS
 THE FOLLOWING WEATHER WAS RECORDED TODAY.
  LIGHT RAIN


RELATIVE HUMIDITY (PERCENT)
 HIGHEST    93           200 AM
 LOWEST     51           400 PM
 AVERAGE    72

..........................................................


THE BATTLE CREEK MI CLIMATE NORMALS FOR TOMORROW
                         NORMAL
 MAXIMUM TEMPERATURE (F)   82
 MINIMUM TEMPERATURE (F)   59


SUNRISE AND SUNSET
JULY 25 2016..........SUNRISE   627 AM EDT   SUNSET   907 PM EDT
JULY 26 2016..........SUNRISE   628 AM EDT   SUNSET   906 PM EDT


-  INDICATES NEGATIVE NUMBERS.
R  INDICATES RECORD WAS SET OR TIED.
MM INDICATES DATA IS MISSING.
T  INDICATES TRACE AMOUNT.




$$

jam
