000
CDUS43 KGRR 192124
CLIBTL


CLIMATE REPORT
NATIONAL WEATHER SERVICE GRAND RAPIDS, MI
524 PM EDT SAT APR 19 2014


...................................

...THE BATTLE CREEK MI CLIMATE SUMMARY FOR APRIL 19 2014...
VALID TODAY AS OF 0500 PM LOCAL TIME.

CLIMATE NORMAL PERIOD 1981 TO 2010
CLIMATE RECORD PERIOD 9999 TO 9999


WEATHER ITEM   OBSERVED TIME   RECORD YEAR NORMAL DEPARTURE LAST
                VALUE   (LST)  VALUE       VALUE  FROM      YEAR
                                                  NORMAL
..................................................................
TEMPERATURE (F)
 TODAY
  MAXIMUM         61    328 PM  MM      MM  62     -1       59
  MINIMUM         34    624 AM  MM      MM  37     -3       32
  AVERAGE         48                        50     -2       46

PRECIPITATION (IN)
  TODAY            0.00         MM      MM   0.09  -0.09     0.48
  MONTH TO DATE    1.42                      1.75  -0.33     4.32
  SINCE MAR 1      2.38                      3.66  -1.28     4.86
  SINCE JAN 1      3.91                      6.66  -2.75     9.59

DEGREE DAYS
 HEATING
  TODAY           17                        16      1       19
  MONTH TO DATE  379                       363     16      405
  SINCE MAR 1   1548                      1273    275     1447
  SINCE JUL 1   7002                      6238    764     6042

 COOLING
  TODAY            0                         0      0        0
  MONTH TO DATE    0                         0      0        0
  SINCE MAR 1      0                         0      0        0
  SINCE JAN 1      0                         0      0        0
..................................................................


WIND (MPH)
  RESULTANT WIND SPEED   8   RESULTANT WIND DIRECTION   E (80)
  HIGHEST WIND SPEED    16   HIGHEST WIND DIRECTION    NE (50)
  HIGHEST GUST SPEED    21   HIGHEST GUST DIRECTION    NE (50)
  AVERAGE WIND SPEED     9.5



WEATHER CONDITIONS
 THE FOLLOWING WEATHER WAS RECORDED TODAY.
  NO SIGNIFICANT WEATHER WAS OBSERVED.


RELATIVE HUMIDITY (PERCENT)
 HIGHEST    82           400 AM
 LOWEST     27           400 PM
 AVERAGE    55

..........................................................




SUNRISE AND SUNSET
APRIL 19 2014.........SUNRISE   654 AM EDT   SUNSET   827 PM EDT
APRIL 20 2014.........SUNRISE   652 AM EDT   SUNSET   828 PM EDT


-  INDICATES NEGATIVE NUMBERS.
R  INDICATES RECORD WAS SET OR TIED.
MM INDICATES DATA IS MISSING.
T  INDICATES TRACE AMOUNT.




$$
