000
CDUS45 KMSO 270738
CLIBTM


CLIMATE REPORT
NATIONAL WEATHER SERVICE MISSOULA, MT
137 AM MDT WED JUL 27 2016


...................................

...THE BUTTE MT CLIMATE SUMMARY FOR JULY 26 2016...

CLIMATE NORMAL PERIOD 1981 TO 2010
CLIMATE RECORD PERIOD 1895 TO 2016


WEATHER ITEM   OBSERVED TIME   RECORD YEAR NORMAL DEPARTURE LAST
                VALUE   (LST)  VALUE       VALUE  FROM      YEAR
                                                  NORMAL
..................................................................
TEMPERATURE (F)
 YESTERDAY
  MAXIMUM         83   1235 PM  96    1931  83      0       80
  MINIMUM         43    451 AM  36    1999  47     -4       46
  AVERAGE         63                        65     -2       63

PRECIPITATION (IN)
  YESTERDAY        0.02          1.10 1909   0.04  -0.02      T
  MONTH TO DATE    0.94                      1.14  -0.20     1.10
  SINCE OCT 1      8.14                     10.20  -2.06     7.77
  SINCE JAN 1      5.40                      8.31  -2.91     5.38

SNOWFALL (IN)
  YESTERDAY       MM
  MONTH TO DATE   MM
  SINCE JAN 1     MM
  SINCE JUL 1     MM
  SNOW DEPTH      MM

DEGREE DAYS
 HEATING
  YESTERDAY        2                         2      0        2
  MONTH TO DATE  132                        89     43       67
  SINCE JUN 1    321                       376    -55      215
  SINCE JUL 1    132                        89     43       67

 COOLING
  YESTERDAY        0                         2     -2        0
  MONTH TO DATE   17                        39    -22       20
  SINCE JUN 1     40                        46     -6       66
  SINCE JAN 1     40                        46     -6       66
..................................................................


WIND (MPH)
  HIGHEST WIND SPEED    22   HIGHEST WIND DIRECTION    SW (210)
  HIGHEST GUST SPEED    33   HIGHEST GUST DIRECTION    SW (210)
  AVERAGE WIND SPEED     5.9


SKY COVER
  POSSIBLE SUNSHINE  MM
  AVERAGE SKY COVER 0.1


WEATHER CONDITIONS
 THE FOLLOWING WEATHER WAS RECORDED YESTERDAY.
  THUNDERSTORM
  LIGHT RAIN


RELATIVE HUMIDITY (PERCENT)
 HIGHEST    83           600 AM
 LOWEST     17           100 PM
 AVERAGE    50

..........................................................


THE BUTTE MT CLIMATE NORMALS FOR TODAY
                         NORMAL    RECORD    YEAR
 MAXIMUM TEMPERATURE (F)   83        95      1999
                                             1935
 MINIMUM TEMPERATURE (F)   47        38      1963


SUNRISE AND SUNSET
JULY 27 2016..........SUNRISE   607 AM MDT   SUNSET   905 PM MDT
JULY 28 2016..........SUNRISE   609 AM MDT   SUNSET   904 PM MDT


-  INDICATES NEGATIVE NUMBERS.
R  INDICATES RECORD WAS SET OR TIED.
MM INDICATES DATA IS MISSING.
T  INDICATES TRACE AMOUNT.




$$
