000
CDUS44 KLIX 180820
CLIBTR


CLIMATE REPORT
NATIONAL WEATHER SERVICE NEW ORLEANS
220 AM CST SAT NOV 18 2017


...................................

...THE BATON ROUGE  ASOS CLIMATE SUMMARY FOR NOVEMBER 17 2017...

CLIMATE NORMAL PERIOD 1981 TO 2010
CLIMATE RECORD PERIOD 1894 TO 2017


WEATHER ITEM   OBSERVED TIME   RECORD YEAR NORMAL DEPARTURE LAST
                VALUE   (LST)  VALUE       VALUE  FROM      YEAR
                                                  NORMAL
..................................................................
TEMPERATURE (F)
 YESTERDAY
  MAXIMUM         79    234 PM  86    1921  71      8       82
                                      1913
  MINIMUM         54    624 AM  28    1920  48      6       47
  AVERAGE         67                        60      7       65

PRECIPITATION (IN)
  YESTERDAY        0.00          2.64 2015   0.13  -0.13     0.00
  MONTH TO DATE    1.79                      2.33  -0.54     0.40
  SINCE SEP 1      5.49                     11.57  -6.08     3.49
  SINCE JAN 1     60.88                     53.28   7.60    78.64

SNOWFALL (IN)
  YESTERDAY        0.0
  MONTH TO DATE    0.0
  SINCE SEP 1      0.0
  SINCE JUL 1      0.0
  SNOW DEPTH       0

DEGREE DAYS
 HEATING
  YESTERDAY        0                         7     -7        0
  MONTH TO DATE   29                        83    -54       25
  SINCE SEP 1     86                       129    -43       32
  SINCE JUL 1     86                       129    -43       32

 COOLING
  YESTERDAY        2                         1      1        0
  MONTH TO DATE   70                        36     34       52
  SINCE SEP 1    708                       625     83      824
  SINCE JAN 1   2967                      2786    181     3100
..................................................................


WIND (MPH)
  HIGHEST WIND SPEED    15   HIGHEST WIND DIRECTION     S (190)
  HIGHEST GUST SPEED    20   HIGHEST GUST DIRECTION     S (170)
  AVERAGE WIND SPEED     7.0


SKY COVER
  POSSIBLE SUNSHINE  MM
  AVERAGE SKY COVER 0.2


WEATHER CONDITIONS
 THE FOLLOWING WEATHER WAS RECORDED YESTERDAY.
  FOG
  HAZE


RELATIVE HUMIDITY (PERCENT)
 HIGHEST   100           600 AM
 LOWEST     36          1200 PM
 AVERAGE    68

..........................................................


THE BATON ROUGE  ASOS CLIMATE NORMALS FOR TODAY
                         NORMAL    RECORD    YEAR
 MAXIMUM TEMPERATURE (F)   71        87      1942
                                             1921
                                             1913
 MINIMUM TEMPERATURE (F)   48        25      1959


SUNRISE AND SUNSET
NOVEMBER 18 2017......SUNRISE   633 AM CST   SUNSET   506 PM CST
NOVEMBER 19 2017......SUNRISE   634 AM CST   SUNSET   506 PM CST


-  INDICATES NEGATIVE NUMBERS.
R  INDICATES RECORD WAS SET OR TIED.
MM INDICATES DATA IS MISSING.
T  INDICATES TRACE AMOUNT.




$$
