000
CDUS44 KLIX 182225
CLIBTR


CLIMATE REPORT
NATIONAL WEATHER SERVICE NEW ORLEANS
NATIONAL WEATHER SERVICE NEW ORL
424 PM CST THU JAN 18 2018


...................................

...THE BATON ROUGE  ASOS CLIMATE SUMMARY FOR JANUARY 18 2018...
VALID TODAY AS OF 0400 PM LOCAL TIME.

CLIMATE NORMAL PERIOD 1981 TO 2010
CLIMATE RECORD PERIOD 1894 TO 2018


WEATHER ITEM   OBSERVED TIME   RECORD YEAR NORMAL DEPARTURE LAST
                VALUE   (LST)  VALUE       VALUE  FROM      YEAR
                                                  NORMAL
..................................................................
TEMPERATURE (F)
 TODAY
  MAXIMUM         44    248 PM  84    1907  62    -18       82
  MINIMUM         17    659 AM  16    1948  41    -24       63
  AVERAGE         31

PRECIPITATION (IN)
  TODAY            0.00          3.05 1992   0.19  -0.19     0.00
  MONTH TO DATE    2.06                      3.26  -1.20     2.94
  SINCE DEC 1      8.00                      8.86  -0.86    12.65
  SINCE JAN 1      2.06                      3.26  -1.20     2.94

SNOWFALL (IN)
  TODAY            0.0
  MONTH TO DATE    0.0
  SINCE DEC 1      3.5
  SINCE JUL 1      3.5
  SNOW DEPTH       0

DEGREE DAYS
 HEATING
  TODAY           34                        14     20        0
  MONTH TO DATE  418                       252    166      135
  SINCE DEC 1    814                       633    181      406
  SINCE JUL 1   1021                       868    153      519

 COOLING
  TODAY            0                         0      0        8
  MONTH TO DATE    0                         3     -3       44
  SINCE DEC 1     18                        25     -7      109
  SINCE JAN 1      0                         3     -3       44
..................................................................


WIND (MPH)
  HIGHEST WIND SPEED     9   HIGHEST WIND DIRECTION    NE (30)
  HIGHEST GUST SPEED    12   HIGHEST GUST DIRECTION     N (20)
  AVERAGE WIND SPEED     5.1


SKY COVER
  POSSIBLE SUNSHINE  MM
  AVERAGE SKY COVER 0.0


WEATHER CONDITIONS
 THE FOLLOWING WEATHER WAS RECORDED TODAY.
  NO SIGNIFICANT WEATHER WAS OBSERVED.


RELATIVE HUMIDITY (PERCENT)
 HIGHEST    80           600 AM
 LOWEST     29           200 PM
 AVERAGE    55

..........................................................


THE BATON ROUGE  ASOS CLIMATE NORMALS FOR TOMORROW
                         NORMAL    RECORD    YEAR
 MAXIMUM TEMPERATURE (F)   62        82      1895
 MINIMUM TEMPERATURE (F)   41        15      1940


SUNRISE AND SUNSET
JANUARY 18 2018.......SUNRISE   702 AM CST   SUNSET   529 PM CST
JANUARY 19 2018.......SUNRISE   701 AM CST   SUNSET   530 PM CST


-  INDICATES NEGATIVE NUMBERS.
R  INDICATES RECORD WAS SET OR TIED.
MM INDICATES DATA IS MISSING.
T  INDICATES TRACE AMOUNT.




$$
