000
CDUS44 KLIX 010701
CLIBTR


CLIMATE REPORT
NATIONAL WEATHER SERVICE NEW ORLEANS
200 AM CDT TUE SEP 1 2015


...................................

...THE BATON ROUGE  ASOS CLIMATE SUMMARY FOR AUGUST 31 2015...

CLIMATE NORMAL PERIOD 1981 TO 2010
CLIMATE RECORD PERIOD 1894 TO 2015


WEATHER ITEM   OBSERVED TIME   RECORD YEAR NORMAL DEPARTURE LAST
                VALUE   (LST)  VALUE       VALUE  FROM      YEAR
                                                  NORMAL
..................................................................
TEMPERATURE (F)
 YESTERDAY
  MAXIMUM         90    121 PM 101    2000  92     -2       94
  MINIMUM         71    616 AM  61    1946  73     -2       73
                                      1915
  AVERAGE         81                        82     -1       84

PRECIPITATION (IN)
  YESTERDAY        0.00          2.27 1939   0.18  -0.18     0.00
  MONTH TO DATE    5.30                      5.82  -0.52     5.64
  SINCE JUN 1     15.01                     17.19  -2.18    22.78
  SINCE JAN 1     47.39                     41.71   5.68    47.12

SNOWFALL (IN)
  YESTERDAY        0.0
  MONTH TO DATE    0.0
  SINCE JUN 1      0.0
  SINCE JUL 1      0.0
  SNOW DEPTH       0

DEGREE DAYS
 HEATING
  YESTERDAY        0                         0      0        0
  MONTH TO DATE    0                         0      0        0
  SINCE JUN 1      0                         0      0        0
  SINCE JUL 1      0                         0      0        0

 COOLING
  YESTERDAY       16                        17     -1       19
  MONTH TO DATE  571                       556     15      549
  SINCE JUN 1   1702                      1596    106     1522
  SINCE JAN 1   2373                      2161    212     2028
..................................................................


WIND (MPH)
  HIGHEST WIND SPEED    10   HIGHEST WIND DIRECTION     W (260)
  HIGHEST GUST SPEED    13   HIGHEST GUST DIRECTION     W (250)
  AVERAGE WIND SPEED     2.6


SKY COVER
  POSSIBLE SUNSHINE  MM
  AVERAGE SKY COVER 0.1


WEATHER CONDITIONS
 THE FOLLOWING WEATHER WAS RECORDED YESTERDAY.
  FOG
  HAZE


RELATIVE HUMIDITY (PERCENT)
 HIGHEST    93           300 AM
 LOWEST     50           200 PM
 AVERAGE    72

..........................................................


THE BATON ROUGE  ASOS CLIMATE NORMALS FOR TODAY
                         NORMAL    RECORD    YEAR
 MAXIMUM TEMPERATURE (F)   92       100      2000
 MINIMUM TEMPERATURE (F)   72        57      1915


SUNRISE AND SUNSET
SEPTEMBER  1 2015.....SUNRISE   641 AM CDT   SUNSET   728 PM CDT
SEPTEMBER  2 2015.....SUNRISE   642 AM CDT   SUNSET   726 PM CDT


-  INDICATES NEGATIVE NUMBERS.
R  INDICATES RECORD WAS SET OR TIED.
MM INDICATES DATA IS MISSING.
T  INDICATES TRACE AMOUNT.




$$
