000
CDUS44 KLIX 300703
CLIBTR


CLIMATE REPORT
NATIONAL WEATHER SERVICE NEW ORLEANS
202 AM CDT TUE JUN 30 2015


...................................

...THE BATON ROUGE  ASOS CLIMATE SUMMARY FOR JUNE 29 2015...

CLIMATE NORMAL PERIOD 1981 TO 2010
CLIMATE RECORD PERIOD 1894 TO 2015


WEATHER ITEM   OBSERVED TIME   RECORD YEAR NORMAL DEPARTURE LAST
                VALUE   (LST)  VALUE       VALUE  FROM      YEAR
                                                  NORMAL
..................................................................
TEMPERATURE (F)
 YESTERDAY
  MAXIMUM         89    501 PM 100    1914  92     -3       92
  MINIMUM         70   1159 PM  63    1958  73     -3       78
  AVERAGE         80                        82     -2       85

PRECIPITATION (IN)
  YESTERDAY        0.11          1.57 1934   0.22  -0.11     0.00
  MONTH TO DATE    4.46                      6.18  -1.72    11.36
  SINCE JUN 1      4.46                      6.18  -1.72    11.36
  SINCE JAN 1     36.84                     30.70   6.14    35.70

SNOWFALL (IN)
  YESTERDAY        0.0
  MONTH TO DATE    0.0
  SINCE JUN 1      0.0
  SINCE JUL 1      T
  SNOW DEPTH       0

DEGREE DAYS
 HEATING
  YESTERDAY        0                         0      0        0
  MONTH TO DATE    0                         0      0        0
  SINCE JUN 1      0                         0      0        0
  SINCE JUL 1   1641                      1555     86     1984

 COOLING
  YESTERDAY       15                        18     -3       20
  MONTH TO DATE  480                       466     14      449
  SINCE JUN 1    480                       466     14      449
  SINCE JAN 1   1151                      1031    120      955
..................................................................


WIND (MPH)
  HIGHEST WIND SPEED    25   HIGHEST WIND DIRECTION     W (260)
  HIGHEST GUST SPEED    29   HIGHEST GUST DIRECTION     W (250)
  AVERAGE WIND SPEED     9.0


SKY COVER
  POSSIBLE SUNSHINE  MM
  AVERAGE SKY COVER 0.4


WEATHER CONDITIONS
 THE FOLLOWING WEATHER WAS RECORDED YESTERDAY.
  THUNDERSTORM
  LIGHT RAIN
  FOG


RELATIVE HUMIDITY (PERCENT)
 HIGHEST   100           500 AM
 LOWEST     59           500 PM
 AVERAGE    80

..........................................................


THE BATON ROUGE  ASOS CLIMATE NORMALS FOR TODAY
                         NORMAL    RECORD    YEAR
 MAXIMUM TEMPERATURE (F)   92       103      1954
                                             1914
 MINIMUM TEMPERATURE (F)   73        62      1938


SUNRISE AND SUNSET
JUNE 30 2015..........SUNRISE   605 AM CDT   SUNSET   811 PM CDT
JULY  1 2015..........SUNRISE   606 AM CDT   SUNSET   811 PM CDT


-  INDICATES NEGATIVE NUMBERS.
R  INDICATES RECORD WAS SET OR TIED.
MM INDICATES DATA IS MISSING.
T  INDICATES TRACE AMOUNT.




$$
