000
CDUS44 KLIX 210801
CLIBTR


CLIMATE REPORT
NATIONAL WEATHER SERVICE NEW ORLEANS
201 AM CST TUE FEB 21 2017


...................................

...THE BATON ROUGE  ASOS CLIMATE SUMMARY FOR FEBRUARY 20 2017...

CLIMATE NORMAL PERIOD 1981 TO 2010
CLIMATE RECORD PERIOD 1894 TO 2017


WEATHER ITEM   OBSERVED TIME   RECORD YEAR NORMAL DEPARTURE LAST
                VALUE   (LST)  VALUE       VALUE  FROM      YEAR
                                                  NORMAL
..................................................................
TEMPERATURE (F)
 YESTERDAY
  MAXIMUM         82    217 PM  87    1917  67     15       79
  MINIMUM         60   1159 PM  25    1908  46     14       52
  AVERAGE         71                        56     15       66

PRECIPITATION (IN)
  YESTERDAY        0.59          2.25 1919   0.17   0.42     0.00
  MONTH TO DATE    1.04                      3.70  -2.66     2.47
  SINCE DEC 1     20.43                     15.02   5.41    14.53
  SINCE JAN 1     10.72                      9.42   1.30     8.20

SNOWFALL (IN)
  YESTERDAY        0.0
  MONTH TO DATE    0.0
  SINCE DEC 1      0.0
  SINCE JUL 1      0.0
  SNOW DEPTH       0

DEGREE DAYS
 HEATING
  YESTERDAY        0                         9     -9        0
  MONTH TO DATE   81                       227   -146      193
  SINCE DEC 1    574                      1032   -458      809
  SINCE JUL 1    687                      1267   -580      920

 COOLING
  YESTERDAY        6                         1      5        1
  MONTH TO DATE   62                        18     44        8
  SINCE DEC 1    181                        53    128       99
  SINCE JAN 1    116                        31     85       12
..................................................................


WIND (MPH)
  HIGHEST WIND SPEED    28   HIGHEST WIND DIRECTION     W (260)
  HIGHEST GUST SPEED    33   HIGHEST GUST DIRECTION     W (260)
  AVERAGE WIND SPEED    10.4


SKY COVER
  POSSIBLE SUNSHINE  MM
  AVERAGE SKY COVER 0.9


WEATHER CONDITIONS
 THE FOLLOWING WEATHER WAS RECORDED YESTERDAY.
  HEAVY RAIN
  RAIN
  LIGHT RAIN
  FOG


RELATIVE HUMIDITY (PERCENT)
 HIGHEST   100           500 AM
 LOWEST     55           200 PM
 AVERAGE    78

..........................................................


THE BATON ROUGE  ASOS CLIMATE NORMALS FOR TODAY
                         NORMAL    RECORD    YEAR
 MAXIMUM TEMPERATURE (F)   67        82      2005
                                             1971
                                             1944
 MINIMUM TEMPERATURE (F)   46        25      1908


SUNRISE AND SUNSET
FEBRUARY 21 2017......SUNRISE   639 AM CST   SUNSET   558 PM CST
FEBRUARY 22 2017......SUNRISE   638 AM CST   SUNSET   558 PM CST


-  INDICATES NEGATIVE NUMBERS.
R  INDICATES RECORD WAS SET OR TIED.
MM INDICATES DATA IS MISSING.
T  INDICATES TRACE AMOUNT.




$$
