000
CDUS44 KLIX 310708
CLIBTR


CLIMATE REPORT
NATIONAL WEATHER SERVICE NEW ORLEANS
207 AM CDT THU JUL 31 2014


...................................

...THE BATON ROUGE  ASOS CLIMATE SUMMARY FOR JULY 30 2014...

CLIMATE NORMAL PERIOD 1981 TO 2010
CLIMATE RECORD PERIOD 1894 TO 2014


WEATHER ITEM   OBSERVED TIME   RECORD YEAR NORMAL DEPARTURE LAST
                VALUE   (LST)  VALUE       VALUE  FROM      YEAR
                                                  NORMAL
..................................................................
TEMPERATURE (F)
 YESTERDAY
  MAXIMUM         88    357 PM  99    1986  93     -5       93
                                      1921
  MINIMUM         66    540 AM  63    1909  74     -8       76
  AVERAGE         77                        83     -6       85

PRECIPITATION (IN)
  YESTERDAY        0.00          2.26 2007   0.17  -0.17     0.00
  MONTH TO DATE    5.78                      4.80   0.98     4.65
  SINCE JUN 1     17.14                     11.21   5.93    11.12
  SINCE JAN 1     41.48                     35.73   5.75    49.30

SNOWFALL (IN)
  YESTERDAY        0.0
  MONTH TO DATE    0.0
  SINCE JUN 1      0.0
  SINCE JUL 1      0.0
  SNOW DEPTH       0

DEGREE DAYS
 HEATING
  YESTERDAY        0                         0      0        0
  MONTH TO DATE    0                         0      0        0
  SINCE JUN 1      0                         0      0        0
  SINCE JUL 1      0                         0      0        0

 COOLING
  YESTERDAY       12                        18     -6       20
  MONTH TO DATE  489                       540    -51      493
  SINCE JUN 1    958                      1024    -66      995
  SINCE JAN 1   1464                      1589   -125     1418
..................................................................


WIND (MPH)
  HIGHEST WIND SPEED    10   HIGHEST WIND DIRECTION    NE (50)
  HIGHEST GUST SPEED    13   HIGHEST GUST DIRECTION     N (10)
  AVERAGE WIND SPEED     4.6


SKY COVER
  POSSIBLE SUNSHINE  MM
  AVERAGE SKY COVER 0.1


WEATHER CONDITIONS
 THE FOLLOWING WEATHER WAS RECORDED YESTERDAY.
  NO SIGNIFICANT WEATHER WAS OBSERVED.


RELATIVE HUMIDITY (PERCENT)
 HIGHEST    87           500 AM
 LOWEST     42           100 PM
 AVERAGE    65

..........................................................


THE BATON ROUGE  ASOS CLIMATE NORMALS FOR TODAY
                         NORMAL    RECORD    YEAR
 MAXIMUM TEMPERATURE (F)   93       100      1921
 MINIMUM TEMPERATURE (F)   74        63      1908


SUNRISE AND SUNSET
JULY 31 2014..........SUNRISE   622 AM CDT   SUNSET   759 PM CDT
AUGUST  1 2014........SUNRISE   623 AM CDT   SUNSET   759 PM CDT


-  INDICATES NEGATIVE NUMBERS.
R  INDICATES RECORD WAS SET OR TIED.
MM INDICATES DATA IS MISSING.
T  INDICATES TRACE AMOUNT.




$$
