000
CDUS44 KLIX 232132
CLIBTR


CLIMATE REPORT
NATIONAL WEATHER SERVICE NEW ORLEANS
432 PM CDT WED APR 23 2014


...................................

...THE BATON ROUGE  ASOS CLIMATE SUMMARY FOR APRIL 23 2014...
VALID TODAY AS OF 0400 PM LOCAL TIME.

CLIMATE NORMAL PERIOD 1981 TO 2010
CLIMATE RECORD PERIOD 1894 TO 2014


WEATHER ITEM   OBSERVED TIME   RECORD YEAR NORMAL DEPARTURE LAST
                VALUE   (LST)  VALUE       VALUE  FROM      YEAR
                                                  NORMAL
..................................................................
TEMPERATURE (F)
 TODAY
  MAXIMUM         87    246 PM  90    1999  81      6       85
                                      1958
  MINIMUM         58    531 AM  42    1927  59     -1       65
  AVERAGE         73

PRECIPITATION (IN)
  TODAY            0.00          3.20 1900   0.13  -0.13     0.00
  MONTH TO DATE    3.51                      3.49   0.02     4.30
  SINCE MAR 1      6.73                      7.90  -1.17     7.21
  SINCE JAN 1     16.00                     18.66  -2.66    29.25

SNOWFALL (IN)
  TODAY            0.0
  MONTH TO DATE    0.0
  SINCE MAR 1      0.0
  SINCE JUL 1      0.4
  SNOW DEPTH       0

DEGREE DAYS
 HEATING
  TODAY            0                         1     -1        0
  MONTH TO DATE   51                        47      4       69
  SINCE MAR 1    272                       214     58      345
  SINCE JUL 1   1978                      1549    429     1517

 COOLING
  TODAY            8                         6      2       10
  MONTH TO DATE   89                        97     -8       87
  SINCE MAR 1    115                       155    -40      106
  SINCE JAN 1    135                       186    -51      131
..................................................................


WIND (MPH)
  HIGHEST WIND SPEED    10   HIGHEST WIND DIRECTION    NE (60)
  HIGHEST GUST SPEED    12   HIGHEST GUST DIRECTION    NE (60)
  AVERAGE WIND SPEED     2.9


SKY COVER
  POSSIBLE SUNSHINE  MM
  AVERAGE SKY COVER 0.1


WEATHER CONDITIONS
 THE FOLLOWING WEATHER WAS RECORDED TODAY.
  FOG


RELATIVE HUMIDITY (PERCENT)
 HIGHEST    90          1200 AM
 LOWEST     34           100 PM
 AVERAGE    62

..........................................................


THE BATON ROUGE  ASOS CLIMATE NORMALS FOR TOMORROW
                         NORMAL    RECORD    YEAR
 MAXIMUM TEMPERATURE (F)   81        91      1999
                                             1958
 MINIMUM TEMPERATURE (F)   59        44      2012


SUNRISE AND SUNSET
APRIL 23 2014.........SUNRISE   629 AM CDT   SUNSET   738 PM CDT
APRIL 24 2014.........SUNRISE   628 AM CDT   SUNSET   738 PM CDT


-  INDICATES NEGATIVE NUMBERS.
R  INDICATES RECORD WAS SET OR TIED.
MM INDICATES DATA IS MISSING.
T  INDICATES TRACE AMOUNT.




$$
