000
CDUS41 KBTV 260551
CLIBTV


CLIMATE REPORT
NATIONAL WEATHER SERVICE BURLINGTON VT
150 AM EDT SUN OCT 26 2014


...................................

...THE BURLINGTON VT CLIMATE SUMMARY FOR OCTOBER 25 2014...

CLIMATE NORMAL PERIOD 1981 TO 2010
CLIMATE RECORD PERIOD 1884 TO 2014


WEATHER ITEM   OBSERVED TIME   RECORD YEAR NORMAL DEPARTURE LAST
                VALUE   (LST)  VALUE       VALUE  FROM      YEAR
                                                  NORMAL
..................................................................
TEMPERATURE (F)
 YESTERDAY
  MAXIMUM         59    130 PM  80    1963  54      5       45
  MINIMUM         35    611 AM  22    1949  36     -1       32
  AVERAGE         47                        45      2       39

PRECIPITATION (IN)
  YESTERDAY        0.20          1.41 2008   0.11   0.09      T
  MONTH TO DATE    3.77                      2.93   0.84     2.36
  SINCE SEP 1      5.40                      6.57  -1.17     7.10
  SINCE JAN 1     31.10                     30.64   0.46    39.79

SNOWFALL (IN)
  YESTERDAY        0.0           0.8  2005   0.0    0.0       T
  MONTH TO DATE    0.0                       0.1   -0.1       T
  SINCE SEP 1      0.0                       0.1   -0.1       T
  SINCE JUL 1      0.0                       0.1   -0.1       T
  SNOW DEPTH       0

DEGREE DAYS
 HEATING
  YESTERDAY       18                        20     -2       26
  MONTH TO DATE  275                       397   -122      255
  SINCE SEP 1    426                       572   -146      450
  SINCE JUL 1    439                       614   -175      466

 COOLING
  YESTERDAY        0                         0      0        0
  MONTH TO DATE   18                         0     18        4
  SINCE SEP 1     89                        41     48       62
  SINCE JAN 1    582                       489     93      662
..................................................................


WIND (MPH)
  HIGHEST WIND SPEED    16   HIGHEST WIND DIRECTION     S (190)
  HIGHEST GUST SPEED    21   HIGHEST GUST DIRECTION     S (200)
  AVERAGE WIND SPEED     5.5


SKY COVER
  POSSIBLE SUNSHINE  MM
  AVERAGE SKY COVER 0.5


WEATHER CONDITIONS
 THE FOLLOWING WEATHER WAS RECORDED YESTERDAY.
  LIGHT RAIN
  FOG


RELATIVE HUMIDITY (PERCENT)
 HIGHEST    92          1200 AM
 LOWEST     57           200 PM
 AVERAGE    75

..........................................................


THE BURLINGTON VT CLIMATE NORMALS FOR TODAY
                         NORMAL    RECORD    YEAR
 MAXIMUM TEMPERATURE (F)   53        75      1963
 MINIMUM TEMPERATURE (F)   36        19      1941


SUNRISE AND SUNSET
OCTOBER 26 2014.......SUNRISE   722 AM EDT   SUNSET   551 PM EDT
OCTOBER 27 2014.......SUNRISE   723 AM EDT   SUNSET   549 PM EDT


-  INDICATES NEGATIVE NUMBERS.
R  INDICATES RECORD WAS SET OR TIED.
MM INDICATES DATA IS MISSING.
T  INDICATES TRACE AMOUNT.

&&

LAKE CHAMPLAIN DATA:
LEVEL...............94.46 FEET
TEMPERATURE.........53 DEGREES

MOUNT MANSFIELD DATA:
HIGH................44 DEGREES
LOW.................32 DEGREES
PRECIPITATION.......NONE

$$
