000
CDUS41 KBTV 260538
CLIBTV


CLIMATE REPORT
NATIONAL WEATHER SERVICE BURLINGTON VT
136 AM EDT MON JUN 26 2017


...................................

...THE BURLINGTON VT CLIMATE SUMMARY FOR JUNE 25 2017...

CLIMATE NORMAL PERIOD 1981 TO 2010
CLIMATE RECORD PERIOD 1884 TO 2017


WEATHER ITEM   OBSERVED TIME   RECORD YEAR NORMAL DEPARTURE LAST
                VALUE   (LST)  VALUE       VALUE  FROM      YEAR
                                                  NORMAL
..................................................................
TEMPERATURE (F)
 YESTERDAY
  MAXIMUM         77    320 PM  94    1995  79     -2       88
  MINIMUM         57    437 AM  39    1979  58     -1       55
  AVERAGE         67                        68     -1       72

PRECIPITATION (IN)
  YESTERDAY        0.04          2.32 1988   0.12  -0.08     0.00
  MONTH TO DATE    4.65                      3.06   1.59     2.44
  SINCE JUN 1      4.65                      3.06   1.59     2.44
  SINCE JAN 1     21.33                     15.37   5.96    13.29

SNOWFALL (IN)
  YESTERDAY        0.0           0.0  2002   0.0    0.0      0.0
                                      2001
  MONTH TO DATE    0.0                       0.0    0.0      0.0
  SINCE JUN 1      0.0                       0.0    0.0      0.0
  SINCE JUL 1    100.4                      81.2   19.2     34.3
  SNOW DEPTH       0

DEGREE DAYS
 HEATING
  YESTERDAY        0                         1     -1        0
  MONTH TO DATE   50                        68    -18       48
  SINCE JUN 1     50                        68    -18       48
  SINCE JUL 1   6326                      7429  -1103     6226

 COOLING
  YESTERDAY        2                         5     -3        7
  MONTH TO DATE  118                        72     46       89
  SINCE JUN 1    118                        72     46       89
  SINCE JAN 1    160                        91     69      161
..................................................................


WIND (MPH)
  HIGHEST WIND SPEED    18   HIGHEST WIND DIRECTION    NW (330)
  HIGHEST GUST SPEED    22   HIGHEST GUST DIRECTION    NW (320)
  AVERAGE WIND SPEED     6.3


SKY COVER
  POSSIBLE SUNSHINE  MM
  AVERAGE SKY COVER 0.5


WEATHER CONDITIONS
 THE FOLLOWING WEATHER WAS RECORDED YESTERDAY.
  THUNDERSTORM
  RAIN
  HAZE


RELATIVE HUMIDITY (PERCENT)
 HIGHEST    86           400 AM
 LOWEST     40           300 PM
 AVERAGE    63

..........................................................


THE BURLINGTON VT CLIMATE NORMALS FOR TODAY
                         NORMAL    RECORD    YEAR
 MAXIMUM TEMPERATURE (F)   79        96      2007
 MINIMUM TEMPERATURE (F)   58        41      1979


SUNRISE AND SUNSET
JUNE 26 2017..........SUNRISE   510 AM EDT   SUNSET   841 PM EDT
JUNE 27 2017..........SUNRISE   510 AM EDT   SUNSET   841 PM EDT


-  INDICATES NEGATIVE NUMBERS.
R  INDICATES RECORD WAS SET OR TIED.
MM INDICATES DATA IS MISSING.
T  INDICATES TRACE AMOUNT.

&&

LAKE CHAMPLAIN DATA:
LEVEL...............97.14 FEET
TEMPERATURE.........64 DEGREES

MOUNT MANSFIELD DATA:
HIGH................60 DEGREES
LOW.................47 DEGREES
PRECIPITATION.......0.01 INCHES

$$
