000
CDUS41 KBUF 231027
CLIBUF


CLIMATE REPORT
NATIONAL WEATHER SERVICE BUFFALO NY
523 AM EST MON JAN 23 2017


...................................

...THE BUFFALO NY CLIMATE SUMMARY FOR JANUARY 22 2017...

CLIMATE NORMAL PERIOD 1981 TO 2010
CLIMATE RECORD PERIOD 1871 TO 2017


WEATHER ITEM   OBSERVED TIME   RECORD YEAR NORMAL DEPARTURE LAST
                VALUE   (LST)  VALUE       VALUE  FROM      YEAR
                                                  NORMAL
..................................................................
TEMPERATURE (F)
 YESTERDAY
  MAXIMUM         47   1217 AM  70    1906  31     16       23
  MINIMUM         36    738 AM  -7    1976  18     18       10
  AVERAGE         42                        24     18       17

PRECIPITATION (IN)
  YESTERDAY        0.12          1.74 1902   0.09   0.03      T
  MONTH TO DATE    2.33                      2.35  -0.02     1.57
  SINCE DEC 1      6.39                      6.24   0.15     4.47
  SINCE JAN 1      2.33                      2.35  -0.02     1.57

SNOWFALL (IN)
  YESTERDAY        0.0           6.7  2005   0.7   -0.7       T
  MONTH TO DATE    2.9                      18.6  -15.7     24.6
  SINCE DEC 1     33.0                      46.0  -13.0     25.6
  SINCE JUL 1     33.9                      54.8  -20.9     25.6
  SNOW DEPTH       0

DEGREE DAYS
 HEATING
  YESTERDAY       23                        41    -18       48
  MONTH TO DATE  746                       880   -134      876
  SINCE DEC 1   1786                      1962   -176     1579
  SINCE JUL 1   2756                      3295   -539     2623

 COOLING
  YESTERDAY        0                         0      0        0
  MONTH TO DATE    0                         0      0        0
  SINCE DEC 1      0                         0      0        0
  SINCE JAN 1      0                         0      0        0
..................................................................


WIND (MPH)
  HIGHEST WIND SPEED    20   HIGHEST WIND DIRECTION    NE (60)
  HIGHEST GUST SPEED    24   HIGHEST GUST DIRECTION    NE (60)
  AVERAGE WIND SPEED     9.5


SKY COVER
  AVERAGE SKY COVER 0.8


WEATHER CONDITIONS
 THE FOLLOWING WEATHER WAS RECORDED YESTERDAY.
  RAIN
  LIGHT RAIN
  FOG
  FOG W/VISIBILITY <= 1/4 MILE


RELATIVE HUMIDITY (PERCENT)
 HIGHEST   100           600 PM
 LOWEST     92           100 AM
 AVERAGE    96

..........................................................


THE BUFFALO NY CLIMATE NORMALS FOR TODAY
                         NORMAL    RECORD    YEAR
 MAXIMUM TEMPERATURE (F)   31        65      1906
 MINIMUM TEMPERATURE (F)   18       -11      1976


SUNRISE AND SUNSET
JANUARY 23 2017.......SUNRISE   738 AM EST   SUNSET   516 PM EST
JANUARY 24 2017.......SUNRISE   737 AM EST   SUNSET   518 PM EST


-  INDICATES NEGATIVE NUMBERS.
R  INDICATES RECORD WAS SET OR TIED.
MM INDICATES DATA IS MISSING.
T  INDICATES TRACE AMOUNT.




$$
