000
CDUS41 KBUF 222149
CLIBUF


CLIMATE REPORT
NATIONAL WEATHER SERVICE BUFFALO NY
444 PM EST MON JAN 22 2018


...................................

...THE BUFFALO NY CLIMATE SUMMARY FOR JANUARY 22 2018...
VALID TODAY AS OF 0400 PM LOCAL TIME.

CLIMATE NORMAL PERIOD 1981 TO 2010
CLIMATE RECORD PERIOD 1871 TO 2018


WEATHER ITEM   OBSERVED TIME   RECORD YEAR NORMAL DEPARTURE LAST
                VALUE   (LST)  VALUE       VALUE  FROM      YEAR
                                                  NORMAL
..................................................................
TEMPERATURE (F)
 TODAY
  MAXIMUM         46    344 PM  70    1906  31     15       47
  MINIMUM         37    245 AM  -7    1976  18     19       36
  AVERAGE         42                        24     18       42

PRECIPITATION (IN)
  TODAY            0.10          1.74 1902   0.09   0.01     0.12
  MONTH TO DATE    2.80                      2.35   0.45     2.33
  SINCE DEC 1      5.73                      6.24  -0.51     6.39
  SINCE JAN 1      2.80                      2.35   0.45     2.33

SNOWFALL (IN)
  TODAY            0.0           6.7  2005   0.7   -0.7      0.0
  MONTH TO DATE   25.9                      18.6    7.3      2.9
  SINCE DEC 1     59.6                      46.0   13.6     33.0
  SINCE JUL 1     59.8                      54.8    5.0     33.9
  SNOW DEPTH       1 (AT 7 AM)

DEGREE DAYS
 HEATING
  TODAY           23                        41    -18       23
  MONTH TO DATE  939                       880     59      746
  SINCE DEC 1   2160                      1962    198     1786
  SINCE JUL 1   3275                      3295    -20     2756

 COOLING
  TODAY            0                         0      0        0
  MONTH TO DATE    0                         0      0        0
  SINCE DEC 1      0                         0      0        0
  SINCE JAN 1      0                         0      0        0
..................................................................


WIND (MPH)
  HIGHEST WIND SPEED    10   HIGHEST WIND DIRECTION     E (70)
  HIGHEST GUST SPEED    12   HIGHEST GUST DIRECTION     E (70)
  AVERAGE WIND SPEED     2.8


SKY COVER
  AVERAGE SKY COVER 0.9


WEATHER CONDITIONS
 THE FOLLOWING WEATHER WAS RECORDED TODAY.
  LIGHT RAIN
  FOG
  FOG W/VISIBILITY <= 1/4 MILE


RELATIVE HUMIDITY (PERCENT)
 HIGHEST   100           100 AM
 LOWEST    100           100 AM
 AVERAGE   100

..........................................................


THE BUFFALO NY CLIMATE NORMALS FOR TOMORROW
                         NORMAL    RECORD    YEAR
 MAXIMUM TEMPERATURE (F)   31        65      1906
 MINIMUM TEMPERATURE (F)   18       -11      1976


SUNRISE AND SUNSET
JANUARY 22 2018.......SUNRISE   739 AM EST   SUNSET   515 PM EST
JANUARY 23 2018.......SUNRISE   738 AM EST   SUNSET   516 PM EST


-  INDICATES NEGATIVE NUMBERS.
R  INDICATES RECORD WAS SET OR TIED.
MM INDICATES DATA IS MISSING.
T  INDICATES TRACE AMOUNT.




$$
