000
CDUS46 KLOX 220859
CLIBUR


CLIMATE REPORT
NATIONAL WEATHER SERVICE LOS ANGELES/OXNARD CA
1259 AM PST MON DEC 22 2014


...................................

...THE BOB HOPE AIRPORT (BURBANK) CA CLIMATE SUMMARY FOR DECEMBER 21 2014...

CLIMATE NORMAL PERIOD 1981 TO 2010
CLIMATE RECORD PERIOD 1939 TO 2014


WEATHER ITEM   OBSERVED TIME   RECORD YEAR NORMAL DEPARTURE LAST
                VALUE   (LST)  VALUE       VALUE  FROM      YEAR
                                                  NORMAL
..................................................................
TEMPERATURE (F)
 YESTERDAY
  MAXIMUM         69    418 PM  81    2005  67      2       62
  MINIMUM         48    718 AM  26    1968  41      7       42
  AVERAGE         59                        54      5       52

PRECIPITATION (IN)
  YESTERDAY        0.00          1.88 1970   0.09  -0.09     0.00
  MONTH TO DATE    3.36                      1.43   1.93     0.20
  SINCE JUL 1      4.54                      3.79   0.75     0.64
  SINCE JAN 1      9.45                     16.34  -6.89     3.24

SNOWFALL (IN)
  YESTERDAY        0.0
  MONTH TO DATE    0.0
  SINCE DEC 1      0.0
  SINCE JUL 1      0.0

DEGREE DAYS
 HEATING
  YESTERDAY        6                        11     -5       13
  MONTH TO DATE  132                       225    -93      182
  SINCE DEC 1    132                       225    -93      182
  SINCE JUL 1    192                       453   -261      270

 COOLING
  YESTERDAY        0                         0      0        0
  MONTH TO DATE    1                         0      1       13
  SINCE DEC 1      1                         0      1       13
  SINCE JAN 1   1956                      1245    711     2024
..................................................................


WIND (MPH)
  HIGHEST WIND SPEED    17   HIGHEST WIND DIRECTION     N (340)
  HIGHEST GUST SPEED    22   HIGHEST GUST DIRECTION     W (280)
  AVERAGE WIND SPEED     2.9


SKY COVER
  POSSIBLE SUNSHINE  MM
  AVERAGE SKY COVER 0.0


WEATHER CONDITIONS
 THE FOLLOWING WEATHER WAS RECORDED YESTERDAY.
  FOG
  HAZE


RELATIVE HUMIDITY (PERCENT)
 HIGHEST    86           400 AM
 LOWEST     45           500 PM
 AVERAGE    66

..........................................................


THE BOB HOPE AIRPORT (BURBANK) CA CLIMATE NORMALS FOR TODAY
                         NORMAL    RECORD    YEAR
 MAXIMUM TEMPERATURE (F)   67        80      1960
 MINIMUM TEMPERATURE (F)   41        25      1968


SUNRISE AND SUNSET
DECEMBER 22 2014......SUNRISE   656 AM PST   SUNSET   448 PM PST
DECEMBER 23 2014......SUNRISE   656 AM PST   SUNSET   449 PM PST


-  INDICATES NEGATIVE NUMBERS.
R  INDICATES RECORD WAS SET OR TIED.
MM INDICATES DATA IS MISSING.
T  INDICATES TRACE AMOUNT.




$$
