000
CDUS46 KLOX 170856
CLIBUR


CLIMATE REPORT
NATIONAL WEATHER SERVICE LOS ANGELES/OXNARD CA
1256 AM PST SAT FEB 17 2018


...................................

...THE BOB HOPE AIRPORT (BURBANK) CA CLIMATE SUMMARY FOR FEBRUARY 16 2018...

CLIMATE NORMAL PERIOD 1981 TO 2010
CLIMATE RECORD PERIOD 1939 TO 2018


WEATHER ITEM   OBSERVED TIME   RECORD YEAR NORMAL DEPARTURE LAST
                VALUE   (LST)  VALUE       VALUE  FROM      YEAR
                                                  NORMAL
..................................................................
TEMPERATURE (F)
 YESTERDAY
  MAXIMUM         73    232 PM  92    1977  68      5       70
  MINIMUM         48    720 AM  32    1990  44      4       50
                                      1940
  AVERAGE         61                        56      5       60

PRECIPITATION (IN)
  YESTERDAY        0.00          4.15 1980   0.18  -0.18      T
  MONTH TO DATE    0.02                      2.47  -2.45     1.03
  SINCE OCT 1      2.43                     10.44  -8.01    10.98
  SINCE JAN 1      2.35                      6.00  -3.65     6.72

SNOWFALL (IN)
  YESTERDAY        0.0
  MONTH TO DATE    0.0
  SINCE DEC 1      0.0
  SINCE JUL 1      0.0

DEGREE DAYS
 HEATING
  YESTERDAY        4                         9     -5        5
  MONTH TO DATE   44                       154   -110       91
  SINCE DEC 1    303                       809   -506      734
  SINCE JUL 1    342                      1037   -695      852

 COOLING
  YESTERDAY        0                         0      0        0
  MONTH TO DATE   12                         0     12        1
  SINCE DEC 1     43                         3     40        1
  SINCE JAN 1     34                         2     32        1
..................................................................


WIND (MPH)
  HIGHEST WIND SPEED    12   HIGHEST WIND DIRECTION    SE (140)
  HIGHEST GUST SPEED    14   HIGHEST GUST DIRECTION     S (170)
  AVERAGE WIND SPEED     3.3


SKY COVER
  POSSIBLE SUNSHINE  MM
  AVERAGE SKY COVER 0.0


WEATHER CONDITIONS
 THE FOLLOWING WEATHER WAS RECORDED YESTERDAY.
  NO SIGNIFICANT WEATHER WAS OBSERVED.


RELATIVE HUMIDITY (PERCENT)
 HIGHEST    47          1100 PM
 LOWEST     13          1000 AM
 AVERAGE    30

..........................................................


THE BOB HOPE AIRPORT (BURBANK) CA CLIMATE NORMALS FOR TODAY
                         NORMAL    RECORD    YEAR
 MAXIMUM TEMPERATURE (F)   68        87      1981
 MINIMUM TEMPERATURE (F)   44        28      1979


SUNRISE AND SUNSET
FEBRUARY 17 2018......SUNRISE   636 AM PST   SUNSET   539 PM PST
FEBRUARY 18 2018......SUNRISE   635 AM PST   SUNSET   540 PM PST


-  INDICATES NEGATIVE NUMBERS.
R  INDICATES RECORD WAS SET OR TIED.
MM INDICATES DATA IS MISSING.
T  INDICATES TRACE AMOUNT.




$$
