350
CDUS46 KLOX 230909
CLIBUR


CLIMATE REPORT
NATIONAL WEATHER SERVICE LOS ANGELES/OXNARD CA
108 AM PST THU NOV 23 2017


...................................

...THE BOB HOPE AIRPORT (BURBANK) CA CLIMATE SUMMARY FOR NOVEMBER 22 2017...

CLIMATE NORMAL PERIOD 1981 TO 2010
CLIMATE RECORD PERIOD 1939 TO 2017


WEATHER ITEM   OBSERVED TIME   RECORD YEAR NORMAL DEPARTURE LAST
                VALUE   (LST)  VALUE       VALUE  FROM      YEAR
                                                  NORMAL
..................................................................
TEMPERATURE (F)
 YESTERDAY
  MAXIMUM         95R   208 PM  91    1950  71     24       70
  MINIMUM         60    634 AM  33    1983  44     16       47
                                      1979
                                      1975
  AVERAGE         78                        58     20       59

PRECIPITATION (IN)
  YESTERDAY        0.00          3.40 1965   0.04  -0.04     0.00
  MONTH TO DATE    T                         0.71  -0.71     1.00
  SINCE OCT 1      0.08                      1.68  -1.60     1.22
  SINCE JAN 1      9.70                     14.55  -4.85     7.78

SNOWFALL (IN)
  YESTERDAY        0.0
  MONTH TO DATE    0.0
  SINCE SEP 1      0.0
  SINCE JUL 1      0.0

DEGREE DAYS
 HEATING
  YESTERDAY        0                         8     -8        6
  MONTH TO DATE   25                       110    -85       42
  SINCE SEP 1     30                       159   -129       48
  SINCE JUL 1     30                       159   -129       48

 COOLING
  YESTERDAY       13                         0     13        0
  MONTH TO DATE   35                        12     23       87
  SINCE SEP 1    577                       361    216      517
  SINCE JAN 1   1905                      1243    662     1730
..................................................................


WIND (MPH)
  HIGHEST WIND SPEED    10   HIGHEST WIND DIRECTION     S (160)
  HIGHEST GUST SPEED    12   HIGHEST GUST DIRECTION     W (260)
  AVERAGE WIND SPEED     2.4


SKY COVER
  POSSIBLE SUNSHINE  MM
  AVERAGE SKY COVER 0.0


WEATHER CONDITIONS
 THE FOLLOWING WEATHER WAS RECORDED YESTERDAY.
  NO SIGNIFICANT WEATHER WAS OBSERVED.


RELATIVE HUMIDITY (PERCENT)
 HIGHEST    46           600 AM
 LOWEST     14           200 PM
 AVERAGE    30

..........................................................


THE BOB HOPE AIRPORT (BURBANK) CA CLIMATE NORMALS FOR TODAY
                         NORMAL    RECORD    YEAR
 MAXIMUM TEMPERATURE (F)   71        86      1950
 MINIMUM TEMPERATURE (F)   44        33      1941


SUNRISE AND SUNSET
NOVEMBER 23 2017......SUNRISE   634 AM PST   SUNSET   446 PM PST
NOVEMBER 24 2017......SUNRISE   635 AM PST   SUNSET   445 PM PST


-  INDICATES NEGATIVE NUMBERS.
R  INDICATES RECORD WAS SET OR TIED.
MM INDICATES DATA IS MISSING.
T  INDICATES TRACE AMOUNT.




$$
