000
CDUS46 KLOX 290927
CLIBUR


CLIMATE REPORT
NATIONAL WEATHER SERVICE LOS ANGELES/OXNARD CA
227 AM PDT MON MAY 29 2017


...................................

...THE BOB HOPE AIRPORT (BURBANK) CA CLIMATE SUMMARY FOR MAY 28 2017...

CLIMATE NORMAL PERIOD 1981 TO 2010
CLIMATE RECORD PERIOD 1939 TO 2017


WEATHER ITEM   OBSERVED TIME   RECORD YEAR NORMAL DEPARTURE LAST
                VALUE   (LST)  VALUE       VALUE  FROM      YEAR
                                                  NORMAL
..................................................................
TEMPERATURE (F)
 YESTERDAY
  MAXIMUM         80    123 PM 104    1973  77      3       75
  MINIMUM         56    532 AM  47    1953  56      0       58
                                      1946
  AVERAGE         68                        66      2       67

PRECIPITATION (IN)
  YESTERDAY        0.00          0.64 1990   0.00   0.00     0.00
  MONTH TO DATE    0.13                      0.33  -0.20     0.02
  SINCE OCT 1     13.83                     16.86  -3.03     7.66
  SINCE JAN 1      9.57                     12.42  -2.85     6.56

SNOWFALL (IN)
  YESTERDAY        0.0
  MONTH TO DATE    0.0
  SINCE MAR 1      0.0
  SINCE JUL 1      0.0

DEGREE DAYS
 HEATING
  YESTERDAY        0                         1     -1        0
  MONTH TO DATE   60                        54      6       48
  SINCE MAR 1    186                       410   -224      220
  SINCE JUL 1   1179                      1551   -372     1127

 COOLING
  YESTERDAY        3                         3      0        2
  MONTH TO DATE   93                        61     32       32
  SINCE MAR 1    240                       106    134      121
  SINCE JAN 1    241                       112    129      176
..................................................................


WIND (MPH)
  HIGHEST WIND SPEED    13   HIGHEST WIND DIRECTION     S (180)
  HIGHEST GUST SPEED    17   HIGHEST GUST DIRECTION    SE (150)
  AVERAGE WIND SPEED     5.4


SKY COVER
  POSSIBLE SUNSHINE  MM
  AVERAGE SKY COVER 0.0


WEATHER CONDITIONS
 THE FOLLOWING WEATHER WAS RECORDED YESTERDAY.
  NO SIGNIFICANT WEATHER WAS OBSERVED.


RELATIVE HUMIDITY (PERCENT)
 HIGHEST    72           300 AM
 LOWEST     40           400 PM
 AVERAGE    56

..........................................................


THE BOB HOPE AIRPORT (BURBANK) CA CLIMATE NORMALS FOR TODAY
                         NORMAL    RECORD    YEAR
 MAXIMUM TEMPERATURE (F)   77       107      1984
 MINIMUM TEMPERATURE (F)   56        43      1953


SUNRISE AND SUNSET
MAY 29 2017...........SUNRISE   544 AM PDT   SUNSET   758 PM PDT
MAY 30 2017...........SUNRISE   543 AM PDT   SUNSET   759 PM PDT


-  INDICATES NEGATIVE NUMBERS.
R  INDICATES RECORD WAS SET OR TIED.
MM INDICATES DATA IS MISSING.
T  INDICATES TRACE AMOUNT.




$$
