000
CDUS43 KLMK 212040
CLIBWG


CLIMATE REPORT
NATIONAL WEATHER SERVICE LOUISVILLE KY
440 PM EDT THU SEP 21 2017


...................................

...THE BOWLING GREEN CLIMATE SUMMARY FOR SEPTEMBER 21 2017...
VALID TODAY AS OF 0400 PM LOCAL TIME.

CLIMATE NORMAL PERIOD 1981 TO 2010
CLIMATE RECORD PERIOD 1870 TO 2017


WEATHER ITEM   OBSERVED TIME   RECORD YEAR NORMAL DEPARTURE LAST
                VALUE   (LST)  VALUE       VALUE  FROM      YEAR
                                                  NORMAL
..................................................................
TEMPERATURE (F)
 TODAY
  MAXIMUM         90    224 PM 100    1931  80     10       89
  MINIMUM         66    502 AM  37    1927  56     10       61
  AVERAGE         78                        68     10       75

PRECIPITATION (IN)
  TODAY            0.00          2.91 1990   0.13  -0.13     0.00
  MONTH TO DATE    6.47                      2.74   3.73     1.02
  SINCE SEP 1      6.47                      2.74   3.73     1.02
  SINCE JAN 1     43.55                     36.30   7.25    38.94

SNOWFALL (IN)
  TODAY            0.0           0.0    MM   0.0    0.0      0.0
  MONTH TO DATE    0.0                       0.0    0.0      0.0
  SINCE SEP 1      0.0                       0.0    0.0      0.0
  SINCE JUL 1      0.0                       0.0    0.0      0.0
  SNOW DEPTH       0

DEGREE DAYS
 HEATING
  TODAY            0                         2     -2        0
  MONTH TO DATE   18                         9      9        0
  SINCE SEP 1     18                         9      9        0
  SINCE JUL 1     18                        10      8        0

 COOLING
  TODAY           13                         5      8       10
  MONTH TO DATE   95                       155    -60      254
  SINCE SEP 1     95                       155    -60      254
  SINCE JAN 1   1447                      1424     23     1813
..................................................................


WIND (MPH)
  HIGHEST WIND SPEED    10   HIGHEST WIND DIRECTION     E (70)
  HIGHEST GUST SPEED    14   HIGHEST GUST DIRECTION     E (100)
  AVERAGE WIND SPEED     1.8


SKY COVER
  POSSIBLE SUNSHINE  MM
  AVERAGE SKY COVER 0.2


WEATHER CONDITIONS
 THE FOLLOWING WEATHER WAS RECORDED TODAY.
  FOG
  FOG W/VISIBILITY <= 1/4 MILE


RELATIVE HUMIDITY (PERCENT)
 HIGHEST   100           100 AM
 LOWEST     52           100 PM
 AVERAGE    76

..........................................................


THE BOWLING GREEN CLIMATE NORMALS FOR TOMORROW
                         NORMAL    RECORD    YEAR
 MAXIMUM TEMPERATURE (F)   80        98      1931
 MINIMUM TEMPERATURE (F)   55        37      1983
                                             1918
                                             1913


SUNRISE AND SUNSET
SEPTEMBER 21 2017.....SUNRISE   633 AM CDT   SUNSET   644 PM CDT
SEPTEMBER 22 2017.....SUNRISE   634 AM CDT   SUNSET   642 PM CDT


-  INDICATES NEGATIVE NUMBERS.
R  INDICATES RECORD WAS SET OR TIED.
MM INDICATES DATA IS MISSING.
T  INDICATES TRACE AMOUNT.




$$
