000
CDUS43 KLMK 260631
CLIBWG


CLIMATE REPORT
NATIONAL WEATHER SERVICE LOUISVILLE KY
229 AM EDT FRI MAY 26 2017


...................................

...THE BOWLING GREEN KY CLIMATE SUMMARY FOR MAY 25 2017...

CLIMATE NORMAL PERIOD 1981 TO 2010
CLIMATE RECORD PERIOD 1870 TO 2017


WEATHER ITEM   OBSERVED TIME   RECORD YEAR NORMAL DEPARTURE LAST
                VALUE   (LST)  VALUE       VALUE  FROM      YEAR
                                                  NORMAL
..................................................................
TEMPERATURE (F)
 YESTERDAY
  MAXIMUM         73    441 PM  99    1926  80     -7       80
  MINIMUM         57    414 AM  38    1925  58     -1       65
  AVERAGE         65                        69     -4       73

PRECIPITATION (IN)
  YESTERDAY        0.01          2.51 1968   0.17  -0.16     1.44
  MONTH TO DATE    5.12                      4.56   0.56     5.87
  SINCE MAR 1     13.49                     13.31   0.18    11.22
  SINCE JAN 1     20.07                     20.88  -0.81    17.80

SNOWFALL (IN)
  YESTERDAY        0.0           0.0    MM   0.0    0.0      0.0
  MONTH TO DATE    0.0                       0.0    0.0      0.0
  SINCE MAR 1      T                         1.3   -1.3       T
  SINCE JUL 1      0.7                       9.1   -8.4     24.0
  SNOW DEPTH       0

DEGREE DAYS
 HEATING
  YESTERDAY        0                         1     -1        0
  MONTH TO DATE   60                        68     -8       93
  SINCE MAR 1    608                       839   -231      630
  SINCE JUL 1   2989                      4037  -1048     3230

 COOLING
  YESTERDAY        0                         5     -5        8
  MONTH TO DATE  104                        82     22       61
  SINCE MAR 1    194                       118     76      105
  SINCE JAN 1    198                       118     80      105
..................................................................


WIND (MPH)
  HIGHEST WIND SPEED    21   HIGHEST WIND DIRECTION     W (280)
  HIGHEST GUST SPEED    26   HIGHEST GUST DIRECTION     W (260)
  AVERAGE WIND SPEED    10.5


SKY COVER
  POSSIBLE SUNSHINE  MM
  AVERAGE SKY COVER 0.7


WEATHER CONDITIONS
 THE FOLLOWING WEATHER WAS RECORDED YESTERDAY.
  LIGHT RAIN


RELATIVE HUMIDITY (PERCENT)
 HIGHEST    93           400 AM
 LOWEST     53           400 PM
 AVERAGE    73

..........................................................


THE BOWLING GREEN KY CLIMATE NORMALS FOR TODAY
                         NORMAL    RECORD    YEAR
 MAXIMUM TEMPERATURE (F)   81        97      1914
                                             1911
 MINIMUM TEMPERATURE (F)   58        38      1925


SUNRISE AND SUNSET
MAY 26 2017...........SUNRISE   530 AM CDT   SUNSET   756 PM CDT
MAY 27 2017...........SUNRISE   530 AM CDT   SUNSET   756 PM CDT


-  INDICATES NEGATIVE NUMBERS.
R  INDICATES RECORD WAS SET OR TIED.
MM INDICATES DATA IS MISSING.
T  INDICATES TRACE AMOUNT.

$$

SCHOETTMER
