000
CDUS41 KLWX 182124
CLIBWI


CLIMATE REPORT
NATIONAL WEATHER SERVICE BALTIMORE MD/WASHINGTON DC
524 PM EDT THU SEP 18 2014


...................................

...THE BALTIMORE MD CLIMATE SUMMARY FOR SEPTEMBER 18 2014...
VALID TODAY AS OF 0500 PM LOCAL TIME.

CLIMATE NORMAL PERIOD 1981 TO 2010
CLIMATE RECORD PERIOD 1870 TO 2014


WEATHER ITEM   OBSERVED TIME   RECORD YEAR NORMAL DEPARTURE LAST
                VALUE   (LST)  VALUE       VALUE  FROM      YEAR
                                                  NORMAL
..................................................................
TEMPERATURE (F)
 TODAY
  MAXIMUM         72    307 PM  91    1978  77     -5       71
                                      1977
                                      1898
  MINIMUM         52   1221 AM  41    1990  57     -5       44
  AVERAGE         62                        67     -5       58

PRECIPITATION (IN)
  TODAY            0.01          2.13 2003   0.15  -0.14     0.00
  MONTH TO DATE    0.95                      2.33  -1.38     0.70
  SINCE SEP 1      0.95                      2.33  -1.38     0.70
  SINCE JAN 1     39.22                     30.18   9.04    26.27

SNOWFALL (IN)
  TODAY            0.0          MM      MM   0.0    0.0
  MONTH TO DATE    0.0                       0.0    0.0
  SINCE JUL 1      0.0                       0.0    0.0
  SNOW DEPTH       0

DEGREE DAYS
 HEATING
  TODAY            3                         2      1        7
  MONTH TO DATE   16                        12      4       21
  SINCE SEP 1     16                        12      4       21
  SINCE JUL 1     16                        13      3       21

 COOLING
  TODAY            0                         4     -4        0
  MONTH TO DATE  134                       104     30      139
  SINCE SEP 1    134                       104     30      139
  SINCE JAN 1   1051                      1114    -63     1284
..................................................................


WIND (MPH)
  HIGHEST WIND SPEED    14   HIGHEST WIND DIRECTION    NE (60)
  HIGHEST GUST SPEED    20   HIGHEST GUST DIRECTION    NE (50)
  AVERAGE WIND SPEED     2.4


SKY COVER
  POSSIBLE SUNSHINE  MM
  AVERAGE SKY COVER 0.7


WEATHER CONDITIONS
 THE FOLLOWING WEATHER WAS RECORDED TODAY.
  LIGHT RAIN
  HAZE


RELATIVE HUMIDITY (PERCENT)
 HIGHEST    93           100 AM
 LOWEST     66          1000 AM
 AVERAGE    80

..........................................................


THE BALTIMORE MD CLIMATE NORMALS FOR TOMORROW
                         NORMAL    RECORD    YEAR
 MAXIMUM TEMPERATURE (F)   77        94      1983
                                             1896
 MINIMUM TEMPERATURE (F)   56        42      1959


SUNRISE AND SUNSET
SEPTEMBER 18 2014.....SUNRISE   651 AM EDT   SUNSET   710 PM EDT
SEPTEMBER 19 2014.....SUNRISE   652 AM EDT   SUNSET   709 PM EDT


-  INDICATES NEGATIVE NUMBERS.
R  INDICATES RECORD WAS SET OR TIED.
MM INDICATES DATA IS MISSING.
T  INDICATES TRACE AMOUNT.




$$
