000
CDUS41 KLWX 070532
CLIBWI


CLIMATE REPORT
NATIONAL WEATHER SERVICE BALTIMORE MD/WASHINGTON DC
1228 AM EST WED DEC 7 2016


...................................

...THE BALTIMORE MD CLIMATE SUMMARY FOR DECEMBER 6 2016...

CLIMATE NORMAL PERIOD 1981 TO 2010
CLIMATE RECORD PERIOD 1870 TO 2016


WEATHER ITEM   OBSERVED TIME   RECORD YEAR NORMAL DEPARTURE LAST
                VALUE   (LST)  VALUE       VALUE  FROM      YEAR
                                                  NORMAL
..................................................................
TEMPERATURE (F)
 YESTERDAY
  MAXIMUM         MM        MM  77    1998  48     MM       55
  MINIMUM         38    120 AM  13    2002  31      7       24
  AVERAGE         MM                        39     MM       40

PRECIPITATION (IN)
  YESTERDAY       MM             1.64 1936   0.12  MM        0.00
  MONTH TO DATE    0.39                      0.71  -0.32     1.01
  SINCE DEC 1      0.39                      0.71  -0.32     1.01
  SINCE JAN 1     38.14                     39.22  -1.08    46.32

SNOWFALL (IN)
  YESTERDAY        T             5.9  1910   0.1   -0.1
  MONTH TO DATE    T                         0.4   -0.4
  SINCE JUL 1      T                         0.8   -0.8
  SNOW DEPTH       0

DEGREE DAYS
 HEATING
  YESTERDAY       MM                        26     MM       25
  MONTH TO DATE   94                       149    -55      124
  SINCE DEC 1     94                       149    -55      124
  SINCE JUL 1    793                      1053   -260      844

 COOLING
  YESTERDAY       MM                         0     MM        0
  MONTH TO DATE    0                         0      0        0
  SINCE DEC 1      0                         0      0        0
  SINCE JAN 1   1551                      1164    387     1416
..................................................................


WIND (MPH)
  HIGHEST WIND SPEED    MM   HIGHEST WIND DIRECTION    MM
  HIGHEST GUST SPEED    MM   HIGHEST GUST DIRECTION    MM
  AVERAGE WIND SPEED    MM


SKY COVER
  POSSIBLE SUNSHINE  MM
  AVERAGE SKY COVER 1.0


WEATHER CONDITIONS
 THE FOLLOWING WEATHER WAS RECORDED YESTERDAY.
  RAIN
  LIGHT RAIN
  SLEET
  FOG


RELATIVE HUMIDITY (PERCENT)
 HIGHEST    MM
 LOWEST     MM
 AVERAGE    MM

..........................................................


THE BALTIMORE MD CLIMATE NORMALS FOR TODAY
                         NORMAL    RECORD    YEAR
 MAXIMUM TEMPERATURE (F)   48        77      1998
 MINIMUM TEMPERATURE (F)   30         6      2002


SUNRISE AND SUNSET
DECEMBER  7 2016......SUNRISE   713 AM EST   SUNSET   444 PM EST
DECEMBER  8 2016......SUNRISE   714 AM EST   SUNSET   444 PM EST


-  INDICATES NEGATIVE NUMBERS.
R  INDICATES RECORD WAS SET OR TIED.
MM INDICATES DATA IS MISSING.
T  INDICATES TRACE AMOUNT.




$$
