000
CDUS41 KLWX 260525
CLIBWI


CLIMATE REPORT
NATIONAL WEATHER SERVICE BALTIMORE MD/WASHINGTON DC
124 AM EDT TUE JUL 26 2016


...................................

...THE BALTIMORE MD CLIMATE SUMMARY FOR JULY 25 2016...

CLIMATE NORMAL PERIOD 1981 TO 2010
CLIMATE RECORD PERIOD 1870 TO 2016


WEATHER ITEM   OBSERVED TIME   RECORD YEAR NORMAL DEPARTURE LAST
                VALUE   (LST)  VALUE       VALUE  FROM      YEAR
                                                  NORMAL
..................................................................
TEMPERATURE (F)
 YESTERDAY
  MAXIMUM        100R   136 PM 100    2010  87     13       87
  MINIMUM         76    410 AM  57    2014  67      9       63
  AVERAGE         88                        77     11       75

PRECIPITATION (IN)
  YESTERDAY        T             2.00 1978   0.13  -0.13     0.00
  MONTH TO DATE    3.22                      3.26  -0.04     1.94
  SINCE JUN 1      6.42                      6.72  -0.30    15.03
  SINCE JAN 1     24.27                     23.75   0.52    32.23

SNOWFALL (IN)
  YESTERDAY        0.0          MM      MM   0.0    0.0
  MONTH TO DATE    0.0                       0.0    0.0
  SINCE JUL 1      0.0                       0.0    0.0
  SNOW DEPTH       0

DEGREE DAYS
 HEATING
  YESTERDAY        0                         0      0        0
  MONTH TO DATE    0                         0      0        0
  SINCE JUN 1      4                        15    -11       14
  SINCE JUL 1      0                         0      0        0

 COOLING
  YESTERDAY       23                        12     11       10
  MONTH TO DATE  356                       298     58      294
  SINCE JUN 1    606                       536     70      590
  SINCE JAN 1    708                       620     88      779
..................................................................


WIND (MPH)
  HIGHEST WIND SPEED    15   HIGHEST WIND DIRECTION     E (70)
  HIGHEST GUST SPEED    21   HIGHEST GUST DIRECTION    NE (30)
  AVERAGE WIND SPEED     5.7


SKY COVER
  POSSIBLE SUNSHINE  MM
  AVERAGE SKY COVER 0.7


WEATHER CONDITIONS
 THE FOLLOWING WEATHER WAS RECORDED YESTERDAY.
  FOG
  HAZE


RELATIVE HUMIDITY (PERCENT)
 HIGHEST    88           400 AM
 LOWEST     42           100 PM
 AVERAGE    65

..........................................................


THE BALTIMORE MD CLIMATE NORMALS FOR TODAY
                         NORMAL    RECORD    YEAR
 MAXIMUM TEMPERATURE (F)   87       101      1940
 MINIMUM TEMPERATURE (F)   67        55      1976


SUNRISE AND SUNSET
JULY 26 2016..........SUNRISE   602 AM EDT   SUNSET   824 PM EDT
JULY 27 2016..........SUNRISE   603 AM EDT   SUNSET   823 PM EDT


-  INDICATES NEGATIVE NUMBERS.
R  INDICATES RECORD WAS SET OR TIED.
MM INDICATES DATA IS MISSING.
T  INDICATES TRACE AMOUNT.




$$
