587
CDUS41 KLWX 170525
CLIBWI


CLIMATE REPORT
NATIONAL WEATHER SERVICE BALTIMORE MD/WASHINGTON DC
1224 AM EST SAT FEB 17 2018


...................................

...THE BALTIMORE MD CLIMATE SUMMARY FOR FEBRUARY 16 2018...

CLIMATE NORMAL PERIOD 1981 TO 2010
CLIMATE RECORD PERIOD 1871 TO 2018


WEATHER ITEM   OBSERVED TIME   RECORD YEAR NORMAL DEPARTURE LAST
                VALUE   (LST)  VALUE       VALUE  FROM      YEAR
                                                  NORMAL
..................................................................
TEMPERATURE (F)
 YESTERDAY
  MAXIMUM         62    409 AM  75    1954  45     17       40
  MINIMUM         37   1158 PM   5    2015  27     10       25
                                      1905
  AVERAGE         50                        36     14       33

PRECIPITATION (IN)
  YESTERDAY        0.21          2.01 2003   0.10   0.11      T
  MONTH TO DATE    4.04                      1.64   2.40     0.46
  SINCE DEC 1      5.99                      8.06  -2.07     5.92
  SINCE JAN 1      5.04                      4.69   0.35     3.15

SNOWFALL (IN)
  YESTERDAY        0.0          21.8  2003   0.3   -0.3
  MONTH TO DATE    T                         5.0   -5.0
  SINCE JUL 1      6.5                      15.2   -8.7
  SNOW DEPTH       0

DEGREE DAYS
 HEATING
  YESTERDAY       15                        29    -14       32
  MONTH TO DATE  433                       486    -53      400
  SINCE DEC 1   2355                      2358     -3     2016
  SINCE JUL 1   3102                      3262   -160     2715

 COOLING
  YESTERDAY        0                         0      0        0
  MONTH TO DATE    0                         0      0        0
  SINCE DEC 1      0                         0      0        0
  SINCE JAN 1      0                         0      0        0
..................................................................


WIND (MPH)
  HIGHEST WIND SPEED    22   HIGHEST WIND DIRECTION    NW (310)
  HIGHEST GUST SPEED    29   HIGHEST GUST DIRECTION     W (280)
  AVERAGE WIND SPEED     9.3


SKY COVER
  POSSIBLE SUNSHINE  MM
  AVERAGE SKY COVER 0.9


WEATHER CONDITIONS
 THE FOLLOWING WEATHER WAS RECORDED YESTERDAY.
  RAIN
  LIGHT RAIN
  FOG


RELATIVE HUMIDITY (PERCENT)
 HIGHEST   100           300 AM
 LOWEST     59           600 PM
 AVERAGE    80

..........................................................


THE BALTIMORE MD CLIMATE NORMALS FOR TODAY
                         NORMAL    RECORD    YEAR
 MAXIMUM TEMPERATURE (F)   45        76      1976
 MINIMUM TEMPERATURE (F)   27         3      1958


SUNRISE AND SUNSET
FEBRUARY 17 2018......SUNRISE   656 AM EST   SUNSET   546 PM EST
FEBRUARY 18 2018......SUNRISE   654 AM EST   SUNSET   547 PM EST


-  INDICATES NEGATIVE NUMBERS.
R  INDICATES RECORD WAS SET OR TIED.
MM INDICATES DATA IS MISSING.
T  INDICATES TRACE AMOUNT.




$$
