000
CDUS41 KLWX 250528
CLIBWI


CLIMATE REPORT
NATIONAL WEATHER SERVICE BALTIMORE MD/WASHINGTON DC
128 AM EDT WED MAY 25 2016


...................................

...THE BALTIMORE MD CLIMATE SUMMARY FOR MAY 24 2016...

CLIMATE NORMAL PERIOD 1981 TO 2010
CLIMATE RECORD PERIOD 1870 TO 2016


WEATHER ITEM   OBSERVED TIME   RECORD YEAR NORMAL DEPARTURE LAST
                VALUE   (LST)  VALUE       VALUE  FROM      YEAR
                                                  NORMAL
..................................................................
TEMPERATURE (F)
 YESTERDAY
  MAXIMUM         82    415 PM  93    1933  76      6       82
  MINIMUM         56    517 AM  41    1963  55      1       47
  AVERAGE         69                        65      4       65

PRECIPITATION (IN)
  YESTERDAY        0.01          2.23 1930   0.14  -0.13     0.00
  MONTH TO DATE    4.92                      3.05   1.87     2.08
  SINCE MAR 1      8.33                     10.14  -1.81    11.05
  SINCE JAN 1     17.53                     16.09   1.44    17.18

SNOWFALL (IN)
  YESTERDAY        0.0          MM      MM   0.0    0.0
  MONTH TO DATE    0.0                       0.0    0.0
  SINCE JUL 1     35.1                      20.1   15.0
  SNOW DEPTH       0

DEGREE DAYS
 HEATING
  YESTERDAY        0                         3     -3        0
  MONTH TO DATE  175                       118     57       48
  SINCE MAR 1    979                      1138   -159     1135
  SINCE JUL 1   4000                      4733   -733     4950

 COOLING
  YESTERDAY        4                         3      1        0
  MONTH TO DATE    4                        43    -39      100
  SINCE MAR 1     31                        57    -26      105
  SINCE JAN 1     31                        57    -26      105
..................................................................


WIND (MPH)
  HIGHEST WIND SPEED    21   HIGHEST WIND DIRECTION     W (290)
  HIGHEST GUST SPEED    26   HIGHEST GUST DIRECTION     W (290)
  AVERAGE WIND SPEED     8.8


SKY COVER
  POSSIBLE SUNSHINE  MM
  AVERAGE SKY COVER 0.5


WEATHER CONDITIONS
 THE FOLLOWING WEATHER WAS RECORDED YESTERDAY.
  LIGHT RAIN
  FOG


RELATIVE HUMIDITY (PERCENT)
 HIGHEST    93           200 AM
 LOWEST     33           100 PM
 AVERAGE    63

..........................................................


THE BALTIMORE MD CLIMATE NORMALS FOR TODAY
                         NORMAL    RECORD    YEAR
 MAXIMUM TEMPERATURE (F)   76        94      1991
 MINIMUM TEMPERATURE (F)   55        38      1956


SUNRISE AND SUNSET
MAY 25 2016...........SUNRISE   546 AM EDT   SUNSET   822 PM EDT
MAY 26 2016...........SUNRISE   545 AM EDT   SUNSET   823 PM EDT


-  INDICATES NEGATIVE NUMBERS.
R  INDICATES RECORD WAS SET OR TIED.
MM INDICATES DATA IS MISSING.
T  INDICATES TRACE AMOUNT.




$$
