000
CDUS41 KLWX 290525
CLIBWI


CLIMATE REPORT
NATIONAL WEATHER SERVICE BALTIMORE MD/WASHINGTON DC
1224 AM EST MON DEC 29 2014


...................................

...THE BALTIMORE MD CLIMATE SUMMARY FOR DECEMBER 28 2014...

CLIMATE NORMAL PERIOD 1981 TO 2010
CLIMATE RECORD PERIOD 1870 TO 2014


WEATHER ITEM   OBSERVED TIME   RECORD YEAR NORMAL DEPARTURE LAST
                VALUE   (LST)  VALUE       VALUE  FROM      YEAR
                                                  NORMAL
..................................................................
TEMPERATURE (F)
 YESTERDAY
  MAXIMUM         60   1232 PM  74    1946  42     18       58
  MINIMUM         35    134 AM  10    1950  26      9       28
  AVERAGE         48                        34     14       43

PRECIPITATION (IN)
  YESTERDAY        0.04          1.25 1967   0.10  -0.06     0.00
  MONTH TO DATE    3.55                      3.10   0.45     4.18
  SINCE DEC 1      3.55                      3.10   0.45     4.18
  SINCE JAN 1     52.55                     41.61  10.94    41.84

SNOWFALL (IN)
  YESTERDAY        0.0           2.0  1993   0.1   -0.1
  MONTH TO DATE    0.2                       2.6   -2.4
  SINCE JUL 1      0.5                       3.0   -2.5
  SNOW DEPTH       0

DEGREE DAYS
 HEATING
  YESTERDAY       17                        31    -14       22
  MONTH TO DATE  677                       784   -107      705
  SINCE DEC 1    677                       784   -107      705
  SINCE JUL 1   1569                      1688   -119     1630

 COOLING
  YESTERDAY        0                         0      0        0
  MONTH TO DATE    0                         0      0        2
  SINCE DEC 1      0                         0      0        2
  SINCE JAN 1   1084                      1164    -80     1341
..................................................................


WIND (MPH)
  HIGHEST WIND SPEED    10   HIGHEST WIND DIRECTION     N (340)
  HIGHEST GUST SPEED    18   HIGHEST GUST DIRECTION     W (280)
  AVERAGE WIND SPEED     2.8


SKY COVER
  POSSIBLE SUNSHINE  MM
  AVERAGE SKY COVER 0.9


WEATHER CONDITIONS
 THE FOLLOWING WEATHER WAS RECORDED YESTERDAY.
  LIGHT RAIN
  FOG


RELATIVE HUMIDITY (PERCENT)
 HIGHEST    93           600 PM
 LOWEST     55          1200 PM
 AVERAGE    74

..........................................................


THE BALTIMORE MD CLIMATE NORMALS FOR TODAY
                         NORMAL    RECORD    YEAR
 MAXIMUM TEMPERATURE (F)   42        77      1984
 MINIMUM TEMPERATURE (F)   25         2      1917


SUNRISE AND SUNSET
DECEMBER 29 2014......SUNRISE   725 AM EST   SUNSET   452 PM EST
DECEMBER 30 2014......SUNRISE   726 AM EST   SUNSET   453 PM EST


-  INDICATES NEGATIVE NUMBERS.
R  INDICATES RECORD WAS SET OR TIED.
MM INDICATES DATA IS MISSING.
T  INDICATES TRACE AMOUNT.




$$
