000
CDUS41 KLWX 260601
CLIBWI


CLIMATE REPORT
NATIONAL WEATHER SERVICE BALTIMORE MD/WASHINGTON DC
200 AM EDT THU MAR 26 2015


...................................

...THE BALTIMORE MD CLIMATE SUMMARY FOR MARCH 25 2015...

CLIMATE NORMAL PERIOD 1981 TO 2010
CLIMATE RECORD PERIOD 1870 TO 2015


WEATHER ITEM   OBSERVED TIME   RECORD YEAR NORMAL DEPARTURE LAST
                VALUE   (LST)  VALUE       VALUE  FROM      YEAR
                                                  NORMAL
..................................................................
TEMPERATURE (F)
 YESTERDAY
  MAXIMUM         48    804 PM  85    1939  57     -9       35
  MINIMUM         24    604 AM  20    1940  36    -12       24
  AVERAGE         36                        46    -10       30

PRECIPITATION (IN)
  YESTERDAY        0.01          2.24 1876   0.13  -0.12     0.16
  MONTH TO DATE    3.99                      3.10   0.89     1.94
  SINCE MAR 1      3.99                      3.10   0.89     1.94
  SINCE JAN 1     10.12                      9.05   1.07     9.23

SNOWFALL (IN)
  YESTERDAY        0.0           3.2  2013   0.0    0.0
  MONTH TO DATE    7.7                       1.8    5.9
  SINCE JUL 1     28.7                      20.0    8.7
  SNOW DEPTH       0

DEGREE DAYS
 HEATING
  YESTERDAY       29                        19     10       35
  MONTH TO DATE  658                       562     96      689
  SINCE MAR 1    658                       562     96      689
  SINCE JUL 1   4473                      4157    316     4446

 COOLING
  YESTERDAY        0                         0      0        0
  MONTH TO DATE    0                         0      0        0
  SINCE MAR 1      0                         0      0        0
  SINCE JAN 1      0                         0      0        0
..................................................................


WIND (MPH)
  HIGHEST WIND SPEED    12   HIGHEST WIND DIRECTION    SE (120)
  HIGHEST GUST SPEED    15   HIGHEST GUST DIRECTION    SE (120)
  AVERAGE WIND SPEED     2.1


SKY COVER
  POSSIBLE SUNSHINE  MM
  AVERAGE SKY COVER 0.8


WEATHER CONDITIONS
 THE FOLLOWING WEATHER WAS RECORDED YESTERDAY.
  LIGHT RAIN


RELATIVE HUMIDITY (PERCENT)
 HIGHEST    81           600 AM
 LOWEST     53           200 PM
 AVERAGE    67

..........................................................


THE BALTIMORE MD CLIMATE NORMALS FOR TODAY
                         NORMAL    RECORD    YEAR
 MAXIMUM TEMPERATURE (F)   57        84      1921
 MINIMUM TEMPERATURE (F)   37        21      1878


SUNRISE AND SUNSET
MARCH 26 2015.........SUNRISE   701 AM EDT   SUNSET   724 PM EDT
MARCH 27 2015.........SUNRISE   659 AM EDT   SUNSET   725 PM EDT


-  INDICATES NEGATIVE NUMBERS.
R  INDICATES RECORD WAS SET OR TIED.
MM INDICATES DATA IS MISSING.
T  INDICATES TRACE AMOUNT.




$$
