059
CDUS41 KLWX 240523
CLIBWI


CLIMATE REPORT
NATIONAL WEATHER SERVICE BALTIMORE MD/WASHINGTON DC
123 AM EDT FRI MAR 24 2017


...................................

...THE BALTIMORE MD CLIMATE SUMMARY FOR MARCH 23 2017...

CLIMATE NORMAL PERIOD 1981 TO 2010
CLIMATE RECORD PERIOD 1870 TO 2017


WEATHER ITEM   OBSERVED TIME   RECORD YEAR NORMAL DEPARTURE LAST
                VALUE   (LST)  VALUE       VALUE  FROM      YEAR
                                                  NORMAL
..................................................................
TEMPERATURE (F)
 YESTERDAY
  MAXIMUM         48    410 PM  82    1907  56     -8       75
  MINIMUM         25    539 AM  16    1934  36    -11       45
                                      1888
  AVERAGE         37                        46     -9       60

PRECIPITATION (IN)
  YESTERDAY        0.00          2.56 2005   0.13  -0.13     0.00
  MONTH TO DATE    2.05                      2.84  -0.79     1.78
  SINCE MAR 1      2.05                      2.84  -0.79     1.78
  SINCE JAN 1      6.20                      8.79  -2.59    10.98

SNOWFALL (IN)
  YESTERDAY        0.0           3.6  1934   0.0    0.0
  MONTH TO DATE    2.3                       1.7    0.6
  SINCE JUL 1      3.0                      19.9  -16.9
  SNOW DEPTH       0

DEGREE DAYS
 HEATING
  YESTERDAY       28                        19      9        5
  MONTH TO DATE  553                       524     29      370
  SINCE MAR 1    553                       524     29      370
  SINCE JUL 1   3444                      4119   -675     3391

 COOLING
  YESTERDAY        0                         0      0        0
  MONTH TO DATE    0                         0      0        4
  SINCE MAR 1      0                         0      0        4
  SINCE JAN 1      0                         0      0        4
..................................................................


WIND (MPH)
  HIGHEST WIND SPEED    12   HIGHEST WIND DIRECTION    SE (130)
  HIGHEST GUST SPEED    18   HIGHEST GUST DIRECTION     N (10)
  AVERAGE WIND SPEED     4.8


SKY COVER
  POSSIBLE SUNSHINE  MM
  AVERAGE SKY COVER 0.1


WEATHER CONDITIONS
 THE FOLLOWING WEATHER WAS RECORDED YESTERDAY.
  NO SIGNIFICANT WEATHER WAS OBSERVED.


RELATIVE HUMIDITY (PERCENT)
 HIGHEST    59          1000 PM
 LOWEST     16           200 PM
 AVERAGE    38

..........................................................


THE BALTIMORE MD CLIMATE NORMALS FOR TODAY
                         NORMAL    RECORD    YEAR
 MAXIMUM TEMPERATURE (F)   56        83      1929
 MINIMUM TEMPERATURE (F)   36        18      1896


SUNRISE AND SUNSET
MARCH 24 2017.........SUNRISE   703 AM EDT   SUNSET   723 PM EDT
MARCH 25 2017.........SUNRISE   702 AM EDT   SUNSET   724 PM EDT


-  INDICATES NEGATIVE NUMBERS.
R  INDICATES RECORD WAS SET OR TIED.
MM INDICATES DATA IS MISSING.
T  INDICATES TRACE AMOUNT.




$$
