000
CDUS45 KRIW 260730
CLIBYG


CLIMATE REPORT
NATIONAL WEATHER SERVICE RIVERTON WY
1230 AM MST MON JAN 26 2015


...................................

...THE BUFFALO WY CLIMATE SUMMARY FOR JANUARY 25 2015...

CLIMATE NORMAL PERIOD 1981 TO 2010
CLIMATE RECORD PERIOD 1998 TO 2015


WEATHER ITEM   OBSERVED TIME   RECORD YEAR NORMAL DEPARTURE LAST
                VALUE   (LST)  VALUE       VALUE  FROM      YEAR
                                                  NORMAL
..................................................................
TEMPERATURE (F)
 YESTERDAY
  MAXIMUM         57    246 PM  66    2006  38     19       57
  MINIMUM         31    349 AM  -6    2009  17     14       34
                                      2004
  AVERAGE         44                        28     16       46

PRECIPITATION (IN)
  YESTERDAY        0.00          0.03 2009   0.01  -0.01     0.00
  MONTH TO DATE    0.16                      0.32  -0.16     0.15
  SINCE DEC 1      0.24                      0.72  -0.48     0.39
  SINCE JAN 1      0.16                      0.32  -0.16     0.15

DEGREE DAYS
 HEATING
  YESTERDAY       21                        37    -16       19
  MONTH TO DATE  929                       931     -2      872
  SINCE DEC 1   1843                      2144   -301     1962
  SINCE JUL 1   3599                      3978   -379     3670

 COOLING
  YESTERDAY        0                         0      0        0
  MONTH TO DATE    0                         0      0        0
  SINCE DEC 1      0                         0      0        0
  SINCE JAN 1      0                         0      0        0
..................................................................


WIND (MPH)
  HIGHEST WIND SPEED    17   HIGHEST WIND DIRECTION     S (180)
  HIGHEST GUST SPEED    19   HIGHEST GUST DIRECTION     S (180)
  AVERAGE WIND SPEED     5.0


SKY COVER
  POSSIBLE SUNSHINE  MM
  AVERAGE SKY COVER 0.1


WEATHER CONDITIONS
 THE FOLLOWING WEATHER WAS RECORDED YESTERDAY.
  NO SIGNIFICANT WEATHER WAS OBSERVED.


RELATIVE HUMIDITY (PERCENT)
 HIGHEST    85          1200 AM
 LOWEST     38           200 PM
 AVERAGE    62

..........................................................


THE BUFFALO WY CLIMATE NORMALS FOR TODAY
                         NORMAL    RECORD    YEAR
 MAXIMUM TEMPERATURE (F)   38        57      2003
                                             2002
 MINIMUM TEMPERATURE (F)   17       -12      2009


SUNRISE AND SUNSET
JANUARY 26 2015.......SUNRISE   731 AM MST   SUNSET   508 PM MST
JANUARY 27 2015.......SUNRISE   731 AM MST   SUNSET   509 PM MST


-  INDICATES NEGATIVE NUMBERS.
R  INDICATES RECORD WAS SET OR TIED.
MM INDICATES DATA IS MISSING.
T  INDICATES TRACE AMOUNT.




$$
