000
CDUS45 KRIW 280732
CLIBYG


CLIMATE REPORT
NATIONAL WEATHER SERVICE RIVERTON WY
131 AM MDT TUE JUL 28 2015


...................................

...THE BUFFALO WY CLIMATE SUMMARY FOR JULY 27 2015...

CLIMATE NORMAL PERIOD 1981 TO 2010
CLIMATE RECORD PERIOD 1998 TO 2015


WEATHER ITEM   OBSERVED TIME   RECORD YEAR NORMAL DEPARTURE LAST
                VALUE   (LST)  VALUE       VALUE  FROM      YEAR
                                                  NORMAL
..................................................................
TEMPERATURE (F)
 YESTERDAY
  MAXIMUM         78    504 PM  97    2006  86     -8       85
  MINIMUM         49R  1157 PM  51    2004  58     -9       53
  AVERAGE         64                        72     -8       69

PRECIPITATION (IN)
  YESTERDAY        0.02          1.20 2009   0.06  -0.04     0.00
  MONTH TO DATE    0.77                      1.44  -0.67     0.94
  SINCE JUN 1      4.00                      3.72   0.28     3.85
  SINCE JAN 1     11.26                      9.24   2.02     7.61

DEGREE DAYS
 HEATING
  YESTERDAY        1                         1      0        0
  MONTH TO DATE   23                        30     -7       11
  SINCE JUN 1     77                       193   -116      217
  SINCE JUL 1     23                        30     -7       11

 COOLING
  YESTERDAY        0                         8     -8        4
  MONTH TO DATE  131                       174    -43      170
  SINCE JUN 1    201                       225    -24      175
  SINCE JAN 1    201                       232    -31      186
..................................................................


WIND (MPH)
  HIGHEST WIND SPEED    35   HIGHEST WIND DIRECTION    NW (330)
  HIGHEST GUST SPEED    48   HIGHEST GUST DIRECTION    NW (330)
  AVERAGE WIND SPEED    10.0


SKY COVER
  POSSIBLE SUNSHINE  MM
  AVERAGE SKY COVER 0.0


WEATHER CONDITIONS
 THE FOLLOWING WEATHER WAS RECORDED YESTERDAY.
  THUNDERSTORM
  LIGHT RAIN
  HAZE


RELATIVE HUMIDITY (PERCENT)
 HIGHEST    89           800 PM
 LOWEST     32           500 AM
 AVERAGE    61

..........................................................


THE BUFFALO WY CLIMATE NORMALS FOR TODAY
                         NORMAL    RECORD    YEAR
 MAXIMUM TEMPERATURE (F)   86       100      2006
 MINIMUM TEMPERATURE (F)   58        49      2004


SUNRISE AND SUNSET
JULY 28 2015..........SUNRISE   549 AM MDT   SUNSET   837 PM MDT
JULY 29 2015..........SUNRISE   551 AM MDT   SUNSET   836 PM MDT


-  INDICATES NEGATIVE NUMBERS.
R  INDICATES RECORD WAS SET OR TIED.
MM INDICATES DATA IS MISSING.
T  INDICATES TRACE AMOUNT.




$$
