000
CDUS45 KRIW 210749
CLIBYG


CLIMATE REPORT
NATIONAL WEATHER SERVICE RIVERTON WY
1249 AM MST FRI NOV 21 2014


...................................

...THE BUFFALO WY CLIMATE SUMMARY FOR NOVEMBER 20 2014...

CLIMATE NORMAL PERIOD 1981 TO 2010
CLIMATE RECORD PERIOD 1998 TO 2014


WEATHER ITEM   OBSERVED TIME   RECORD YEAR NORMAL DEPARTURE LAST
                VALUE   (LST)  VALUE       VALUE  FROM      YEAR
                                                  NORMAL
..................................................................
TEMPERATURE (F)
 YESTERDAY
  MAXIMUM         47    304 PM  70    2006  42      5       39
  MINIMUM         22    253 AM   6    2010  21      1        7
  AVERAGE         35                        32      3       23

PRECIPITATION (IN)
  YESTERDAY        0.00          0.26 2003   0.02  -0.02      T
  MONTH TO DATE    0.13                      0.35  -0.22     0.12
  SINCE SEP 1      1.44                      2.59  -1.15     5.71
  SINCE JAN 1     11.65                     12.86  -1.21    10.13

DEGREE DAYS
 HEATING
  YESTERDAY       30                        33     -3       42
  MONTH TO DATE  725                       572    153      547
  SINCE SEP 1   1368                      1413    -45     1385
  SINCE JUL 1   1427                      1478    -51     1386

 COOLING
  YESTERDAY        0                         0      0        0
  MONTH TO DATE    0                         0      0        0
  SINCE SEP 1     53                        46      7       95
  SINCE JAN 1    387                       492   -105      709
..................................................................


WIND (MPH)
  HIGHEST WIND SPEED    12   HIGHEST WIND DIRECTION     S (200)
  HIGHEST GUST SPEED    15   HIGHEST GUST DIRECTION     S (200)
  AVERAGE WIND SPEED     4.2


SKY COVER
  POSSIBLE SUNSHINE  MM
  AVERAGE SKY COVER 0.1


WEATHER CONDITIONS
 THE FOLLOWING WEATHER WAS RECORDED YESTERDAY.
  NO SIGNIFICANT WEATHER WAS OBSERVED.


RELATIVE HUMIDITY (PERCENT)
 HIGHEST    62           300 AM
 LOWEST     33          1000 AM
 AVERAGE    48

..........................................................


THE BUFFALO WY CLIMATE NORMALS FOR TODAY
                         NORMAL    RECORD    YEAR
 MAXIMUM TEMPERATURE (F)   42        67      2012
 MINIMUM TEMPERATURE (F)   21        -1      2003


SUNRISE AND SUNSET
NOVEMBER 21 2014......SUNRISE   711 AM MST   SUNSET   434 PM MST
NOVEMBER 22 2014......SUNRISE   712 AM MST   SUNSET   434 PM MST


-  INDICATES NEGATIVE NUMBERS.
R  INDICATES RECORD WAS SET OR TIED.
MM INDICATES DATA IS MISSING.
T  INDICATES TRACE AMOUNT.




$$
