000
CDUS45 KRIW 190738
CLIBYG


CLIMATE REPORT
NATIONAL WEATHER SERVICE RIVERTON WY
1228 AM MST FRI DEC 19 2014


...................................

...THE BUFFALO WY CLIMATE SUMMARY FOR DECEMBER 18 2014...

CLIMATE NORMAL PERIOD 1981 TO 2010
CLIMATE RECORD PERIOD 1998 TO 2014


WEATHER ITEM   OBSERVED TIME   RECORD YEAR NORMAL DEPARTURE LAST
                VALUE   (LST)  VALUE       VALUE  FROM      YEAR
                                                  NORMAL
..................................................................
TEMPERATURE (F)
 YESTERDAY
  MAXIMUM         42   1205 PM  54    2011  36      6       MM
  MINIMUM         21    539 AM  -8    2005  15      6       MM
  AVERAGE         32                        25      7       MM

PRECIPITATION (IN)
  YESTERDAY        0.00          0.02 1998   0.01  -0.01     0.00
  MONTH TO DATE    T                         0.25  -0.25     0.18
  SINCE DEC 1      T                         0.25  -0.25     0.18
  SINCE JAN 1     11.86                     13.30  -1.44    10.31

DEGREE DAYS
 HEATING
  YESTERDAY       33                        40     -7       MM
  MONTH TO DATE  353                       708   -355      697
  SINCE DEC 1    353                       708   -355      697
  SINCE JUL 1   2109                      2542   -433     2405

 COOLING
  YESTERDAY        0                         0      0       MM
  MONTH TO DATE    0                         0      0        0
  SINCE DEC 1      0                         0      0        0
  SINCE JAN 1    387                       492   -105      709
..................................................................


WIND (MPH)
  HIGHEST WIND SPEED    15   HIGHEST WIND DIRECTION     S (190)
  HIGHEST GUST SPEED    17   HIGHEST GUST DIRECTION     S (180)
  AVERAGE WIND SPEED     8.3


SKY COVER
  POSSIBLE SUNSHINE  MM
  AVERAGE SKY COVER 0.0


WEATHER CONDITIONS
 THE FOLLOWING WEATHER WAS RECORDED YESTERDAY.
  NO SIGNIFICANT WEATHER WAS OBSERVED.


RELATIVE HUMIDITY (PERCENT)
 HIGHEST    81           200 AM
 LOWEST     34          1200 PM
 AVERAGE    58

..........................................................


THE BUFFALO WY CLIMATE NORMALS FOR TODAY
                         NORMAL    RECORD    YEAR
 MAXIMUM TEMPERATURE (F)   36        60      2004
 MINIMUM TEMPERATURE (F)   15       -12      1998


SUNRISE AND SUNSET
DECEMBER 19 2014......SUNRISE   739 AM MST   SUNSET   429 PM MST
DECEMBER 20 2014......SUNRISE   739 AM MST   SUNSET   430 PM MST


-  INDICATES NEGATIVE NUMBERS.
R  INDICATES RECORD WAS SET OR TIED.
MM INDICATES DATA IS MISSING.
T  INDICATES TRACE AMOUNT.




$$
