000
CDUS45 KRIW 120741
CLIBYG


CLIMATE REPORT
NATIONAL WEATHER SERVICE RIVERTON WY
134 AM MDT SAT JUL 12 2014


...................................

...THE BUFFALO WY CLIMATE SUMMARY FOR JULY 11 2014...

CLIMATE NORMAL PERIOD 1981 TO 2010
CLIMATE RECORD PERIOD 1998 TO 2014


WEATHER ITEM   OBSERVED TIME   RECORD YEAR NORMAL DEPARTURE LAST
                VALUE   (LST)  VALUE       VALUE  FROM      YEAR
                                                  NORMAL
..................................................................
TEMPERATURE (F)
 YESTERDAY
  MAXIMUM         81    845 AM 101    2013  84     -3      101
  MINIMUM         63    517 AM  44    2008  56      7       66
  AVERAGE         72                        70      2       84

PRECIPITATION (IN)
  YESTERDAY        0.00          0.11 2010   0.06  -0.06    MM
  MONTH TO DATE    0.33                      0.57  -0.24     0.00
  SINCE JUN 1      3.24                      2.85   0.39     0.95
  SINCE JAN 1      7.00                      8.37  -1.37     4.08

DEGREE DAYS
 HEATING
  YESTERDAY        0                         1     -1        0
  MONTH TO DATE    8                        14     -6        0
  SINCE JUN 1    214                       177     37      100
  SINCE JUL 1      8                        14     -6        0

 COOLING
  YESTERDAY        7                         6      1       19
  MONTH TO DATE   57                        57      0      100
  SINCE JUN 1     62                       108    -46      177
  SINCE JAN 1     73                       115    -42      187
..................................................................


WIND (MPH)
  HIGHEST WIND SPEED    24   HIGHEST WIND DIRECTION     S (190)
  HIGHEST GUST SPEED    30   HIGHEST GUST DIRECTION     N (10)
  AVERAGE WIND SPEED    10.7


SKY COVER
  POSSIBLE SUNSHINE  MM
  AVERAGE SKY COVER 0.1


WEATHER CONDITIONS
 THE FOLLOWING WEATHER WAS RECORDED YESTERDAY.
  THUNDERSTORM


RELATIVE HUMIDITY (PERCENT)
 HIGHEST    73           700 PM
 LOWEST     42           900 AM
 AVERAGE    58

..........................................................


THE BUFFALO WY CLIMATE NORMALS FOR TODAY
                         NORMAL    RECORD    YEAR
 MAXIMUM TEMPERATURE (F)   85        99      2002
 MINIMUM TEMPERATURE (F)   57        41      2008


SUNRISE AND SUNSET
JULY 12 2014..........SUNRISE   534 AM MDT   SUNSET   850 PM MDT
JULY 13 2014..........SUNRISE   535 AM MDT   SUNSET   850 PM MDT


-  INDICATES NEGATIVE NUMBERS.
R  INDICATES RECORD WAS SET OR TIED.
MM INDICATES DATA IS MISSING.
T  INDICATES TRACE AMOUNT.




$$
