000
CDUS45 KRIW 200742
CLIBYG


CLIMATE REPORT
NATIONAL WEATHER SERVICE RIVERTON WY
1240 AM MST TUE FEB 20 2018


...................................

...THE BUFFALO WY CLIMATE SUMMARY FOR FEBRUARY 19 2018...

CLIMATE NORMAL PERIOD 1981 TO 2010
CLIMATE RECORD PERIOD 1998 TO 2018


WEATHER ITEM   OBSERVED TIME   RECORD YEAR NORMAL DEPARTURE LAST
                VALUE   (LST)  VALUE       VALUE  FROM      YEAR
                                                  NORMAL
..................................................................
TEMPERATURE (F)
 YESTERDAY
  MAXIMUM          1    211 PM  64    2017  39    -38       64
  MINIMUM        -10R  1002 PM  -5    2006  18    -28       37
  AVERAGE         -4                        28    -32       51

PRECIPITATION (IN)
  YESTERDAY        0.02          0.14 2011   0.02   0.00      T
  MONTH TO DATE    0.22                      0.24  -0.02     0.16
  SINCE DEC 1      0.66                      1.06  -0.40     0.51
  SINCE JAN 1      0.34                      0.66  -0.32     0.26

DEGREE DAYS
 HEATING
  YESTERDAY       69                        37     32       14
  MONTH TO DATE  861                       714    147      603
  SINCE DEC 1   3041                      3087    -46     3348
  SINCE JUL 1   4703                      4921   -218     4530

 COOLING
  YESTERDAY        0                         0      0        0
  MONTH TO DATE    0                         0      0        0
  SINCE DEC 1      0                         0      0        0
  SINCE JAN 1      0                         0      0        0
..................................................................


WIND (MPH)
  HIGHEST WIND SPEED    20   HIGHEST WIND DIRECTION     N (350)
  HIGHEST GUST SPEED    23   HIGHEST GUST DIRECTION     N (350)
  AVERAGE WIND SPEED     7.5


SKY COVER
  POSSIBLE SUNSHINE  MM
  AVERAGE SKY COVER 0.9


WEATHER CONDITIONS
 THE FOLLOWING WEATHER WAS RECORDED YESTERDAY.
  SNOW
  LIGHT SNOW
  FOG
  HAZE


RELATIVE HUMIDITY (PERCENT)
 HIGHEST    87          1200 AM
 LOWEST     72           400 PM
 AVERAGE    80

..........................................................


THE BUFFALO WY CLIMATE NORMALS FOR TODAY
                         NORMAL    RECORD    YEAR
 MAXIMUM TEMPERATURE (F)   39        62      2017
 MINIMUM TEMPERATURE (F)   18        -3      2011


SUNRISE AND SUNSET
FEBRUARY 20 2018......SUNRISE   659 AM MST   SUNSET   543 PM MST
FEBRUARY 21 2018......SUNRISE   657 AM MST   SUNSET   544 PM MST


-  INDICATES NEGATIVE NUMBERS.
R  INDICATES RECORD WAS SET OR TIED.
MM INDICATES DATA IS MISSING.
T  INDICATES TRACE AMOUNT.




$$
