000
CDUS45 KRIW 190942
CLIBYG


CLIMATE REPORT
NATIONAL WEATHER SERVICE RIVERTON WY
241 AM MST THU JAN 19 2017


...................................

...THE BUFFALO WY CLIMATE SUMMARY FOR JANUARY 18 2017...

CLIMATE NORMAL PERIOD 1981 TO 2010
CLIMATE RECORD PERIOD 1998 TO 2017


WEATHER ITEM   OBSERVED TIME   RECORD YEAR NORMAL DEPARTURE LAST
                VALUE   (LST)  VALUE       VALUE  FROM      YEAR
                                                  NORMAL
..................................................................
TEMPERATURE (F)
 YESTERDAY
  MAXIMUM         55   1233 PM  56    2005  39     16       43
  MINIMUM         21    354 AM  -1    2012  17      4       24
  AVERAGE         38                        28     10       34

PRECIPITATION (IN)
  YESTERDAY        0.00          0.10 2008   0.02  -0.02      T
  MONTH TO DATE    T                         0.22  -0.22     0.11
  SINCE DEC 1      0.25                      0.62  -0.37     0.21
  SINCE JAN 1      T                         0.22  -0.22     0.11

DEGREE DAYS
 HEATING
  YESTERDAY       27                        37    -10       31
  MONTH TO DATE  851                       672    179      650
  SINCE DEC 1   2272                      1885    387     1760
  SINCE JUL 1   3454                      3719   -265     3189

 COOLING
  YESTERDAY        0                         0      0        0
  MONTH TO DATE    0                         0      0        0
  SINCE DEC 1      0                         0      0        0
  SINCE JAN 1      0                         0      0        0
..................................................................


WIND (MPH)
  HIGHEST WIND SPEED    20   HIGHEST WIND DIRECTION    NW (310)
  HIGHEST GUST SPEED    22   HIGHEST GUST DIRECTION    NW (310)
  AVERAGE WIND SPEED     5.9


SKY COVER
  POSSIBLE SUNSHINE  MM
  AVERAGE SKY COVER 0.0


WEATHER CONDITIONS
 THE FOLLOWING WEATHER WAS RECORDED YESTERDAY.
  NO SIGNIFICANT WEATHER WAS OBSERVED.


RELATIVE HUMIDITY (PERCENT)
 HIGHEST    71           400 AM
 LOWEST     33           800 PM
 AVERAGE    52

..........................................................


THE BUFFALO WY CLIMATE NORMALS FOR TODAY
                         NORMAL    RECORD    YEAR
 MAXIMUM TEMPERATURE (F)   39        59      2014
                                             2005
 MINIMUM TEMPERATURE (F)   17        -3      2012


SUNRISE AND SUNSET
JANUARY 19 2017.......SUNRISE   737 AM MST   SUNSET   459 PM MST
JANUARY 20 2017.......SUNRISE   736 AM MST   SUNSET   500 PM MST


-  INDICATES NEGATIVE NUMBERS.
R  INDICATES RECORD WAS SET OR TIED.
MM INDICATES DATA IS MISSING.
T  INDICATES TRACE AMOUNT.




$$
