000
CDUS45 KRIW 080839
CLIBYG


CLIMATE REPORT
NATIONAL WEATHER SERVICE RIVERTON WY
139 AM MST THU DEC 8 2016


...................................

...THE BUFFALO WY CLIMATE SUMMARY FOR DECEMBER 7 2016...

CLIMATE NORMAL PERIOD 1981 TO 2010
CLIMATE RECORD PERIOD 1998 TO 2016


WEATHER ITEM   OBSERVED TIME   RECORD YEAR NORMAL DEPARTURE LAST
                VALUE   (LST)  VALUE       VALUE  FROM      YEAR
                                                  NORMAL
..................................................................
TEMPERATURE (F)
 YESTERDAY
  MAXIMUM          5    109 PM  54    2008  36    -31       50
  MINIMUM         -7   1058 PM -22    2013  16    -23       30
  AVERAGE         -1                        26    -27       40

PRECIPITATION (IN)
  YESTERDAY        T             0.14 2003   0.01  -0.01     0.00
  MONTH TO DATE    0.07                      0.13  -0.06     0.00
  SINCE DEC 1      0.07                      0.13  -0.06     0.00
  SINCE JAN 1     12.11                     13.18  -1.07    13.67

DEGREE DAYS
 HEATING
  YESTERDAY       66                        39     27       25
  MONTH TO DATE  306                       270     36      203
  SINCE DEC 1    306                       270     36      203
  SINCE JUL 1   1488                      2104   -616     1632

 COOLING
  YESTERDAY        0                         0      0        0
  MONTH TO DATE    0                         0      0        0
  SINCE DEC 1      0                         0      0        0
  SINCE JAN 1    632                       492    140      560
..................................................................


WIND (MPH)
  HIGHEST WIND SPEED    22   HIGHEST WIND DIRECTION    NW (330)
  HIGHEST GUST SPEED    27   HIGHEST GUST DIRECTION    NW (330)
  AVERAGE WIND SPEED     7.2


SKY COVER
  POSSIBLE SUNSHINE  MM
  AVERAGE SKY COVER 0.5


WEATHER CONDITIONS
 THE FOLLOWING WEATHER WAS RECORDED YESTERDAY.
  LIGHT SNOW
  HAZE
  BLOWING SNOW


RELATIVE HUMIDITY (PERCENT)
 HIGHEST    79           100 AM
 LOWEST     62          1200 PM
 AVERAGE    71

..........................................................


THE BUFFALO WY CLIMATE NORMALS FOR TODAY
                         NORMAL    RECORD    YEAR
 MAXIMUM TEMPERATURE (F)   36        58      2006
 MINIMUM TEMPERATURE (F)   15       -18      2009


SUNRISE AND SUNSET
DECEMBER  8 2016......SUNRISE   731 AM MST   SUNSET   427 PM MST
DECEMBER  9 2016......SUNRISE   732 AM MST   SUNSET   427 PM MST


-  INDICATES NEGATIVE NUMBERS.
R  INDICATES RECORD WAS SET OR TIED.
MM INDICATES DATA IS MISSING.
T  INDICATES TRACE AMOUNT.




$$
