000
CDUS45 KPIH 210735
CLIBYI


CLIMATE REPORT
NATIONAL WEATHER SERVICE POCATELLO ID
133 AM MDT THU AUG 21 2014


...................................

...THE BURLEY ID CLIMATE SUMMARY FOR AUGUST 20 2014...

CLIMATE NORMAL PERIOD 1981 TO 2010
CLIMATE RECORD PERIOD 1948 TO 2014


WEATHER ITEM   OBSERVED TIME   RECORD YEAR NORMAL DEPARTURE LAST
                VALUE   (LST)  VALUE       VALUE  FROM      YEAR
                                                  NORMAL
..................................................................
TEMPERATURE (F)
 YESTERDAY
  MAXIMUM         83    222 PM  98    1995  84     -1       89
  MINIMUM         53    545 AM  34    1964  51      2       60
  AVERAGE         68                        68      0       75

PRECIPITATION (IN)
  YESTERDAY        0.13          1.18 1968   0.02   0.11     0.00
  MONTH TO DATE    1.53                      0.24   1.29      T
  SINCE OCT 1      8.91                      9.43  -0.52     5.93
  SINCE JAN 1      8.30                      6.60   1.70     2.33

SNOWFALL (IN)
  YESTERDAY       MM
  MONTH TO DATE   MM
  SINCE JUN 1     MM
  SINCE JUL 1     MM
  SNOW DEPTH      MM

DEGREE DAYS
 HEATING
  YESTERDAY        0                         1     -1        0
  MONTH TO DATE    1                        13    -12        0
  SINCE JUN 1    108                       169    -61      101
  SINCE JUL 1      4                        35    -31        0

 COOLING
  YESTERDAY        3                         4     -1       10
  MONTH TO DATE  117                       101     16      133
  SINCE JUN 1    388                       308     80      497
  SINCE JAN 1    389                       314     75      507
..................................................................


WIND (MPH)
  HIGHEST WIND SPEED    26   HIGHEST WIND DIRECTION    SW (210)
  HIGHEST GUST SPEED    33   HIGHEST GUST DIRECTION     W (290)
  AVERAGE WIND SPEED     4.8


SKY COVER
  POSSIBLE SUNSHINE  MM
  AVERAGE SKY COVER 0.1


WEATHER CONDITIONS
 THE FOLLOWING WEATHER WAS RECORDED YESTERDAY.
  THUNDERSTORM
  HEAVY RAIN
  RAIN
  LIGHT RAIN


RELATIVE HUMIDITY (PERCENT)
 HIGHEST    93           300 AM
 LOWEST     28           100 PM
 AVERAGE    61

..........................................................


THE BURLEY ID CLIMATE NORMALS FOR TODAY
                         NORMAL    RECORD    YEAR
 MAXIMUM TEMPERATURE (F)   84        98      2009
 MINIMUM TEMPERATURE (F)   51        38      1974


SUNRISE AND SUNSET
AUGUST 21 2014........SUNRISE   648 AM MDT   SUNSET   827 PM MDT
AUGUST 22 2014........SUNRISE   649 AM MDT   SUNSET   826 PM MDT


-  INDICATES NEGATIVE NUMBERS.
R  INDICATES RECORD WAS SET OR TIED.
MM INDICATES DATA IS MISSING.
T  INDICATES TRACE AMOUNT.




$$
