000
CDUS45 KPIH 020731
CLIBYI


CLIMATE REPORT
NATIONAL WEATHER SERVICE POCATELLO ID
1230 AM MST MON MAR 2 2015


...................................

...THE BURLEY ID CLIMATE SUMMARY FOR MARCH 1 2015...

CLIMATE NORMAL PERIOD 1981 TO 2010
CLIMATE RECORD PERIOD 1948 TO 2015


WEATHER ITEM   OBSERVED TIME   RECORD YEAR NORMAL DEPARTURE LAST
                VALUE   (LST)  VALUE       VALUE  FROM      YEAR
                                                  NORMAL
..................................................................
TEMPERATURE (F)
 YESTERDAY
  MAXIMUM         45    440 PM  65    1986  45      0       46
  MINIMUM         20    732 AM  -3    1993  25     -5       35
  AVERAGE         33                        35     -2       41

PRECIPITATION (IN)
  YESTERDAY        0.00          0.34 2014   0.03  -0.03     0.34
  MONTH TO DATE    0.00                      0.03  -0.03     0.34
  SINCE OCT 1      3.10                      4.54  -1.44     2.79
  SINCE JAN 1      1.05                      1.71  -0.66     2.18

SNOWFALL (IN)
  YESTERDAY       MM
  MONTH TO DATE   MM
  SINCE MAR 1     MM
  SINCE JUL 1     MM
  SNOW DEPTH      MM

DEGREE DAYS
 HEATING
  YESTERDAY       32                        30      2       24
  MONTH TO DATE   32                        30      2       24
  SINCE MAR 1     32                        30      2       24
  SINCE JUL 1   4009                      5052  -1043     4719

 COOLING
  YESTERDAY        0                         0      0        0
  MONTH TO DATE    0                         0      0        0
  SINCE MAR 1      0                         0      0        0
  SINCE JAN 1      0                         0      0        0
..................................................................


WIND (MPH)
  HIGHEST WIND SPEED    20   HIGHEST WIND DIRECTION     E (80)
  HIGHEST GUST SPEED    23   HIGHEST GUST DIRECTION     E (80)
  AVERAGE WIND SPEED     7.8


SKY COVER
  POSSIBLE SUNSHINE  MM
  AVERAGE SKY COVER 0.0


WEATHER CONDITIONS
 THE FOLLOWING WEATHER WAS RECORDED YESTERDAY.
  NO SIGNIFICANT WEATHER WAS OBSERVED.


RELATIVE HUMIDITY (PERCENT)
 HIGHEST    55           200 AM
 LOWEST     18           200 PM
 AVERAGE    37

..........................................................


THE BURLEY ID CLIMATE NORMALS FOR TODAY
                         NORMAL    RECORD    YEAR
 MAXIMUM TEMPERATURE (F)   46        68      1994
 MINIMUM TEMPERATURE (F)   25         3      1976


SUNRISE AND SUNSET
MARCH  2 2015.........SUNRISE   709 AM MST   SUNSET   626 PM MST
MARCH  3 2015.........SUNRISE   708 AM MST   SUNSET   627 PM MST


-  INDICATES NEGATIVE NUMBERS.
R  INDICATES RECORD WAS SET OR TIED.
MM INDICATES DATA IS MISSING.
T  INDICATES TRACE AMOUNT.




$$
