000
CDUS45 KPIH 242322
CLIBYI


CLIMATE REPORT
NATIONAL WEATHER SERVICE POCATELLO ID
521 PM MDT TUE MAY 24 2016


...................................

...THE BURLEY ID CLIMATE SUMMARY FOR MAY 24 2016...
VALID TODAY AS OF 0500 PM LOCAL TIME.

CLIMATE NORMAL PERIOD 1981 TO 2010
CLIMATE RECORD PERIOD 1948 TO 2016


WEATHER ITEM   OBSERVED TIME   RECORD YEAR NORMAL DEPARTURE LAST
                VALUE   (LST)  VALUE       VALUE  FROM      YEAR
                                                  NORMAL
..................................................................
TEMPERATURE (F)
 TODAY
  MAXIMUM         64    326 PM  91    1969  70     -6       64
  MINIMUM         39    531 AM  32    1960  43     -4       44
  AVERAGE         52                        56     -4       54

PRECIPITATION (IN)
  TODAY            T             0.27 1990   0.04  -0.04     0.10
  MONTH TO DATE    1.27                      1.10   0.17     3.58
  SINCE OCT 1      7.90                      7.73   0.17     7.15
  SINCE JAN 1      5.10                      4.90   0.20     5.10

SNOWFALL (IN)
  TODAY           MM
  MONTH TO DATE   MM
  SINCE MAR 1     MM
  SINCE JUL 1     MM
  SNOW DEPTH      MM

DEGREE DAYS
 HEATING
  TODAY           13                         9      4       11
  MONTH TO DATE  239                       286    -47      237
  SINCE MAR 1   1342                      1652   -310     1360
  SINCE JUL 1   5849                      6674   -825     5337

 COOLING
  TODAY            0                         0      0        0
  MONTH TO DATE    4                         0      4        0
  SINCE MAR 1      4                         0      4        0
  SINCE JAN 1      4                         0      4        0
..................................................................


WIND (MPH)
  HIGHEST WIND SPEED    15   HIGHEST WIND DIRECTION     S (190)
  HIGHEST GUST SPEED    21   HIGHEST GUST DIRECTION     S (200)
  AVERAGE WIND SPEED     4.2


SKY COVER
  POSSIBLE SUNSHINE  MM
  AVERAGE SKY COVER 0.4


WEATHER CONDITIONS
 THE FOLLOWING WEATHER WAS RECORDED TODAY.
  NO SIGNIFICANT WEATHER WAS OBSERVED.


RELATIVE HUMIDITY (PERCENT)
 HIGHEST    96           600 AM
 LOWEST     39           400 PM
 AVERAGE    68

..........................................................


THE BURLEY ID CLIMATE NORMALS FOR TOMORROW
                         NORMAL    RECORD    YEAR
 MAXIMUM TEMPERATURE (F)   70        89      1958
 MINIMUM TEMPERATURE (F)   43        28      1975


SUNRISE AND SUNSET
MAY 24 2016...........SUNRISE   605 AM MDT   SUNSET   900 PM MDT
MAY 25 2016...........SUNRISE   604 AM MDT   SUNSET   901 PM MDT


-  INDICATES NEGATIVE NUMBERS.
R  INDICATES RECORD WAS SET OR TIED.
MM INDICATES DATA IS MISSING.
T  INDICATES TRACE AMOUNT.




$$
