000
CDUS45 KPIH 200753
CLIBYI


CLIMATE REPORT
NATIONAL WEATHER SERVICE POCATELLO ID
151 AM MDT WED SEP 20 2017


...................................

...THE BURLEY ID CLIMATE SUMMARY FOR SEPTEMBER 19 2017...

CLIMATE NORMAL PERIOD 1981 TO 2010
CLIMATE RECORD PERIOD 1948 TO 2017


WEATHER ITEM   OBSERVED TIME   RECORD YEAR NORMAL DEPARTURE LAST
                VALUE   (LST)  VALUE       VALUE  FROM      YEAR
                                                  NORMAL
..................................................................
TEMPERATURE (F)
 YESTERDAY
  MAXIMUM         54    314 PM  90    1956  73    -19       79
  MINIMUM         38   1159 PM  18    1965  42     -4       50
  AVERAGE         46                        57    -11       65

PRECIPITATION (IN)
  YESTERDAY        0.06          0.29 1970   0.02   0.04     0.00
  MONTH TO DATE    0.76                      0.32   0.44     1.28
  SINCE OCT 1     14.14                      9.91   4.23     9.47
  SINCE JAN 1      9.35                      7.08   2.27     6.67

SNOWFALL (IN)
  YESTERDAY       MM
  MONTH TO DATE   MM
  SINCE SEP 1     MM
  SINCE JUL 1     MM
  SNOW DEPTH      MM

DEGREE DAYS
 HEATING
  YESTERDAY       19                         8     11        0
  MONTH TO DATE   65                       101    -36      140
  SINCE SEP 1     65                       101    -36      140
  SINCE JUL 1     71                       158    -87      196

 COOLING
  YESTERDAY        0                         0      0        0
  MONTH TO DATE   68                        19     49        8
  SINCE SEP 1     68                        19     49        8
  SINCE JAN 1    601                       363    238      351
..................................................................


WIND (MPH)
  HIGHEST WIND SPEED    28   HIGHEST WIND DIRECTION     W (280)
  HIGHEST GUST SPEED    39   HIGHEST GUST DIRECTION     W (290)
  AVERAGE WIND SPEED    11.3


SKY COVER
  POSSIBLE SUNSHINE  MM
  AVERAGE SKY COVER 0.4


WEATHER CONDITIONS
 THE FOLLOWING WEATHER WAS RECORDED YESTERDAY.
  RAIN
  LIGHT RAIN
  FOG


RELATIVE HUMIDITY (PERCENT)
 HIGHEST    96           100 AM
 LOWEST     50           600 PM
 AVERAGE    73

..........................................................


THE BURLEY ID CLIMATE NORMALS FOR TODAY
                         NORMAL    RECORD    YEAR
 MAXIMUM TEMPERATURE (F)   72        89      1991
 MINIMUM TEMPERATURE (F)   42        27      1983


SUNRISE AND SUNSET
SEPTEMBER 20 2017.....SUNRISE   721 AM MDT   SUNSET   735 PM MDT
SEPTEMBER 21 2017.....SUNRISE   722 AM MDT   SUNSET   733 PM MDT


-  INDICATES NEGATIVE NUMBERS.
R  INDICATES RECORD WAS SET OR TIED.
MM INDICATES DATA IS MISSING.
T  INDICATES TRACE AMOUNT.




$$
