000
CDUS45 KPIH 260739
CLIBYI


CLIMATE REPORT
NATIONAL WEATHER SERVICE POCATELLO ID
138 AM MDT WED APR 26 2017


...................................

...THE BURLEY ID CLIMATE SUMMARY FOR APRIL 25 2017...

CLIMATE NORMAL PERIOD 1981 TO 2010
CLIMATE RECORD PERIOD 1948 TO 2017


WEATHER ITEM   OBSERVED TIME   RECORD YEAR NORMAL DEPARTURE LAST
                VALUE   (LST)  VALUE       VALUE  FROM      YEAR
                                                  NORMAL
..................................................................
TEMPERATURE (F)
 YESTERDAY
  MAXIMUM         55    428 PM  85    1977  61     -6       48
  MINIMUM         38    654 AM  26    2009  36      2       40
  AVERAGE         47                        48     -1       44

PRECIPITATION (IN)
  YESTERDAY        T             0.76 1971   0.05  -0.05     0.20
  MONTH TO DATE    1.62                      0.86   0.76     0.83
  SINCE OCT 1     10.94                      6.40   4.54     6.37
  SINCE JAN 1      6.15                      3.57   2.58     3.57

SNOWFALL (IN)
  YESTERDAY       MM
  MONTH TO DATE   MM
  SINCE MAR 1     MM
  SINCE JUL 1     MM
  SNOW DEPTH      MM

DEGREE DAYS
 HEATING
  YESTERDAY       18                        17      1       21
  MONTH TO DATE  467                       489    -22      332
  SINCE MAR 1   1047                      1286   -239     1023
  SINCE JUL 1   5853                      6308   -455     5530

 COOLING
  YESTERDAY        0                         0      0        0
  MONTH TO DATE    0                         0      0        0
  SINCE MAR 1      0                         0      0        0
  SINCE JAN 1      0                         0      0        0
..................................................................


WIND (MPH)
  HIGHEST WIND SPEED    30   HIGHEST WIND DIRECTION     W (270)
  HIGHEST GUST SPEED    43   HIGHEST GUST DIRECTION     W (280)
  AVERAGE WIND SPEED    17.4


SKY COVER
  POSSIBLE SUNSHINE  MM
  AVERAGE SKY COVER 0.4


WEATHER CONDITIONS
 THE FOLLOWING WEATHER WAS RECORDED YESTERDAY.
  LIGHT RAIN
  LIGHT SNOW


RELATIVE HUMIDITY (PERCENT)
 HIGHEST    85           100 AM
 LOWEST     35           600 PM
 AVERAGE    60

..........................................................


THE BURLEY ID CLIMATE NORMALS FOR TODAY
                         NORMAL    RECORD    YEAR
 MAXIMUM TEMPERATURE (F)   61        87      1992
 MINIMUM TEMPERATURE (F)   36        22      2008


SUNRISE AND SUNSET
APRIL 26 2017.........SUNRISE   636 AM MDT   SUNSET   830 PM MDT
APRIL 27 2017.........SUNRISE   635 AM MDT   SUNSET   831 PM MDT


-  INDICATES NEGATIVE NUMBERS.
R  INDICATES RECORD WAS SET OR TIED.
MM INDICATES DATA IS MISSING.
T  INDICATES TRACE AMOUNT.




$$
