000
CDUS45 KPIH 310734
CLIBYI


CLIMATE REPORT
NATIONAL WEATHER SERVICE POCATELLO ID
133 AM MDT MON AUG 31 2015


...................................

...THE BURLEY ID CLIMATE SUMMARY FOR AUGUST 30 2015...

CLIMATE NORMAL PERIOD 1981 TO 2010
CLIMATE RECORD PERIOD 1948 TO 2015


WEATHER ITEM   OBSERVED TIME   RECORD YEAR NORMAL DEPARTURE LAST
                VALUE   (LST)  VALUE       VALUE  FROM      YEAR
                                                  NORMAL
..................................................................
TEMPERATURE (F)
 YESTERDAY
  MAXIMUM         77    439 PM  99    1954  81     -4       75
  MINIMUM         51   1154 PM  32    1965  48      3       54
  AVERAGE         64                        64      0       65

PRECIPITATION (IN)
  YESTERDAY        0.00          0.93 1963   0.01  -0.01      T
  MONTH TO DATE    0.17                      0.38  -0.21     2.71
  SINCE OCT 1      8.49                      9.57  -1.08    10.09
  SINCE JAN 1      6.44                      6.74  -0.30     9.48

SNOWFALL (IN)
  YESTERDAY       MM
  MONTH TO DATE   MM
  SINCE JUN 1     MM
  SINCE JUL 1     MM
  SNOW DEPTH      MM

DEGREE DAYS
 HEATING
  YESTERDAY        1                         3     -2        0
  MONTH TO DATE    7                        31    -24       22
  SINCE JUN 1     52                       187   -135      129
  SINCE JUL 1     26                        53    -27       25

 COOLING
  YESTERDAY        0                         2     -2        0
  MONTH TO DATE  138                       129      9      129
  SINCE JUN 1    441                       336    105      400
  SINCE JAN 1    446                       342    104      401
..................................................................


WIND (MPH)
  HIGHEST WIND SPEED    15   HIGHEST WIND DIRECTION    NW (310)
  HIGHEST GUST SPEED    23   HIGHEST GUST DIRECTION    NW (300)
  AVERAGE WIND SPEED     7.9


SKY COVER
  POSSIBLE SUNSHINE  MM
  AVERAGE SKY COVER 0.0


WEATHER CONDITIONS
 THE FOLLOWING WEATHER WAS RECORDED YESTERDAY.
  NO SIGNIFICANT WEATHER WAS OBSERVED.


RELATIVE HUMIDITY (PERCENT)
 HIGHEST    78          1200 AM
 LOWEST     21           500 PM
 AVERAGE    50

..........................................................


THE BURLEY ID CLIMATE NORMALS FOR TODAY
                         NORMAL    RECORD    YEAR
 MAXIMUM TEMPERATURE (F)   81        96      1995
 MINIMUM TEMPERATURE (F)   48        31      1965


SUNRISE AND SUNSET
AUGUST 31 2015........SUNRISE   659 AM MDT   SUNSET   811 PM MDT
SEPTEMBER  1 2015.....SUNRISE   700 AM MDT   SUNSET   810 PM MDT


-  INDICATES NEGATIVE NUMBERS.
R  INDICATES RECORD WAS SET OR TIED.
MM INDICATES DATA IS MISSING.
T  INDICATES TRACE AMOUNT.




$$
