000
CDUS45 KPIH 120748
CLIBYI


CLIMATE REPORT
NATIONAL WEATHER SERVICE POCATELLO ID
1247 AM MST FRI FEB 12 2016


...................................

...THE BURLEY ID CLIMATE SUMMARY FOR FEBRUARY 11 2016...

CLIMATE NORMAL PERIOD 1981 TO 2010
CLIMATE RECORD PERIOD 1948 TO 2016


WEATHER ITEM   OBSERVED TIME   RECORD YEAR NORMAL DEPARTURE LAST
                VALUE   (LST)  VALUE       VALUE  FROM      YEAR
                                                  NORMAL
..................................................................
TEMPERATURE (F)
 YESTERDAY
  MAXIMUM         46    348 PM  62    1991  39      7       53
  MINIMUM         21    520 AM  -3    1982  21      0       23
  AVERAGE         34                        30      4       38

PRECIPITATION (IN)
  YESTERDAY        0.00          0.14 1978   0.02  -0.02     0.00
  MONTH TO DATE    0.03                      0.28  -0.25     0.35
  SINCE OCT 1      3.91                      4.02  -0.11     3.02
  SINCE JAN 1      1.11                      1.19  -0.08     0.97

SNOWFALL (IN)
  YESTERDAY       MM
  MONTH TO DATE   MM
  SINCE DEC 1     MM
  SINCE JUL 1     MM
  SNOW DEPTH      MM

DEGREE DAYS
 HEATING
  YESTERDAY       31                        35     -4       27
  MONTH TO DATE  392                       398     -6      222
  SINCE DEC 1   2653                      2776   -123     2139
  SINCE JUL 1   4074                      4464   -390     3520

 COOLING
  YESTERDAY        0                         0      0        0
  MONTH TO DATE    0                         0      0        0
  SINCE DEC 1      0                         0      0        0
  SINCE JAN 1      0                         0      0        0
..................................................................


WIND (MPH)
  HIGHEST WIND SPEED    17   HIGHEST WIND DIRECTION    NE (50)
  HIGHEST GUST SPEED    22   HIGHEST GUST DIRECTION    NE (40)
  AVERAGE WIND SPEED     7.2


SKY COVER
  POSSIBLE SUNSHINE  MM
  AVERAGE SKY COVER 0.1


WEATHER CONDITIONS
 THE FOLLOWING WEATHER WAS RECORDED YESTERDAY.
  FOG


RELATIVE HUMIDITY (PERCENT)
 HIGHEST    96           300 AM
 LOWEST     58          1200 PM
 AVERAGE    77

..........................................................


THE BURLEY ID CLIMATE NORMALS FOR TODAY
                         NORMAL    RECORD    YEAR
 MAXIMUM TEMPERATURE (F)   39        60      2015
                                             2011
 MINIMUM TEMPERATURE (F)   21        -4      1949


SUNRISE AND SUNSET
FEBRUARY 12 2016......SUNRISE   736 AM MST   SUNSET   603 PM MST
FEBRUARY 13 2016......SUNRISE   735 AM MST   SUNSET   604 PM MST


-  INDICATES NEGATIVE NUMBERS.
R  INDICATES RECORD WAS SET OR TIED.
MM INDICATES DATA IS MISSING.
T  INDICATES TRACE AMOUNT.




$$
