000
CDUS45 KTFX 180925
CLIBZN


CLIMATE REPORT
NATIONAL WEATHER SERVICE GREAT FALLS MT
324 AM MDT THU SEP 18 2014


...................................

...THE BOZEMAN/GALLATIN FIELD MT CLIMATE SUMMARY FOR SEPTEMBER 17 2014...

CLIMATE NORMAL PERIOD 1981 TO 2010
CLIMATE RECORD PERIOD 1935 TO 2014


WEATHER ITEM   OBSERVED TIME   RECORD YEAR NORMAL DEPARTURE
                VALUE   (LST)  VALUE       VALUE  FROM
                                                  NORMAL
...............................................................
TEMPERATURE (F)
 YESTERDAY
  MAXIMUM         84    259 PM  93    2009  74     10
  MINIMUM         42    547 AM  23    1965  40      2
  AVERAGE         63                        57      6

PRECIPITATION (IN)
  YESTERDAY        T             1.07 1942   0.03  -0.03
  MONTH TO DATE    0.27                      0.59  -0.32
  SINCE OCT 1     13.63                     13.47   0.16
  SINCE JAN 1     12.58                     11.09   1.49

SNOWFALL (IN)
  YESTERDAY        0.0           6.9  1947   0.0    0.0
  MONTH TO DATE    T                         0.1   -0.1
  SINCE SEP 1      T                         0.1   -0.1
  SINCE JUL 1      T                         0.1   -0.1
  SNOW DEPTH       0

DEGREE DAYS
 HEATING
  YESTERDAY        2                               -6
  MONTH TO DATE  207                              110
  SINCE SEP 1    207                              110
  SINCE JUL 1    293                              129

 COOLING
  YESTERDAY        0                                0
  MONTH TO DATE    0                              -20
  SINCE SEP 1      0                              -20
  SINCE JAN 1    182                             -184
...............................................................


WIND (MPH)
  HIGHEST WIND SPEED    13   HIGHEST WIND DIRECTION     S (180)
  HIGHEST GUST SPEED    14   HIGHEST GUST DIRECTION     S (170)
  AVERAGE WIND SPEED     4.2



WEATHER CONDITIONS
 THE FOLLOWING WEATHER WAS RECORDED YESTERDAY.
  THUNDERSTORM
  LIGHT RAIN


RELATIVE HUMIDITY (PERCENT)
 HIGHEST    93
 LOWEST     20
 AVERAGE    57

..........................................................


THE BOZEMAN/GALLATIN FIELD MT CLIMATE NORMALS FOR TODAY
                         NORMAL    RECORD    YEAR
 MAXIMUM TEMPERATURE (F)   74        90      2009
                                             1981
 MINIMUM TEMPERATURE (F)   40        21      1971


SUNRISE AND SUNSET
SEPTEMBER 18 2014.....SUNRISE   707 AM MDT   SUNSET   730 PM MDT
SEPTEMBER 19 2014.....SUNRISE   708 AM MDT   SUNSET   728 PM MDT


-  INDICATES NEGATIVE NUMBERS.
R  INDICATES RECORD WAS SET OR TIED.
MM INDICATES DATA IS MISSING.
T  INDICATES TRACE AMOUNT.




$$
