000
CDUS45 KTFX 291016
CLIBZN


CLIMATE REPORT
NATIONAL WEATHER SERVICE GREAT FALLS MT
414 AM MDT MON AUG 29 2016


...................................

...THE BOZEMAN/GALLATIN FIELD MT CLIMATE SUMMARY FOR AUGUST 28 2016...

CLIMATE NORMAL PERIOD 1981 TO 2010
CLIMATE RECORD PERIOD 1935 TO 2016


WEATHER ITEM   OBSERVED TIME   RECORD YEAR NORMAL DEPARTURE LAST
                VALUE   (LST)  VALUE       VALUE  FROM      YEAR
                                                  NORMAL
..................................................................
TEMPERATURE (F)
 YESTERDAY
  MAXIMUM         85    354 PM  98    2012  84      1       88
  MINIMUM         44    455 AM  33    1960  47     -3       48
  AVERAGE         65                        65      0       68

PRECIPITATION (IN)
  YESTERDAY        0.00          1.61 1964   0.04  -0.04      T
  MONTH TO DATE    1.11                      0.97   0.14     0.65
  SINCE OCT 1     11.64                     12.77  -1.13    10.92
  SINCE JAN 1      8.79                     10.39  -1.60     8.99

SNOWFALL (IN)
  YESTERDAY        0.0           T    1964   0.0    0.0      0.0
                                      1994
  MONTH TO DATE    0.0                       0.0    0.0      0.0
  SINCE JUN 1      0.0                       0.0    0.0      0.0
  SINCE JUL 1      0.0                       0.0    0.0      0.0
  SNOW DEPTH       0

DEGREE DAYS
 HEATING
  YESTERDAY        0                         3     -3        0
  MONTH TO DATE   67                        30     37       62
  SINCE JUN 1    208                       199      9      165
  SINCE JUL 1    109                        58     51       93

 COOLING
  YESTERDAY        0                         3     -3        3
  MONTH TO DATE   39                       132    -93       75
  SINCE JUN 1    209                       336   -127      223
  SINCE JAN 1    209                       340   -131      223
..................................................................


WIND (MPH)
  HIGHEST WIND SPEED    18   HIGHEST WIND DIRECTION    NW (320)
  HIGHEST GUST SPEED    23   HIGHEST GUST DIRECTION    NW (320)
  AVERAGE WIND SPEED     5.9


SKY COVER
  AVERAGE SKY COVER 0.0


WEATHER CONDITIONS
 THE FOLLOWING WEATHER WAS RECORDED YESTERDAY.
  NO SIGNIFICANT WEATHER WAS OBSERVED.


RELATIVE HUMIDITY (PERCENT)
 HIGHEST    70
 LOWEST     17
 AVERAGE    44

..........................................................


THE BOZEMAN/GALLATIN FIELD MT CLIMATE NORMALS FOR TODAY
                         NORMAL    RECORD    YEAR
 MAXIMUM TEMPERATURE (F)   83        97      2005
 MINIMUM TEMPERATURE (F)   46        34      1992


SUNRISE AND SUNSET
AUGUST 29 2016........SUNRISE   643 AM MDT   SUNSET   807 PM MDT
AUGUST 30 2016........SUNRISE   644 AM MDT   SUNSET   805 PM MDT


-  INDICATES NEGATIVE NUMBERS.
R  INDICATES RECORD WAS SET OR TIED.
MM INDICATES DATA IS MISSING.
T  INDICATES TRACE AMOUNT.




$$
