000
CDUS45 KTFX 231021
CLIBZN


CLIMATE REPORT
NATIONAL WEATHER SERVICE GREAT FALLS MT
417 AM MDT THU OCT 23 2014


...................................

...THE BOZEMAN/GALLATIN FIELD MT CLIMATE SUMMARY FOR OCTOBER 22 2014...

CLIMATE NORMAL PERIOD 1981 TO 2010
CLIMATE RECORD PERIOD 1935 TO 2014


WEATHER ITEM   OBSERVED TIME   RECORD YEAR NORMAL DEPARTURE
                VALUE   (LST)  VALUE       VALUE  FROM
                                                  NORMAL
...............................................................
TEMPERATURE (F)
 YESTERDAY
  MAXIMUM         58    355 PM  76    2003  59     -1
  MINIMUM         27    621 AM  16    1961  29     -2
  AVERAGE         43                        44     -1

PRECIPITATION (IN)
  YESTERDAY        0.00          0.41 1955   0.03  -0.03
  MONTH TO DATE    0.37                      0.83  -0.46
  SINCE OCT 1      0.37                      0.83  -0.46
  SINCE JAN 1     13.98                     12.44   1.54

SNOWFALL (IN)
  YESTERDAY        0.0           3.7  1975   0.1   -0.1
  MONTH TO DATE    0.0                       1.2   -1.2
  SINCE SEP 1      T                         1.5   -1.5
  SINCE JUL 1      T                         1.5   -1.5
  SNOW DEPTH       0

DEGREE DAYS
 HEATING
  YESTERDAY       22                                1
  MONTH TO DATE  353                              -30
  SINCE SEP 1    658                               37
  SINCE JUL 1    744                               56

 COOLING
  YESTERDAY        0                                0
  MONTH TO DATE    0                                0
  SINCE SEP 1      5                              -17
  SINCE JAN 1    187                             -181
...............................................................


WIND (MPH)
  HIGHEST WIND SPEED    22   HIGHEST WIND DIRECTION     W (270)
  HIGHEST GUST SPEED    26   HIGHEST GUST DIRECTION     W (270)
  AVERAGE WIND SPEED     5.4



WEATHER CONDITIONS
 THE FOLLOWING WEATHER WAS RECORDED YESTERDAY.
  NO SIGNIFICANT WEATHER WAS OBSERVED.


RELATIVE HUMIDITY (PERCENT)
 HIGHEST    92
 LOWEST     33
 AVERAGE    63

..........................................................


THE BOZEMAN/GALLATIN FIELD MT CLIMATE NORMALS FOR TODAY
                         NORMAL    RECORD    YEAR
 MAXIMUM TEMPERATURE (F)   58        73      2007
                                             1948
 MINIMUM TEMPERATURE (F)   29         9      1975


SUNRISE AND SUNSET
OCTOBER 23 2014.......SUNRISE   752 AM MDT   SUNSET   625 PM MDT
OCTOBER 24 2014.......SUNRISE   754 AM MDT   SUNSET   623 PM MDT


-  INDICATES NEGATIVE NUMBERS.
R  INDICATES RECORD WAS SET OR TIED.
MM INDICATES DATA IS MISSING.
T  INDICATES TRACE AMOUNT.




$$
