710
CDUS45 KTFX 170934
CLIBZN


CLIMATE REPORT
NATIONAL WEATHER SERVICE GREAT FALLS MT
333 AM MDT THU AUG 17 2017


...................................

...THE BOZEMAN/GALLATIN FIELD MT CLIMATE SUMMARY FOR AUGUST 16 2017...

CLIMATE NORMAL PERIOD 1981 TO 2010
CLIMATE RECORD PERIOD 1935 TO 2017


WEATHER ITEM   OBSERVED TIME   RECORD YEAR NORMAL DEPARTURE LAST
                VALUE   (LST)  VALUE       VALUE  FROM      YEAR
                                                  NORMAL
..................................................................
TEMPERATURE (F)
 YESTERDAY
  MAXIMUM         85    434 PM  98    1973  88     -3       91
  MINIMUM         44    552 AM  39    1999  50     -6       48
  AVERAGE         65                        69     -4       70

PRECIPITATION (IN)
  YESTERDAY        0.00          0.44 1960   0.04  -0.04     0.00
  MONTH TO DATE    0.12                      0.54  -0.42     0.12
  SINCE OCT 1     11.70                     12.34  -0.64    10.65
  SINCE JAN 1      8.37                      9.96  -1.59     7.80

SNOWFALL (IN)
  YESTERDAY        0.0           0.0  1999   0.0    0.0      0.0
                                      1994
  MONTH TO DATE    0.0                       0.0    0.0      0.0
  SINCE JUN 1      0.0                       0.0    0.0      0.0
  SINCE JUL 1      0.0                       0.0    0.0      0.0
  SNOW DEPTH       0

DEGREE DAYS
 HEATING
  YESTERDAY        0                         1     -1        0
  MONTH TO DATE    6                        10     -4       13
  SINCE JUN 1    170                       179     -9      154
  SINCE JUL 1      6                        38    -32       55

 COOLING
  YESTERDAY        0                         5     -5        5
  MONTH TO DATE   28                        90    -62       30
  SINCE JUN 1    249                       294    -45      200
  SINCE JAN 1    249                       298    -49      200
..................................................................


WIND (MPH)
  HIGHEST WIND SPEED    14   HIGHEST WIND DIRECTION    NW (330)
  HIGHEST GUST SPEED    18   HIGHEST GUST DIRECTION    NW (320)
  AVERAGE WIND SPEED     4.6


SKY COVER
  AVERAGE SKY COVER 0.1


WEATHER CONDITIONS
 THE FOLLOWING WEATHER WAS RECORDED YESTERDAY.
  NO SIGNIFICANT WEATHER WAS OBSERVED.


RELATIVE HUMIDITY (PERCENT)
 HIGHEST    83
 LOWEST     20
 AVERAGE    52

..........................................................


THE BOZEMAN/GALLATIN FIELD MT CLIMATE NORMALS FOR TODAY
                         NORMAL    RECORD    YEAR
 MAXIMUM TEMPERATURE (F)   87        96      1970
 MINIMUM TEMPERATURE (F)   49        34      2002


SUNRISE AND SUNSET
AUGUST 17 2017........SUNRISE   627 AM MDT   SUNSET   829 PM MDT
AUGUST 18 2017........SUNRISE   629 AM MDT   SUNSET   827 PM MDT


-  INDICATES NEGATIVE NUMBERS.
R  INDICATES RECORD WAS SET OR TIED.
MM INDICATES DATA IS MISSING.
T  INDICATES TRACE AMOUNT.




$$
