000
CDUS45 KTFX 060758
CLIBZN


CLIMATE REPORT
NATIONAL WEATHER SERVICE GREAT FALLS MT
1258 AM MST SAT FEB 6 2016


...................................

...THE BOZEMAN/GALLATIN FIELD MT CLIMATE SUMMARY FOR FEBRUARY 5 2016...

CLIMATE NORMAL PERIOD 1981 TO 2010
CLIMATE RECORD PERIOD 1935 TO 2016


WEATHER ITEM   OBSERVED TIME   RECORD YEAR NORMAL DEPARTURE LAST
                VALUE   (LST)  VALUE       VALUE  FROM      YEAR
                                                  NORMAL
..................................................................
TEMPERATURE (F)
 YESTERDAY
  MAXIMUM         38    411 PM  65    2007  38      0       56
  MINIMUM          8    836 AM -43    1989  13     -5       28
  AVERAGE         23                        25     -2       42

PRECIPITATION (IN)
  YESTERDAY        0.00          0.22 1973   0.02  -0.02     0.00
  MONTH TO DATE    T                         0.07  -0.07     0.04
  SINCE OCT 1      3.21                      2.93   0.28     2.19
  SINCE JAN 1      0.36                      0.55  -0.19     0.26

SNOWFALL (IN)
  YESTERDAY        0.0           3.3  1973   0.2   -0.2      0.0
  MONTH TO DATE    T                         0.8   -0.8      0.4
  SINCE DEC 1     17.0                      10.8    6.2     13.3
  SINCE JUL 1     23.6                      18.2    5.4     28.9
  SNOW DEPTH       9

DEGREE DAYS
 HEATING
  YESTERDAY       42                        40      2       23
  MONTH TO DATE  243                       200     43      166
  SINCE DEC 1   2994                      2841    153     2710
  SINCE JUL 1   4958                      4722    236     4837

 COOLING
  YESTERDAY        0                         0      0        0
  MONTH TO DATE    0                         0      0        0
  SINCE DEC 1      0                         0      0        0
  SINCE JAN 1      0                         0      0        0
..................................................................


WIND (MPH)
  HIGHEST WIND SPEED    12   HIGHEST WIND DIRECTION    SE (120)
  HIGHEST GUST SPEED    13   HIGHEST GUST DIRECTION    SE (130)
  AVERAGE WIND SPEED     3.1


SKY COVER
  AVERAGE SKY COVER 0.3


WEATHER CONDITIONS
 THE FOLLOWING WEATHER WAS RECORDED YESTERDAY.
  NO SIGNIFICANT WEATHER WAS OBSERVED.


RELATIVE HUMIDITY (PERCENT)
 HIGHEST    77
 LOWEST     52
 AVERAGE    65

..........................................................


THE BOZEMAN/GALLATIN FIELD MT CLIMATE NORMALS FOR TODAY
                         NORMAL    RECORD    YEAR
 MAXIMUM TEMPERATURE (F)   38        61      2015
 MINIMUM TEMPERATURE (F)   13       -34      2014


SUNRISE AND SUNSET
FEBRUARY  6 2016......SUNRISE   740 AM MST   SUNSET   537 PM MST
FEBRUARY  7 2016......SUNRISE   739 AM MST   SUNSET   539 PM MST


-  INDICATES NEGATIVE NUMBERS.
R  INDICATES RECORD WAS SET OR TIED.
MM INDICATES DATA IS MISSING.
T  INDICATES TRACE AMOUNT.




$$
