000
CDUS45 KTFX 272245
CLIBZN


CLIMATE REPORT
NATIONAL WEATHER SERVICE GREAT FALLS MT
444 PM MDT SUN JUL 27 2014


...................................

...THE BOZEMAN/GALLATIN FIELD MT CLIMATE SUMMARY FOR JULY 27 2014...
VALID TODAY AS OF 0400 PM LOCAL TIME.

CLIMATE NORMAL PERIOD 1981 TO 2010
CLIMATE RECORD PERIOD 1935 TO 2014


WEATHER ITEM   OBSERVED TIME   RECORD YEAR NORMAL DEPARTURE LAST
                VALUE   (LST)  VALUE       VALUE  FROM      YEAR
                                                  NORMAL
..................................................................
TEMPERATURE (F)
 TODAY
  MAXIMUM         88    227 PM  97    2006  90     -2       81
  MINIMUM         44    513 AM  41    2005  52     -8       49
  AVERAGE         66                        71     -5       65

PRECIPITATION (IN)
  TODAY            0.00          0.15 1956   0.03  -0.03      T
  MONTH TO DATE    0.38                      1.01  -0.63     0.29
  SINCE OCT 1     10.43                     11.69  -1.26     9.60
  SINCE JAN 1      9.38                      9.31   0.07     7.29

SNOWFALL (IN)
  TODAY            0.0           0.0  1998   0.0    0.0      0.0
                                      1994
  MONTH TO DATE    0.0                       0.0    0.0      0.0
  SINCE JUN 1      0.0                       0.0    0.0      0.0
  SINCE JUL 1      0.0                       0.0    0.0      0.0
  SNOW DEPTH       0

DEGREE DAYS
 HEATING
  TODAY            0                         0      0        0
  MONTH TO DATE   13                        27    -14        2
  SINCE JUN 1    249                       168     81      169
  SINCE JUL 1     13                        27    -14        2

 COOLING
  TODAY            1                         6     -5        0
  MONTH TO DATE  105                       138    -33      127
  SINCE JUN 1    105                       176    -71      154
  SINCE JAN 1    105                       180    -75      156
..................................................................


WIND (MPH)
  HIGHEST WIND SPEED     9   HIGHEST WIND DIRECTION     N (350)
  HIGHEST GUST SPEED    14   HIGHEST GUST DIRECTION     N (360)
  AVERAGE WIND SPEED     3.5


SKY COVER
  AVERAGE SKY COVER 0.0


WEATHER CONDITIONS
 THE FOLLOWING WEATHER WAS RECORDED TODAY.
  NO SIGNIFICANT WEATHER WAS OBSERVED.


RELATIVE HUMIDITY (PERCENT)
 HIGHEST    66           500 AM
 LOWEST     12           200 PM
 AVERAGE    39

..........................................................


THE BOZEMAN/GALLATIN FIELD MT CLIMATE NORMALS FOR TOMORROW
                         NORMAL    RECORD    YEAR
 MAXIMUM TEMPERATURE (F)   90       101      2006
 MINIMUM TEMPERATURE (F)   52        34      1949


SUNRISE AND SUNSET
JULY 27 2014..........SUNRISE   602 AM MDT   SUNSET   900 PM MDT
JULY 28 2014..........SUNRISE   603 AM MDT   SUNSET   858 PM MDT


-  INDICATES NEGATIVE NUMBERS.
R  INDICATES RECORD WAS SET OR TIED.
MM INDICATES DATA IS MISSING.
T  INDICATES TRACE AMOUNT.




$$
