000
CDUS45 KTFX 220902
CLIBZN


CLIMATE REPORT
NATIONAL WEATHER SERVICE GREAT FALLS MT
259 AM MDT FRI AUG 22 2014


...................................

...THE BOZEMAN/GALLATIN FIELD MT CLIMATE SUMMARY FOR AUGUST 21 2014...

CLIMATE NORMAL PERIOD 1981 TO 2010
CLIMATE RECORD PERIOD 1935 TO 2014


WEATHER ITEM   OBSERVED TIME   RECORD YEAR NORMAL DEPARTURE
                VALUE   (LST)  VALUE       VALUE  FROM
                                                  NORMAL
...............................................................
TEMPERATURE (F)
 YESTERDAY
  MAXIMUM         70    437 PM  98    2010  86    -16
  MINIMUM         53   1158 PM  35    1945  48      5
  AVERAGE         62                        67     -5

PRECIPITATION (IN)
  YESTERDAY        0.33          0.87 1986   0.04   0.29
  MONTH TO DATE    0.94                      0.72   0.22
  SINCE OCT 1     11.37                     12.52  -1.15
  SINCE JAN 1     10.32                     10.14   0.18

SNOWFALL (IN)
  YESTERDAY        0.0           0.0  1999   0.0    0.0
                                      1994
  MONTH TO DATE    0.0                       0.0    0.0
  SINCE JUN 1      0.0                       0.0    0.0
  SINCE JUL 1      0.0                       0.0    0.0
  SNOW DEPTH       0

DEGREE DAYS
 HEATING
  YESTERDAY        3                                2
  MONTH TO DATE    5                              -10
  SINCE JUN 1    254                               70
  SINCE JUL 1     18                              -25

 COOLING
  YESTERDAY        0                               -4
  MONTH TO DATE   59                              -51
  SINCE JUN 1    182                             -132
  SINCE JAN 1    182                             -136
...............................................................


WIND (MPH)
  HIGHEST WIND SPEED    28   HIGHEST WIND DIRECTION     S (200)
  HIGHEST GUST SPEED    33   HIGHEST GUST DIRECTION     S (190)
  AVERAGE WIND SPEED     4.7



WEATHER CONDITIONS
 THE FOLLOWING WEATHER WAS RECORDED YESTERDAY.
  THUNDERSTORM
  RAIN
  LIGHT RAIN
  FOG


RELATIVE HUMIDITY (PERCENT)
 HIGHEST    93
 LOWEST     45
 AVERAGE    69

..........................................................


THE BOZEMAN/GALLATIN FIELD MT CLIMATE NORMALS FOR TODAY
                         NORMAL    RECORD    YEAR
 MAXIMUM TEMPERATURE (F)   86        98      1976
 MINIMUM TEMPERATURE (F)   48        34      1996


SUNRISE AND SUNSET
AUGUST 22 2014........SUNRISE   633 AM MDT   SUNSET   821 PM MDT
AUGUST 23 2014........SUNRISE   635 AM MDT   SUNSET   819 PM MDT


-  INDICATES NEGATIVE NUMBERS.
R  INDICATES RECORD WAS SET OR TIED.
MM INDICATES DATA IS MISSING.
T  INDICATES TRACE AMOUNT.




$$
