000
CDUS45 KTFX 140954
CLIBZN


CLIMATE REPORT
NATIONAL WEATHER SERVICE GREAT FALLS MT
353 AM MDT MON JUL 14 2014


...................................

...THE BOZEMAN/GALLATIN FIELD MT CLIMATE SUMMARY FOR JULY 13 2014...

CLIMATE NORMAL PERIOD 1981 TO 2010
CLIMATE RECORD PERIOD 1935 TO 2014


WEATHER ITEM   OBSERVED TIME   RECORD YEAR NORMAL DEPARTURE
                VALUE   (LST)  VALUE       VALUE  FROM
                                                  NORMAL
...............................................................
TEMPERATURE (F)
 YESTERDAY
  MAXIMUM         90    334 PM 100    2002  88      2
  MINIMUM         53    527 AM  35    1943  51      2
                                      1965
  AVERAGE         72                        69      3

PRECIPITATION (IN)
  YESTERDAY        0.00          1.49 1962   0.04  -0.04
  MONTH TO DATE    0.27                      0.56  -0.29
  SINCE OCT 1     10.32                     11.24  -0.92
  SINCE JAN 1      9.27                      8.86   0.41

SNOWFALL (IN)
  YESTERDAY        0.0           0.0  1999   0.0    0.0
                                      1994
  MONTH TO DATE    0.0                       0.0    0.0
  SINCE JUN 1      0.0                       0.0    0.0
  SINCE JUL 1      0.0                       0.0    0.0
  SNOW DEPTH       0

DEGREE DAYS
 HEATING
  YESTERDAY        0                               -1
  MONTH TO DATE    6                              -13
  SINCE JUN 1    242                               82
  SINCE JUL 1      6                              -13

 COOLING
  YESTERDAY        7                                2
  MONTH TO DATE   57                                2
  SINCE JUN 1     57                              -36
  SINCE JAN 1     57                              -40
...............................................................


WIND (MPH)
  HIGHEST WIND SPEED    14   HIGHEST WIND DIRECTION    SE (140)
  HIGHEST GUST SPEED    15   HIGHEST GUST DIRECTION    SE (150)
  AVERAGE WIND SPEED     4.4



WEATHER CONDITIONS
 THE FOLLOWING WEATHER WAS RECORDED YESTERDAY.
  NO SIGNIFICANT WEATHER WAS OBSERVED.


RELATIVE HUMIDITY (PERCENT)
 HIGHEST    47
 LOWEST     25
 AVERAGE    36

..........................................................


THE BOZEMAN/GALLATIN FIELD MT CLIMATE NORMALS FOR TODAY
                         NORMAL    RECORD    YEAR
 MAXIMUM TEMPERATURE (F)   88       100      1953
 MINIMUM TEMPERATURE (F)   51        38      2010
                                             1944


SUNRISE AND SUNSET
JULY 14 2014..........SUNRISE   549 AM MDT   SUNSET   912 PM MDT
JULY 15 2014..........SUNRISE   549 AM MDT   SUNSET   911 PM MDT


-  INDICATES NEGATIVE NUMBERS.
R  INDICATES RECORD WAS SET OR TIED.
MM INDICATES DATA IS MISSING.
T  INDICATES TRACE AMOUNT.




$$
