154
CDUS45 KTFX 201121
CLIBZN


CLIMATE REPORT
NATIONAL WEATHER SERVICE GREAT FALLS MT
419 AM MST MON FEB 20 2017


...................................

...THE BOZEMAN/GALLATIN FIELD MT CLIMATE SUMMARY FOR FEBRUARY 19 2017...

CLIMATE NORMAL PERIOD 1981 TO 2010
CLIMATE RECORD PERIOD 1935 TO 2017


WEATHER ITEM   OBSERVED TIME   RECORD YEAR NORMAL DEPARTURE LAST
                VALUE   (LST)  VALUE       VALUE  FROM      YEAR
                                                  NORMAL
..................................................................
TEMPERATURE (F)
 YESTERDAY
  MAXIMUM         41    441 PM  63    1981  40      1       50
  MINIMUM         31    214 AM -20    1952  16     15       31
  AVERAGE         36                        28      8       41

PRECIPITATION (IN)
  YESTERDAY        0.08          0.58 1939   0.02   0.06     0.00
  MONTH TO DATE    0.24                      0.27  -0.03     0.17
  SINCE OCT 1      3.87                      3.13   0.74     3.38
  SINCE JAN 1      0.54                      0.75  -0.21     0.53

SNOWFALL (IN)
  YESTERDAY        T             3.0  1981   0.1   -0.1      0.0
  MONTH TO DATE    7.0                       3.1    3.9       T
  SINCE DEC 1     33.7                      13.1   20.6     17.0
  SINCE JUL 1     37.6                      20.5   17.1     23.6
  SNOW DEPTH       1

DEGREE DAYS
 HEATING
  YESTERDAY       29                        37     -8       24
  MONTH TO DATE  797                       738     59      673
  SINCE DEC 1   4102                      3379    723     3424
  SINCE JUL 1   5879                      5260    619     5388

 COOLING
  YESTERDAY        0                         0      0        0
  MONTH TO DATE    0                         0      0        0
  SINCE DEC 1      0                         0      0        0
  SINCE JAN 1      0                         0      0        0
..................................................................


WIND (MPH)
  HIGHEST WIND SPEED    24   HIGHEST WIND DIRECTION    SW (210)
  HIGHEST GUST SPEED    29   HIGHEST GUST DIRECTION    SW (210)
  AVERAGE WIND SPEED     7.8


SKY COVER
  AVERAGE SKY COVER 0.6


WEATHER CONDITIONS
 THE FOLLOWING WEATHER WAS RECORDED YESTERDAY.
  RAIN
  LIGHT RAIN
  LIGHT SNOW
  FOG


RELATIVE HUMIDITY (PERCENT)
 HIGHEST    96
 LOWEST     59
 AVERAGE    78

..........................................................


THE BOZEMAN/GALLATIN FIELD MT CLIMATE NORMALS FOR TODAY
                         NORMAL    RECORD    YEAR
 MAXIMUM TEMPERATURE (F)   41        64      1995
 MINIMUM TEMPERATURE (F)   16       -20      1952


SUNRISE AND SUNSET
FEBRUARY 20 2017......SUNRISE   718 AM MST   SUNSET   559 PM MST
FEBRUARY 21 2017......SUNRISE   716 AM MST   SUNSET   600 PM MST


-  INDICATES NEGATIVE NUMBERS.
R  INDICATES RECORD WAS SET OR TIED.
MM INDICATES DATA IS MISSING.
T  INDICATES TRACE AMOUNT.




$$
