859
CDUS45 KTFX 010801
CLIBZN


CLIMATE REPORT
NATIONAL WEATHER SERVICE GREAT FALLS MT
201 AM MDT SUN MAY 1 2016


...................................

...THE BOZEMAN/GALLATIN FIELD MT CLIMATE SUMMARY FOR APRIL 30 2016...

CLIMATE NORMAL PERIOD 1981 TO 2010
CLIMATE RECORD PERIOD 1935 TO 2016


WEATHER ITEM   OBSERVED TIME   RECORD YEAR NORMAL DEPARTURE LAST
                VALUE   (LST)  VALUE       VALUE  FROM      YEAR
                                                  NORMAL
..................................................................
TEMPERATURE (F)
 YESTERDAY
  MAXIMUM         52    524 PM  81    1987  64    -12       63
  MINIMUM         33    457 AM  14    1969  35     -2       36
  AVERAGE         43                        49     -6       50

PRECIPITATION (IN)
  YESTERDAY        0.00          1.02 1951   0.06  -0.06     0.07
  MONTH TO DATE    0.84                      1.60  -0.76     1.79
  SINCE OCT 1      5.24                      5.83  -0.59     4.56
  SINCE JAN 1      2.39                      3.45  -1.06     2.63

SNOWFALL (IN)
  YESTERDAY        0.0           7.5  1951   0.2   -0.2      0.0
  MONTH TO DATE    T                         7.5   -7.5      5.0
  SINCE MAR 1      2.1                      15.2  -13.1      7.0
  SINCE JUL 1     25.7                      37.5  -11.8     37.4
  SNOW DEPTH       0

DEGREE DAYS
 HEATING
  YESTERDAY       22                        16      6       15
  MONTH TO DATE  549                       598    -49      686
  SINCE MAR 1   1374                      1481   -107     1442
  SINCE JUL 1   7059                      7061     -2     7024

 COOLING
  YESTERDAY        0                         0      0        0
  MONTH TO DATE    0                         0      0        0
  SINCE MAR 1      0                         0      0        0
  SINCE JAN 1      0                         0      0        0
..................................................................


WIND (MPH)
  HIGHEST WIND SPEED    21   HIGHEST WIND DIRECTION    NE (60)
  HIGHEST GUST SPEED    27   HIGHEST GUST DIRECTION    NE (50)
  AVERAGE WIND SPEED     5.2


SKY COVER
  AVERAGE SKY COVER 0.8


WEATHER CONDITIONS
 THE FOLLOWING WEATHER WAS RECORDED YESTERDAY.
  NO SIGNIFICANT WEATHER WAS OBSERVED.


RELATIVE HUMIDITY (PERCENT)
 HIGHEST    82
 LOWEST     46
 AVERAGE    64

..........................................................


THE BOZEMAN/GALLATIN FIELD MT CLIMATE NORMALS FOR TODAY
                         NORMAL    RECORD    YEAR
 MAXIMUM TEMPERATURE (F)   64        83      2007
 MINIMUM TEMPERATURE (F)   35        15      1954


SUNRISE AND SUNSET
MAY  1 2016...........SUNRISE   611 AM MDT   SUNSET   833 PM MDT
MAY  2 2016...........SUNRISE   610 AM MDT   SUNSET   834 PM MDT


-  INDICATES NEGATIVE NUMBERS.
R  INDICATES RECORD WAS SET OR TIED.
MM INDICATES DATA IS MISSING.
T  INDICATES TRACE AMOUNT.




$$
