000
CDUS45 KTFX 290930
CLIBZN


CLIMATE REPORT
NATIONAL WEATHER SERVICE GREAT FALLS MT
329 AM MDT THU JUN 29 2017


...................................

...THE BOZEMAN/GALLATIN FIELD MT CLIMATE SUMMARY FOR JUNE 28 2017...

CLIMATE NORMAL PERIOD 1981 TO 2010
CLIMATE RECORD PERIOD 1935 TO 2017


WEATHER ITEM   OBSERVED TIME   RECORD YEAR NORMAL DEPARTURE LAST
                VALUE   (LST)  VALUE       VALUE  FROM      YEAR
                                                  NORMAL
..................................................................
TEMPERATURE (F)
 YESTERDAY
  MAXIMUM         71   1119 AM 100    2007  82    -11       91
  MINIMUM         47    551 AM  30    1975  48     -1       53
  AVERAGE         59                        65     -6       72

PRECIPITATION (IN)
  YESTERDAY        0.25          0.62 1954   0.05   0.20     0.00
  MONTH TO DATE    2.50                      2.29   0.21     0.91
  SINCE OCT 1     11.38                     10.57   0.81     8.66
  SINCE JAN 1      8.05                      8.19  -0.14     5.81

SNOWFALL (IN)
  YESTERDAY        0.0           0.0  1999   0.0    0.0      0.0
                                      1994
  MONTH TO DATE    0.0                       0.3   -0.3      0.0
  SINCE JUN 1      0.0                       0.3   -0.3      0.0
  SINCE JUL 1     44.5                      40.2    4.3     25.7
  SNOW DEPTH       0

DEGREE DAYS
 HEATING
  YESTERDAY        6                         2      4        0
  MONTH TO DATE  150                       137     13       99
  SINCE JUN 1    150                       137     13       99
  SINCE JUL 1   8115                      7554    561     7595

 COOLING
  YESTERDAY        0                         3     -3        7
  MONTH TO DATE   21                        33    -12       41
  SINCE JUN 1     21                        33    -12       41
  SINCE JAN 1     21                        37    -16       41
..................................................................


WIND (MPH)
  HIGHEST WIND SPEED    31   HIGHEST WIND DIRECTION    NW (320)
  HIGHEST GUST SPEED    41   HIGHEST GUST DIRECTION    NW (330)
  AVERAGE WIND SPEED     8.4


SKY COVER
  AVERAGE SKY COVER 0.2


WEATHER CONDITIONS
 THE FOLLOWING WEATHER WAS RECORDED YESTERDAY.
  THUNDERSTORM
  RAIN
  LIGHT RAIN
  FOG


RELATIVE HUMIDITY (PERCENT)
 HIGHEST    93
 LOWEST     39
 AVERAGE    66

..........................................................


THE BOZEMAN/GALLATIN FIELD MT CLIMATE NORMALS FOR TODAY
                         NORMAL    RECORD    YEAR
 MAXIMUM TEMPERATURE (F)   82       100      2007
 MINIMUM TEMPERATURE (F)   49        34      1947


SUNRISE AND SUNSET
JUNE 29 2017..........SUNRISE   538 AM MDT   SUNSET   918 PM MDT
JUNE 30 2017..........SUNRISE   538 AM MDT   SUNSET   918 PM MDT


-  INDICATES NEGATIVE NUMBERS.
R  INDICATES RECORD WAS SET OR TIED.
MM INDICATES DATA IS MISSING.
T  INDICATES TRACE AMOUNT.




$$
