000
CDUS42 KCAE 300534
CLICAE


CLIMATE REPORT
NATIONAL WEATHER SERVICE COLUMBIA SC
132 AM EDT SUN APR 30 2017


...................................

...THE COLUMBIA METRO AIRPORT SC CLIMATE SUMMARY FOR APRIL 29 2017...

CLIMATE NORMAL PERIOD 1981 TO 2010
CLIMATE RECORD PERIOD 1887 TO 2017


WEATHER ITEM   OBSERVED TIME   RECORD YEAR NORMAL DEPARTURE LAST
                VALUE   (LST)  VALUE       VALUE  FROM      YEAR
                                                  NORMAL
..................................................................
TEMPERATURE (F)
 YESTERDAY
  MAXIMUM         90    353 PM  94    1970  80     10       91
  MINIMUM         71    602 AM  35    1967  54     17       63
  AVERAGE         81                        67     14       77

PRECIPITATION (IN)
  YESTERDAY        0.00          1.87 1968   0.09  -0.09     0.00
  MONTH TO DATE    6.09                      2.53   3.56     2.80
  SINCE MAR 1      8.47                      6.26   2.21     4.68
  SINCE JAN 1     17.11                     13.45   3.66    11.31

SNOWFALL (IN)
  YESTERDAY        0.0          MM      MM   0.0             0.0
  MONTH TO DATE    0.0                       0.0             0.0
  SINCE MAR 1      T                         0.1             0.0
  SINCE JUL 1      0.1                       1.5              T

DEGREE DAYS
 HEATING
  YESTERDAY        0                         2     -2        0
  MONTH TO DATE   38                       120    -82       75
  SINCE MAR 1    312                       430   -118      222
  SINCE JUL 1   1653                      2529   -876     1785

 COOLING
  YESTERDAY       16                         4     12       12
  MONTH TO DATE  161                        69     92       97
  SINCE MAR 1    210                        87    123      170
  SINCE JAN 1    228                        91    137      174
..................................................................


WIND (MPH)
  HIGHEST WIND SPEED    15   HIGHEST WIND DIRECTION    SE (150)
  HIGHEST GUST SPEED    20   HIGHEST GUST DIRECTION    SE (150)
  AVERAGE WIND SPEED     8.1


SKY COVER
  AVERAGE SKY COVER 0.5


WEATHER CONDITIONS
 THE FOLLOWING WEATHER WAS RECORDED YESTERDAY.
  FOG


RELATIVE HUMIDITY (PERCENT)
 HIGHEST    93           600 AM
 LOWEST     44           300 PM
 AVERAGE    69

..........................................................


THE COLUMBIA METRO AIRPORT SC CLIMATE NORMALS FOR TODAY
                         NORMAL    RECORD    YEAR
 MAXIMUM TEMPERATURE (F)   80        93      1987
                                             1962
 MINIMUM TEMPERATURE (F)   54        39      2008


SUNRISE AND SUNSET
APRIL 30 2017.........SUNRISE   636 AM EDT   SUNSET   808 PM EDT
MAY  1 2017...........SUNRISE   635 AM EDT   SUNSET   808 PM EDT


-  INDICATES NEGATIVE NUMBERS.
R  INDICATES RECORD WAS SET OR TIED.
MM INDICATES DATA IS MISSING.
T  INDICATES TRACE AMOUNT.




$$
