000
CDUS42 KCAE 070635
CLICAE


CLIMATE REPORT
NATIONAL WEATHER SERVICE COLUMBIA SC
135 AM EST SUN FEB 7 2016


...................................

...THE COLUMBIA METRO AIRPORT SC CLIMATE SUMMARY FOR FEBRUARY 6 2016...

CLIMATE NORMAL PERIOD 1981 TO 2010
CLIMATE RECORD PERIOD 1887 TO 2016


WEATHER ITEM   OBSERVED TIME   RECORD YEAR NORMAL DEPARTURE LAST
                VALUE   (LST)  VALUE       VALUE  FROM      YEAR
                                                  NORMAL
..................................................................
TEMPERATURE (F)
 YESTERDAY
  MAXIMUM         53    351 PM  80    1927  58     -5       51
  MINIMUM         28    728 AM  16    1996  35     -7       26
  AVERAGE         41                        47     -6       39

PRECIPITATION (IN)
  YESTERDAY        0.00          3.83 1896   0.12  -0.12     0.00
  MONTH TO DATE    1.68                      0.74   0.94     0.65
  SINCE DEC 1     10.07                      7.54   2.53     7.15
  SINCE JAN 1      3.62                      4.32  -0.70     3.25

SNOWFALL (IN)
  YESTERDAY        0.0           3.0  1980   0.0             0.0
  MONTH TO DATE    0.0                       0.1             0.0
  SINCE DEC 1      T                         1.0             0.0
  SINCE JUL 1      T                         1.0              T

DEGREE DAYS
 HEATING
  YESTERDAY       24                        18      6       26
  MONTH TO DATE   60                       111    -51      122
  SINCE DEC 1    892                      1306   -414     1200
  SINCE JUL 1   1162                      1747   -585     1705

 COOLING
  YESTERDAY        0                         0      0        0
  MONTH TO DATE    4                         0      4        0
  SINCE DEC 1     63                         4     59        0
  SINCE JAN 1      4                         1      3        0
..................................................................


WIND (MPH)
  HIGHEST WIND SPEED    15   HIGHEST WIND DIRECTION     E (70)
  HIGHEST GUST SPEED    19   HIGHEST GUST DIRECTION    NE (60)
  AVERAGE WIND SPEED     5.1


SKY COVER
  AVERAGE SKY COVER 0.6


WEATHER CONDITIONS
 THE FOLLOWING WEATHER WAS RECORDED YESTERDAY.
  NO SIGNIFICANT WEATHER WAS OBSERVED.


RELATIVE HUMIDITY (PERCENT)
 HIGHEST    85           100 AM
 LOWEST     26           400 PM
 AVERAGE    56

..........................................................


THE COLUMBIA METRO AIRPORT SC CLIMATE NORMALS FOR TODAY
                         NORMAL    RECORD    YEAR
 MAXIMUM TEMPERATURE (F)   59        80      1999
 MINIMUM TEMPERATURE (F)   36        15      1988
                                             1978


SUNRISE AND SUNSET
FEBRUARY  7 2016......SUNRISE   717 AM EST   SUNSET   600 PM EST
FEBRUARY  8 2016......SUNRISE   716 AM EST   SUNSET   601 PM EST


-  INDICATES NEGATIVE NUMBERS.
R  INDICATES RECORD WAS SET OR TIED.
MM INDICATES DATA IS MISSING.
T  INDICATES TRACE AMOUNT.




$$
