928
CDUS42 KCAE 172213
CLICAE


CLIMATE REPORT
NATIONAL WEATHER SERVICE COLUMBIA SC
512 PM EST TUE JAN 17 2017


...................................

...THE COLUMBIA METRO AIRPORT SC CLIMATE SUMMARY FOR JANUARY 17 2017...
VALID TODAY AS OF 0500 PM LOCAL TIME.

CLIMATE NORMAL PERIOD 1981 TO 2010
CLIMATE RECORD PERIOD 1887 TO 2017


WEATHER ITEM   OBSERVED TIME   RECORD YEAR NORMAL DEPARTURE LAST
                VALUE   (LST)  VALUE       VALUE  FROM      YEAR
                                                  NORMAL
..................................................................
TEMPERATURE (F)
 TODAY
  MAXIMUM         77    253 PM  79    1974  56     21       50
  MINIMUM         54    811 AM   9    1977  34     20       37
  AVERAGE         66                        45     21       44

PRECIPITATION (IN)
  TODAY            0.00          1.39 1896   0.11  -0.11     0.09
  MONTH TO DATE    4.53                      1.93   2.60     1.08
  SINCE DEC 1      7.88                      5.15   2.73     7.53
  SINCE JAN 1      4.53                      1.93   2.60     1.08

SNOWFALL (IN)
  TODAY            0.0          MM      MM   0.1             0.0
  MONTH TO DATE    0.1                       0.5             0.0
  SINCE DEC 1      0.1                       0.6             0.0
  SINCE JUL 1      0.1                       0.6             0.0

DEGREE DAYS
 HEATING
  TODAY            0                        20    -20       21
  MONTH TO DATE  210                       353   -143      327
  SINCE DEC 1    679                       922   -243      527
  SINCE JUL 1    981                      1363   -382      797

 COOLING
  TODAY            1                         0      1        0
  MONTH TO DATE    2                         0      2        0
  SINCE DEC 1      5                         3      2       59
  SINCE JAN 1      2                         0      2        0
..................................................................


WIND (MPH)
  HIGHEST WIND SPEED    15   HIGHEST WIND DIRECTION     W (250)
  HIGHEST GUST SPEED    20   HIGHEST GUST DIRECTION    SW (230)
  AVERAGE WIND SPEED     5.1


SKY COVER
  AVERAGE SKY COVER 0.9


WEATHER CONDITIONS
 THE FOLLOWING WEATHER WAS RECORDED TODAY.
  FOG


RELATIVE HUMIDITY (PERCENT)
 HIGHEST   100          1200 AM
 LOWEST     46           300 PM
 AVERAGE    73

..........................................................


THE COLUMBIA METRO AIRPORT SC CLIMATE NORMALS FOR TOMORROW
                         NORMAL    RECORD    YEAR
 MAXIMUM TEMPERATURE (F)   56        77      1952
                                             1937
                                             1928
 MINIMUM TEMPERATURE (F)   34        14      1977


SUNRISE AND SUNSET
JANUARY 17 2017.......SUNRISE   729 AM EST   SUNSET   541 PM EST
JANUARY 18 2017.......SUNRISE   729 AM EST   SUNSET   542 PM EST


-  INDICATES NEGATIVE NUMBERS.
R  INDICATES RECORD WAS SET OR TIED.
MM INDICATES DATA IS MISSING.
T  INDICATES TRACE AMOUNT.




$$
