000
CDUS42 KCAE 030643
CLICAE


CLIMATE REPORT
NATIONAL WEATHER SERVICE COLUMBIA SC
243 AM EDT THU SEP 3 2015


...................................

...THE COLUMBIA METRO AIRPORT SC CLIMATE SUMMARY FOR SEPTEMBER 2 2015...

CLIMATE NORMAL PERIOD 1981 TO 2010
CLIMATE RECORD PERIOD 1887 TO 2015


WEATHER ITEM   OBSERVED TIME   RECORD YEAR NORMAL DEPARTURE LAST
                VALUE   (LST)  VALUE       VALUE  FROM      YEAR
                                                  NORMAL
..................................................................
TEMPERATURE (F)
 YESTERDAY
  MAXIMUM         94    316 PM  99    2014  89      5       99
  MINIMUM         72    646 AM  53    1967  69      3       74
  AVERAGE         83                        79      4       87

PRECIPITATION (IN)
  YESTERDAY        0.00          5.06 1965   0.13  -0.13     0.15
  MONTH TO DATE    0.00                      0.26  -0.26     0.21
  SINCE SEP 1      0.00                      0.26  -0.26     0.21
  SINCE JAN 1     31.05                     32.18  -1.13    28.29

SNOWFALL (IN)
  YESTERDAY        0.0          MM      MM   0.0             0.0
  MONTH TO DATE    0.0                       0.0             0.0
  SINCE SEP 1      0.0                       0.0             0.0
  SINCE JUL 1      0.0                       0.0             0.0

DEGREE DAYS
 HEATING
  YESTERDAY        0                         0      0        0
  MONTH TO DATE    0                         0      0        0
  SINCE SEP 1      0                         0      0        0
  SINCE JUL 1      0                         0      0        0

 COOLING
  YESTERDAY       18                        14      4       22
  MONTH TO DATE   34                        28      6       43
  SINCE SEP 1     34                        28      6       43
  SINCE JAN 1   2182                      1796    386     2077
..................................................................


WIND (MPH)
  HIGHEST WIND SPEED     9   HIGHEST WIND DIRECTION    SW (220)
  HIGHEST GUST SPEED    12   HIGHEST GUST DIRECTION    SW (220)
  AVERAGE WIND SPEED     2.8


SKY COVER
  AVERAGE SKY COVER 0.5


WEATHER CONDITIONS
 THE FOLLOWING WEATHER WAS RECORDED YESTERDAY.
  FOG


RELATIVE HUMIDITY (PERCENT)
 HIGHEST    90           500 AM
 LOWEST     41           300 PM
 AVERAGE    66

..........................................................


THE COLUMBIA METRO AIRPORT SC CLIMATE NORMALS FOR TODAY
                         NORMAL    RECORD    YEAR
 MAXIMUM TEMPERATURE (F)   88       101      1925
 MINIMUM TEMPERATURE (F)   68        48      1967


SUNRISE AND SUNSET
SEPTEMBER  3 2015.....SUNRISE   659 AM EDT   SUNSET   748 PM EDT
SEPTEMBER  4 2015.....SUNRISE   700 AM EDT   SUNSET   746 PM EDT


-  INDICATES NEGATIVE NUMBERS.
R  INDICATES RECORD WAS SET OR TIED.
MM INDICATES DATA IS MISSING.
T  INDICATES TRACE AMOUNT.




$$
