000
CDUS42 KCAE 230554
CLICAE


CLIMATE REPORT
NATIONAL WEATHER SERVICE COLUMBIA SC
154 AM EDT WED APR 23 2014


...................................

...THE COLUMBIA METRO AIRPORT SC CLIMATE SUMMARY FOR APRIL 22 2014...

CLIMATE NORMAL PERIOD 1981 TO 2010
CLIMATE RECORD PERIOD 1887 TO 2014


WEATHER ITEM   OBSERVED TIME   RECORD YEAR NORMAL DEPARTURE LAST
                VALUE   (LST)  VALUE       VALUE  FROM      YEAR
                                                  NORMAL
..................................................................
TEMPERATURE (F)
 YESTERDAY
  MAXIMUM         85    153 PM  93    1970  78      7       70
  MINIMUM         48    558 AM  31    1978  52     -4       50
  AVERAGE         67                        65      2       60

PRECIPITATION (IN)
  YESTERDAY        0.01          1.76 2012   0.09  -0.08     0.00
  MONTH TO DATE    2.99                      1.93   1.06     2.53
  SINCE MAR 1      6.92                      5.66   1.26     6.18
  SINCE JAN 1     13.24                     12.85   0.39    12.90

SNOWFALL (IN)
  YESTERDAY        0.0          MM      MM   0.0             0.0
  MONTH TO DATE    0.0                       0.0             0.0
  SINCE MAR 1      0.0                       0.1             0.0
  SINCE JUL 1      4.2                       1.5              T

DEGREE DAYS
 HEATING
  YESTERDAY        0                         3     -3        5
  MONTH TO DATE   74                       103    -29       74
  SINCE MAR 1    466                       413     53      513
  SINCE JUL 1   2550                      2512     38     2233

 COOLING
  YESTERDAY        2                         3     -1        0
  MONTH TO DATE   43                        45     -2       74
  SINCE MAR 1     44                        63    -19       87
  SINCE JAN 1     51                        67    -16      112
..................................................................


WIND (MPH)
  HIGHEST WIND SPEED    24   HIGHEST WIND DIRECTION     W (260)
  HIGHEST GUST SPEED    35   HIGHEST GUST DIRECTION     W (280)
  AVERAGE WIND SPEED     5.6


SKY COVER
  AVERAGE SKY COVER 0.5


WEATHER CONDITIONS
 THE FOLLOWING WEATHER WAS RECORDED YESTERDAY.
  LIGHT RAIN
  FOG


RELATIVE HUMIDITY (PERCENT)
 HIGHEST    93           700 PM
 LOWEST     34           100 PM
 AVERAGE    64

..........................................................


THE COLUMBIA METRO AIRPORT SC CLIMATE NORMALS FOR TODAY
                         NORMAL    RECORD    YEAR
 MAXIMUM TEMPERATURE (F)   78        94      1970
 MINIMUM TEMPERATURE (F)   52        32      1993


SUNRISE AND SUNSET
APRIL 23 2014.........SUNRISE   644 AM EDT   SUNSET   802 PM EDT
APRIL 24 2014.........SUNRISE   643 AM EDT   SUNSET   803 PM EDT


-  INDICATES NEGATIVE NUMBERS.
R  INDICATES RECORD WAS SET OR TIED.
MM INDICATES DATA IS MISSING.
T  INDICATES TRACE AMOUNT.




$$
