000
CDUS42 KCAE 270541
CLICAE


CLIMATE REPORT
NATIONAL WEATHER SERVICE COLUMBIA SC
141 AM EDT SAT AUG 27 2016


...................................

...THE COLUMBIA METRO AIRPORT SC CLIMATE SUMMARY FOR AUGUST 26 2016...

CLIMATE NORMAL PERIOD 1981 TO 2010
CLIMATE RECORD PERIOD 1887 TO 2016


WEATHER ITEM   OBSERVED TIME   RECORD YEAR NORMAL DEPARTURE LAST
                VALUE   (LST)  VALUE       VALUE  FROM      YEAR
                                                  NORMAL
..................................................................
TEMPERATURE (F)
 YESTERDAY
  MAXIMUM         97    349 PM 100    1954  90      7       93
                                      1943
  MINIMUM         72    551 AM  54    1952  70      2       73
  AVERAGE         85                        80      5       83

PRECIPITATION (IN)
  YESTERDAY        0.00          4.72 1995   0.16  -0.16     0.00
  MONTH TO DATE    4.48                      4.55  -0.07     2.63
  SINCE JUN 1      8.66                     14.70  -6.04    12.95
  SINCE JAN 1     22.58                     31.21  -8.63    28.83

SNOWFALL (IN)
  YESTERDAY        0.0          MM      MM   0.0             0.0
  MONTH TO DATE    0.0                       0.0             0.0
  SINCE JUN 1      0.0                       0.0             0.0
  SINCE JUL 1      0.0                       0.0             0.0

DEGREE DAYS
 HEATING
  YESTERDAY        0                         0      0        0
  MONTH TO DATE    0                         0      0        0
  SINCE JUN 1      0                         1     -1        0
  SINCE JUL 1      0                         0      0        0

 COOLING
  YESTERDAY       20                        15      5       18
  MONTH TO DATE  514                       421     93      483
  SINCE JUN 1   1756                      1377    379     1659
  SINCE JAN 1   2195                      1698    497     2080
..................................................................


WIND (MPH)
  HIGHEST WIND SPEED    16   HIGHEST WIND DIRECTION    SE (120)
  HIGHEST GUST SPEED    19   HIGHEST GUST DIRECTION    SE (120)
  AVERAGE WIND SPEED     4.8


SKY COVER
  AVERAGE SKY COVER 0.2


WEATHER CONDITIONS
 THE FOLLOWING WEATHER WAS RECORDED YESTERDAY.
  NO SIGNIFICANT WEATHER WAS OBSERVED.


RELATIVE HUMIDITY (PERCENT)
 HIGHEST    87           700 AM
 LOWEST     42           100 PM
 AVERAGE    65

..........................................................


THE COLUMBIA METRO AIRPORT SC CLIMATE NORMALS FOR TODAY
                         NORMAL    RECORD    YEAR
 MAXIMUM TEMPERATURE (F)   90       102      1954
 MINIMUM TEMPERATURE (F)   70        56      1904


SUNRISE AND SUNSET
AUGUST 27 2016........SUNRISE   655 AM EDT   SUNSET   756 PM EDT
AUGUST 28 2016........SUNRISE   656 AM EDT   SUNSET   755 PM EDT


-  INDICATES NEGATIVE NUMBERS.
R  INDICATES RECORD WAS SET OR TIED.
MM INDICATES DATA IS MISSING.
T  INDICATES TRACE AMOUNT.




$$
