000
CDUS42 KCAE 200613
CLICAE


CLIMATE REPORT
NATIONAL WEATHER SERVICE COLUMBIA SC
113 AM EST MON FEB 20 2017


...................................

...THE COLUMBIA METRO AIRPORT SC CLIMATE SUMMARY FOR FEBRUARY 19 2017...

CLIMATE NORMAL PERIOD 1981 TO 2010
CLIMATE RECORD PERIOD 1887 TO 2017


WEATHER ITEM   OBSERVED TIME   RECORD YEAR NORMAL DEPARTURE LAST
                VALUE   (LST)  VALUE       VALUE  FROM      YEAR
                                                  NORMAL
..................................................................
TEMPERATURE (F)
 YESTERDAY
  MAXIMUM         73    453 PM  80    1956  61     12       63
                                      1951
  MINIMUM         46    702 AM  15    1958  38      8       31
  AVERAGE         60                        49     11       47

PRECIPITATION (IN)
  YESTERDAY        T             1.99 1949   0.13  -0.13     0.00
  MONTH TO DATE    1.60                      2.41  -0.81     2.51
  SINCE DEC 1     11.99                      9.21   2.78    10.90
  SINCE JAN 1      8.64                      5.99   2.65     4.45

SNOWFALL (IN)
  YESTERDAY        0.0          MM      MM   0.1             0.0
  MONTH TO DATE    0.0                       0.4              T
  SINCE DEC 1      0.1                       1.3              T
  SINCE JUL 1      0.1                       1.3              T

DEGREE DAYS
 HEATING
  YESTERDAY        5                        16    -11       18
  MONTH TO DATE  186                       332   -146      358
  SINCE DEC 1   1000                      1527   -527     1190
  SINCE JUL 1   1302                      1968   -666     1460

 COOLING
  YESTERDAY        0                         0      0        0
  MONTH TO DATE    5                         0      5        4
  SINCE DEC 1     12                         4      8       63
  SINCE JAN 1      9                         1      8        4
..................................................................


WIND (MPH)
  HIGHEST WIND SPEED    15   HIGHEST WIND DIRECTION    NW (330)
  HIGHEST GUST SPEED    23   HIGHEST GUST DIRECTION     N (340)
  AVERAGE WIND SPEED     4.7


SKY COVER
  AVERAGE SKY COVER 0.3


WEATHER CONDITIONS
 THE FOLLOWING WEATHER WAS RECORDED YESTERDAY.
  LIGHT RAIN
  FOG


RELATIVE HUMIDITY (PERCENT)
 HIGHEST    93           600 AM
 LOWEST     41           400 PM
 AVERAGE    67

..........................................................


THE COLUMBIA METRO AIRPORT SC CLIMATE NORMALS FOR TODAY
                         NORMAL    RECORD    YEAR
 MAXIMUM TEMPERATURE (F)   62        84      2014
 MINIMUM TEMPERATURE (F)   38        12      2015


SUNRISE AND SUNSET
FEBRUARY 20 2017......SUNRISE   703 AM EST   SUNSET   613 PM EST
FEBRUARY 21 2017......SUNRISE   702 AM EST   SUNSET   614 PM EST


-  INDICATES NEGATIVE NUMBERS.
R  INDICATES RECORD WAS SET OR TIED.
MM INDICATES DATA IS MISSING.
T  INDICATES TRACE AMOUNT.




$$
