125
CDUS42 KCAE 282150
CLICAE


CLIMATE REPORT
NATIONAL WEATHER SERVICE COLUMBIA SC
550 PM EDT WED SEP 28 2016


...................................

...THE COLUMBIA METRO AIRPORT SC CLIMATE SUMMARY FOR SEPTEMBER 28 2016...
VALID TODAY AS OF 0500 PM LOCAL TIME.

CLIMATE NORMAL PERIOD 1981 TO 2010
CLIMATE RECORD PERIOD 1887 TO 2016


WEATHER ITEM   OBSERVED TIME   RECORD YEAR NORMAL DEPARTURE LAST
                VALUE   (LST)  VALUE       VALUE  FROM      YEAR
                                                  NORMAL
..................................................................
TEMPERATURE (F)
 TODAY
  MAXIMUM         91    229 PM  96    1986  82      9       80
  MINIMUM         70    449 AM  41    1985  59     11       73
  AVERAGE         81                        70     11       77

PRECIPITATION (IN)
  TODAY            0.13          2.77 1980   0.11   0.02     0.10
  MONTH TO DATE    6.81                      3.31   3.50     6.13
  SINCE SEP 1      6.81                      3.31   3.50     6.13
  SINCE JAN 1     29.74                     35.23  -5.49    37.18

SNOWFALL (IN)
  TODAY            0.0          MM      MM   0.0             0.0
  MONTH TO DATE    0.0                       0.0             0.0
  SINCE SEP 1      0.0                       0.0             0.0
  SINCE JUL 1      0.0                       0.0             0.0

DEGREE DAYS
 HEATING
  TODAY            0                         1     -1        0
  MONTH TO DATE    0                         5     -5        0
  SINCE SEP 1      0                         5     -5        0
  SINCE JUL 1      0                         5     -5        0

 COOLING
  TODAY           16                         6     10       12
  MONTH TO DATE  418                       287    131      329
  SINCE SEP 1    418                       287    131      329
  SINCE JAN 1   2705                      2055    650     2477
..................................................................


WIND (MPH)
  HIGHEST WIND SPEED    17   HIGHEST WIND DIRECTION    SW (220)
  HIGHEST GUST SPEED    26   HIGHEST GUST DIRECTION     S (200)
  AVERAGE WIND SPEED     4.7


SKY COVER
  AVERAGE SKY COVER 0.5


WEATHER CONDITIONS
 THE FOLLOWING WEATHER WAS RECORDED TODAY.
  THUNDERSTORM
  HEAVY RAIN


RELATIVE HUMIDITY (PERCENT)
 HIGHEST    90           300 AM
 LOWEST     49           100 PM
 AVERAGE    70

..........................................................


THE COLUMBIA METRO AIRPORT SC CLIMATE NORMALS FOR TOMORROW
                         NORMAL    RECORD    YEAR
 MAXIMUM TEMPERATURE (F)   81        97      1941
 MINIMUM TEMPERATURE (F)   59        43      1985


SUNRISE AND SUNSET
SEPTEMBER 28 2016.....SUNRISE   717 AM EDT   SUNSET   712 PM EDT
SEPTEMBER 29 2016.....SUNRISE   718 AM EDT   SUNSET   711 PM EDT


-  INDICATES NEGATIVE NUMBERS.
R  INDICATES RECORD WAS SET OR TIED.
MM INDICATES DATA IS MISSING.
T  INDICATES TRACE AMOUNT.




$$
