000
CDUS42 KCAE 220552
CLICAE


CLIMATE REPORT
NATIONAL WEATHER SERVICE COLUMBIA SC
1252 AM EST MON JAN 22 2018


...................................

...THE COLUMBIA METRO AIRPORT SC CLIMATE SUMMARY FOR JANUARY 21 2018...

CLIMATE NORMAL PERIOD 1981 TO 2010
CLIMATE RECORD PERIOD 1887 TO 2018


WEATHER ITEM   OBSERVED TIME   RECORD YEAR NORMAL DEPARTURE LAST
                VALUE   (LST)  VALUE       VALUE  FROM      YEAR
                                                  NORMAL
..................................................................
TEMPERATURE (F)
 YESTERDAY
  MAXIMUM         73    246 PM  78    1959  56     17       67
                                      1922
  MINIMUM         31    725 AM  -1    1985  34     -3       56
  AVERAGE         52                        45      7       62

PRECIPITATION (IN)
  YESTERDAY        0.00          1.77 1993   0.12  -0.12     0.57
  MONTH TO DATE    0.73                      2.40  -1.67     5.10
  SINCE DEC 1      4.02                      5.62  -1.60     8.45
  SINCE JAN 1      0.73                      2.40  -1.67     5.10

SNOWFALL (IN)
  YESTERDAY        0.0           0.1  1983   0.1             0.0
  MONTH TO DATE    T                         0.6             0.1
  SINCE DEC 1      T                         0.7             0.1
  SINCE JUL 1      T                         0.7             0.1

DEGREE DAYS
 HEATING
  YESTERDAY       13                        20     -7        3
  MONTH TO DATE  525                       433     92      222
  SINCE DEC 1    996                      1002     -6      691
  SINCE JUL 1   1374                      1443    -69      993

 COOLING
  YESTERDAY        0                         0      0        0
  MONTH TO DATE    2                         0      2        4
  SINCE DEC 1      2                         3     -1        7
  SINCE JAN 1      2                         0      2        4
..................................................................


WIND (MPH)
  HIGHEST WIND SPEED     8   HIGHEST WIND DIRECTION     S (180)
  HIGHEST GUST SPEED    10   HIGHEST GUST DIRECTION     S (200)
  AVERAGE WIND SPEED     0.7


SKY COVER
  AVERAGE SKY COVER 0.1


WEATHER CONDITIONS
 THE FOLLOWING WEATHER WAS RECORDED YESTERDAY.
  NO SIGNIFICANT WEATHER WAS OBSERVED.


RELATIVE HUMIDITY (PERCENT)
 HIGHEST    92           500 AM
 LOWEST     29           300 PM
 AVERAGE    61

..........................................................


THE COLUMBIA METRO AIRPORT SC CLIMATE NORMALS FOR TODAY
                         NORMAL    RECORD    YEAR
 MAXIMUM TEMPERATURE (F)   56        78      1999
                                             1974
                                             1937
 MINIMUM TEMPERATURE (F)   34         7      1985


SUNRISE AND SUNSET
JANUARY 22 2018.......SUNRISE   727 AM EST   SUNSET   545 PM EST
JANUARY 23 2018.......SUNRISE   727 AM EST   SUNSET   546 PM EST


-  INDICATES NEGATIVE NUMBERS.
R  INDICATES RECORD WAS SET OR TIED.
MM INDICATES DATA IS MISSING.
T  INDICATES TRACE AMOUNT.




$$
