000
CDUS42 KCAE 052123
CLICAE


CLIMATE REPORT
NATIONAL WEATHER SERVICE COLUMBIA SC
522 PM EDT SUN JUL 5 2015


...................................

...THE COLUMBIA METRO AIRPORT SC CLIMATE SUMMARY FOR JULY 5 2015...
VALID TODAY AS OF 0500 PM LOCAL TIME.

CLIMATE NORMAL PERIOD 1981 TO 2010
CLIMATE RECORD PERIOD 1887 TO 2015


WEATHER ITEM   OBSERVED TIME   RECORD YEAR NORMAL DEPARTURE LAST
                VALUE   (LST)  VALUE       VALUE  FROM      YEAR
                                                  NORMAL
..................................................................
TEMPERATURE (F)
 TODAY
  MAXIMUM         92    216 PM 102    2012  93     -1       88
                                      1954
  MINIMUM         73    643 AM  59    1933  71      2       71
  AVERAGE         83                        82      1       80

PRECIPITATION (IN)
  TODAY            0.04          2.98 1976   0.16  -0.12     0.00
  MONTH TO DATE    1.32                      0.78   0.54     0.10
  SINCE JUN 1     10.11                      5.47   4.64     1.51
  SINCE JAN 1     25.99                     21.98   4.01    20.47

SNOWFALL (IN)
  TODAY            0.0          MM      MM   0.0             0.0
  MONTH TO DATE    0.0                       0.0             0.0
  SINCE JUN 1      0.0                       0.0             0.0
  SINCE JUL 1      0.0                       0.0             0.0

DEGREE DAYS
 HEATING
  TODAY            0                         0      0        0
  MONTH TO DATE    0                         0      0        0
  SINCE JUN 1      0                         1     -1        0
  SINCE JUL 1      0                         0      0        0

 COOLING
  TODAY           18                        17      1       15
  MONTH TO DATE   79                        85     -6       95
  SINCE JUN 1    616                       509    107      615
  SINCE JAN 1   1037                       830    207     1029
..................................................................


WIND (MPH)
  HIGHEST WIND SPEED    18   HIGHEST WIND DIRECTION     W (280)
  HIGHEST GUST SPEED    24   HIGHEST GUST DIRECTION     W (270)
  AVERAGE WIND SPEED     6.6


SKY COVER
  AVERAGE SKY COVER 0.7


WEATHER CONDITIONS
 THE FOLLOWING WEATHER WAS RECORDED TODAY.
  LIGHT RAIN


RELATIVE HUMIDITY (PERCENT)
 HIGHEST    87           600 AM
 LOWEST     44           100 PM
 AVERAGE    66

..........................................................


THE COLUMBIA METRO AIRPORT SC CLIMATE NORMALS FOR TOMORROW
                         NORMAL    RECORD    YEAR
 MAXIMUM TEMPERATURE (F)   93       104      1990
 MINIMUM TEMPERATURE (F)   71        59      1964


SUNRISE AND SUNSET
JULY  5 2015..........SUNRISE   619 AM EDT   SUNSET   839 PM EDT
JULY  6 2015..........SUNRISE   619 AM EDT   SUNSET   839 PM EDT


-  INDICATES NEGATIVE NUMBERS.
R  INDICATES RECORD WAS SET OR TIED.
MM INDICATES DATA IS MISSING.
T  INDICATES TRACE AMOUNT.




$$
