000
CDUS42 KCAE 162118
CLICAE


CLIMATE REPORT
NATIONAL WEATHER SERVICE COLUMBIA SC
517 PM EDT TUE SEP 16 2014


...................................

...THE COLUMBIA METRO AIRPORT SC CLIMATE SUMMARY FOR SEPTEMBER 16 2014...
VALID TODAY AS OF 0500 PM LOCAL TIME.

CLIMATE NORMAL PERIOD 1981 TO 2010
CLIMATE RECORD PERIOD 1887 TO 2014


WEATHER ITEM   OBSERVED TIME   RECORD YEAR NORMAL DEPARTURE LAST
                VALUE   (LST)  VALUE       VALUE  FROM      YEAR
                                                  NORMAL
..................................................................
TEMPERATURE (F)
 TODAY
  MAXIMUM         90    401 PM  98    1991  85      5       92
  MINIMUM         73    632 AM  47    1985  64      9       73
  AVERAGE         82                        75      7       83

PRECIPITATION (IN)
  TODAY            0.01          2.36 1945   0.11  -0.10     0.76
  MONTH TO DATE    1.02                      2.01  -0.99     0.84
  SINCE SEP 1      1.02                      2.01  -0.99     0.84
  SINCE JAN 1     29.10                     33.93  -4.83    44.35

SNOWFALL (IN)
  TODAY            0.0          MM      MM   0.0             0.0
  MONTH TO DATE    0.0                       0.0             0.0
  SINCE SEP 1      0.0                       0.0             0.0
  SINCE JUL 1      0.0                       0.0             0.0

DEGREE DAYS
 HEATING
  TODAY            0                         0      0        0
  MONTH TO DATE    0                         0      0        0
  SINCE SEP 1      0                         0      0        0
  SINCE JUL 1      0                         0      0        0

 COOLING
  TODAY           17                        10      7       18
  MONTH TO DATE  259                       192     67      256
  SINCE SEP 1    259                       192     67      256
  SINCE JAN 1   2293                      1960    333     1949
..................................................................


WIND (MPH)
  HIGHEST WIND SPEED     8   HIGHEST WIND DIRECTION     N (340)
  HIGHEST GUST SPEED    10   HIGHEST GUST DIRECTION    NW (330)
  AVERAGE WIND SPEED     3.5


SKY COVER
  AVERAGE SKY COVER 0.8


WEATHER CONDITIONS
 THE FOLLOWING WEATHER WAS RECORDED TODAY.
  LIGHT RAIN
  FOG
  HAZE


RELATIVE HUMIDITY (PERCENT)
 HIGHEST    93           300 AM
 LOWEST     47           200 PM
 AVERAGE    70

..........................................................


THE COLUMBIA METRO AIRPORT SC CLIMATE NORMALS FOR TOMORROW
                         NORMAL    RECORD    YEAR
 MAXIMUM TEMPERATURE (F)   85        99      1931
                                             1897
 MINIMUM TEMPERATURE (F)   64        46      2001
                                             1985


SUNRISE AND SUNSET
SEPTEMBER 16 2014.....SUNRISE   708 AM EDT   SUNSET   730 PM EDT
SEPTEMBER 17 2014.....SUNRISE   709 AM EDT   SUNSET   728 PM EDT


-  INDICATES NEGATIVE NUMBERS.
R  INDICATES RECORD WAS SET OR TIED.
MM INDICATES DATA IS MISSING.
T  INDICATES TRACE AMOUNT.




$$
