000
CDUS45 KGJT 032335
CLICAG


CLIMATE REPORT
NATIONAL WEATHER SERVICE GRAND JUNCTION CO
529 PM MDT WED JUN 3 2015


...................................

...THE CRAIG CO CLIMATE SUMMARY FOR JUNE 3 2015...
VALID TODAY AS OF 0500 PM LOCAL TIME.

CLIMATE NORMAL PERIOD 1981 TO 2010
CLIMATE RECORD PERIOD 9999 TO 9999


WEATHER ITEM   OBSERVED TIME   RECORD YEAR NORMAL DEPARTURE LAST
                VALUE   (LST)  VALUE       VALUE  FROM      YEAR
                                                  NORMAL
..................................................................
TEMPERATURE (F)
 TODAY
  MAXIMUM         81    307 PM  MM      MM  74      7       82
  MINIMUM         36    450 AM  MM      MM  38     -2       40
  AVERAGE         59                        56      3       61

PRECIPITATION (IN)
  TODAY            0.00         MM      MM   0.05  -0.05     0.00
  MONTH TO DATE    0.01                      0.14  -0.13     0.00
  SINCE JUN 1      0.01                      0.14  -0.13     0.00
  SINCE JAN 1      7.23                      6.33   0.90     4.32

SNOWFALL (IN)
  TODAY           MM            MM      MM  MM     MM       MM
  MONTH TO DATE   MM                        MM     MM       MM
  SINCE JUN 1     MM                        MM     MM       MM
  SINCE JUL 1     MM                        MM     MM       MM
  SNOW DEPTH      MM

DEGREE DAYS
 HEATING
  TODAY            6                         9     -3        4
  MONTH TO DATE   12                        29    -17       17
  SINCE JUN 1     12                        29    -17       17
  SINCE JUL 1   7358                      8488  -1130     8228

 COOLING
  TODAY            0                         0      0        0
  MONTH TO DATE    0                         0      0        0
  SINCE JUN 1      0                         0      0        0
  SINCE JAN 1      0                         0      0        0
..................................................................


WIND (MPH)
  HIGHEST WIND SPEED    20   HIGHEST WIND DIRECTION    SW (240)
  HIGHEST GUST SPEED    25   HIGHEST GUST DIRECTION    SW (210)
  AVERAGE WIND SPEED     4.3


SKY COVER
  POSSIBLE SUNSHINE  MM
  AVERAGE SKY COVER 0.0


WEATHER CONDITIONS
 THE FOLLOWING WEATHER WAS RECORDED TODAY.
  NO SIGNIFICANT WEATHER WAS OBSERVED.


RELATIVE HUMIDITY (PERCENT)
 HIGHEST    89           600 AM
 LOWEST     17           200 PM
 AVERAGE    53

..........................................................


THE CRAIG CO CLIMATE NORMALS FOR TOMORROW
                         NORMAL    RECORD    YEAR
 MAXIMUM TEMPERATURE (F)   74        MM        MM
 MINIMUM TEMPERATURE (F)   38        MM        MM


SUNRISE AND SUNSET
JUNE  3 2015..........SUNRISE   541 AM MDT   SUNSET   836 PM MDT
JUNE  4 2015..........SUNRISE   541 AM MDT   SUNSET   836 PM MDT


-  INDICATES NEGATIVE NUMBERS.
R  INDICATES RECORD WAS SET OR TIED.
MM INDICATES DATA IS MISSING.
T  INDICATES TRACE AMOUNT.




$$
