000
CDUS45 KGJT 060744
CLICAG


CLIMATE REPORT
NATIONAL WEATHER SERVICE GRAND JUNCTION CO
130 AM MDT MON JUL 6 2015


...................................

...THE CRAIG CO CLIMATE SUMMARY FOR JULY 5 2015...

CLIMATE NORMAL PERIOD 1981 TO 2010
CLIMATE RECORD PERIOD 9999 TO 9999


WEATHER ITEM   OBSERVED TIME   RECORD YEAR NORMAL DEPARTURE LAST
                VALUE   (LST)  VALUE       VALUE  FROM      YEAR
                                                  NORMAL
..................................................................
TEMPERATURE (F)
 YESTERDAY
  MAXIMUM         75    217 PM  MM      MM  86    -11       89
  MINIMUM         52   1156 PM  MM      MM  44      8       43
  AVERAGE         64                        65     -1       66

PRECIPITATION (IN)
  YESTERDAY        0.52         MM      MM   0.04   0.48      T
  MONTH TO DATE    0.64                      0.23   0.41     0.01
  SINCE JUN 1      0.86                      1.55  -0.69     0.21
  SINCE JAN 1      8.08                      7.74   0.34     4.53

SNOWFALL (IN)
  YESTERDAY       MM            MM      MM  MM     MM       MM
  MONTH TO DATE   MM                        MM     MM       MM
  SINCE JUN 1     MM                        MM     MM       MM
  SINCE JUL 1     MM                        MM     MM       MM
  SNOW DEPTH      MM

DEGREE DAYS
 HEATING
  YESTERDAY        1                         1      0        0
  MONTH TO DATE    1                         9     -8        9
  SINCE JUN 1     74                       184   -110      195
  SINCE JUL 1      1                         9     -8        9

 COOLING
  YESTERDAY        0                         2     -2        1
  MONTH TO DATE   27                         6     21        7
  SINCE JUN 1     84                        16     68       12
  SINCE JAN 1     84                        16     68       12
..................................................................


WIND (MPH)
  HIGHEST WIND SPEED    21   HIGHEST WIND DIRECTION    NW (310)
  HIGHEST GUST SPEED    27   HIGHEST GUST DIRECTION     W (290)
  AVERAGE WIND SPEED     3.6


SKY COVER
  POSSIBLE SUNSHINE  MM
  AVERAGE SKY COVER 0.7


WEATHER CONDITIONS
 THE FOLLOWING WEATHER WAS RECORDED YESTERDAY.
  THUNDERSTORM
  HEAVY RAIN
  RAIN
  LIGHT RAIN
  FOG
  HAZE


RELATIVE HUMIDITY (PERCENT)
 HIGHEST    93           900 PM
 LOWEST     53          1000 AM
 AVERAGE    73

..........................................................


THE CRAIG CO CLIMATE NORMALS FOR TODAY
                         NORMAL    RECORD    YEAR
 MAXIMUM TEMPERATURE (F)   86        MM        MM
 MINIMUM TEMPERATURE (F)   44        MM        MM


SUNRISE AND SUNSET
JULY  6 2015..........SUNRISE   546 AM MDT   SUNSET   843 PM MDT
JULY  7 2015..........SUNRISE   547 AM MDT   SUNSET   843 PM MDT


-  INDICATES NEGATIVE NUMBERS.
R  INDICATES RECORD WAS SET OR TIED.
MM INDICATES DATA IS MISSING.
T  INDICATES TRACE AMOUNT.




$$
