000
CDUS45 KABQ 230920
CLICAO


CLIMATE REPORT
NATIONAL WEATHER SERVICE ALBUQUERQUE NM
219 AM MST MON JAN 23 2017


...................................

...THE CLAYTON  NM CLIMATE SUMMARY FOR JANUARY 22 2017...

CLIMATE NORMAL PERIOD 1981 TO 2010
CLIMATE RECORD PERIOD 1896 TO 2017


WEATHER ITEM   OBSERVED TIME   RECORD YEAR NORMAL DEPARTURE
                VALUE   (LST)  VALUE       VALUE  FROM
                                                  NORMAL
...............................................................
TEMPERATURE (F)
 YESTERDAY
  MAXIMUM         52    157 PM  70    1951  49      3
                                      1943
  MINIMUM         28    707 PM  -3    1966  22      6
                                      1962
  AVERAGE         40                        36      4

PRECIPITATION (IN)
  YESTERDAY        0.00          0.16 1948   0.01  -0.01
  MONTH TO DATE    1.06                      0.19   0.87
  SINCE DEC 1      1.27                      0.55   0.72
  SINCE JAN 1      1.06                      0.19   0.87

SNOWFALL (IN)
  YESTERDAY        0.0
  MONTH TO DATE    6.3
  SINCE DEC 1      8.9
  SINCE JUL 1      8.9

DEGREE DAYS
 HEATING
  YESTERDAY       25                        29     -4
  MONTH TO DATE  655                       653      2
  SINCE DEC 1   1565                      1589    -24
  SINCE JUL 1   2233                      2641   -408

 COOLING
  YESTERDAY        0                         0      0
  MONTH TO DATE    0                         0      0
  SINCE DEC 1      0                         0      0
  SINCE JAN 1      0                         0      0
...............................................................


WIND (MPH)
  HIGHEST WIND SPEED    22   HIGHEST WIND DIRECTION     N (340)
  HIGHEST GUST SPEED    29   HIGHEST GUST DIRECTION     N (340)
  AVERAGE WIND SPEED    11.7


SKY COVER
  AVERAGE SKY COVER 0.0


WEATHER CONDITIONS
 THE FOLLOWING WEATHER WAS RECORDED YESTERDAY.
  NO SIGNIFICANT WEATHER WAS OBSERVED.


RELATIVE HUMIDITY (PERCENT)
 HIGHEST   100           600 AM
 LOWEST     24           300 PM
 AVERAGE    62

..........................................................


THE CLAYTON  NM CLIMATE NORMALS FOR TODAY
                         NORMAL    RECORD    YEAR
 MAXIMUM TEMPERATURE (F)   49        72      2013
 MINIMUM TEMPERATURE (F)   22        -3      1963


SUNRISE AND SUNSET
JANUARY 23 2017.......SUNRISE   700 AM MST   SUNSET   509 PM MST
JANUARY 24 2017.......SUNRISE   659 AM MST   SUNSET   511 PM MST


-  INDICATES NEGATIVE NUMBERS.
R  INDICATES RECORD WAS SET OR TIED.
MM INDICATES DATA IS MISSING.
T  INDICATES TRACE AMOUNT.




$$
