000
CDUS45 KABQ 310840
CLICAO


CLIMATE REPORT
NATIONAL WEATHER SERVICE ALBUQUERQUE NM
137 AM MST SAT JAN 31 2015


...................................

...THE CLAYTON  NM CLIMATE SUMMARY FOR JANUARY 30 2015...

CLIMATE NORMAL PERIOD 1981 TO 2010
CLIMATE RECORD PERIOD 1896 TO 2015


WEATHER ITEM   OBSERVED TIME   RECORD YEAR NORMAL DEPARTURE
                VALUE   (LST)  VALUE       VALUE  FROM
                                                  NORMAL
...............................................................
TEMPERATURE (F)
 YESTERDAY
  MAXIMUM         40   1205 PM  76    1986  50    -10
                                      1971
  MINIMUM         33   1159 PM  -2    1949  22     11
  AVERAGE         37                        36      1

PRECIPITATION (IN)
  YESTERDAY        0.07          0.28 2005   0.01   0.06
  MONTH TO DATE    1.46                      0.27   1.19
  SINCE DEC 1      1.96                      0.63   1.33
  SINCE JAN 1      1.46                      0.27   1.19

SNOWFALL (IN)
  YESTERDAY        0.2
  MONTH TO DATE    9.2
  SINCE DEC 1     12.7
  SINCE JUL 1     15.3

DEGREE DAYS
 HEATING
  YESTERDAY       28                        29     -1
  MONTH TO DATE  847                       885    -38
  SINCE DEC 1   1736                      1821    -85
  SINCE JUL 1   2688                      2873   -185

 COOLING
  YESTERDAY        0                         0      0
  MONTH TO DATE    0                         0      0
  SINCE DEC 1      0                         0      0
  SINCE JAN 1      0                         0      0
...............................................................


WIND (MPH)
  HIGHEST WIND SPEED    23   HIGHEST WIND DIRECTION     S (190)
  HIGHEST GUST SPEED    27   HIGHEST GUST DIRECTION     S (190)
  AVERAGE WIND SPEED    13.2


SKY COVER
  AVERAGE SKY COVER 1.0


WEATHER CONDITIONS
 THE FOLLOWING WEATHER WAS RECORDED YESTERDAY.
  LIGHT RAIN
  LIGHT SNOW
  FOG


RELATIVE HUMIDITY (PERCENT)
 HIGHEST    96           300 PM
 LOWEST     64           100 AM
 AVERAGE    80

..........................................................


THE CLAYTON  NM CLIMATE NORMALS FOR TODAY
                         NORMAL    RECORD    YEAR
 MAXIMUM TEMPERATURE (F)   50        79      1989
 MINIMUM TEMPERATURE (F)   22       -12      1951


SUNRISE AND SUNSET
JANUARY 31 2015.......SUNRISE   655 AM MST   SUNSET   517 PM MST
FEBRUARY  1 2015......SUNRISE   654 AM MST   SUNSET   519 PM MST


-  INDICATES NEGATIVE NUMBERS.
R  INDICATES RECORD WAS SET OR TIED.
MM INDICATES DATA IS MISSING.
T  INDICATES TRACE AMOUNT.




$$
