000
CDUS45 KABQ 170831
CLICAO


CLIMATE REPORT
NATIONAL WEATHER SERVICE ALBUQUERQUE NM
130 AM MST WED DEC 17 2014


...................................

...THE CLAYTON  NM CLIMATE SUMMARY FOR DECEMBER 16 2014...

CLIMATE NORMAL PERIOD 1981 TO 2010
CLIMATE RECORD PERIOD 1896 TO 2014


WEATHER ITEM   OBSERVED TIME   RECORD YEAR NORMAL DEPARTURE
                VALUE   (LST)  VALUE       VALUE  FROM
                                                  NORMAL
...............................................................
TEMPERATURE (F)
 YESTERDAY
  MAXIMUM         45    235 PM  75    1929  47     -2
  MINIMUM         20    351 AM   4    1983  21     -1
  AVERAGE         33                        34     -1

PRECIPITATION (IN)
  YESTERDAY        0.00          0.25 1931   0.01  -0.01
  MONTH TO DATE    0.20                      0.18   0.02
  SINCE DEC 1      0.20                      0.18   0.02
  SINCE JAN 1     13.09                     15.61  -2.52

SNOWFALL (IN)
  YESTERDAY        0.0
  MONTH TO DATE    T
  SINCE DEC 1      T
  SINCE JUL 1      2.6

DEGREE DAYS
 HEATING
  YESTERDAY       32                        31      1
  MONTH TO DATE  363                       476   -113
  SINCE DEC 1    363                       476   -113
  SINCE JUL 1   1315                      1528   -213

 COOLING
  YESTERDAY        0                         0      0
  MONTH TO DATE    0                         0      0
  SINCE DEC 1      0                         0      0
  SINCE JAN 1   1130                       909    221
...............................................................


WIND (MPH)
  HIGHEST WIND SPEED    31   HIGHEST WIND DIRECTION     S (200)
  HIGHEST GUST SPEED    37   HIGHEST GUST DIRECTION     S (200)
  AVERAGE WIND SPEED    11.9


SKY COVER
  AVERAGE SKY COVER 0.0


WEATHER CONDITIONS
 THE FOLLOWING WEATHER WAS RECORDED YESTERDAY.
  NO SIGNIFICANT WEATHER WAS OBSERVED.


RELATIVE HUMIDITY (PERCENT)
 HIGHEST    81          1200 AM
 LOWEST     33          1100 AM
 AVERAGE    57

..........................................................


THE CLAYTON  NM CLIMATE NORMALS FOR TODAY
                         NORMAL    RECORD    YEAR
 MAXIMUM TEMPERATURE (F)   47        80      1980
 MINIMUM TEMPERATURE (F)   21         2      1983


SUNRISE AND SUNSET
DECEMBER 17 2014......SUNRISE   658 AM MST   SUNSET   439 PM MST
DECEMBER 18 2014......SUNRISE   659 AM MST   SUNSET   440 PM MST


-  INDICATES NEGATIVE NUMBERS.
R  INDICATES RECORD WAS SET OR TIED.
MM INDICATES DATA IS MISSING.
T  INDICATES TRACE AMOUNT.




$$
