000
CDUS45 KABQ 230836
CLICAO


CLIMATE REPORT
NATIONAL WEATHER SERVICE ALBUQUERQUE NM
235 AM MDT SAT JUL 23 2016


...................................

...THE CLAYTON  NM CLIMATE SUMMARY FOR JULY 22 2016...

CLIMATE NORMAL PERIOD 1981 TO 2010
CLIMATE RECORD PERIOD 1896 TO 2016


WEATHER ITEM   OBSERVED TIME   RECORD YEAR NORMAL DEPARTURE
                VALUE   (LST)  VALUE       VALUE  FROM
                                                  NORMAL
...............................................................
TEMPERATURE (F)
 YESTERDAY
  MAXIMUM        102R   317 PM  99    2010  89     13
                                      2001
                                      1981
  MINIMUM         65    327 AM  52    1919  61      4
  AVERAGE         84                        75      9

PRECIPITATION (IN)
  YESTERDAY        0.00          1.15 1966   0.10  -0.10
  MONTH TO DATE    0.17                      1.79  -1.62
  SINCE JUN 1      4.18                      3.92   0.26
  SINCE JAN 1      7.82                      8.39  -0.57

SNOWFALL (IN)
  YESTERDAY        0.0
  MONTH TO DATE    0.0
  SINCE JUN 1      0.0
  SINCE JUL 1      0.0

DEGREE DAYS
 HEATING
  YESTERDAY        0                         0      0
  MONTH TO DATE    0                         0      0
  SINCE JUN 1      7                        23    -16
  SINCE JUL 1      0                         0      0

 COOLING
  YESTERDAY       19                        10      9
  MONTH TO DATE  328                       216    112
  SINCE JUN 1    589                       399    190
  SINCE JAN 1    608                       450    158
...............................................................


WIND (MPH)
  HIGHEST WIND SPEED    24   HIGHEST WIND DIRECTION     S (190)
  HIGHEST GUST SPEED    33   HIGHEST GUST DIRECTION     W (250)
  AVERAGE WIND SPEED     9.1


SKY COVER
  AVERAGE SKY COVER 0.1


WEATHER CONDITIONS
 THE FOLLOWING WEATHER WAS RECORDED YESTERDAY.
  NO SIGNIFICANT WEATHER WAS OBSERVED.


RELATIVE HUMIDITY (PERCENT)
 HIGHEST    58           500 AM
 LOWEST     14           200 PM
 AVERAGE    36

..........................................................


THE CLAYTON  NM CLIMATE NORMALS FOR TODAY
                         NORMAL    RECORD    YEAR
 MAXIMUM TEMPERATURE (F)   88       100      2013
                                             1910
 MINIMUM TEMPERATURE (F)   61        50      1943
                                             1919


SUNRISE AND SUNSET
JULY 23 2016..........SUNRISE   552 AM MDT   SUNSET   805 PM MDT
JULY 24 2016..........SUNRISE   553 AM MDT   SUNSET   805 PM MDT


-  INDICATES NEGATIVE NUMBERS.
R  INDICATES RECORD WAS SET OR TIED.
MM INDICATES DATA IS MISSING.
T  INDICATES TRACE AMOUNT.




$$
