000
CDUS45 KABQ 020831
CLICAO


CLIMATE REPORT
NATIONAL WEATHER SERVICE ALBUQUERQUE NM
231 AM MDT TUE JUN 2 2015


...................................

...THE CLAYTON  NM CLIMATE SUMMARY FOR JUNE 1 2015...

CLIMATE NORMAL PERIOD 1981 TO 2010
CLIMATE RECORD PERIOD 1896 TO 2015


WEATHER ITEM   OBSERVED TIME   RECORD YEAR NORMAL DEPARTURE
                VALUE   (LST)  VALUE       VALUE  FROM
                                                  NORMAL
...............................................................
TEMPERATURE (F)
 YESTERDAY
  MAXIMUM         84   1240 PM 100    1998  80      4
  MINIMUM         56    129 AM  34    1919  52      4
  AVERAGE         70                        66      4

PRECIPITATION (IN)
  YESTERDAY        0.00          1.18 1962   0.07  -0.07
  MONTH TO DATE    0.00                      0.07  -0.07
  SINCE JUN 1      0.00                      0.07  -0.07
  SINCE JAN 1     11.53                      4.54   6.99

SNOWFALL (IN)
  YESTERDAY        0.0
  MONTH TO DATE    0.0
  SINCE JUN 1      0.0
  SINCE JUL 1     26.1

DEGREE DAYS
 HEATING
  YESTERDAY        0                         2     -2
  MONTH TO DATE    0                         2     -2
  SINCE JUN 1      0                         2     -2
  SINCE JUL 1   4468                      4863   -395

 COOLING
  YESTERDAY        5                         3      2
  MONTH TO DATE    5                         3      2
  SINCE JUN 1      5                         3      2
  SINCE JAN 1     10                        54    -44
...............................................................


WIND (MPH)
  HIGHEST WIND SPEED    25   HIGHEST WIND DIRECTION    SW (220)
  HIGHEST GUST SPEED    34   HIGHEST GUST DIRECTION    SW (230)
  AVERAGE WIND SPEED    10.8


SKY COVER
  AVERAGE SKY COVER 0.0


WEATHER CONDITIONS
 THE FOLLOWING WEATHER WAS RECORDED YESTERDAY.
  THUNDERSTORM


RELATIVE HUMIDITY (PERCENT)
 HIGHEST    93           200 AM
 LOWEST     35           500 PM
 AVERAGE    64

..........................................................


THE CLAYTON  NM CLIMATE NORMALS FOR TODAY
                         NORMAL    RECORD    YEAR
 MAXIMUM TEMPERATURE (F)   80       100      2008
 MINIMUM TEMPERATURE (F)   52        31      1919


SUNRISE AND SUNSET
JUNE  2 2015..........SUNRISE   536 AM MDT   SUNSET   806 PM MDT
JUNE  3 2015..........SUNRISE   535 AM MDT   SUNSET   806 PM MDT


-  INDICATES NEGATIVE NUMBERS.
R  INDICATES RECORD WAS SET OR TIED.
MM INDICATES DATA IS MISSING.
T  INDICATES TRACE AMOUNT.




$$
