000
CDUS41 KCAR 090535
CLICAR


CLIMATE REPORT
NATIONAL WEATHER SERVICE CARIBOU, ME
1235 AM EST TUE FEB 9 2016


...................................

...THE CARIBOU ME CLIMATE SUMMARY FOR FEBRUARY 8 2016...

CLIMATE NORMAL PERIOD 1981 TO 2010
CLIMATE RECORD PERIOD 1939 TO 2016


WEATHER ITEM   OBSERVED TIME   RECORD YEAR NORMAL DEPARTURE LAST
                VALUE   (LST)  VALUE       VALUE  FROM      YEAR
                                                  NORMAL
..................................................................
TEMPERATURE (F)
 YESTERDAY
  MAXIMUM         18    422 PM  46    1951  22     -4        4
  MINIMUM         -1    437 AM -22    1944   2     -3      -11
  AVERAGE          9                        12     -3       -3

PRECIPITATION (IN)
  YESTERDAY        0.00          0.84 1951   0.07  -0.07     0.00
  MONTH TO DATE    0.62                      0.63  -0.01     0.29
  SINCE DEC 1      6.92                      6.61   0.31     9.07
  SINCE JAN 1      2.04                      3.34  -1.30     3.19

SNOWFALL (IN)
  YESTERDAY        0.0           9.5  1947   0.7   -0.7      0.0
  MONTH TO DATE    3.3                       6.4   -3.1      4.4
  SINCE DEC 1     42.3                      54.5  -12.2     65.2
  SINCE JUL 1     46.4                      66.7  -20.3     94.0
  SNOW DEPTH       7

DEGREE DAYS
 HEATING
  YESTERDAY       56                        53      3       68
  MONTH TO DATE  353                       430    -77      532
  SINCE DEC 1   2932                      3579   -647     3588
  SINCE JUL 1   4750                      5724   -974     5540

 COOLING
  YESTERDAY        0                         0      0        0
  MONTH TO DATE    0                         0      0        0
  SINCE DEC 1      0                         0      0        0
  SINCE JAN 1      0                         0      0        0
..................................................................


WIND (MPH)
  HIGHEST WIND SPEED    17   HIGHEST WIND DIRECTION    NE (40)
  HIGHEST GUST SPEED    25   HIGHEST GUST DIRECTION    NE (30)
  AVERAGE WIND SPEED    10.0


SKY COVER
  POSSIBLE SUNSHINE  MM
  AVERAGE SKY COVER 0.0


WEATHER CONDITIONS
 THE FOLLOWING WEATHER WAS RECORDED YESTERDAY.
  NO SIGNIFICANT WEATHER WAS OBSERVED.


RELATIVE HUMIDITY (PERCENT)
 HIGHEST    79           500 AM
 LOWEST     53          1200 PM
 AVERAGE    66

..........................................................


THE CARIBOU ME CLIMATE NORMALS FOR TODAY
                         NORMAL    RECORD    YEAR
 MAXIMUM TEMPERATURE (F)   22        43      1990
 MINIMUM TEMPERATURE (F)    3       -25      1944


SUNRISE AND SUNSET
FEBRUARY  9 2016......SUNRISE   646 AM EST   SUNSET   447 PM EST
FEBRUARY 10 2016......SUNRISE   645 AM EST   SUNSET   448 PM EST


-  INDICATES NEGATIVE NUMBERS.
R  INDICATES RECORD WAS SET OR TIED.
MM INDICATES DATA IS MISSING.
T  INDICATES TRACE AMOUNT.




$$
