000
CDUS41 KCAR 230535
CLICAR


CLIMATE REPORT
NATIONAL WEATHER SERVICE CARIBOU, ME
1234 AM EST MON JAN 23 2017


...................................

...THE CARIBOU ME CLIMATE SUMMARY FOR JANUARY 22 2017...

CLIMATE NORMAL PERIOD 1981 TO 2010
CLIMATE RECORD PERIOD 1939 TO 2017


WEATHER ITEM   OBSERVED TIME   RECORD YEAR NORMAL DEPARTURE LAST
                VALUE   (LST)  VALUE       VALUE  FROM      YEAR
                                                  NORMAL
..................................................................
TEMPERATURE (F)
 YESTERDAY
  MAXIMUM         31    707 AM  42    1957  19     12       19
  MINIMUM         26   1159 PM -27    1984   0     26        5
  AVERAGE         29                         9     20       12

PRECIPITATION (IN)
  YESTERDAY        0.00          0.39 1958   0.09  -0.09     0.00
  MONTH TO DATE    1.63                      1.95  -0.32     1.29
  SINCE DEC 1      5.83                      5.22   0.61     6.17
  SINCE JAN 1      1.63                      1.95  -0.32     1.29

SNOWFALL (IN)
  YESTERDAY        0.0           5.3  1981   0.9   -0.9      0.0
  MONTH TO DATE   12.0                      17.9   -5.9      9.8
  SINCE DEC 1     53.2                      40.8   12.4     37.6
  SINCE JUL 1     73.4                      53.0   20.4     41.7
  SNOW DEPTH      21

DEGREE DAYS
 HEATING
  YESTERDAY       36                        56    -20       53
  MONTH TO DATE 1071                      1205   -134     1061
  SINCE DEC 1   2564                      2654    -90     2183
  SINCE JUL 1   4251                      4799   -548     4001

 COOLING
  YESTERDAY        0                         0      0        0
  MONTH TO DATE    0                         0      0        0
  SINCE DEC 1      0                         0      0        0
  SINCE JAN 1      0                         0      0        0
..................................................................


WIND (MPH)
  HIGHEST WIND SPEED    15   HIGHEST WIND DIRECTION     N (20)
  HIGHEST GUST SPEED    22   HIGHEST GUST DIRECTION     N (20)
  AVERAGE WIND SPEED     8.0


SKY COVER
  POSSIBLE SUNSHINE  MM
  AVERAGE SKY COVER 1.0


WEATHER CONDITIONS
 THE FOLLOWING WEATHER WAS RECORDED YESTERDAY.
  NO SIGNIFICANT WEATHER WAS OBSERVED.


RELATIVE HUMIDITY (PERCENT)
 HIGHEST    78          1200 AM
 LOWEST     58          1200 PM
 AVERAGE    68

..........................................................


THE CARIBOU ME CLIMATE NORMALS FOR TODAY
                         NORMAL    RECORD    YEAR
 MAXIMUM TEMPERATURE (F)   19        42      1997
                                             1957
 MINIMUM TEMPERATURE (F)    0       -26      1954


SUNRISE AND SUNSET
JANUARY 23 2017.......SUNRISE   706 AM EST   SUNSET   422 PM EST
JANUARY 24 2017.......SUNRISE   705 AM EST   SUNSET   424 PM EST


-  INDICATES NEGATIVE NUMBERS.
R  INDICATES RECORD WAS SET OR TIED.
MM INDICATES DATA IS MISSING.
T  INDICATES TRACE AMOUNT.




$$
