000
CDUS41 KCAR 030545
CLICAR


CLIMATE REPORT
NATIONAL WEATHER SERVICE CARIBOU, ME
141 AM EDT TUE MAY 3 2016


...................................

...THE CARIBOU ME CLIMATE SUMMARY FOR MAY 2 2016...

CLIMATE NORMAL PERIOD 1981 TO 2010
CLIMATE RECORD PERIOD 1939 TO 2016


WEATHER ITEM   OBSERVED TIME   RECORD YEAR NORMAL DEPARTURE LAST
                VALUE   (LST)  VALUE       VALUE  FROM      YEAR
                                                  NORMAL
..................................................................
TEMPERATURE (F)
 YESTERDAY
  MAXIMUM         52    926 AM  83    2001  57     -5       70
  MINIMUM         40   1159 PM  18    1974  36      4       33
  AVERAGE         46                        46      0       52

PRECIPITATION (IN)
  YESTERDAY        0.06          1.35 1989   0.10  -0.04     0.00
  MONTH TO DATE    0.06                      0.19  -0.13     0.00
  SINCE MAR 1      7.56                      5.36   2.20     4.00
  SINCE JAN 1     13.03                     10.28   2.75     8.10

SNOWFALL (IN)
  YESTERDAY        0.0           0.4  1961   0.1   -0.1      0.0
  MONTH TO DATE    0.0                       0.1   -0.1      0.0
  SINCE MAR 1     30.0                      25.8    4.2     33.5
  SINCE JUL 1     90.0                     108.3  -18.3    141.8
  SNOW DEPTH       0

DEGREE DAYS
 HEATING
  YESTERDAY       19                        19      0       13
  MONTH TO DATE   38                        38      0       32
  SINCE MAR 1   2168                      2083     85     2279
  SINCE JUL 1   7910                      8804   -894     9020

 COOLING
  YESTERDAY        0                         0      0        0
  MONTH TO DATE    0                         0      0        0
  SINCE MAR 1      0                         0      0        0
  SINCE JAN 1      0                         0      0        0
..................................................................


WIND (MPH)
  HIGHEST WIND SPEED    16   HIGHEST WIND DIRECTION    SE (150)
  HIGHEST GUST SPEED    22   HIGHEST GUST DIRECTION     S (160)
  AVERAGE WIND SPEED     6.6


SKY COVER
  POSSIBLE SUNSHINE  MM
  AVERAGE SKY COVER 0.9


WEATHER CONDITIONS
 THE FOLLOWING WEATHER WAS RECORDED YESTERDAY.
  LIGHT RAIN


RELATIVE HUMIDITY (PERCENT)
 HIGHEST    92          1100 PM
 LOWEST     46          1200 AM
 AVERAGE    69

..........................................................


THE CARIBOU ME CLIMATE NORMALS FOR TODAY
                         NORMAL    RECORD    YEAR
 MAXIMUM TEMPERATURE (F)   57        87      2001
 MINIMUM TEMPERATURE (F)   37        23      1946


SUNRISE AND SUNSET
MAY  3 2016...........SUNRISE   513 AM EDT   SUNSET   746 PM EDT
MAY  4 2016...........SUNRISE   512 AM EDT   SUNSET   747 PM EDT


-  INDICATES NEGATIVE NUMBERS.
R  INDICATES RECORD WAS SET OR TIED.
MM INDICATES DATA IS MISSING.
T  INDICATES TRACE AMOUNT.

-----------------------------------------------------------------
THE CARIBOU ME 4" UNDER SOD SOIL TEMP:
MAXIMUM SOIL TEMPERATURE: 48F
MINIMUM SOIL TEMPERATURE: 45F

EXPERIMENTAL BARE SOIL TEMPERATURE:
4 INCH = 46F
6 INCH = 46F

$$
