000
CDUS41 KCAR 280527
CLICAR


CLIMATE REPORT
NATIONAL WEATHER SERVICE CARIBOU, ME
127 AM EDT MON JUL 28 2014


...................................

...THE CARIBOU ME CLIMATE SUMMARY FOR JULY 27 2014...

CLIMATE NORMAL PERIOD 1981 TO 2010
CLIMATE RECORD PERIOD 1939 TO 2014


WEATHER ITEM   OBSERVED TIME   RECORD YEAR NORMAL DEPARTURE LAST
                VALUE   (LST)  VALUE       VALUE  FROM      YEAR
                                                  NORMAL
..................................................................
TEMPERATURE (F)
 YESTERDAY
  MAXIMUM         80    108 PM  92    1963  76      4       72
  MINIMUM         57    414 AM  42    1946  56      1       56
  AVERAGE         69                        66      3       64

PRECIPITATION (IN)
  YESTERDAY        0.18          1.95 1947   0.12   0.06     0.20
  MONTH TO DATE    5.50                      3.59   1.91     6.90
  SINCE JUN 1      8.11                      7.07   1.04    12.96
  SINCE JAN 1     25.31                     20.49   4.82    26.98

SNOWFALL (IN)
  YESTERDAY        0.0           0.0  2002   0.0    0.0      0.0
                                      2001
  MONTH TO DATE    0.0                       0.0    0.0      0.0
  SINCE JUN 1      0.0                       0.0    0.0      0.0
  SINCE JUL 1      0.0                       0.0    0.0      0.0
  SNOW DEPTH       0

DEGREE DAYS
 HEATING
  YESTERDAY        0                         2     -2        1
  MONTH TO DATE   20                        56    -36       27
  SINCE JUN 1    109                       221   -112      205
  SINCE JUL 1     20                        56    -36       27

 COOLING
  YESTERDAY        4                         3      1        0
  MONTH TO DATE  124                        67     57      118
  SINCE JUN 1    160                       101     59      141
  SINCE JAN 1    163                       106     57      149
..................................................................


WIND (MPH)
  HIGHEST WIND SPEED    24   HIGHEST WIND DIRECTION     S (160)
  HIGHEST GUST SPEED    33   HIGHEST GUST DIRECTION     S (180)
  AVERAGE WIND SPEED     9.2


SKY COVER
  POSSIBLE SUNSHINE  MM
  AVERAGE SKY COVER 0.7


WEATHER CONDITIONS
 THE FOLLOWING WEATHER WAS RECORDED YESTERDAY.
  HEAVY RAIN
  RAIN
  LIGHT RAIN
  FOG


RELATIVE HUMIDITY (PERCENT)
 HIGHEST   100          1100 PM
 LOWEST     48           200 PM
 AVERAGE    74

..........................................................


THE CARIBOU ME CLIMATE NORMALS FOR TODAY
                         NORMAL    RECORD    YEAR
 MAXIMUM TEMPERATURE (F)   76        91      1970
                                             1959
                                             1949
 MINIMUM TEMPERATURE (F)   56        43      1987
                                             1981
                                             1945


SUNRISE AND SUNSET
JULY 28 2014..........SUNRISE   507 AM EDT   SUNSET   809 PM EDT
JULY 29 2014..........SUNRISE   508 AM EDT   SUNSET   808 PM EDT


-  INDICATES NEGATIVE NUMBERS.
R  INDICATES RECORD WAS SET OR TIED.
MM INDICATES DATA IS MISSING.
T  INDICATES TRACE AMOUNT.




$$
