000
CDUS41 KCAR 272031
CLICAR


CLIMATE REPORT
NATIONAL WEATHER SERVICE CARIBOU, ME
430 PM EDT MON MAR 27 2017


...................................

...THE CARIBOU ME CLIMATE SUMMARY FOR MARCH 27 2017...
VALID TODAY AS OF 0400 PM LOCAL TIME.

CLIMATE NORMAL PERIOD 1981 TO 2010
CLIMATE RECORD PERIOD 1939 TO 2017


WEATHER ITEM   OBSERVED TIME   RECORD YEAR NORMAL DEPARTURE LAST
                VALUE   (LST)  VALUE       VALUE  FROM      YEAR
                                                  NORMAL
..................................................................
TEMPERATURE (F)
 TODAY
  MAXIMUM         25    259 PM  66    1993  38    -13       45
  MINIMUM         20   1253 AM  -2    1990  20      0       20
  AVERAGE         23                        29     -6       33

PRECIPITATION (IN)
  TODAY            0.13          0.99 1978   0.09   0.04     0.00
  MONTH TO DATE    2.18                      2.19  -0.01     2.98
  SINCE MAR 1      2.18                      2.19  -0.01     2.98
  SINCE JAN 1      7.80                      7.11   0.69     8.45

SNOWFALL (IN)
  TODAY            1.0           7.7  2002   0.5    0.5      0.0
  MONTH TO DATE   18.3                      16.6    1.7     21.3
  SINCE MAR 1     18.3                      16.6    1.7     21.3
  SINCE JUL 1    114.9                      99.1   15.8     81.3
  SNOW DEPTH      21

DEGREE DAYS
 HEATING
  TODAY           42                        36      6       32
  MONTH TO DATE 1242                      1115    127     1131
  SINCE MAR 1   1242                      1115    127     1131
  SINCE JUL 1   7223                      7836   -613     6873

 COOLING
  TODAY            0                         0      0        0
  MONTH TO DATE    0                         0      0        0
  SINCE MAR 1      0                         0      0        0
  SINCE JAN 1      0                         0      0        0
..................................................................


WIND (MPH)
  HIGHEST WIND SPEED    14   HIGHEST WIND DIRECTION    SE (130)
  HIGHEST GUST SPEED    18   HIGHEST GUST DIRECTION     S (180)
  AVERAGE WIND SPEED     7.5


SKY COVER
  POSSIBLE SUNSHINE  MM
  AVERAGE SKY COVER 0.8


WEATHER CONDITIONS
 THE FOLLOWING WEATHER WAS RECORDED TODAY.
  SNOW
  LIGHT SNOW
  FOG
  FOG W/VISIBILITY <= 1/4 MILE
  HAZE


RELATIVE HUMIDITY (PERCENT)
 HIGHEST    88           200 PM
 LOWEST     44           400 AM
 AVERAGE    66

..........................................................


THE CARIBOU ME CLIMATE NORMALS FOR TOMORROW
                         NORMAL    RECORD    YEAR
 MAXIMUM TEMPERATURE (F)   38        64      1993
 MINIMUM TEMPERATURE (F)   21        -7      1974


SUNRISE AND SUNSET
MARCH 27 2017.........SUNRISE   621 AM EDT   SUNSET   655 PM EDT
MARCH 28 2017.........SUNRISE   619 AM EDT   SUNSET   656 PM EDT


-  INDICATES NEGATIVE NUMBERS.
R  INDICATES RECORD WAS SET OR TIED.
MM INDICATES DATA IS MISSING.
T  INDICATES TRACE AMOUNT.




$$
