000
CDAK48 PACD 281309
CLICDB


CLIMATE REPORT
NATIONAL WEATHER SERVICE ANCHORAGE, AK
509 AM AKDT FRI APR 28 2017


...................................

...THE COLD BAY CLIMATE SUMMARY FOR APRIL 27 2017...

CLIMATE NORMAL PERIOD 1981 TO 2010
CLIMATE RECORD PERIOD 1942 TO 2017


WEATHER ITEM   OBSERVED TIME   RECORD YEAR NORMAL DEPARTURE LAST
                VALUE   (LST)  VALUE       VALUE  FROM      YEAR
                                                  NORMAL
..................................................................
TEMPERATURE (F)
 YESTERDAY
  MAXIMUM         48    303 PM  49    2012  42      6       42
                                      2003
  MINIMUM         35    646 AM  19    1976  31      4       37
  AVERAGE         42                        36      6       40

PRECIPITATION (IN)
  YESTERDAY        0.01          1.08 1979   0.08  -0.07     0.10
  MONTH TO DATE    0.95                      2.19  -1.24     2.93
  SINCE MAR 1      0.99                      4.89  -3.90     4.12
  SINCE JAN 1      7.97                     11.03  -3.06    10.60

SNOWFALL (IN)
  YESTERDAY        0.0           1.0  1949   0.1   -0.1     MM
  MONTH TO DATE    2.6                       6.2   -3.6     MM
  SINCE MAR 1      2.9                      19.2  -16.3      0.0
  SINCE JUL 1     39.5                      71.4  -31.9     38.3
  SNOW DEPTH       0

DEGREE DAYS
 HEATING
  YESTERDAY       23                        29     -6       25
  MONTH TO DATE  784                       846    -62      620
  SINCE MAR 1   1980                      1928     52     1537
  SINCE JUL 1   7540                      8146   -606     6753

 COOLING
  YESTERDAY        0                         0      0        0
  MONTH TO DATE    0                         0      0        0
  SINCE MAR 1      0                         0      0        0
  SINCE JAN 1      0                         0      0        0
..................................................................


WIND (MPH)
  RESULTANT WIND SPEED  16   RESULTANT WIND DIRECTION  SE (150)
  HIGHEST WIND SPEED    25   HIGHEST WIND DIRECTION     S (160)
  HIGHEST GUST SPEED    29   HIGHEST GUST DIRECTION    SE (130)
  AVERAGE WIND SPEED    15.2



WEATHER CONDITIONS
 THE FOLLOWING WEATHER WAS RECORDED YESTERDAY.
  LIGHT RAIN
  FOG
  HAZE


RELATIVE HUMIDITY (PERCENT)
 HIGHEST   100
 LOWEST     65
 AVERAGE    83

..........................................................


THE COLD BAY CLIMATE NORMALS FOR TODAY
                         NORMAL    RECORD    YEAR
 MAXIMUM TEMPERATURE (F)   42        52      1993
 MINIMUM TEMPERATURE (F)   32        15      1976


SUNRISE AND SUNSET
APRIL 28 2017.........SUNRISE   715 AM AKDT  SUNSET  1022 PM AKDT
APRIL 29 2017.........SUNRISE   713 AM AKDT  SUNSET  1024 PM AKDT


-  INDICATES NEGATIVE NUMBERS.
R  INDICATES RECORD WAS SET OR TIED.
MM INDICATES DATA IS MISSING.
T  INDICATES TRACE AMOUNT.




$$
