000
CDAK48 PACD 021117
CLICDB

CLIMATE REPORT
NATIONAL WEATHER SERVICE COLD BAY, AK
317 AM AKDT WED SEP 2 2015

...................................
...THE COLD BAY AP CLIMATE SUMMARY FOR SEPTEMBER 1 2015...

CLIMATE NORMAL PERIOD  1981 TO  2010
CLIMATE RECORD PERIOD  1942 TO  2015

WEATHER ITEM   OBSERVED TIME    RECORD YEAR NORMAL DEPARTURE LAST
               VALUE    (LST)   VALUE       VALUE  FROM      YEAR
                                                   NORMAL
...................................................................
TEMPERATURE
YESTERDAY
 MAXIMUM            58  0530 PM    70  1960     56       2     61
 MINIMUM            40  1255 AM    35  1964     47      -7     40
 AVERAGE            49                          51      -2     51

PRECIPITATION
(INCHES)
 YESTERDAY        0.26           1.17  1971   0.13    0.13   0.00
 MONTH TO DATE    0.26                        0.13    0.13   0.00
 SINCE SEP 1      0.26                        0.13    0.13   0.00
 SINCE JAN 1     18.32                       22.87   -4.55  18.41

SNOWFALL
(INCHES)
 YESTERDAY         0.0            0.0  2015    0.0     0.0    0.0
 MONTH TO DATE     0.0                         0.0     0.0    0.0
 SINCE SEP 1       0.0                         0.0     0.0    0.0
 SINCE JUL 1       0.0                         0.0     0.0    0.0
 SNOW DEPTH (IN)     0                                          0

DEGREE DAYS
 HEATING
  YESTERDAY         16                          14       2     14
  MONTH TO DATE     16                          14       2     14
  SINCE SEP 1       16                          14       2     14
  SINCE JUL 1      797                         858     -61    556

 COOLING
  YESTERDAY          0                           0       0      0
  MONTH TO DATE      0                           0       0      0
  SINCE SEP 1        0                           0       0      0
  SINCE JAN 1        0                           0       0      0
...................................................................

WIND (MPH)
 HIGHEST WIND SPEED    38     HIGHEST WIND DIRECTION    140
 HIGHEST GUST SPEED    46     HIGHEST GUST DIRECTION    140
 AVERAGE WIND SPEED  20.8


WEATHER CONDITIONS
 THE FOLLOWING WEATHER WAS RECORDED YESTERDAY.
  FOG
  RAIN

...................................................................

THE COLD BAY CLIMATE NORMALS FOR TODAY
                           NORMAL    RECORD   YEAR
 MAXIMUM TEMPERATURE (F)     55        62     1942
 MINIMUM TEMPERATURE (F)     46        38     1988

SUNRISE AND SUNSET
 SEP 2 2015..........SUNRISE  7:59 AM      SUNSET  9:42 PM
 SEP 3 2015..........SUNRISE  8:01 AM      SUNSET  9:39 PM

-  INDICATES NEGATIVE NUMBERS.
R  INDICATES RECORD HAS BEEN SET OR TIED.
MM INDICATES DATA IS MISSING.
T  INDICATES TRACE OF PRECIPITATION.

&&
-------------------------------------------------------------------

AMOUNT OF DAYLIGHT TODAY  (HOUR:MIN)........13 HOURS 43 MINUTES
LOSS SINCE YESTERDAY  (HOUR:MIN:SEC)........-0:04:24

$$

RCS SEP 15
