000
CDAK48 PACD 261110
CLICDB

CLIMATE REPORT
NATIONAL WEATHER SERVICE COLD BAY, AK
210 AM AKST FRI DEC 26 2014

...................................
...THE COLD BAY AP CLIMATE SUMMARY FOR DECEMBER 25 2014...

CLIMATE NORMAL PERIOD  1981 TO  2010
CLIMATE RECORD PERIOD  1942 TO  2014

WEATHER ITEM   OBSERVED TIME    RECORD YEAR NORMAL DEPARTURE LAST
               VALUE    (LST)   VALUE       VALUE  FROM      YEAR
                                                   NORMAL
...................................................................
TEMPERATURE
YESTERDAY
 MAXIMUM            39  0555 PM    45  1971     35       4     42
 MINIMUM            30  1148 PM     5  2006     26       4     38
 AVERAGE            35                          30       5     40

PRECIPITATION
(INCHES)
 YESTERDAY           T           1.08  1946   0.12   -0.12   0.00
 MONTH TO DATE    1.98                        3.72   -1.74   3.54
 SINCE DEC 1      1.98                        3.72   -1.74   3.54
 SINCE JAN 1     32.87                       40.93   -8.06  45.66

SNOWFALL
(INCHES)
 YESTERDAY         0.0            3.4  1970    0.4    -0.4    0.0
 MONTH TO DATE     2.3                         9.9    -7.6    7.0
 SINCE DEC 1       2.3                         9.9    -7.6    7.0
 SINCE JUL 1       6.2                        22.5   -16.3   10.6
 SNOW DEPTH (IN)     0                                          0

DEGREE DAYS
 HEATING
  YESTERDAY         30                          35      -5     25
  MONTH TO DATE    788                         839     -51    677
  SINCE DEC 1      788                         839     -51    677
  SINCE JUL 1     3300                        3865    -565   3193

 COOLING
  YESTERDAY          0                           0       0      0
  MONTH TO DATE      0                           0       0      0
  SINCE DEC 1        0                           0       0      0
  SINCE JAN 1        0                           0       0      0
...................................................................

WIND (MPH)
 HIGHEST WIND SPEED    36     HIGHEST WIND DIRECTION    250
 HIGHEST GUST SPEED    44     HIGHEST GUST DIRECTION    220
 AVERAGE WIND SPEED  16.6


WEATHER CONDITIONS
 THE FOLLOWING WEATHER WAS RECORDED YESTERDAY.
  RAIN


...................................................................

THE COLD BAY CLIMATE NORMALS FOR TODAY
                           NORMAL    RECORD   YEAR
 MAXIMUM TEMPERATURE (F)     35        44     1990
 MINIMUM TEMPERATURE (F)     25         5     1942

SUNRISE AND SUNSET
 DEC 26 2014..........SUNRISE 10:18 AM      SUNSET  5:27 PM
 DEC 27 2014..........SUNRISE 10:18 AM      SUNSET  5:28 PM

-  INDICATES NEGATIVE NUMBERS.
R  INDICATES RECORD HAS BEEN SET OR TIED.
MM INDICATES DATA IS MISSING.
T  INDICATES TRACE OF PRECIPITATION.

&&
-------------------------------------------------------------------

AMOUNT OF DAYLIGHT TODAY  (HOUR:MIN)........7 HOURS 9 MINUTES
GAIN SINCE YESTERDAY (HOUR:MIN:SEC).........+0:00:35

$$
JEG DEC 14
