226
CDAK48 PACD 071206
CLICDB

CLIMATE REPORT
NATIONAL WEATHER SERVICE COLD BAY, AK
306 AM AKST SUN FEB 7 2016

...................................
...THE COLD BAY AP CLIMATE SUMMARY FOR FEBRUARY 6 2016...

CLIMATE NORMAL PERIOD  1981 TO  2010
CLIMATE RECORD PERIOD  1942 TO  2016

WEATHER ITEM   OBSERVED TIME    RECORD YEAR NORMAL DEPARTURE LAST
               VALUE    (LST)   VALUE       VALUE  FROM      YEAR
                                                   NORMAL
...................................................................
TEMPERATURE
YESTERDAY
 MAXIMUM            41  0313 PM    46  1957     33       8     31
 MINIMUM            30  1109 PM    -5  1991     24       6     19
 AVERAGE            36                          29       7     25

PRECIPITATION
(INCHES)
 YESTERDAY           T           0.92  1989   0.10   -0.10   0.00
 MONTH TO DATE    0.40                        0.64   -0.24      T
 SINCE DEC 1     12.16                        8.26    3.90   4.33
 SINCE JAN 1      4.89                        3.80    1.09   1.41

SNOWFALL
(INCHES)
 YESTERDAY           T            5.7  1996    0.5    -0.5    0.0
 MONTH TO DATE     0.3                         2.8    -2.5      T
 SINCE DEC 1      33.7                        29.5     4.2    3.8
 SINCE JUL 1      39.0                        42.1    -3.1    7.7
 SNOW DEPTH (IN)     0                                          0

DEGREE DAYS
 HEATING
  YESTERDAY         29                          36      -7     40
  MONTH TO DATE    184                         221     -37    187
  SINCE DEC 1     2170                        2411    -241   2198
  SINCE JUL 1     5026                        5437    -411   4710

 COOLING
  YESTERDAY          0                           0       0      0
  MONTH TO DATE      0                           0       0      0
  SINCE DEC 1        0                           0       0      0
  SINCE JAN 1        0                           0       0      0
...................................................................

WIND (MPH)
 HIGHEST WIND SPEED    29     HIGHEST WIND DIRECTION    150
 HIGHEST GUST SPEED    39     HIGHEST GUST DIRECTION    150
 AVERAGE WIND SPEED  14.7

WEATHER CONDITIONS
 THE FOLLOWING WEATHER WAS RECORDED YESTERDAY.
  RAIN
  SNOW
...................................................................

THE COLD BAY CLIMATE NORMALS FOR TODAY
                           NORMAL    RECORD   YEAR
 MAXIMUM TEMPERATURE (F)     33        45     1957
 MINIMUM TEMPERATURE (F)     24         2     2008

SUNRISE AND SUNSET
 FEB 7 2016..........SUNRISE  9:32 AM      SUNSET  6:40 PM
 FEB 8 2016..........SUNRISE  9:30 AM      SUNSET  6:42 PM

-  INDICATES NEGATIVE NUMBERS.
R  INDICATES RECORD HAS BEEN SET OR TIED.
MM INDICATES DATA IS MISSING.
T  INDICATES TRACE OF PRECIPITATION.

&&
-------------------------------------------------------------------

AMOUNT OF DAYLIGHT TODAY  (HOUR:MIN)........9 HOURS 8 MINUTES
GAIN SINCE YESTERDAY  (HOUR:MIN:SEC)........+0:04:07

$$
DAB FEB 16
