000
CDAK48 PAFC 271306
CLICDB

CLIMATE REPORT
NATIONAL WEATHER SERVICE ANCHORAGE, AK
403 AM AKST MON FEB 27 2017


...................................

...THE COLD BAY CLIMATE SUMMARY FOR FEBRUARY 26 2017...

CLIMATE NORMAL PERIOD 1981 TO 2010
CLIMATE RECORD PERIOD 1942 TO 2017


WEATHER ITEM   OBSERVED TIME   RECORD YEAR NORMAL DEPARTURE LAST
                VALUE   (LST)  VALUE       VALUE  FROM      YEAR
                                                  NORMAL
..................................................................
TEMPERATURE (F)
 YESTERDAY
  MAXIMUM         39    448 PM  46    1997  34      5       43
                                      1955
  MINIMUM         29    620 AM   1    2008  25      4       35
  AVERAGE         34                        30      4       39

PRECIPITATION (IN)
  YESTERDAY        0.00          1.61 1943   0.11  -0.11     0.07
  MONTH TO DATE    1.81                      2.78  -0.97     1.46
  SINCE DEC 1     12.61                     10.40   2.21    13.21
  SINCE JAN 1      6.94                      5.94   1.00     5.95

SNOWFALL (IN)
  YESTERDAY        0.0           8.8  1984   0.5   -0.5     MM
  MONTH TO DATE    7.3                      12.0   -4.7      0.0
  SINCE DEC 1     34.8                      38.7   -3.9     33.0
  SINCE JUL 1     36.6                      51.3  -14.7     38.3
  SNOW DEPTH       0

DEGREE DAYS
 HEATING
  YESTERDAY       31                        35     -4       26
  MONTH TO DATE  969                       938     31      769
  SINCE DEC 1   3137                      3128      9     2638
  SINCE JUL 1   5487                      6148   -661     5131

 COOLING
  YESTERDAY        0                         0      0        0
  MONTH TO DATE    0                         0      0        0
  SINCE DEC 1      0                         0      0        0
  SINCE JAN 1      0                         0      0        0
..................................................................


WIND (MPH)
  RESULTANT WIND SPEED  12   RESULTANT WIND DIRECTION  SE (150)
  HIGHEST WIND SPEED    22   HIGHEST WIND DIRECTION    SE (140)
  HIGHEST GUST SPEED    28   HIGHEST GUST DIRECTION    SE (130)
  AVERAGE WIND SPEED    13.6



WEATHER CONDITIONS
 THE FOLLOWING WEATHER WAS RECORDED YESTERDAY.
  NO SIGNIFICANT WEATHER WAS OBSERVED.


RELATIVE HUMIDITY (PERCENT)
 HIGHEST    96
 LOWEST     70
 AVERAGE    83

..........................................................


THE COLD BAY CLIMATE NORMALS FOR TODAY
                         NORMAL    RECORD    YEAR
 MAXIMUM TEMPERATURE (F)   34        47      2009
 MINIMUM TEMPERATURE (F)   25        -1      1976
                                             1954


SUNRISE AND SUNSET
FEBRUARY 27 2017......SUNRISE   845 AM AKST  SUNSET   723 PM AKST
FEBRUARY 28 2017......SUNRISE   842 AM AKST  SUNSET   725 PM AKST

CIVIL TWILIGHT
FEBRUARY 27 2017        START    808 AM GMT     END    801 PM GMT
FEBRUARY 28 2017        START    806 AM GMT     END    803 PM GMT



-  INDICATES NEGATIVE NUMBERS.
R  INDICATES RECORD WAS SET OR TIED.
MM INDICATES DATA IS MISSING.
T  INDICATES TRACE AMOUNT.




$$
&&
------------------------------------------------------
AMOUNT OF DAYLIGHT TODAY  (HOUR:MIN)........10:38
GAIN/LOSS SINCE YESTERDAY (HOUR:MIN:SEC)....+0:04:29

$$
