000
CDAK48 PACD 212319
CLICDB

CLIMATE REPORT
NATIONAL WEATHER SERVICE COLD BAY, AK
319 PM AKDT THU AUG 21 2014

...................................
...THE COLD BAY AP CLIMATE SUMMARY FOR AUGUST 21 2014...
VALID TODAY AS OF 2:00 PM LOCAL TIME

CLIMATE NORMAL PERIOD  1981 TO  2010
CLIMATE RECORD PERIOD  1942 TO  2014

WEATHER ITEM   OBSERVED TIME    RECORD YEAR NORMAL DEPARTURE LAST
               VALUE    (LST)   VALUE       VALUE  FROM      YEAR
                                                   NORMAL
...................................................................
TEMPERATURE
TODAY
 MAXIMUM            65R 1221 PM    65  1978     57       8     61
 MINIMUM            52  0549 AM    36  1946     48       4     50
 AVERAGE            59                          52       7     56

PRECIPITATION
(INCHES)
 TODAY            0.00           0.75  1971   0.11   -0.11   0.12
 MONTH TO DATE    2.06                        2.35   -0.29   2.50
 SINCE JUN 1      5.24                        7.55   -2.31   9.02
 SINCE JAN 1     17.22                       21.41   -4.19  22.93

SNOWFALL
(INCHES)
 TODAY             0.0            0.0  2014    0.0     0.0    0.0
 MONTH TO DATE     0.0                         0.0     0.0    0.0
 SINCE JUN 1       0.0                         0.0     0.0    0.0
 SINCE JUL 1       0.0                         0.0     0.0    0.0
 SNOW DEPTH (IN)     0                                          0

DEGREE DAYS
 HEATING
  TODAY              6                          13      -7      9
  MONTH TO DATE    159                         273    -114    231
  SINCE JUN 1      883                        1273    -390   1076
  SINCE JUL 1      438                         711    -273    567

 COOLING
  TODAY              0                           0       0      0
  MONTH TO DATE      0                           0       0      0
  SINCE JUN 1        0                           0       0      0
  SINCE JAN 1        0                           0       0      0
...................................................................

WIND (MPH)
 HIGHEST WIND SPEED    15     HIGHEST WIND DIRECTION    160
 HIGHEST GUST SPEED    19     HIGHEST GUST DIRECTION    150
 AVERAGE WIND SPEED    MM


WEATHER CONDITIONS
 THE FOLLOWING WEATHER WAS RECORDED TODAY.
  NO SIGNIFICANT WEATHER WAS OBSERVED.


...................................................................

THE COLD BAY CLIMATE NORMALS FOR TOMORROW
                        NORMAL    RECORD   YEAR
 MAXIMUM TEMPERATURE      57        78     1948
 MINIMUM TEMPERATURE      48        33     1946

SUNRISE AND SUNSET
 AUG 21 2014..........SUNRISE  7:37 AM      SUNSET 10:11 PM
 AUG 22 2014..........SUNRISE  7:39 AM      SUNSET 10:08 PM

-  INDICATES NEGATIVE NUMBERS.
R  INDICATES RECORD HAS BEEN SET OR TIED.
MM INDICATES DATA IS MISSING.
T  INDICATES TRACE OF PRECIPITATION.

&&
-------------------------------------------------------------------

AMOUNT OF DAYLIGHT TODAY  (HOUR:MIN)........14 HOURS 34 MINUTES
LOSS SINCE YESTERDAY (HOUR:MIN:SEC).........-0:04:16

$$
JEG AUG 14
