825
CDAK48 PAFC 161245 RRA
CLICDB

CLIMATE REPORT
NATIONAL WEATHER SERVICE ANCHORAGE, AK
344 AM AKST MON JAN 16 2017


...................................

...THE COLD BAY CLIMATE SUMMARY FOR JANUARY 15 2017...

CLIMATE NORMAL PERIOD 1981 TO 2010
CLIMATE RECORD PERIOD 1942 TO 2017


WEATHER ITEM   OBSERVED TIME   RECORD YEAR NORMAL DEPARTURE LAST
                VALUE   (LST)  VALUE       VALUE  FROM      YEAR
                                                  NORMAL
..................................................................
TEMPERATURE (F)
 YESTERDAY
  MAXIMUM         24    120 PM  46    1963  33     -9       39
  MINIMUM          4   1235 AM   1    1970  23    -19       34
  AVERAGE         14                        28    -14       37

PRECIPITATION (IN)
  YESTERDAY        0.08          0.53 1969   0.10  -0.02     0.04
  MONTH TO DATE    2.09                      1.57   0.52     3.04
  SINCE DEC 1      7.76                      6.03   1.73    10.30
  SINCE JAN 1      2.09                      1.57   0.52     3.04

SNOWFALL (IN)
  YESTERDAY        0.8           2.8  1969   0.5    0.3      0.0
  MONTH TO DATE    1.0                       6.8   -5.8      7.1
  SINCE DEC 1     16.0                      19.4   -3.4     31.1
  SINCE JUL 1     17.8                      32.0  -14.2     36.4
  SNOW DEPTH       1

DEGREE DAYS
 HEATING
  YESTERDAY       51                        37     14       28
  MONTH TO DATE  559                       547     12      489
  SINCE DEC 1   1539                      1598    -59     1395
  SINCE JUL 1   3889                      4618   -729     3888

 COOLING
  YESTERDAY        0                         0      0        0
  MONTH TO DATE    0                         0      0        0
  SINCE DEC 1      0                         0      0        0
  SINCE JAN 1      0                         0      0        0
..................................................................


WIND (MPH)
  RESULTANT WIND SPEED   9   RESULTANT WIND DIRECTION   N (350)
  HIGHEST WIND SPEED    29   HIGHEST WIND DIRECTION     N (350)
  HIGHEST GUST SPEED    35   HIGHEST GUST DIRECTION     N (350)
  AVERAGE WIND SPEED    10.4



WEATHER CONDITIONS
 THE FOLLOWING WEATHER WAS RECORDED YESTERDAY.
  HEAVY SNOW
  SNOW
  LIGHT SNOW
  FOG
  HAZE


RELATIVE HUMIDITY (PERCENT)
 HIGHEST   100
 LOWEST     62
 AVERAGE    81

..........................................................


THE COLD BAY CLIMATE NORMALS FOR TODAY
                         NORMAL    RECORD    YEAR
 MAXIMUM TEMPERATURE (F)   33        46      2014
                                             1963
 MINIMUM TEMPERATURE (F)   23         4      2012


SUNRISE AND SUNSET
JANUARY 16 2017.......SUNRISE  1006 AM AKST  SUNSET   556 PM AKST
JANUARY 17 2017.......SUNRISE  1005 AM AKST  SUNSET   558 PM AKST

CIVIL TWILIGHT
JANUARY 16 2017         START    923 AM GMT     END    640 PM GMT
JANUARY 17 2017         START    922 AM GMT     END    642 PM GMT



-  INDICATES NEGATIVE NUMBERS.
R  INDICATES RECORD WAS SET OR TIED.
MM INDICATES DATA IS MISSING.
T  INDICATES TRACE AMOUNT.




$$
&&
------------------------------------------------------
AMOUNT OF DAYLIGHT TODAY  (HOUR:MIN)........ 7:51
GAIN/LOSS SINCE YESTERDAY (HOUR:MIN:SEC)....+0:02:57
