000
CDAK48 PACD 050003
CLICDB

CLIMATE REPORT
NATIONAL WEATHER SERVICE COLD BAY, AK
403 PM AKDT TUE AUG 4 2015

...................................
...THE COLD BAY AP CLIMATE SUMMARY FOR AUGUST 4 2015...
VALID TODAY AS OF 2:00 PM LOCAL TIME

CLIMATE NORMAL PERIOD  1981 TO  2010
CLIMATE RECORD PERIOD  1942 TO  2015

WEATHER ITEM   OBSERVED TIME    RECORD YEAR NORMAL DEPARTURE LAST
               VALUE    (LST)   VALUE       VALUE  FROM      YEAR
                                                   NORMAL
...................................................................
TEMPERATURE
TODAY
 MAXIMUM            58  0246 PM    74  1970     57       1     65
 MINIMUM            50  0733 AM    39  2011     48       2     53
 AVERAGE            54                          52       2     59

PRECIPITATION
(INCHES)
 TODAY            0.00           1.84  1952   0.11   -0.11   0.03
 MONTH TO DATE    0.40                        0.43   -0.03   0.13
 SINCE JUN 1      3.98                        5.63   -1.65   3.31
 SINCE JAN 1     16.83                       19.49   -2.66  15.29

SNOWFALL
(INCHES)
 TODAY              MM            0.0  2014    0.0      MM    0.0
 MONTH TO DATE      MM                         0.0      MM    0.0
 SINCE JUN 1       0.0                         0.0     0.0    0.0
 SINCE JUL 1        MM                         0.0      MM    0.0
 SNOW DEPTH (IN)    MM                                          0

DEGREE DAYS
 HEATING
  TODAY             11                          13      -2      6
  MONTH TO DATE     44                          52      -8     26
  SINCE JUN 1      904                        1052    -148    750
  SINCE JUL 1      444                         490     -46    305

 COOLING
  TODAY              0                           0       0      0
  MONTH TO DATE      0                           0       0      0
  SINCE JUN 1        0                           0       0      0
  SINCE JAN 1        0                           0       0      0
...................................................................

WIND (MPH)
 HIGHEST WIND SPEED    23     HIGHEST WIND DIRECTION    360
 HIGHEST GUST SPEED    29     HIGHEST GUST DIRECTION    360
 AVERAGE WIND SPEED    MM

WEATHER CONDITIONS
 THE FOLLOWING WEATHER WAS RECORDED TODAY.
  FOG
...................................................................

THE COLD BAY CLIMATE NORMALS FOR TOMORROW
                        NORMAL    RECORD   YEAR
 MAXIMUM TEMPERATURE      57        73     1969
 MINIMUM TEMPERATURE      48        37     2011

SUNRISE AND SUNSET
 AUG 4 2015..........SUNRISE  7:05 AM      SUNSET 10:49 PM
 AUG 5 2015..........SUNRISE  7:07 AM      SUNSET 10:47 PM

-  INDICATES NEGATIVE NUMBERS.
R  INDICATES RECORD HAS BEEN SET OR TIED.
MM INDICATES DATA IS MISSING.
T  INDICATES TRACE OF PRECIPITATION.

&&
-------------------------------------------------------------------

AMOUNT OF DAYLIGHT TODAY  (HOUR:MIN)........15 HOURS 44 MINUTES
LOSS SINCE YESTERDAY  (HOUR:MIN:SEC)........-0:03:50

$$
DAB AUG 15
