000
CDUS45 KSLC 280032
CLICDC


CLIMATE REPORT
NATIONAL WEATHER SERVICE SALT LAKE CITY UT
632 PM MDT SAT MAY 27 2017


...................................

...THE CEDAR CITY UT CLIMATE SUMMARY FOR MAY 27 2017...
VALID TODAY AS OF 0500 PM LOCAL TIME.

CLIMATE NORMAL PERIOD 1981 TO 2010
CLIMATE RECORD PERIOD 1928 TO 2017


WEATHER ITEM   OBSERVED TIME   RECORD YEAR NORMAL DEPARTURE LAST
                VALUE   (LST)  VALUE       VALUE  FROM      YEAR
                                                  NORMAL
..................................................................
TEMPERATURE (F)
 TODAY
  MAXIMUM         74    345 PM  90    2003  76     -2       70
                                      1986
  MINIMUM         38    518 AM  33    2016  42     -4       33
                                      2008
                                      1995
  AVERAGE         56                        59     -3       52

PRECIPITATION (IN)
  TODAY            0.00          0.22 1975   0.03  -0.03      T
  MONTH TO DATE    0.82                      0.67   0.15     0.33
  SINCE OCT 1      8.25                      8.05   0.20     7.94
  SINCE JAN 1      5.42                      4.94   0.48     4.38

DEGREE DAYS
 HEATING
  TODAY            9                         6      3       13
  MONTH TO DATE  257                       268    -11      282
  SINCE MAR 1   1391                      1592   -201     1447
  SINCE JUL 1   5412                      6154   -742     5861

 COOLING
  TODAY            0                         1     -1        0
  MONTH TO DATE    2                         1      1        3
  SINCE MAR 1      2                         1      1        3
  SINCE JAN 1      2                         1      1        3
..................................................................


WIND (MPH)
  RESULTANT WIND SPEED   7   RESULTANT WIND DIRECTION   N (10)
  HIGHEST WIND SPEED    15   HIGHEST WIND DIRECTION     N (350)
  HIGHEST GUST SPEED    22   HIGHEST GUST DIRECTION     N (10)
  AVERAGE WIND SPEED     7.9



WEATHER CONDITIONS
 THE FOLLOWING WEATHER WAS RECORDED TODAY.
  NO SIGNIFICANT WEATHER WAS OBSERVED.


RELATIVE HUMIDITY (PERCENT)
 HIGHEST    67           400 AM
 LOWEST     13           400 PM
 AVERAGE    40

..........................................................


THE CEDAR CITY UT CLIMATE NORMALS FOR TOMORROW
                         NORMAL    RECORD    YEAR
 MAXIMUM TEMPERATURE (F)   77        95      1984
 MINIMUM TEMPERATURE (F)   42        29      2006


SUNRISE AND SUNSET
MAY 27 2017...........SUNRISE   614 AM MDT   SUNSET   845 PM MDT
MAY 28 2017...........SUNRISE   614 AM MDT   SUNSET   846 PM MDT


-  INDICATES NEGATIVE NUMBERS.
R  INDICATES RECORD WAS SET OR TIED.
MM INDICATES DATA IS MISSING.
T  INDICATES TRACE AMOUNT.




$$
