000
CDUS45 KSLC 211237
CLICDC


CLIMATE REPORT
NATIONAL WEATHER SERVICE SALT LAKE CITY UT
536 AM MST WED FEB 21 2018


...................................

...THE CEDAR CITY UT CLIMATE SUMMARY FOR FEBRUARY 20 2018...

CLIMATE NORMAL PERIOD 1981 TO 2010
CLIMATE RECORD PERIOD 1928 TO 2018


WEATHER ITEM   OBSERVED TIME   RECORD YEAR NORMAL DEPARTURE LAST
                VALUE   (LST)  VALUE       VALUE  FROM      YEAR
                                                  NORMAL
..................................................................
TEMPERATURE (F)
 YESTERDAY
  MAXIMUM         28    507 PM  69    1977  47    -19       52
  MINIMUM          6   1112 PM  -4    1955  22    -16       34
  AVERAGE         17                        34    -17       43

PRECIPITATION (IN)
  YESTERDAY        T             0.45 1985   0.04  -0.04     0.00
  MONTH TO DATE    0.45                      0.68  -0.23     0.42
  SINCE OCT 1      2.03                      4.65  -2.62     4.33
  SINCE JAN 1      1.48                      1.54  -0.06     1.50

DEGREE DAYS
 HEATING
  YESTERDAY       48                        30     18       22
  MONTH TO DATE  544                       651   -107      445
  SINCE DEC 1   2454                      2884   -430     2672
  SINCE JUL 1   3653                      4326   -673     3769

 COOLING
  YESTERDAY        0                         0      0        0
  MONTH TO DATE    0                         0      0        0
  SINCE DEC 1      0                         0      0        0
  SINCE JAN 1      0                         0      0        0
..................................................................


WIND (MPH)
  RESULTANT WIND SPEED   3   RESULTANT WIND DIRECTION   E (80)
  HIGHEST WIND SPEED    10   HIGHEST WIND DIRECTION     E (90)
  HIGHEST GUST SPEED    12   HIGHEST GUST DIRECTION     E (80)
  AVERAGE WIND SPEED     4.1



WEATHER CONDITIONS
 THE FOLLOWING WEATHER WAS RECORDED YESTERDAY.
  LIGHT SNOW
  FOG


RELATIVE HUMIDITY (PERCENT)
 HIGHEST    92          1200 AM
 LOWEST     46           400 PM
 AVERAGE    69

..........................................................


THE CEDAR CITY UT CLIMATE NORMALS FOR TODAY
                         NORMAL    RECORD    YEAR
 MAXIMUM TEMPERATURE (F)   48        70      1995
 MINIMUM TEMPERATURE (F)   22        -9      1955


SUNRISE AND SUNSET
FEBRUARY 21 2018......SUNRISE   714 AM MST   SUNSET   618 PM MST
FEBRUARY 22 2018......SUNRISE   713 AM MST   SUNSET   619 PM MST


-  INDICATES NEGATIVE NUMBERS.
R  INDICATES RECORD WAS SET OR TIED.
MM INDICATES DATA IS MISSING.
T  INDICATES TRACE AMOUNT.




$$
