000
CDUS45 KSLC 231230
CLICDC


CLIMATE REPORT
NATIONAL WEATHER SERVICE SALT LAKE CITY UT
629 AM MDT SAT JUL 23 2016


...................................

...THE CEDAR CITY UT CLIMATE SUMMARY FOR JULY 22 2016...

CLIMATE NORMAL PERIOD 1981 TO 2010
CLIMATE RECORD PERIOD 1928 TO 2016


WEATHER ITEM   OBSERVED TIME   RECORD YEAR NORMAL DEPARTURE LAST
                VALUE   (LST)  VALUE       VALUE  FROM      YEAR
                                                  NORMAL
..................................................................
TEMPERATURE (F)
 YESTERDAY
  MAXIMUM         97    329 PM  98    1996  91      6       86
  MINIMUM         64    554 AM  47    1972  57      7       51
  AVERAGE         81                        74      7       69

PRECIPITATION (IN)
  YESTERDAY        0.00          0.95 1984   0.03  -0.03     0.00
  MONTH TO DATE    0.65                      0.51   0.14     0.40
  SINCE OCT 1      8.88                      9.19  -0.31    10.06
  SINCE JAN 1      5.32                      6.08  -0.76     7.93

DEGREE DAYS
 HEATING
  YESTERDAY        0                         0      0        0
  MONTH TO DATE    0                         0      0        1
  SINCE JUN 1      4                        76    -72       26
  SINCE JUL 1      0                         0      0        1

 COOLING
  YESTERDAY       16                         9      7        4
  MONTH TO DATE  200                       174     26      149
  SINCE JUN 1    436                       267    169      336
  SINCE JAN 1    439                       275    164      338
..................................................................


WIND (MPH)
  RESULTANT WIND SPEED   7   RESULTANT WIND DIRECTION   S (190)
  HIGHEST WIND SPEED    21   HIGHEST WIND DIRECTION     S (180)
  HIGHEST GUST SPEED    29   HIGHEST GUST DIRECTION     S (200)
  AVERAGE WIND SPEED     8.8



WEATHER CONDITIONS
 THE FOLLOWING WEATHER WAS RECORDED YESTERDAY.
  NO SIGNIFICANT WEATHER WAS OBSERVED.


RELATIVE HUMIDITY (PERCENT)
 HIGHEST    48           600 AM
 LOWEST     13           600 PM
 AVERAGE    31

..........................................................


THE CEDAR CITY UT CLIMATE NORMALS FOR TODAY
                         NORMAL    RECORD    YEAR
 MAXIMUM TEMPERATURE (F)   90        99      1996
 MINIMUM TEMPERATURE (F)   57        48      1973


SUNRISE AND SUNSET
JULY 23 2016..........SUNRISE   629 AM MDT   SUNSET   848 PM MDT
JULY 24 2016..........SUNRISE   630 AM MDT   SUNSET   847 PM MDT


-  INDICATES NEGATIVE NUMBERS.
R  INDICATES RECORD WAS SET OR TIED.
MM INDICATES DATA IS MISSING.
T  INDICATES TRACE AMOUNT.




$$
