000
CDUS45 KSLC 241226
CLICDC


CLIMATE REPORT
NATIONAL WEATHER SERVICE SALT LAKE CITY UT
525 AM MST FRI NOV 24 2017


...................................

...THE CEDAR CITY UT CLIMATE SUMMARY FOR NOVEMBER 23 2017...

CLIMATE NORMAL PERIOD 1981 TO 2010
CLIMATE RECORD PERIOD 1928 TO 2017


WEATHER ITEM   OBSERVED TIME   RECORD YEAR NORMAL DEPARTURE LAST
                VALUE   (LST)  VALUE       VALUE  FROM      YEAR
                                                  NORMAL
..................................................................
TEMPERATURE (F)
 YESTERDAY
  MAXIMUM         71R   154 PM  64    1995  48     23       51
  MINIMUM         28    618 AM  -3    1994  21      7       25
  AVERAGE         50                        34     16       38

PRECIPITATION (IN)
  YESTERDAY        0.00          0.45 1951   0.03  -0.03     0.00
  MONTH TO DATE    0.07                      0.74  -0.67     0.97
  SINCE OCT 1      0.10                      2.08  -1.98     1.61
  SINCE JAN 1      9.10                     10.28  -1.18     9.53

DEGREE DAYS
 HEATING
  YESTERDAY       15                        31    -16       27
  MONTH TO DATE  432                       598   -166      443
  SINCE SEP 1   1063                      1208   -145      863
  SINCE JUL 1   1063                      1217   -154      867

 COOLING
  YESTERDAY        0                         0      0        0
  MONTH TO DATE    0                         0      0        0
  SINCE SEP 1     73                        39     34       33
  SINCE JAN 1    865                       588    277      826
..................................................................


WIND (MPH)
  RESULTANT WIND SPEED   2   RESULTANT WIND DIRECTION   S (160)
  HIGHEST WIND SPEED    10   HIGHEST WIND DIRECTION    SE (150)
  HIGHEST GUST SPEED    11   HIGHEST GUST DIRECTION    SE (150)
  AVERAGE WIND SPEED     4.3



WEATHER CONDITIONS
 THE FOLLOWING WEATHER WAS RECORDED YESTERDAY.
  NO SIGNIFICANT WEATHER WAS OBSERVED.


RELATIVE HUMIDITY (PERCENT)
 HIGHEST    92           500 AM
 LOWEST     25           200 PM
 AVERAGE    59

..........................................................


THE CEDAR CITY UT CLIMATE NORMALS FOR TODAY
                         NORMAL    RECORD    YEAR
 MAXIMUM TEMPERATURE (F)   48        69      1970
 MINIMUM TEMPERATURE (F)   20        -8      2010


SUNRISE AND SUNSET
NOVEMBER 24 2017......SUNRISE   722 AM MST   SUNSET   516 PM MST
NOVEMBER 25 2017......SUNRISE   723 AM MST   SUNSET   516 PM MST


-  INDICATES NEGATIVE NUMBERS.
R  INDICATES RECORD WAS SET OR TIED.
MM INDICATES DATA IS MISSING.
T  INDICATES TRACE AMOUNT.




$$
