000
CDUS45 KSLC 290042
CLICDC


CLIMATE REPORT
NATIONAL WEATHER SERVICE SALT LAKE CITY UT
542 PM MST FRI NOV 28 2014


...................................

...THE CEDAR CITY UT CLIMATE SUMMARY FOR NOVEMBER 28 2014...
VALID TODAY AS OF 0500 PM LOCAL TIME.

CLIMATE NORMAL PERIOD 1981 TO 2010
CLIMATE RECORD PERIOD 1928 TO 2014


WEATHER ITEM   OBSERVED TIME   RECORD YEAR NORMAL DEPARTURE LAST
                VALUE   (LST)  VALUE       VALUE  FROM      YEAR
                                                  NORMAL
..................................................................
TEMPERATURE (F)
 TODAY
  MAXIMUM         64    210 PM  67    1949  46     18       50
  MINIMUM         27    328 AM   0    2005  19      8       22
  AVERAGE         46                        32     14       36

PRECIPITATION (IN)
  TODAY            0.00          0.82 1967   0.03  -0.03     0.00
  MONTH TO DATE    1.13                      0.88   0.25     0.56
  SINCE OCT 1      1.35                      2.22  -0.87     1.03
  SINCE JAN 1      9.03                     10.42  -1.39    14.07

DEGREE DAYS
 HEATING
  TODAY           19                        33    -14       29
  MONTH TO DATE  730                       758    -28      717
  SINCE SEP 1   1146                      1368   -222     1468
  SINCE JUL 1   1152                      1377   -225     1471

 COOLING
  TODAY            0                         0      0        0
  MONTH TO DATE    0                         0      0        0
  SINCE SEP 1     61                        39     22       35
  SINCE JAN 1    607                       588     19      667
..................................................................


WIND (MPH)
  RESULTANT WIND SPEED   4   RESULTANT WIND DIRECTION   S (190)
  HIGHEST WIND SPEED    21   HIGHEST WIND DIRECTION    SW (210)
  HIGHEST GUST SPEED    26   HIGHEST GUST DIRECTION    SW (210)
  AVERAGE WIND SPEED     7.2



WEATHER CONDITIONS
 THE FOLLOWING WEATHER WAS RECORDED TODAY.
  NO SIGNIFICANT WEATHER WAS OBSERVED.


RELATIVE HUMIDITY (PERCENT)
 HIGHEST    53           400 AM
 LOWEST     12           400 PM
 AVERAGE    33

..........................................................


THE CEDAR CITY UT CLIMATE NORMALS FOR TOMORROW
                         NORMAL    RECORD    YEAR
 MAXIMUM TEMPERATURE (F)   46        67      1999
                                             1950
 MINIMUM TEMPERATURE (F)   19        -6      2010


SUNRISE AND SUNSET
NOVEMBER 28 2014......SUNRISE   726 AM MST   SUNSET   515 PM MST
NOVEMBER 29 2014......SUNRISE   727 AM MST   SUNSET   514 PM MST


-  INDICATES NEGATIVE NUMBERS.
R  INDICATES RECORD WAS SET OR TIED.
MM INDICATES DATA IS MISSING.
T  INDICATES TRACE AMOUNT.




$$
