000
CDUS45 KCYS 300727
CLICDR


CLIMATE REPORT
NATIONAL WEATHER SERVICE CHEYENNE WY
127 AM MDT SUN AUG 30 2015


...................................

...THE CHADRON NE AIRPORT CLIMATE SUMMARY FOR AUGUST 29 2015...

CLIMATE NORMAL PERIOD 1981 TO 2010
CLIMATE RECORD PERIOD 1895 TO 2015


WEATHER ITEM   OBSERVED TIME   RECORD YEAR NORMAL DEPARTURE LAST
                VALUE   (LST)  VALUE       VALUE  FROM      YEAR
                                                  NORMAL
..................................................................
TEMPERATURE (F)
 YESTERDAY
  MAXIMUM         97    312 PM 106    2012  86     11       78
  MINIMUM         50    518 AM  41    1992  52     -2       53
  AVERAGE         74                        69      5       66

PRECIPITATION (IN)
  YESTERDAY        0.00          0.79 2011   0.05  -0.05     0.03
  MONTH TO DATE    0.81                      1.47  -0.66     2.11
  SINCE JAN 1     16.10                     13.76   2.34    13.90

DEGREE DAYS
 HEATING
  YESTERDAY        0                         2     -2        0
  MONTH TO DATE   33                        14     19        2
  SINCE JUN 1     45                       105    -60       96
  SINCE JUL 1     36                        24     12       13

 COOLING
  YESTERDAY        9                         5      4        1
  MONTH TO DATE  217                       233    -16      234
  SINCE JUN 1    574                       617    -43      547
  SINCE JAN 1    574                       637    -63      578
..................................................................


WIND (MPH)
  HIGHEST WIND SPEED    24   HIGHEST WIND DIRECTION     S (180)
  HIGHEST GUST SPEED    32   HIGHEST GUST DIRECTION     S (180)
  AVERAGE WIND SPEED     9.1


SKY COVER
  AVERAGE SKY COVER 0.0


WEATHER CONDITIONS
 THE FOLLOWING WEATHER WAS RECORDED YESTERDAY.
  FOG
  HAZE


RELATIVE HUMIDITY (PERCENT)
 HIGHEST    89           600 AM
 LOWEST     14           300 PM
 AVERAGE    52

..........................................................


THE CHADRON NE AIRPORT CLIMATE NORMALS FOR TODAY
                         NORMAL    RECORD    YEAR
 MAXIMUM TEMPERATURE (F)   86       106      1990
 MINIMUM TEMPERATURE (F)   51        37      1935


SUNRISE AND SUNSET
AUGUST 30 2015........SUNRISE   615 AM MDT   SUNSET   731 PM MDT
AUGUST 31 2015........SUNRISE   616 AM MDT   SUNSET   729 PM MDT


-  INDICATES NEGATIVE NUMBERS.
R  INDICATES RECORD WAS SET OR TIED.
MM INDICATES DATA IS MISSING.
T  INDICATES TRACE AMOUNT.




$$
