000
CDUS45 KCYS 180727
CLICDR


CLIMATE REPORT
NATIONAL WEATHER SERVICE CHEYENNE WY
126 AM MDT THU SEP 18 2014


...................................

...THE CHADRON NE AIRPORT CLIMATE SUMMARY FOR SEPTEMBER 17 2014...

CLIMATE NORMAL PERIOD 1981 TO 2010
CLIMATE RECORD PERIOD 1895 TO 2014


WEATHER ITEM   OBSERVED TIME   RECORD YEAR NORMAL DEPARTURE LAST
                VALUE   (LST)  VALUE       VALUE  FROM      YEAR
                                                  NORMAL
..................................................................
TEMPERATURE (F)
 YESTERDAY
  MAXIMUM         86    226 PM 100    2000  77      9       93
  MINIMUM         46    544 AM  26    1965  43      3       52
  AVERAGE         66                        60      6       73

PRECIPITATION (IN)
  YESTERDAY        0.00          1.23 1946   0.06  -0.06     0.00
  MONTH TO DATE    0.60                      1.01  -0.41     0.67
  SINCE JAN 1     15.12                     14.88   0.24    13.03

DEGREE DAYS
 HEATING
  YESTERDAY        0                         6     -6        0
  MONTH TO DATE  120                        66     54       12
  SINCE SEP 1    120                        66     54       12
  SINCE JUL 1    134                        96     38       12

 COOLING
  YESTERDAY        1                         2     -1        8
  MONTH TO DATE   24                        52    -28      129
  SINCE SEP 1     24                        52    -28      129
  SINCE JAN 1    609                       699    -90      897
..................................................................


WIND (MPH)
  HIGHEST WIND SPEED    14   HIGHEST WIND DIRECTION     W (250)
  HIGHEST GUST SPEED    17   HIGHEST GUST DIRECTION    SW (240)
  AVERAGE WIND SPEED     4.9


SKY COVER
  AVERAGE SKY COVER 0.0


WEATHER CONDITIONS
 THE FOLLOWING WEATHER WAS RECORDED YESTERDAY.
  FOG
  HAZE


RELATIVE HUMIDITY (PERCENT)
 HIGHEST    93           500 AM
 LOWEST     29           100 PM
 AVERAGE    61

..........................................................


THE CHADRON NE AIRPORT CLIMATE NORMALS FOR TODAY
                         NORMAL    RECORD    YEAR
 MAXIMUM TEMPERATURE (F)   77        95      1998
                                             1984
                                             1972
 MINIMUM TEMPERATURE (F)   43        25      1991


SUNRISE AND SUNSET
SEPTEMBER 18 2014.....SUNRISE   635 AM MDT   SUNSET   657 PM MDT
SEPTEMBER 19 2014.....SUNRISE   636 AM MDT   SUNSET   655 PM MDT


-  INDICATES NEGATIVE NUMBERS.
R  INDICATES RECORD WAS SET OR TIED.
MM INDICATES DATA IS MISSING.
T  INDICATES TRACE AMOUNT.




$$
