000
CDUS45 KCYS 180729
CLICDR


CLIMATE REPORT
NATIONAL WEATHER SERVICE CHEYENNE WY
128 AM MDT FRI APR 18 2014


...................................

...THE CHADRON NE AIRPORT CLIMATE SUMMARY FOR APRIL 17 2014...

CLIMATE NORMAL PERIOD 1981 TO 2010
CLIMATE RECORD PERIOD 1895 TO 2014


WEATHER ITEM   OBSERVED TIME   RECORD YEAR NORMAL DEPARTURE LAST
                VALUE   (LST)  VALUE       VALUE  FROM      YEAR
                                                  NORMAL
..................................................................
TEMPERATURE (F)
 YESTERDAY
  MAXIMUM         56    448 PM  87    1948  61     -5       28
  MINIMUM         30    235 AM  13    1956  30      0       24
  AVERAGE         43                        45     -2       26

PRECIPITATION (IN)
  YESTERDAY        0.00          0.33 2009   0.06  -0.06     0.08
  MONTH TO DATE    0.92                      0.95  -0.03     2.45
  SINCE JAN 1      2.50                      3.15  -0.65     3.99

DEGREE DAYS
 HEATING
  YESTERDAY       22                        20      2       39
  MONTH TO DATE  381                       381      0      500
  SINCE MAR 1   1279                      1286     -7     1373
  SINCE JUL 1   6753                      6538    215     6269

 COOLING
  YESTERDAY        0                         0      0        0
  MONTH TO DATE    0                         0      0        0
  SINCE MAR 1      0                         0      0        0
  SINCE JAN 1      0                         0      0        0
..................................................................


WIND (MPH)
  HIGHEST WIND SPEED    31   HIGHEST WIND DIRECTION    SE (150)
  HIGHEST GUST SPEED    39   HIGHEST GUST DIRECTION     S (160)
  AVERAGE WIND SPEED    12.9


SKY COVER
  AVERAGE SKY COVER 0.5


WEATHER CONDITIONS
 THE FOLLOWING WEATHER WAS RECORDED YESTERDAY.
  NO SIGNIFICANT WEATHER WAS OBSERVED.


RELATIVE HUMIDITY (PERCENT)
 HIGHEST    92           200 AM
 LOWEST     51           400 PM
 AVERAGE    72

..........................................................


THE CHADRON NE AIRPORT CLIMATE NORMALS FOR TODAY
                         NORMAL    RECORD    YEAR
 MAXIMUM TEMPERATURE (F)   61        85      1985
 MINIMUM TEMPERATURE (F)   30        16      1956


SUNRISE AND SUNSET
APRIL 18 2014.........SUNRISE   606 AM MDT   SUNSET   738 PM MDT
APRIL 19 2014.........SUNRISE   604 AM MDT   SUNSET   739 PM MDT


-  INDICATES NEGATIVE NUMBERS.
R  INDICATES RECORD WAS SET OR TIED.
MM INDICATES DATA IS MISSING.
T  INDICATES TRACE AMOUNT.




$$
