000
CDUS45 KCYS 310727
CLICDR


CLIMATE REPORT
NATIONAL WEATHER SERVICE CHEYENNE WY
1226 AM MST SAT JAN 31 2015


...................................

...THE CHADRON NE AIRPORT CLIMATE SUMMARY FOR JANUARY 30 2015...

CLIMATE NORMAL PERIOD 1981 TO 2010
CLIMATE RECORD PERIOD 1895 TO 2015


WEATHER ITEM   OBSERVED TIME   RECORD YEAR NORMAL DEPARTURE LAST
                VALUE   (LST)  VALUE       VALUE  FROM      YEAR
                                                  NORMAL
..................................................................
TEMPERATURE (F)
 YESTERDAY
  MAXIMUM         52    233 PM  70    1989  39     13       40
  MINIMUM         27   1152 PM -28    1918  11     16       16
  AVERAGE         40                        25     15       28

PRECIPITATION (IN)
  YESTERDAY        0.00          0.42 1994   0.01  -0.01     0.01
  MONTH TO DATE    0.02                      0.34  -0.32     0.20
  SINCE JAN 1      0.02                      0.34  -0.32     0.20

DEGREE DAYS
 HEATING
  YESTERDAY       25                        40    -15       37
  MONTH TO DATE 1156                      1217    -61     1085
  SINCE DEC 1   2341                      2475   -134     2512
  SINCE JUL 1   3946                      4159   -213     4148

 COOLING
  YESTERDAY        0                         0      0        0
  MONTH TO DATE    0                         0      0        0
  SINCE DEC 1      0                         0      0        0
  SINCE JAN 1      0                         0      0        0
..................................................................


WIND (MPH)
  HIGHEST WIND SPEED    15   HIGHEST WIND DIRECTION     S (200)
  HIGHEST GUST SPEED    19   HIGHEST GUST DIRECTION    SW (210)
  AVERAGE WIND SPEED     6.0


SKY COVER
  AVERAGE SKY COVER 0.0


WEATHER CONDITIONS
 THE FOLLOWING WEATHER WAS RECORDED YESTERDAY.
  NO SIGNIFICANT WEATHER WAS OBSERVED.


RELATIVE HUMIDITY (PERCENT)
 HIGHEST    85           900 PM
 LOWEST     35           300 PM
 AVERAGE    60

..........................................................


THE CHADRON NE AIRPORT CLIMATE NORMALS FOR TODAY
                         NORMAL    RECORD    YEAR
 MAXIMUM TEMPERATURE (F)   39        69      1989
 MINIMUM TEMPERATURE (F)   11       -25      1917


SUNRISE AND SUNSET
JANUARY 31 2015.......SUNRISE   708 AM MST   SUNSET   504 PM MST
FEBRUARY  1 2015......SUNRISE   707 AM MST   SUNSET   505 PM MST


-  INDICATES NEGATIVE NUMBERS.
R  INDICATES RECORD WAS SET OR TIED.
MM INDICATES DATA IS MISSING.
T  INDICATES TRACE AMOUNT.




$$
