000
CDUS44 KLUB 260626
CLICDS


CLIMATE REPORT
NATIONAL WEATHER SERVICE LUBBOCK, TX
126 AM CDT MON SEP 26 2016


...................................

...THE CHILDRESS CLIMATE SUMMARY FOR SEPTEMBER 25 2016...

CLIMATE NORMAL PERIOD 1981 TO 2010
CLIMATE RECORD PERIOD 1893 TO 2016


WEATHER ITEM   OBSERVED TIME   RECORD YEAR NORMAL DEPARTURE LAST
                VALUE   (LST)  VALUE       VALUE  FROM      YEAR
                                                  NORMAL
..................................................................
TEMPERATURE (F)
 YESTERDAY
  MAXIMUM         70    944 AM 101    2005  83    -13       91
  MINIMUM         57   1142 AM  39    2000  58     -1       61
  AVERAGE         64                        71     -7       76

PRECIPITATION (IN)
  YESTERDAY        0.34          1.77 1962   0.08   0.26     0.00
  MONTH TO DATE    3.41                      2.07   1.34     0.30
  SINCE SEP 1      3.41                      2.07   1.34     0.30
  SINCE JAN 1     26.19                     19.16   7.03    30.81

SNOWFALL (IN)
  YESTERDAY        0.0          MM      MM   0.0    0.0      0.0
  MONTH TO DATE    0.0                       0.0    0.0      0.0
  SINCE SEP 1      0.0                       0.0    0.0      0.0
  SINCE JUL 1      0.0                       0.0    0.0      0.0
  SNOW DEPTH       0

DEGREE DAYS
 HEATING
  YESTERDAY        1                         1      0        0
  MONTH TO DATE    1                         9     -8        0
  SINCE SEP 1      1                         9     -8        0
  SINCE JUL 1      1                         9     -8        0

 COOLING
  YESTERDAY        0                         7     -7       11
  MONTH TO DATE  308                       265     43      385
  SINCE SEP 1    308                       265     43      385
  SINCE JAN 1   2181                      2096     85     2165
..................................................................


WIND (MPH)
  RESULTANT WIND SPEED   5   RESULTANT WIND DIRECTION  NE (30)
  HIGHEST WIND SPEED    30   HIGHEST WIND DIRECTION     N (10)
  HIGHEST GUST SPEED    37   HIGHEST GUST DIRECTION     N (20)
  AVERAGE WIND SPEED     8.9


SKY COVER
  AVERAGE SKY COVER 0.8


WEATHER CONDITIONS
 THE FOLLOWING WEATHER WAS RECORDED YESTERDAY.
  HEAVY RAIN
  RAIN
  LIGHT RAIN
  FOG


RELATIVE HUMIDITY (PERCENT)
 HIGHEST   100           200 AM
 LOWEST     60           600 PM
 AVERAGE    80

..........................................................


THE CHILDRESS CLIMATE NORMALS FOR TODAY
                         NORMAL    RECORD    YEAR
 MAXIMUM TEMPERATURE (F)   83       105      1977
                                             1953
 MINIMUM TEMPERATURE (F)   57        42      2000


SUNRISE AND SUNSET
SEPTEMBER 26 2016.....SUNRISE   732 AM CDT   SUNSET   731 PM CDT
SEPTEMBER 27 2016.....SUNRISE   733 AM CDT   SUNSET   730 PM CDT


-  INDICATES NEGATIVE NUMBERS.
R  INDICATES RECORD WAS SET OR TIED.
MM INDICATES DATA IS MISSING.
T  INDICATES TRACE AMOUNT.




$$
