471
CDUS44 KLUB 190631
CLICDS


CLIMATE REPORT
NATIONAL WEATHER SERVICE LUBBOCK, TX
131 AM CDT TUE SEP 19 2017


...................................

...THE CHILDRESS CLIMATE SUMMARY FOR SEPTEMBER 18 2017...

CLIMATE NORMAL PERIOD 1981 TO 2010
CLIMATE RECORD PERIOD 1893 TO 2017


WEATHER ITEM   OBSERVED TIME   RECORD YEAR NORMAL DEPARTURE LAST
                VALUE   (LST)  VALUE       VALUE  FROM      YEAR
                                                  NORMAL
..................................................................
TEMPERATURE (F)
 YESTERDAY
  MAXIMUM         88    455 PM 103    1952  86      2       92
  MINIMUM         65    710 AM  45    1991  61      4       61
                                      1981
  AVERAGE         77                        73      4       77

PRECIPITATION (IN)
  YESTERDAY        T             2.99 1991   0.07  -0.07     0.00
  MONTH TO DATE    1.76                      1.53   0.23     2.67
  SINCE SEP 1      1.76                      1.53   0.23     2.67
  SINCE JAN 1     19.44                     18.62   0.82    25.45

SNOWFALL (IN)
  YESTERDAY        0.0          MM      MM   0.0    0.0      0.0
  MONTH TO DATE    0.0                       0.0    0.0      0.0
  SINCE SEP 1      0.0                       0.0    0.0      0.0
  SINCE JUL 1      0.0                       0.0    0.0      0.0
  SNOW DEPTH       0

DEGREE DAYS
 HEATING
  YESTERDAY        0                         1     -1        0
  MONTH TO DATE    0                         2     -2        0
  SINCE SEP 1      0                         2     -2        0
  SINCE JUL 1      0                         2     -2        0

 COOLING
  YESTERDAY       12                         9      3       12
  MONTH TO DATE  194                       211    -17      221
  SINCE SEP 1    194                       211    -17      221
  SINCE JAN 1   2088                      2042     46     2094
..................................................................


WIND (MPH)
  RESULTANT WIND SPEED   7   RESULTANT WIND DIRECTION  SE (130)
  HIGHEST WIND SPEED    20   HIGHEST WIND DIRECTION     S (160)
  HIGHEST GUST SPEED    29   HIGHEST GUST DIRECTION     S (170)
  AVERAGE WIND SPEED     9.2


SKY COVER
  AVERAGE SKY COVER 0.2


WEATHER CONDITIONS
 THE FOLLOWING WEATHER WAS RECORDED YESTERDAY.
  LIGHT RAIN


RELATIVE HUMIDITY (PERCENT)
 HIGHEST    93           600 AM
 LOWEST     50           400 PM
 AVERAGE    72

..........................................................


THE CHILDRESS CLIMATE NORMALS FOR TODAY
                         NORMAL    RECORD    YEAR
 MAXIMUM TEMPERATURE (F)   86       100      1954
                                             1930
 MINIMUM TEMPERATURE (F)   60        46      1905


SUNRISE AND SUNSET
SEPTEMBER 19 2017.....SUNRISE   727 AM CDT   SUNSET   742 PM CDT
SEPTEMBER 20 2017.....SUNRISE   728 AM CDT   SUNSET   740 PM CDT


-  INDICATES NEGATIVE NUMBERS.
R  INDICATES RECORD WAS SET OR TIED.
MM INDICATES DATA IS MISSING.
T  INDICATES TRACE AMOUNT.




$$
