000
CDUS44 KLUB 180627
CLICDS


CLIMATE REPORT
NATIONAL WEATHER SERVICE LUBBOCK, TX
1227 AM CST THU JAN 18 2018


...................................

...THE CHILDRESS CLIMATE SUMMARY FOR JANUARY 17 2018...

CLIMATE NORMAL PERIOD 1981 TO 2010
CLIMATE RECORD PERIOD 1893 TO 2018


WEATHER ITEM   OBSERVED TIME   RECORD YEAR NORMAL DEPARTURE LAST
                VALUE   (LST)  VALUE       VALUE  FROM      YEAR
                                                  NORMAL
..................................................................
TEMPERATURE (F)
 YESTERDAY
  MAXIMUM         43    347 PM  82    1894  55    -12       54
  MINIMUM          6    723 AM -13    1930  28    -22       31
  AVERAGE         25                        41    -16       43

PRECIPITATION (IN)
  YESTERDAY        0.00          1.41 2004   0.02  -0.02     0.18
  MONTH TO DATE    T                         0.33  -0.33     1.72
  SINCE DEC 1      0.03                      1.24  -1.21     3.01
  SINCE JAN 1      T                         0.33  -0.33     1.72

SNOWFALL (IN)
  YESTERDAY        0.0          MM      MM   0.1   -0.1      0.0
  MONTH TO DATE    0.0                       1.4   -1.4      1.5
  SINCE DEC 1      1.0                       3.1   -2.1      1.5
  SINCE JUL 1      1.0                       4.0   -3.0      1.5
  SNOW DEPTH       0

DEGREE DAYS
 HEATING
  YESTERDAY       40                        24     16       22
  MONTH TO DATE  502                       408     94      423
  SINCE DEC 1   1188                      1121     67     1110
  SINCE JUL 1   1625                      1681    -56     1377

 COOLING
  YESTERDAY        0                         0      0        0
  MONTH TO DATE    0                         0      0        0
  SINCE DEC 1      0                         0      0        0
  SINCE JAN 1      0                         0      0        0
..................................................................


WIND (MPH)
  RESULTANT WIND SPEED  10   RESULTANT WIND DIRECTION   S (170)
  HIGHEST WIND SPEED    20   HIGHEST WIND DIRECTION     S (180)
  HIGHEST GUST SPEED    25   HIGHEST GUST DIRECTION     S (160)
  AVERAGE WIND SPEED    10.4


SKY COVER
  AVERAGE SKY COVER 0.0


WEATHER CONDITIONS
 THE FOLLOWING WEATHER WAS RECORDED YESTERDAY.
  NO SIGNIFICANT WEATHER WAS OBSERVED.


RELATIVE HUMIDITY (PERCENT)
 HIGHEST    55           700 AM
 LOWEST     18           300 PM
 AVERAGE    37

..........................................................


THE CHILDRESS CLIMATE NORMALS FOR TODAY
                         NORMAL    RECORD    YEAR
 MAXIMUM TEMPERATURE (F)   55        77      2015
                                             2006
 MINIMUM TEMPERATURE (F)   28        -6      1930


SUNRISE AND SUNSET
JANUARY 18 2018.......SUNRISE   746 AM CST   SUNSET   557 PM CST
JANUARY 19 2018.......SUNRISE   746 AM CST   SUNSET   558 PM CST


-  INDICATES NEGATIVE NUMBERS.
R  INDICATES RECORD WAS SET OR TIED.
MM INDICATES DATA IS MISSING.
T  INDICATES TRACE AMOUNT.




$$
