000
CDUS44 KLUB 300628
CLICDS


CLIMATE REPORT
NATIONAL WEATHER SERVICE LUBBOCK, TX
127 AM CDT MON MAY 30 2016


...................................

...THE CHILDRESS CLIMATE SUMMARY FOR MAY 29 2016...

CLIMATE NORMAL PERIOD 1981 TO 2010
CLIMATE RECORD PERIOD 1893 TO 2016


WEATHER ITEM   OBSERVED TIME   RECORD YEAR NORMAL DEPARTURE LAST
                VALUE   (LST)  VALUE       VALUE  FROM      YEAR
                                                  NORMAL
..................................................................
TEMPERATURE (F)
 YESTERDAY
  MAXIMUM         87   1252 PM 104    2012  87      0       82
                                      2011
  MINIMUM         60   1159 PM  43    1984  62     -2       58
  AVERAGE         74                        75     -1       70

PRECIPITATION (IN)
  YESTERDAY        0.76          1.59 1987   0.13   0.63     0.00
  MONTH TO DATE    7.41                      2.88   4.53    13.21
  SINCE MAR 1     10.18                      6.53   3.65    18.58
  SINCE JAN 1     11.43                      8.31   3.12    19.86

SNOWFALL (IN)
  YESTERDAY        0.0          MM      MM   0.0    0.0      0.0
  MONTH TO DATE    0.0                       0.0    0.0      0.0
  SINCE MAR 1      0.0                       0.6   -0.6      2.5
  SINCE JUL 1      7.0                       7.0    0.0      8.0
  SNOW DEPTH       0

DEGREE DAYS
 HEATING
  YESTERDAY        0                         0      0        0
  MONTH TO DATE   62                        27     35       42
  SINCE MAR 1    387                       555   -168      476
  SINCE JUL 1   2555                      3115   -560     2973

 COOLING
  YESTERDAY        9                        10     -1        5
  MONTH TO DATE  184                       200    -16       97
  SINCE MAR 1    245                       290    -45      193
  SINCE JAN 1    247                       291    -44      193
..................................................................


WIND (MPH)
  RESULTANT WIND SPEED   5   RESULTANT WIND DIRECTION  SE (150)
  HIGHEST WIND SPEED    31   HIGHEST WIND DIRECTION     N (10)
  HIGHEST GUST SPEED    41   HIGHEST GUST DIRECTION     N (20)
  AVERAGE WIND SPEED    12.2


SKY COVER
  AVERAGE SKY COVER 0.3


WEATHER CONDITIONS
 THE FOLLOWING WEATHER WAS RECORDED YESTERDAY.
  THUNDERSTORM
  HEAVY RAIN
  RAIN
  LIGHT RAIN
  FOG


RELATIVE HUMIDITY (PERCENT)
 HIGHEST    93           500 PM
 LOWEST     40           100 PM
 AVERAGE    67

..........................................................


THE CHILDRESS CLIMATE NORMALS FOR TODAY
                         NORMAL    RECORD    YEAR
 MAXIMUM TEMPERATURE (F)   88       105      1985
 MINIMUM TEMPERATURE (F)   62        48      1984


SUNRISE AND SUNSET
MAY 30 2016...........SUNRISE   630 AM CDT   SUNSET   847 PM CDT
MAY 31 2016...........SUNRISE   630 AM CDT   SUNSET   848 PM CDT


-  INDICATES NEGATIVE NUMBERS.
R  INDICATES RECORD WAS SET OR TIED.
MM INDICATES DATA IS MISSING.
T  INDICATES TRACE AMOUNT.




$$
