000
CDUS44 KLUB 030125
CLICDS


CLIMATE REPORT
NATIONAL WEATHER SERVICE LUBBOCK, TX
825 PM CDT WED SEP 2 2015


...................................

...THE CHILDRESS CLIMATE SUMMARY FOR SEPTEMBER 2 2015...
VALID TODAY AS OF 0800 PM LOCAL TIME.

CLIMATE NORMAL PERIOD 1981 TO 2010
CLIMATE RECORD PERIOD 1893 TO 2015


WEATHER ITEM   OBSERVED TIME   RECORD YEAR NORMAL DEPARTURE LAST
                VALUE   (LST)  VALUE       VALUE  FROM      YEAR
                                                  NORMAL
..................................................................
TEMPERATURE (F)
 TODAY
  MAXIMUM         98    228 PM 106    1951  92      6       97
  MINIMUM         67    628 AM  51    1974  66      1       73
  AVERAGE         83                        79      4       85

PRECIPITATION (IN)
  TODAY            0.00          1.83 2006   0.09  -0.09     0.00
  MONTH TO DATE    0.00                      0.18  -0.18     0.00
  SINCE SEP 1      0.00                      0.18  -0.18     0.00
  SINCE JAN 1     30.25                     17.27  12.98    15.61

SNOWFALL (IN)
  TODAY            0.0          MM      MM   0.0    0.0      0.0
  MONTH TO DATE    0.0                       0.0    0.0      0.0
  SINCE SEP 1      0.0                       0.0    0.0      0.0
  SINCE JUL 1      0.0                       0.0    0.0      0.0
  SNOW DEPTH       0

DEGREE DAYS
 HEATING
  TODAY            0                         0      0        0
  MONTH TO DATE    0                         0      0        0
  SINCE SEP 1      0                         0      0        0
  SINCE JUL 1      0                         0      0        0

 COOLING
  TODAY           18                        14      4       20
  MONTH TO DATE   36                        28      8       42
  SINCE SEP 1     36                        28      8       42
  SINCE JAN 1   1816                      1859    -43     1901
..................................................................


WIND (MPH)
  RESULTANT WIND SPEED   9   RESULTANT WIND DIRECTION   S (180)
  HIGHEST WIND SPEED    17   HIGHEST WIND DIRECTION     S (170)
  HIGHEST GUST SPEED    22   HIGHEST GUST DIRECTION     S (170)
  AVERAGE WIND SPEED    10.0


SKY COVER
  AVERAGE SKY COVER 0.0


WEATHER CONDITIONS
 THE FOLLOWING WEATHER WAS RECORDED TODAY.
  NO SIGNIFICANT WEATHER WAS OBSERVED.


RELATIVE HUMIDITY (PERCENT)
 HIGHEST    73           600 AM
 LOWEST     27           300 PM
 AVERAGE    50

..........................................................


THE CHILDRESS CLIMATE NORMALS FOR TOMORROW
                         NORMAL    RECORD    YEAR
 MAXIMUM TEMPERATURE (F)   92       106      2000
 MINIMUM TEMPERATURE (F)   66        46      1974


SUNRISE AND SUNSET
SEPTEMBER  2 2015.....SUNRISE   715 AM CDT   SUNSET   806 PM CDT
SEPTEMBER  3 2015.....SUNRISE   716 AM CDT   SUNSET   805 PM CDT


-  INDICATES NEGATIVE NUMBERS.
R  INDICATES RECORD WAS SET OR TIED.
MM INDICATES DATA IS MISSING.
T  INDICATES TRACE AMOUNT.




$$
