000
CDUS44 KLUB 290629
CLICDS


CLIMATE REPORT
NATIONAL WEATHER SERVICE LUBBOCK, TX
129 AM CDT MON MAY 29 2017


...................................

...THE CHILDRESS CLIMATE SUMMARY FOR MAY 28 2017...

CLIMATE NORMAL PERIOD 1981 TO 2010
CLIMATE RECORD PERIOD 1893 TO 2017


WEATHER ITEM   OBSERVED TIME   RECORD YEAR NORMAL DEPARTURE LAST
                VALUE   (LST)  VALUE       VALUE  FROM      YEAR
                                                  NORMAL
..................................................................
TEMPERATURE (F)
 YESTERDAY
  MAXIMUM         85    518 PM 101    2011  87     -2       86
                                      1974
  MINIMUM         60    629 AM  43    1907  62     -2       59
  AVERAGE         73                        74     -1       73

PRECIPITATION (IN)
  YESTERDAY        0.00          2.43 1902   0.12  -0.12     0.00
  MONTH TO DATE    1.03                      2.75  -1.72     6.65
  SINCE MAR 1      5.05                      6.40  -1.35     9.42
  SINCE JAN 1      9.27                      8.18   1.09    10.67

SNOWFALL (IN)
  YESTERDAY        0.0          MM      MM   0.0    0.0      0.0
  MONTH TO DATE    0.0                       0.0    0.0      0.0
  SINCE MAR 1      0.0                       0.6   -0.6      0.0
  SINCE JUL 1      1.5                       7.0   -5.5      7.0
  SNOW DEPTH       0

DEGREE DAYS
 HEATING
  YESTERDAY        0                         0      0        0
  MONTH TO DATE   21                        27     -6       62
  SINCE MAR 1    380                       555   -175      387
  SINCE JUL 1   2328                      3115   -787     2555

 COOLING
  YESTERDAY        8                        10     -2        8
  MONTH TO DATE  172                       190    -18      175
  SINCE MAR 1    307                       280     27      236
  SINCE JAN 1    322                       281     41      238
..................................................................


WIND (MPH)
  RESULTANT WIND SPEED  13   RESULTANT WIND DIRECTION   N (10)
  HIGHEST WIND SPEED    29   HIGHEST WIND DIRECTION     N (10)
  HIGHEST GUST SPEED    37   HIGHEST GUST DIRECTION     N (360)
  AVERAGE WIND SPEED    12.7


SKY COVER
  AVERAGE SKY COVER 0.0


WEATHER CONDITIONS
 THE FOLLOWING WEATHER WAS RECORDED YESTERDAY.
  NO SIGNIFICANT WEATHER WAS OBSERVED.


RELATIVE HUMIDITY (PERCENT)
 HIGHEST    72           400 AM
 LOWEST     19           200 PM
 AVERAGE    46

..........................................................


THE CHILDRESS CLIMATE NORMALS FOR TODAY
                         NORMAL    RECORD    YEAR
 MAXIMUM TEMPERATURE (F)   87       104      2012
                                             2011
 MINIMUM TEMPERATURE (F)   62        43      1984


SUNRISE AND SUNSET
MAY 29 2017...........SUNRISE   631 AM CDT   SUNSET   847 PM CDT
MAY 30 2017...........SUNRISE   630 AM CDT   SUNSET   847 PM CDT


-  INDICATES NEGATIVE NUMBERS.
R  INDICATES RECORD WAS SET OR TIED.
MM INDICATES DATA IS MISSING.
T  INDICATES TRACE AMOUNT.




$$
