000
CDUS44 KLUB 290626
CLICDS


CLIMATE REPORT
NATIONAL WEATHER SERVICE LUBBOCK, TX
125 AM CDT WED MAR 29 2017


...................................

...THE CHILDRESS CLIMATE SUMMARY FOR MARCH 28 2017...

CLIMATE NORMAL PERIOD 1981 TO 2010
CLIMATE RECORD PERIOD 1893 TO 2017


WEATHER ITEM   OBSERVED TIME   RECORD YEAR NORMAL DEPARTURE LAST
                VALUE   (LST)  VALUE       VALUE  FROM      YEAR
                                                  NORMAL
..................................................................
TEMPERATURE (F)
 YESTERDAY
  MAXIMUM         67   1243 PM  94    1963  71     -4       74
                                      1962
  MINIMUM         53   1159 PM  12    1931  43     10       36
  AVERAGE         60                        57      3       55

PRECIPITATION (IN)
  YESTERDAY        0.99          3.30 1929   0.06   0.93     0.00
  MONTH TO DATE    1.01                      1.37  -0.36     0.78
  SINCE MAR 1      1.01                      1.37  -0.36     0.78
  SINCE JAN 1      5.23                      3.15   2.08     2.03

SNOWFALL (IN)
  YESTERDAY        0.0          MM      MM   0.0    0.0      0.0
  MONTH TO DATE    0.0                       0.4   -0.4      0.0
  SINCE MAR 1      0.0                       0.4   -0.4      0.0
  SINCE JUL 1      1.5                       6.8   -5.3      7.0
  SNOW DEPTH       0

DEGREE DAYS
 HEATING
  YESTERDAY        5                         9     -4       10
  MONTH TO DATE  197                       349   -152      226
  SINCE MAR 1    197                       349   -152      226
  SINCE JUL 1   2145                      2909   -764     2394

 COOLING
  YESTERDAY        0                         1     -1        0
  MONTH TO DATE   58                        13     45       13
  SINCE MAR 1     58                        13     45       13
  SINCE JAN 1     73                        14     59       15
..................................................................


WIND (MPH)
  RESULTANT WIND SPEED  12   RESULTANT WIND DIRECTION   E (100)
  HIGHEST WIND SPEED    40   HIGHEST WIND DIRECTION    NW (330)
  HIGHEST GUST SPEED    54   HIGHEST GUST DIRECTION    NW (310)
  AVERAGE WIND SPEED    15.2


SKY COVER
  AVERAGE SKY COVER 0.8


WEATHER CONDITIONS
 THE FOLLOWING WEATHER WAS RECORDED YESTERDAY.
  THUNDERSTORM
  HEAVY RAIN
  RAIN
  LIGHT RAIN
  FOG
  HAZE


RELATIVE HUMIDITY (PERCENT)
 HIGHEST    93           900 PM
 LOWEST     62          1200 AM
 AVERAGE    78

..........................................................


THE CHILDRESS CLIMATE NORMALS FOR TODAY
                         NORMAL    RECORD    YEAR
 MAXIMUM TEMPERATURE (F)   72        96      1967
 MINIMUM TEMPERATURE (F)   43        16      1944


SUNRISE AND SUNSET
MARCH 29 2017.........SUNRISE   732 AM CDT   SUNSET   800 PM CDT
MARCH 30 2017.........SUNRISE   731 AM CDT   SUNSET   801 PM CDT


-  INDICATES NEGATIVE NUMBERS.
R  INDICATES RECORD WAS SET OR TIED.
MM INDICATES DATA IS MISSING.
T  INDICATES TRACE AMOUNT.




$$
