000
CDUS44 KLUB 260627
CLICDS


CLIMATE REPORT
NATIONAL WEATHER SERVICE LUBBOCK, TX
1226 AM CST SUN FEB 26 2017


...................................

...THE CHILDRESS CLIMATE SUMMARY FOR FEBRUARY 25 2017...

CLIMATE NORMAL PERIOD 1981 TO 2010
CLIMATE RECORD PERIOD 1893 TO 2017


WEATHER ITEM   OBSERVED TIME   RECORD YEAR NORMAL DEPARTURE LAST
                VALUE   (LST)  VALUE       VALUE  FROM      YEAR
                                                  NORMAL
..................................................................
TEMPERATURE (F)
 YESTERDAY
  MAXIMUM         50    539 PM  94    1904  61    -11       54
  MINIMUM         26    753 AM   4    1960  35     -9       31
  AVERAGE         38                        48    -10       43

PRECIPITATION (IN)
  YESTERDAY        0.00          1.80 1903   0.04  -0.04     0.00
  MONTH TO DATE    2.50                      0.93   1.57     0.74
  SINCE DEC 1      5.51                      2.57   2.94     2.10
  SINCE JAN 1      4.22                      1.66   2.56     1.25

SNOWFALL (IN)
  YESTERDAY        0.0          MM      MM   0.1   -0.1      0.0
  MONTH TO DATE    T                         1.1   -1.1      0.0
  SINCE DEC 1      1.5                       5.5   -4.0      6.2
  SINCE JUL 1      1.5                       6.4   -4.9      7.0
  SNOW DEPTH       0

DEGREE DAYS
 HEATING
  YESTERDAY       27                        17     10       22
  MONTH TO DATE  333                       506   -173      390
  SINCE DEC 1   1658                      1949   -291     1683
  SINCE JUL 1   1925                      2509   -584     2136

 COOLING
  YESTERDAY        0                         0      0        0
  MONTH TO DATE   15                         0     15        2
  SINCE DEC 1     15                         0     15        2
  SINCE JAN 1     15                         0     15        2
..................................................................


WIND (MPH)
  RESULTANT WIND SPEED   4   RESULTANT WIND DIRECTION  SE (130)
  HIGHEST WIND SPEED    16   HIGHEST WIND DIRECTION    SE (140)
  HIGHEST GUST SPEED    23   HIGHEST GUST DIRECTION    SE (140)
  AVERAGE WIND SPEED     7.6


SKY COVER
  AVERAGE SKY COVER 0.0


WEATHER CONDITIONS
 THE FOLLOWING WEATHER WAS RECORDED YESTERDAY.
  NO SIGNIFICANT WEATHER WAS OBSERVED.


RELATIVE HUMIDITY (PERCENT)
 HIGHEST    68           700 AM
 LOWEST     23           300 PM
 AVERAGE    46

..........................................................


THE CHILDRESS CLIMATE NORMALS FOR TODAY
                         NORMAL    RECORD    YEAR
 MAXIMUM TEMPERATURE (F)   61        86      1986
 MINIMUM TEMPERATURE (F)   35        12      1934


SUNRISE AND SUNSET
FEBRUARY 26 2017......SUNRISE   713 AM CST   SUNSET   635 PM CST
FEBRUARY 27 2017......SUNRISE   712 AM CST   SUNSET   636 PM CST


-  INDICATES NEGATIVE NUMBERS.
R  INDICATES RECORD WAS SET OR TIED.
MM INDICATES DATA IS MISSING.
T  INDICATES TRACE AMOUNT.




$$
