000
CDUS44 KLUB 290630
CLICDS


CLIMATE REPORT
NATIONAL WEATHER SERVICE LUBBOCK, TX
129 AM CDT FRI APR 29 2016


...................................

...THE CHILDRESS CLIMATE SUMMARY FOR APRIL 28 2016...

CLIMATE NORMAL PERIOD 1981 TO 2010
CLIMATE RECORD PERIOD 1893 TO 2016


WEATHER ITEM   OBSERVED TIME   RECORD YEAR NORMAL DEPARTURE LAST
                VALUE   (LST)  VALUE       VALUE  FROM      YEAR
                                                  NORMAL
..................................................................
TEMPERATURE (F)
 YESTERDAY
  MAXIMUM         80    300 PM  98    1898  80      0       64
  MINIMUM         52    536 AM  38    1994  52      0       47
                                      1969
  AVERAGE         66                        66      0       56

PRECIPITATION (IN)
  YESTERDAY        0.03          2.88 1957   0.08  -0.05     0.05
  MONTH TO DATE    1.97                      1.94   0.03     5.08
  SINCE MAR 1      2.75                      3.47  -0.72     5.37
  SINCE JAN 1      4.00                      5.25  -1.25     6.65

SNOWFALL (IN)
  YESTERDAY        0.0          MM      MM   0.0    0.0      0.0
  MONTH TO DATE    0.0                       0.2   -0.2      0.0
  SINCE MAR 1      0.0                       0.6   -0.6      2.5
  SINCE JUL 1      7.0                       7.0    0.0      8.0
  SNOW DEPTH       0

DEGREE DAYS
 HEATING
  YESTERDAY        0                         3     -3        9
  MONTH TO DATE   81                       148    -67       94
  SINCE MAR 1    314                       523   -209      428
  SINCE JUL 1   2482                      3083   -601     2925

 COOLING
  YESTERDAY        1                         4     -3        0
  MONTH TO DATE   39                        64    -25       79
  SINCE MAR 1     61                        82    -21       96
  SINCE JAN 1     63                        83    -20       96
..................................................................


WIND (MPH)
  RESULTANT WIND SPEED  12   RESULTANT WIND DIRECTION   E (110)
  HIGHEST WIND SPEED    36   HIGHEST WIND DIRECTION    NW (320)
  HIGHEST GUST SPEED    44   HIGHEST GUST DIRECTION    NW (300)
  AVERAGE WIND SPEED    12.3


SKY COVER
  AVERAGE SKY COVER 0.3


WEATHER CONDITIONS
 THE FOLLOWING WEATHER WAS RECORDED YESTERDAY.
  THUNDERSTORM
  LIGHT RAIN
  HAZE


RELATIVE HUMIDITY (PERCENT)
 HIGHEST    83           600 AM
 LOWEST     38           600 PM
 AVERAGE    61

..........................................................


THE CHILDRESS CLIMATE NORMALS FOR TODAY
                         NORMAL    RECORD    YEAR
 MAXIMUM TEMPERATURE (F)   80        97      1893
 MINIMUM TEMPERATURE (F)   53        33      1908


SUNRISE AND SUNSET
APRIL 29 2016.........SUNRISE   653 AM CDT   SUNSET   824 PM CDT
APRIL 30 2016.........SUNRISE   652 AM CDT   SUNSET   825 PM CDT


-  INDICATES NEGATIVE NUMBERS.
R  INDICATES RECORD WAS SET OR TIED.
MM INDICATES DATA IS MISSING.
T  INDICATES TRACE AMOUNT.




$$
