000
CDUS44 KLUB 200628
CLICDS


CLIMATE REPORT
NATIONAL WEATHER SERVICE LUBBOCK, TX
128 AM CDT MON OCT 20 2014


...................................

...THE CHILDRESS CLIMATE SUMMARY FOR OCTOBER 19 2014...

CLIMATE NORMAL PERIOD 1981 TO 2010
CLIMATE RECORD PERIOD 1893 TO 2014


WEATHER ITEM   OBSERVED TIME   RECORD YEAR NORMAL DEPARTURE LAST
                VALUE   (LST)  VALUE       VALUE  FROM      YEAR
                                                  NORMAL
..................................................................
TEMPERATURE (F)
 YESTERDAY
  MAXIMUM         80    410 PM  94    1940  75      5       69
  MINIMUM         54    708 AM  31    1989  49      5       34
  AVERAGE         67                        62      5       52

PRECIPITATION (IN)
  YESTERDAY        0.00          1.47 1983   0.08  -0.08     0.00
  MONTH TO DATE    0.28                      1.44  -1.16     0.51
  SINCE SEP 1      1.91                      3.86  -1.95     1.20
  SINCE JAN 1     17.52                     20.95  -3.43    14.44

SNOWFALL (IN)
  YESTERDAY        0.0          MM      MM   0.0    0.0      0.0
  MONTH TO DATE    0.0                       0.0    0.0      0.0
  SINCE SEP 1      0.0                       0.0    0.0      0.0
  SINCE JUL 1      0.0                       0.0    0.0      0.0
  SNOW DEPTH       0

DEGREE DAYS
 HEATING
  YESTERDAY        0                         5     -5       13
  MONTH TO DATE   27                        60    -33       73
  SINCE SEP 1     37                        77    -40       73
  SINCE JUL 1     37                        77    -40       73

 COOLING
  YESTERDAY        2                         2      0        0
  MONTH TO DATE   79                        61     18       77
  SINCE SEP 1    398                       354     44      452
  SINCE JAN 1   2257                      2185     72     2383
..................................................................


WIND (MPH)
  RESULTANT WIND SPEED   5   RESULTANT WIND DIRECTION   S (190)
  HIGHEST WIND SPEED    15   HIGHEST WIND DIRECTION     S (180)
  HIGHEST GUST SPEED    19   HIGHEST GUST DIRECTION     S (200)
  AVERAGE WIND SPEED     6.9


SKY COVER
  AVERAGE SKY COVER 0.4


WEATHER CONDITIONS
 THE FOLLOWING WEATHER WAS RECORDED YESTERDAY.
  NO SIGNIFICANT WEATHER WAS OBSERVED.


RELATIVE HUMIDITY (PERCENT)
 HIGHEST    84          1100 PM
 LOWEST     48           200 PM
 AVERAGE    66

..........................................................


THE CHILDRESS CLIMATE NORMALS FOR TODAY
                         NORMAL    RECORD    YEAR
 MAXIMUM TEMPERATURE (F)   75        95      2007
 MINIMUM TEMPERATURE (F)   49        29      1976


SUNRISE AND SUNSET
OCTOBER 20 2014.......SUNRISE   751 AM CDT   SUNSET   701 PM CDT
OCTOBER 21 2014.......SUNRISE   752 AM CDT   SUNSET   659 PM CDT


-  INDICATES NEGATIVE NUMBERS.
R  INDICATES RECORD WAS SET OR TIED.
MM INDICATES DATA IS MISSING.
T  INDICATES TRACE AMOUNT.




$$
