444
CDUS46 KEKA 290032
CLICEC


CLIMATE REPORT
NATIONAL WEATHER SERVICE EUREKA CA
531 PM PDT FRI APR 28 2017


...................................

...THE CRESCENT CITY CA CLIMATE SUMMARY FOR APRIL 28 2017...
VALID TODAY AS OF 0500 PM LOCAL TIME.

CLIMATE NORMAL PERIOD 1981 TO 2010
CLIMATE RECORD PERIOD 1894 TO 2017


WEATHER ITEM   OBSERVED TIME   RECORD YEAR NORMAL DEPARTURE LAST
                VALUE   (LST)  VALUE       VALUE  FROM      YEAR
                                                  NORMAL
..................................................................
TEMPERATURE (F)
 TODAY
  MAXIMUM         56    359 PM  76    1992  55      1       57
  MINIMUM         43    316 AM  34    2002  45     -2       47
  AVERAGE         50                        50      0       52

PRECIPITATION (IN)
  TODAY            0.00          2.91 1960   0.12  -0.12     0.00
  MONTH TO DATE    8.76                      4.98   3.78     2.74
  SINCE OCT 1     90.85                     57.35  33.50    65.77
  SINCE JAN 1     45.75                     32.11  13.64    31.09

SNOWFALL (IN)
  TODAY            0.0          MM      MM  MM     MM        0.0
  MONTH TO DATE    0.0                      MM     MM        0.0
  SINCE MAR 1      0.0                      MM     MM        0.0
  SINCE JUL 1      0.0                      MM     MM        0.0
  SNOW DEPTH       0

..................................................................


WIND (MPH)
  HIGHEST WIND SPEED    29   HIGHEST WIND DIRECTION    NW (330)
  HIGHEST GUST SPEED    38   HIGHEST GUST DIRECTION    NW (330)
  AVERAGE WIND SPEED    15.0


SKY COVER
  AVERAGE SKY COVER 0.0


WEATHER CONDITIONS
 THE FOLLOWING WEATHER WAS RECORDED TODAY.
  NO SIGNIFICANT WEATHER WAS OBSERVED.


RELATIVE HUMIDITY (PERCENT)
 HIGHEST    86
 LOWEST     64
 AVERAGE    75

..........................................................


THE CRESCENT CITY CA CLIMATE NORMALS FOR TOMORROW
                         NORMAL    RECORD    YEAR
 MAXIMUM TEMPERATURE (F)   55        79      1981
 MINIMUM TEMPERATURE (F)   46        35      1975


SUNRISE AND SUNSET
APRIL 28 2017.........SUNRISE   517 AM PST   SUNSET   712 PM PST
APRIL 29 2017.........SUNRISE   516 AM PST   SUNSET   714 PM PST


-  INDICATES NEGATIVE NUMBERS.
R  INDICATES RECORD WAS SET OR TIED.
MM INDICATES DATA IS MISSING.
T  INDICATES TRACE AMOUNT.




$$
