000
CDUS46 KEKA 301211
CLICEC


CLIMATE REPORT
NATIONAL WEATHER SERVICE EUREKA CA
508 AM PDT WED JUL 30 2014


...................................

...THE CRESCENT CITY CA CLIMATE SUMMARY FOR JULY 29 2014...

CLIMATE NORMAL PERIOD 1981 TO 2010
CLIMATE RECORD PERIOD 1894 TO 2014


WEATHER ITEM   OBSERVED TIME   RECORD YEAR NORMAL DEPARTURE LAST
                VALUE   (LST)  VALUE       VALUE  FROM      YEAR
                                                  NORMAL
..................................................................
TEMPERATURE (F)
 YESTERDAY
  MAXIMUM         58    355 PM  72    1977  62     -4       59
  MINIMUM         54   1012 PM  42    1985  52      2       52
  AVERAGE         56                        57     -1       56

PRECIPITATION (IN)
  YESTERDAY        0.00          0.09 1964   0.01  -0.01     0.00
  MONTH TO DATE    0.20                      0.40  -0.20     0.00
  SINCE JUL 1      0.20                      0.40  -0.20     0.00
  SINCE JAN 1     24.79                     37.33 -12.54    19.93

SNOWFALL (IN)
  YESTERDAY        0.0          MM      MM  MM     MM        0.0
  MONTH TO DATE    0.0                      MM     MM        0.0
  SINCE JUN 1      0.0                      MM     MM        0.0
  SINCE JUL 1      0.0                      MM     MM        0.0
  SNOW DEPTH       0

DEGREE DAYS
 HEATING
  YESTERDAY        9                         8      1        9
  MONTH TO DATE  195                       256    -61      288
  SINCE JUN 1    516                       565    -49      584
  SINCE JUL 1    195                       256    -61      288

 COOLING
  YESTERDAY        0                         0      0        0
  MONTH TO DATE    0                         0      0        0
  SINCE JUN 1      0                         0      0        0
  SINCE JAN 1      0                         0      0        2
..................................................................


WIND (MPH)
  HIGHEST WIND SPEED    13   HIGHEST WIND DIRECTION     S (170)
  HIGHEST GUST SPEED    17   HIGHEST GUST DIRECTION     S (160)
  AVERAGE WIND SPEED     5.5


SKY COVER
  AVERAGE SKY COVER 1.0


WEATHER CONDITIONS
 THE FOLLOWING WEATHER WAS RECORDED YESTERDAY.
  FOG


RELATIVE HUMIDITY (PERCENT)
 HIGHEST   100
 LOWEST     86
 AVERAGE    93

..........................................................


THE CRESCENT CITY CA CLIMATE NORMALS FOR TODAY
                         NORMAL    RECORD    YEAR
 MAXIMUM TEMPERATURE (F)   62        74      1991
 MINIMUM TEMPERATURE (F)   52        42      1963


SUNRISE AND SUNSET
JULY 30 2014..........SUNRISE   609 AM PDT   SUNSET   837 PM PDT
JULY 31 2014..........SUNRISE   610 AM PDT   SUNSET   836 PM PDT


-  INDICATES NEGATIVE NUMBERS.
R  INDICATES RECORD WAS SET OR TIED.
MM INDICATES DATA IS MISSING.
T  INDICATES TRACE AMOUNT.




$$
