000
CDUS46 KEKA 271218
CLICEC


CLIMATE REPORT
NATIONAL WEATHER SERVICE EUREKA CA
418 AM PST TUE JAN 27 2015


...................................

...THE CRESCENT CITY CA CLIMATE SUMMARY FOR JANUARY 26 2015...

CLIMATE NORMAL PERIOD 1981 TO 2010
CLIMATE RECORD PERIOD 1894 TO 2015


WEATHER ITEM   OBSERVED TIME   RECORD YEAR NORMAL DEPARTURE LAST
                VALUE   (LST)  VALUE       VALUE  FROM      YEAR
                                                  NORMAL
..................................................................
TEMPERATURE (F)
 YESTERDAY
  MAXIMUM         58   1051 AM  70    2011  54      4       60
  MINIMUM         43    732 AM  28    1979  41      2       36
  AVERAGE         51                        48      3       48

PRECIPITATION (IN)
  YESTERDAY        0.00          3.41 1983   0.25  -0.25     0.00
  MONTH TO DATE    1.73                      9.12  -7.39     1.14
  SINCE JUL 1     26.15                     36.22 -10.07    10.13
  SINCE JAN 1      1.73                      9.12  -7.39     1.14

SNOWFALL (IN)
  YESTERDAY        0.0          MM      MM  MM     MM        0.0
  MONTH TO DATE    0.0                      MM     MM        0.0
  SINCE DEC 1      0.0                      MM     MM        0.0
  SINCE JUL 1      0.0                      MM     MM        0.0
  SNOW DEPTH       0

DEGREE DAYS
 HEATING
  YESTERDAY       14                        17     -3       17
  MONTH TO DATE  365                       442    -77      399
  SINCE DEC 1    727                       981   -254     1044
  SINCE JUL 1   1834                      2598   -764     2636

 COOLING
  YESTERDAY        0                         0      0        0
  MONTH TO DATE    0                         0      0        0
  SINCE DEC 1      0                         0      0        0
  SINCE JAN 1      0                         0      0        0
..................................................................


WIND (MPH)
  HIGHEST WIND SPEED    10   HIGHEST WIND DIRECTION     S (180)
  HIGHEST GUST SPEED    13   HIGHEST GUST DIRECTION     S (180)
  AVERAGE WIND SPEED     4.6


SKY COVER
  AVERAGE SKY COVER 0.5


WEATHER CONDITIONS
 THE FOLLOWING WEATHER WAS RECORDED YESTERDAY.
  FOG W/VISIBILITY <= 1/4 MILE


RELATIVE HUMIDITY (PERCENT)
 HIGHEST   100
 LOWEST     72
 AVERAGE    86

..........................................................


THE CRESCENT CITY CA CLIMATE NORMALS FOR TODAY
                         NORMAL    RECORD    YEAR
 MAXIMUM TEMPERATURE (F)   54        66      2011
 MINIMUM TEMPERATURE (F)   41        29      1999


SUNRISE AND SUNSET
JANUARY 27 2015.......SUNRISE   734 AM PST   SUNSET   526 PM PST
JANUARY 28 2015.......SUNRISE   733 AM PST   SUNSET   527 PM PST


-  INDICATES NEGATIVE NUMBERS.
R  INDICATES RECORD WAS SET OR TIED.
MM INDICATES DATA IS MISSING.
T  INDICATES TRACE AMOUNT.




$$
