000
CDUS46 KEKA 021212
CLICEC


CLIMATE REPORT
NATIONAL WEATHER SERVICE EUREKA CA
412 AM PST FRI DEC 2 2016


...................................

...THE CRESCENT CITY CA CLIMATE SUMMARY FOR DECEMBER 1 2016...

CLIMATE NORMAL PERIOD 1981 TO 2010
CLIMATE RECORD PERIOD 1894 TO 2016


WEATHER ITEM   OBSERVED TIME   RECORD YEAR NORMAL DEPARTURE LAST
                VALUE   (LST)  VALUE       VALUE  FROM      YEAR
                                                  NORMAL
..................................................................
TEMPERATURE (F)
 YESTERDAY
  MAXIMUM         54    226 PM  68    1969  54      0       58
  MINIMUM         36    732 AM  31    2007  42     -6       45
  AVERAGE         45                        48     -3       52

PRECIPITATION (IN)
  YESTERDAY        0.00          2.30 1952   0.26  -0.26     0.21
  MONTH TO DATE    0.00                      0.26  -0.26     0.21
  SINCE OCT 1     31.96                     14.23  17.73    10.71
  SINCE JAN 1     64.74                     53.02  11.72    33.71

SNOWFALL (IN)
  YESTERDAY        0.0          MM      MM  MM     MM       MM
  MONTH TO DATE    0.0                      MM     MM       MM
  SINCE DEC 1      0.0                      MM     MM       MM
  SINCE JUL 1      0.0                      MM     MM        0.0
  SNOW DEPTH       0

DEGREE DAYS
 HEATING
  YESTERDAY       20                        17      3       13
  MONTH TO DATE   20                        17      3       13
  SINCE DEC 1     20                        17      3       13
  SINCE JUL 1   1353                      1634   -281     1182

 COOLING
  YESTERDAY        0                         0      0        0
  MONTH TO DATE    0                         0      0        0
  SINCE DEC 1      0                         0      0        0
  SINCE JAN 1      0                         0      0        5
..................................................................


WIND (MPH)
  HIGHEST WIND SPEED    21   HIGHEST WIND DIRECTION     N (340)
  HIGHEST GUST SPEED    27   HIGHEST GUST DIRECTION    NW (330)
  AVERAGE WIND SPEED     8.7


SKY COVER
  AVERAGE SKY COVER 0.0


WEATHER CONDITIONS
 THE FOLLOWING WEATHER WAS RECORDED YESTERDAY.
  FOG
  HAZE


RELATIVE HUMIDITY (PERCENT)
 HIGHEST    92
 LOWEST     59
 AVERAGE    76

..........................................................


THE CRESCENT CITY CA CLIMATE NORMALS FOR TODAY
                         NORMAL    RECORD    YEAR
 MAXIMUM TEMPERATURE (F)   54        70      1958
 MINIMUM TEMPERATURE (F)   42        32      1978


SUNRISE AND SUNSET
DECEMBER  2 2016......SUNRISE   726 AM PST   SUNSET   447 PM PST
DECEMBER  3 2016......SUNRISE   727 AM PST   SUNSET   446 PM PST


-  INDICATES NEGATIVE NUMBERS.
R  INDICATES RECORD WAS SET OR TIED.
MM INDICATES DATA IS MISSING.
T  INDICATES TRACE AMOUNT.




$$
