000
CDUS46 KEKA 231223
CLICEC


CLIMATE REPORT
NATIONAL WEATHER SERVICE EUREKA CA
423 AM PST MON JAN 23 2017


...................................

...THE CRESCENT CITY CA CLIMATE SUMMARY FOR JANUARY 22 2017...

CLIMATE NORMAL PERIOD 1981 TO 2010
CLIMATE RECORD PERIOD 1894 TO 2017


WEATHER ITEM   OBSERVED TIME   RECORD YEAR NORMAL DEPARTURE LAST
                VALUE   (LST)  VALUE       VALUE  FROM      YEAR
                                                  NORMAL
..................................................................
TEMPERATURE (F)
 YESTERDAY
  MAXIMUM         50    146 AM  74    1968  54     -4       59
  MINIMUM         42    430 PM  26    1962  41      1       47
  AVERAGE         46                        48     -2       53

PRECIPITATION (IN)
  YESTERDAY        0.81          3.72 1981   0.27   0.54     0.69
  MONTH TO DATE   12.08                      8.08   4.00    10.18
  SINCE OCT 1     57.18                     33.32  23.86    44.86
  SINCE JAN 1     12.08                      8.08   4.00    10.18

SNOWFALL (IN)
  YESTERDAY       MM            MM      MM  MM     MM       MM
  MONTH TO DATE    0.0                      MM     MM        0.0
  SINCE DEC 1      0.0                      MM     MM        0.0
  SINCE JUL 1      0.0                      MM     MM        0.0
  SNOW DEPTH       0

DEGREE DAYS
 HEATING
  YESTERDAY       19                        17      2       12
  MONTH TO DATE  429                       374     55      305
  SINCE DEC 1   1021                       913    108      800
  SINCE JUL 1   2354                      2530   -176     1969

 COOLING
  YESTERDAY        0                         0      0        0
  MONTH TO DATE    0                         0      0        0
  SINCE DEC 1      0                         0      0        0
  SINCE JAN 1      0                         0      0        0
..................................................................


WIND (MPH)
  HIGHEST WIND SPEED    54   HIGHEST WIND DIRECTION     S (190)
  HIGHEST GUST SPEED    74   HIGHEST GUST DIRECTION     S (180)
  AVERAGE WIND SPEED    21.4


SKY COVER
  AVERAGE SKY COVER 0.9


WEATHER CONDITIONS
 THE FOLLOWING WEATHER WAS RECORDED YESTERDAY.
  THUNDERSTORM
  RAIN
  FOG
  HAZE


RELATIVE HUMIDITY (PERCENT)
 HIGHEST    89
 LOWEST     66
 AVERAGE    78

..........................................................


THE CRESCENT CITY CA CLIMATE NORMALS FOR TODAY
                         NORMAL    RECORD    YEAR
 MAXIMUM TEMPERATURE (F)   54        75      2014
 MINIMUM TEMPERATURE (F)   41        28      1997


SUNRISE AND SUNSET
JANUARY 23 2017.......SUNRISE   737 AM PST   SUNSET   521 PM PST
JANUARY 24 2017.......SUNRISE   736 AM PST   SUNSET   523 PM PST


-  INDICATES NEGATIVE NUMBERS.
R  INDICATES RECORD WAS SET OR TIED.
MM INDICATES DATA IS MISSING.
T  INDICATES TRACE AMOUNT.




$$
