000
CDUS46 KEKA 251210
CLICEC


CLIMATE REPORT
NATIONAL WEATHER SERVICE EUREKA CA
508 AM PDT MON JUL 25 2016


...................................

...THE CRESCENT CITY CA CLIMATE SUMMARY FOR JULY 24 2016...

CLIMATE NORMAL PERIOD 1981 TO 2010
CLIMATE RECORD PERIOD 1894 TO 2016


WEATHER ITEM   OBSERVED TIME   RECORD YEAR NORMAL DEPARTURE LAST
                VALUE   (LST)  VALUE       VALUE  FROM      YEAR
                                                  NORMAL
..................................................................
TEMPERATURE (F)
 YESTERDAY
  MAXIMUM         62    415 PM  75    1979  61      1       67
  MINIMUM         53    214 AM  43    1919  52      1       55
                                      1899
  AVERAGE         58                        56      2       61

PRECIPITATION (IN)
  YESTERDAY        0.00          0.07 1969   0.01  -0.01     0.00
  MONTH TO DATE    1.03                      0.37   0.66     0.07
  SINCE OCT 1     67.46                     62.54   4.92    41.84
  SINCE JAN 1     32.78                     37.30  -4.52    21.01

SNOWFALL (IN)
  YESTERDAY        0.0          MM      MM  MM     MM        0.0
  MONTH TO DATE    0.0                      MM     MM        0.0
  SINCE JUN 1      0.0                      MM     MM        0.0
  SINCE JUL 1      0.0                      MM     MM        0.0
  SNOW DEPTH       0

DEGREE DAYS
 HEATING
  YESTERDAY        7                         9     -2        4
  MONTH TO DATE  181                       216    -35      124
  SINCE JUN 1    438                       525    -87      406
  SINCE JUL 1    181                       216    -35      124

 COOLING
  YESTERDAY        0                         0      0        0
  MONTH TO DATE    0                         0      0        0
  SINCE JUN 1      0                         0      0        0
  SINCE JAN 1      0                         0      0        0
..................................................................


WIND (MPH)
  HIGHEST WIND SPEED    22   HIGHEST WIND DIRECTION     S (190)
  HIGHEST GUST SPEED    26   HIGHEST GUST DIRECTION     S (190)
  AVERAGE WIND SPEED     8.6


SKY COVER
  AVERAGE SKY COVER 0.7


WEATHER CONDITIONS
 THE FOLLOWING WEATHER WAS RECORDED YESTERDAY.
  FOG
  HAZE


RELATIVE HUMIDITY (PERCENT)
 HIGHEST   100
 LOWEST     78
 AVERAGE    89

..........................................................


THE CRESCENT CITY CA CLIMATE NORMALS FOR TODAY
                         NORMAL    RECORD    YEAR
 MAXIMUM TEMPERATURE (F)   61        73      1974
 MINIMUM TEMPERATURE (F)   52        42      1949


SUNRISE AND SUNSET
JULY 25 2016..........SUNRISE   605 AM PDT   SUNSET   842 PM PDT
JULY 26 2016..........SUNRISE   606 AM PDT   SUNSET   841 PM PDT


-  INDICATES NEGATIVE NUMBERS.
R  INDICATES RECORD WAS SET OR TIED.
MM INDICATES DATA IS MISSING.
T  INDICATES TRACE AMOUNT.




$$
