000
CDUS46 KEKA 221227
CLICEC


CLIMATE REPORT
NATIONAL WEATHER SERVICE EUREKA CA
426 AM PST MON JAN 22 2018


...................................

...THE CRESCENT CITY CA CLIMATE SUMMARY FOR JANUARY 21 2018...

CLIMATE NORMAL PERIOD 1981 TO 2010
CLIMATE RECORD PERIOD 1894 TO 2018


WEATHER ITEM   OBSERVED TIME   RECORD YEAR NORMAL DEPARTURE LAST
                VALUE   (LST)  VALUE       VALUE  FROM      YEAR
                                                  NORMAL
..................................................................
TEMPERATURE (F)
 YESTERDAY
  MAXIMUM         54    648 AM  75    1981  54      0       53
  MINIMUM         48   1159 PM  22    1962  41      7       45
  AVERAGE         51                        48      3       49

PRECIPITATION (IN)
  YESTERDAY        1.08          4.25 1972   0.29   0.79     0.41
  MONTH TO DATE    6.68                      7.81  -1.13    11.27
  SINCE OCT 1     20.70                     33.05 -12.35    56.37
  SINCE JAN 1      6.68                      7.81  -1.13    11.27

SNOWFALL (IN)
  YESTERDAY       MM            MM      MM  MM     MM       MM
  MONTH TO DATE    0.0                      MM     MM        0.0
  SINCE DEC 1      0.0                      MM     MM        0.0
  SINCE JUL 1      0.0                      MM     MM        0.0
  SNOW DEPTH       0

DEGREE DAYS
 HEATING
  YESTERDAY       14                        17     -3       16
  MONTH TO DATE  249                       357   -108      410
  SINCE DEC 1    721                       896   -175     1002
  SINCE JUL 1   2211                      2513   -302     2335

 COOLING
  YESTERDAY        0                         0      0        0
  MONTH TO DATE    0                         0      0        0
  SINCE DEC 1      0                         0      0        0
  SINCE JAN 1      0                         0      0        0
..................................................................


WIND (MPH)
  HIGHEST WIND SPEED    40   HIGHEST WIND DIRECTION     S (160)
  HIGHEST GUST SPEED    53   HIGHEST GUST DIRECTION    SE (150)
  AVERAGE WIND SPEED    18.5


SKY COVER
  AVERAGE SKY COVER 1.0


WEATHER CONDITIONS
 THE FOLLOWING WEATHER WAS RECORDED YESTERDAY.
  HEAVY RAIN
  RAIN
  LIGHT RAIN
  FOG


RELATIVE HUMIDITY (PERCENT)
 HIGHEST    93
 LOWEST     54
 AVERAGE    74

..........................................................


THE CRESCENT CITY CA CLIMATE NORMALS FOR TODAY
                         NORMAL    RECORD    YEAR
 MAXIMUM TEMPERATURE (F)   54        74      1968
 MINIMUM TEMPERATURE (F)   41        26      1962


SUNRISE AND SUNSET
JANUARY 22 2018.......SUNRISE   738 AM PST   SUNSET   520 PM PST
JANUARY 23 2018.......SUNRISE   737 AM PST   SUNSET   521 PM PST


-  INDICATES NEGATIVE NUMBERS.
R  INDICATES RECORD WAS SET OR TIED.
MM INDICATES DATA IS MISSING.
T  INDICATES TRACE AMOUNT.




$$
