000
CDUS45 KGJT 010742
CLICEZ


CLIMATE REPORT
NATIONAL WEATHER SERVICE GRAND JUNCTION CO
139 AM MDT MON SEP 1 2014


...................................

...THE CORTEZ CO CLIMATE SUMMARY FOR AUGUST 31 2014...

CLIMATE NORMAL PERIOD 1981 TO 2010
CLIMATE RECORD PERIOD 9999 TO 9999


WEATHER ITEM   OBSERVED TIME   RECORD YEAR NORMAL DEPARTURE LAST
                VALUE   (LST)  VALUE       VALUE  FROM      YEAR
                                                  NORMAL
..................................................................
TEMPERATURE (F)
 YESTERDAY
  MAXIMUM         88    338 PM  MM      MM  83      5       87
  MINIMUM         52    617 AM  MM      MM  49      3       57
  AVERAGE         70                        66      4       72

PRECIPITATION (IN)
  YESTERDAY        0.00         MM      MM   0.05  -0.05     0.00
  MONTH TO DATE    1.42                      1.53  -0.11     3.85
  SINCE JUN 1      2.11                      3.30  -1.19     4.79
  SINCE JAN 1      5.10                      8.44  -3.34     8.12

SNOWFALL (IN)
  YESTERDAY       MM            MM      MM  MM     MM       MM
  MONTH TO DATE   MM                        MM     MM       MM
  SINCE JUN 1     MM                        MM     MM       MM
  SINCE JUL 1     MM                        MM     MM       MM
  SNOW DEPTH      MM

DEGREE DAYS
 HEATING
  YESTERDAY        0                         1     -1        0
  MONTH TO DATE   10                         7      3        0
  SINCE JUN 1     41                        87    -46       12
  SINCE JUL 1     10                        12     -2        0

 COOLING
  YESTERDAY        5                         2      3        7
  MONTH TO DATE  131                       145    -14      180
  SINCE JUN 1    496                       404     92      605
  SINCE JAN 1    512                       409    103      605
..................................................................


WIND (MPH)
  HIGHEST WIND SPEED    26   HIGHEST WIND DIRECTION     W (280)
  HIGHEST GUST SPEED    34   HIGHEST GUST DIRECTION    SW (210)
  AVERAGE WIND SPEED    10.8


SKY COVER
  POSSIBLE SUNSHINE  MM
  AVERAGE SKY COVER 0.1


WEATHER CONDITIONS
 THE FOLLOWING WEATHER WAS RECORDED YESTERDAY.
  NO SIGNIFICANT WEATHER WAS OBSERVED.


RELATIVE HUMIDITY (PERCENT)
 HIGHEST    71          1200 AM
 LOWEST     14           200 PM
 AVERAGE    43

..........................................................


THE CORTEZ CO CLIMATE NORMALS FOR TODAY
                         NORMAL    RECORD    YEAR
 MAXIMUM TEMPERATURE (F)   82        MM        MM
 MINIMUM TEMPERATURE (F)   49        MM        MM


SUNRISE AND SUNSET
SEPTEMBER  1 2014.....SUNRISE   645 AM MDT   SUNSET   743 PM MDT
SEPTEMBER  2 2014.....SUNRISE   646 AM MDT   SUNSET   742 PM MDT


-  INDICATES NEGATIVE NUMBERS.
R  INDICATES RECORD WAS SET OR TIED.
MM INDICATES DATA IS MISSING.
T  INDICATES TRACE AMOUNT.




$$
