000
CDUS43 KPAH 240634
CLICGI


CLIMATE REPORT
NATIONAL WEATHER SERVICE PADUCAH KY
1231 AM CST MON NOV 24 2014


...................................

...THE CAPE GIRARDEAU MO CLIMATE SUMMARY FOR NOVEMBER 23 2014...

CLIMATE NORMAL PERIOD 1981 TO 2010
CLIMATE RECORD PERIOD 1960 TO 2014


WEATHER ITEM   OBSERVED TIME   RECORD YEAR NORMAL DEPARTURE LAST
                VALUE   (LST)  VALUE       VALUE  FROM      YEAR
                                                  NORMAL
..................................................................
TEMPERATURE (F)
 YESTERDAY
  MAXIMUM         59   1159 PM  69    2005  54      5       43
  MINIMUM         46    104 AM  16    1970  34     12       23
  AVERAGE         53                        44      9

PRECIPITATION (IN)
  YESTERDAY        0.82          1.84 1973   0.15   0.67     0.00
  MONTH TO DATE    1.88                      3.34  -1.46     1.65
  SINCE SEP 1      8.24                     10.41  -2.17     6.29
  SINCE JAN 1     40.54                     41.46  -0.92    34.52

DEGREE DAYS
 HEATING
  YESTERDAY       12                        21     -9       32
  MONTH TO DATE  585                       386    199      408
  SINCE SEP 1    834                       688    146      674
  SINCE JUL 1    834                       689    145      675

 COOLING
  YESTERDAY        0                         0      0        0
  MONTH TO DATE    0                         0      0        0
  SINCE SEP 1    185                       191     -6      260
  SINCE JAN 1   1424                      1451    -27     1441
..................................................................


WIND (MPH)
  HIGHEST WIND SPEED    22   HIGHEST WIND DIRECTION    SW (210)
  HIGHEST GUST SPEED    27   HIGHEST GUST DIRECTION    SW (220)
  AVERAGE WIND SPEED    11.0


SKY COVER
  AVERAGE SKY COVER 0.8


WEATHER CONDITIONS
 THE FOLLOWING WEATHER WAS RECORDED YESTERDAY.
  RAIN
  LIGHT RAIN
  FOG


RELATIVE HUMIDITY (PERCENT)
 HIGHEST   100
 LOWEST     71
 AVERAGE    86

..........................................................


THE CAPE GIRARDEAU MO CLIMATE NORMALS FOR TODAY
                         NORMAL    RECORD    YEAR
 MAXIMUM TEMPERATURE (F)   53        69      1966
 MINIMUM TEMPERATURE (F)   33        11      1970


SUNRISE AND SUNSET
NOVEMBER 24 2014......SUNRISE   647 AM CST   SUNSET   443 PM CST
NOVEMBER 25 2014......SUNRISE   648 AM CST   SUNSET   443 PM CST


-  INDICATES NEGATIVE NUMBERS.
R  INDICATES RECORD WAS SET OR TIED.
MM INDICATES DATA IS MISSING.
T  INDICATES TRACE AMOUNT.




$$
