000
CDUS43 KPAH 270630
CLICGI


CLIMATE REPORT
NATIONAL WEATHER SERVICE PADUCAH KY
129 AM CDT TUE JUN 27 2017


...................................

...THE CAPE GIRARDEAU MO CLIMATE SUMMARY FOR JUNE 26 2017...

CLIMATE NORMAL PERIOD 1981 TO 2010
CLIMATE RECORD PERIOD 1960 TO 2017


WEATHER ITEM   OBSERVED TIME   RECORD YEAR NORMAL DEPARTURE LAST
                VALUE   (LST)  VALUE       VALUE  FROM      YEAR
                                                  NORMAL
..................................................................
TEMPERATURE (F)
 YESTERDAY
  MAXIMUM         79    234 PM 100    1971  89    -10       94
  MINIMUM         61    505 AM  51    1974  67     -6       74
  AVERAGE         70                        78     -8

PRECIPITATION (IN)
  YESTERDAY        T             1.23 1994   0.10  -0.10     0.11
  MONTH TO DATE    2.95                      3.12  -0.17     1.12
  SINCE JUN 1      2.95                      3.12  -0.17     1.12
  SINCE JAN 1     22.17                     24.22  -2.05    24.40

DEGREE DAYS
 HEATING
  YESTERDAY        0                         0      0        0
  MONTH TO DATE    0                         1     -1        0
  SINCE JUN 1      0                         1     -1        0
  SINCE JUL 1   3430                      4387   -957     3571

 COOLING
  YESTERDAY        5                        13     -8       19
  MONTH TO DATE  271                       258     13      365
  SINCE JUN 1    271                       258     13      365
  SINCE JAN 1    446                       410     36      486
..................................................................


WIND (MPH)
  HIGHEST WIND SPEED     8   HIGHEST WIND DIRECTION    SW (220)
  HIGHEST GUST SPEED    10   HIGHEST GUST DIRECTION    NW (300)
  AVERAGE WIND SPEED     2.6


SKY COVER
  AVERAGE SKY COVER 0.2


WEATHER CONDITIONS
 THE FOLLOWING WEATHER WAS RECORDED YESTERDAY.
  NO SIGNIFICANT WEATHER WAS OBSERVED.


RELATIVE HUMIDITY (PERCENT)
 HIGHEST    93
 LOWEST     37
 AVERAGE    65

..........................................................


THE CAPE GIRARDEAU MO CLIMATE NORMALS FOR TODAY
                         NORMAL    RECORD    YEAR
 MAXIMUM TEMPERATURE (F)   89        99      1971
 MINIMUM TEMPERATURE (F)   67        53      2012


SUNRISE AND SUNSET
JUNE 27 2017..........SUNRISE   540 AM CDT   SUNSET   823 PM CDT
JUNE 28 2017..........SUNRISE   541 AM CDT   SUNSET   823 PM CDT


-  INDICATES NEGATIVE NUMBERS.
R  INDICATES RECORD WAS SET OR TIED.
MM INDICATES DATA IS MISSING.
T  INDICATES TRACE AMOUNT.




$$
