000
CDUS43 KPAH 010629
CLICGI


CLIMATE REPORT
NATIONAL WEATHER SERVICE PADUCAH KY
128 AM CDT WED JUL 1 2015

...................................

...THE CAPE GIRARDEAU MO CLIMATE SUMMARY FOR JUNE 30 2015...

CLIMATE NORMAL PERIOD 1981 TO 2010
CLIMATE RECORD PERIOD 1960 TO 2015

WEATHER ITEM   OBSERVED TIME   RECORD YEAR NORMAL DEPARTURE LAST
                VALUE   (LST)  VALUE       VALUE  FROM      YEAR
                                                  NORMAL
..................................................................
TEMPERATURE (F)
 YESTERDAY
  MAXIMUM         86    306 PM 105    2012  89     -3       90
  MINIMUM         67    351 AM  56    2000  67      0       73
  AVERAGE         77                        78     -1

PRECIPITATION (IN)
  YESTERDAY        0.00          2.00 1987   0.11  -0.11     0.00
  MONTH TO DATE    4.32                      3.57   0.75     7.50
  SINCE JUN 1      4.32                      3.57   0.75     7.50
  SINCE JAN 1     29.76                     24.67   5.09    25.89

DEGREE DAYS
 HEATING
  YESTERDAY        0                         0      0        0
  MONTH TO DATE    5                         1      4        0
  SINCE JUN 1      5                         4      1        0
  SINCE JUL 1   4617                      4390    227     4941

 COOLING
  YESTERDAY       12                        13     -1       17
  MONTH TO DATE  381                       312     69      359
  SINCE JUN 1    381                       312     69      359
  SINCE JAN 1    558                       464     94      570
..................................................................

WIND (MPH)
  HIGHEST WIND SPEED    13   HIGHEST WIND DIRECTION     W (260)
  HIGHEST GUST SPEED    16   HIGHEST GUST DIRECTION     W (250)
  AVERAGE WIND SPEED     4.9

SKY COVER
  AVERAGE SKY COVER 0.1

WEATHER CONDITIONS
 THE FOLLOWING WEATHER WAS RECORDED YESTERDAY.
  NO SIGNIFICANT WEATHER WAS OBSERVED.

RELATIVE HUMIDITY (PERCENT)
 HIGHEST    93
 LOWEST     51
 AVERAGE    72
..........................................................

THE CAPE GIRARDEAU MO CLIMATE NORMALS FOR TODAY
                         NORMAL    RECORD    YEAR
 MAXIMUM TEMPERATURE (F)   89       103      2012
 MINIMUM TEMPERATURE (F)   68        57      1976

SUNRISE AND SUNSET
JULY  1 2015..........SUNRISE   542 AM CDT   SUNSET   823 PM CDT
JULY  2 2015..........SUNRISE   542 AM CDT   SUNSET   822 PM CDT

-  INDICATES NEGATIVE NUMBERS.
R  INDICATES RECORD WAS SET OR TIED.
MM INDICATES DATA IS MISSING.
T  INDICATES TRACE AMOUNT.

$$
