000
CDUS44 KMRX 242130
CLICHA

CLIMATE REPORT
NATIONAL WEATHER SERVICE MORRISTOWN TN
529 PM EDT FRI OCT 24 2014


...................................

...THE CHATTANOOGA  ASOS CLIMATE SUMMARY FOR OCTOBER 24 2014...
VALID TODAY AS OF 0500 PM LOCAL TIME.

CLIMATE NORMAL PERIOD 1981 TO 2010
CLIMATE RECORD PERIOD 1879 TO 2014


WEATHER ITEM   OBSERVED TIME   RECORD YEAR NORMAL DEPARTURE LAST
                VALUE   (LST)  VALUE       VALUE  FROM      YEAR
                                                  NORMAL
..................................................................
TEMPERATURE (F)
 TODAY
  MAXIMUM         73    408 PM  88    1939  71      2       61
  MINIMUM         48    552 AM  28    1969  47      1       39
  AVERAGE         61                        59      2       50

PRECIPITATION (IN)
  TODAY            0.00          3.20 1925   0.10  -0.10     0.00
  MONTH TO DATE    5.96                      2.51   3.45     0.16
  SINCE SEP 1      8.44                      6.55   1.89     2.27
  SINCE JAN 1     37.09                     41.81  -4.72    56.47

SNOWFALL (IN)
  TODAY            0.0                       0.0    0.0      0.0
  MONTH TO DATE    0.0                       0.0    0.0      0.0
  SINCE SEP 1      0.0                       0.0    0.0      0.0
  SINCE JUL 1      0.0                       0.0    0.0      0.0
  SNOW DEPTH       0

DEGREE DAYS
 HEATING
  TODAY            4                         7     -3       15
  MONTH TO DATE   81                       101    -20       69
  SINCE SEP 1     81                       116    -35       69
  SINCE JUL 1     81                       116    -35       69

 COOLING
  TODAY            0                         1     -1        0
  MONTH TO DATE   77                        45     32       78
  SINCE SEP 1    402                       284    118      356
  SINCE JAN 1   1903                      1734    169     1748
..................................................................


WIND (MPH)
  HIGHEST WIND SPEED    12   HIGHEST WIND DIRECTION     N (10)
  HIGHEST GUST SPEED    13   HIGHEST GUST DIRECTION     N (10)
  AVERAGE WIND SPEED     3.5


SKY COVER
  POSSIBLE SUNSHINE  MM
  AVERAGE SKY COVER  MM


WEATHER CONDITIONS
 THE FOLLOWING WEATHER WAS RECORDED TODAY.
  NO SIGNIFICANT WEATHER WAS OBSERVED.


RELATIVE HUMIDITY (PERCENT)
 HIGHEST    86           300 AM
 LOWEST     35           300 PM
 AVERAGE    61

..........................................................


THE CHATTANOOGA  ASOS CLIMATE NORMALS FOR TOMORROW
                         NORMAL    RECORD    YEAR
 MAXIMUM TEMPERATURE (F)   70        84      2000
                                             1963
                                             1931
 MINIMUM TEMPERATURE (F)   47        30      1965


SUNRISE AND SUNSET
OCTOBER 24 2014.......SUNRISE   754 AM EDT   SUNSET   655 PM EDT
OCTOBER 25 2014.......SUNRISE   755 AM EDT   SUNSET   654 PM EDT


-  INDICATES NEGATIVE NUMBERS.
R  INDICATES RECORD WAS SET OR TIED.
MM INDICATES DATA IS MISSING.
T  INDICATES TRACE AMOUNT.




$$
