000
CDUS44 KMRX 281231
CLICHA

MEMCLICHA 000
TTAA00 KMRX 280842


CLIMATE REPORT
NATIONAL WEATHER SERVICE MORRISTOWN TN
830 AM EDT MON JUL 28 2014


...................................

...THE CHATTANOOGA CLIMATE SUMMARY FOR JULY 27 2014...

CLIMATE NORMAL PERIOD 1981 TO 2010
CLIMATE RECORD PERIOD 1879 TO 2014


WEATHER ITEM   OBSERVED TIME   RECORD YEAR NORMAL DEPARTURE LAST
                VALUE   (LST)  VALUE       VALUE  FROM      YEAR
                                                  NORMAL
..................................................................
TEMPERATURE (F)
 YESTERDAY
  MAXIMUM         94    359 PM 104    1952  90      4       86
  MINIMUM         72    609 AM  57    1911  70      2       71
  AVERAGE         83                        80      3       79

PRECIPITATION (IN)
  YESTERDAY        0.00          3.23 1976   0.15  -0.15     0.01
  MONTH TO DATE    2.00                      4.32  -2.32     7.79
  SINCE JUN 1      6.99                      8.37  -1.38    12.26
  SINCE JAN 1     24.28                     31.19  -6.91    46.93

SNOWFALL (IN)
  YESTERDAY        0.0                       0.0    0.0      0.0
  MONTH TO DATE    0.0                       0.0    0.0      0.0
  SINCE JUN 1      0.0                       0.0    0.0      0.0
  SINCE JUL 1      0.0                       0.0    0.0      0.0
  SNOW DEPTH       0

DEGREE DAYS
 HEATING
  YESTERDAY        0                         0      0        0
  MONTH TO DATE    0                         0      0        0
  SINCE JUN 1      0                         2     -2        0
  SINCE JUL 1      0                         0      0        0

 COOLING
  YESTERDAY       18                        15      3       14
  MONTH TO DATE  362                       401    -39      363
  SINCE JUN 1    763                       746     17      762
  SINCE JAN 1   1021                       942     79      938
..................................................................


WIND (MPH)
  HIGHEST WIND SPEED    23   HIGHEST WIND DIRECTION    SW (230)
  HIGHEST GUST SPEED    30   HIGHEST GUST DIRECTION    SW (210)
  AVERAGE WIND SPEED     7.6


SKY COVER
  POSSIBLE SUNSHINE  MM
  AVERAGE SKY COVER  MM


WEATHER CONDITIONS
 THE FOLLOWING WEATHER WAS RECORDED YESTERDAY.
  NO SIGNIFICANT WEATHER WAS OBSERVED.


RELATIVE HUMIDITY (PERCENT)
 HIGHEST    84           300 AM
 LOWEST     44           500 PM
 AVERAGE    64

..........................................................


THE CHATTANOOGA CLIMATE NORMALS FOR TODAY
                         NORMAL    RECORD    YEAR
 MAXIMUM TEMPERATURE (F)   90       106      1952
 MINIMUM TEMPERATURE (F)   70        56      1911


SUNRISE AND SUNSET
JULY 28 2014..........SUNRISE   647 AM EDT   SUNSET   847 PM EDT
JULY 29 2014..........SUNRISE   648 AM EDT   SUNSET   846 PM EDT


-  INDICATES NEGATIVE NUMBERS.
R  INDICATES RECORD WAS SET OR TIED.
MM INDICATES DATA IS MISSING.
T  INDICATES TRACE AMOUNT.

&&

THE LOW TEMPERATURE THIS MORNING WAS 72.
THERE HAS BEEN 0.57 INCHES OF RAIN SINCE MIDNIGHT.

$$
