000
CDUS44 KMRX 230921
CLICHA


CLIMATE REPORT
NATIONAL WEATHER SERVICE MORRISTOWN TN
520 AM EDT SAT JUL 23 2016


...................................

...THE CHATTANOOGA  ASOS CLIMATE SUMMARY FOR JULY 22 2016...

CLIMATE NORMAL PERIOD 1981 TO 2010
CLIMATE RECORD PERIOD 1879 TO 2016


WEATHER ITEM   OBSERVED TIME   RECORD YEAR NORMAL DEPARTURE LAST
                VALUE   (LST)  VALUE       VALUE  FROM      YEAR
                                                  NORMAL
..................................................................
TEMPERATURE (F)
 YESTERDAY
  MAXIMUM         98    240 PM 103    1952  90      8       91
  MINIMUM         74    622 AM  57    1944  70      4       70
  AVERAGE         86                        80      6       81

PRECIPITATION (IN)
  YESTERDAY        0.00          2.12 1970   0.16  -0.16     1.61
  MONTH TO DATE    1.22                      3.52  -2.30     5.50
  SINCE JUN 1      2.44                      7.57  -5.13     9.61
  SINCE JAN 1     19.68                     30.39 -10.71    32.81

DEGREE DAYS
 COOLING
  YESTERDAY       21                        15      6       16
  MONTH TO DATE  412                       326     86      352
  SINCE JUN 1    884                       671    213      793
  SINCE JAN 1   1160                       867    293     1069
..................................................................


WIND (MPH)
  HIGHEST WIND SPEED    21   HIGHEST WIND DIRECTION    NW (310)
  HIGHEST GUST SPEED    25   HIGHEST GUST DIRECTION    NW (300)
  AVERAGE WIND SPEED     3.5


SKY COVER
  POSSIBLE SUNSHINE  MM
  AVERAGE SKY COVER 0.6


WEATHER CONDITIONS
 THE FOLLOWING WEATHER WAS RECORDED YESTERDAY.
  THUNDERSTORM
  FOG


RELATIVE HUMIDITY (PERCENT)
 HIGHEST    87           400 AM
 LOWEST     39           200 PM
 AVERAGE    63

..........................................................


THE CHATTANOOGA  ASOS CLIMATE NORMALS FOR TODAY
                         NORMAL    RECORD    YEAR
 MAXIMUM TEMPERATURE (F)   90       105      1952
 MINIMUM TEMPERATURE (F)   70        56      1947


SUNRISE AND SUNSET
JULY 23 2016..........SUNRISE   644 AM EDT   SUNSET   850 PM EDT
JULY 24 2016..........SUNRISE   645 AM EDT   SUNSET   850 PM EDT


-  INDICATES NEGATIVE NUMBERS.
R  INDICATES RECORD WAS SET OR TIED.
MM INDICATES DATA IS MISSING.
T  INDICATES TRACE AMOUNT.




$$
