000
CDUS44 KMRX 231218
CLICHA

CLIMATE REPORT NATIONAL WEATHER SERVICE MORRISTOWN TN
818 AM EDT WED JUL 23 2014

...................................

...THE CHATTANOOGA CLIMATE SUMMARY FOR JULY 22 2014...

CLIMATE NORMAL PERIOD 1981 TO 2010
CLIMATE RECORD PERIOD 1879 TO 2014


WEATHER ITEM   OBSERVED TIME   RECORD YEAR NORMAL DEPARTURE LAST
                VALUE   (LST)  VALUE       VALUE  FROM      YEAR
                                                  NORMAL
..................................................................
TEMPERATURE (F)
 YESTERDAY
  MAXIMUM         90    249 PM 103    1952  90      0       87
  MINIMUM         71    530 AM  57    1944  70      1       72
  AVERAGE         81                        80      1       80

PRECIPITATION (IN)
  YESTERDAY        T             2.12 1970   0.16  -0.16      T
  MONTH TO DATE    2.00                      3.52  -1.52     7.52
  SINCE JUN 1      6.99                      7.57  -0.58    11.99
  SINCE JAN 1     24.28                     30.39  -6.11    46.66

SNOWFALL (IN)
  YESTERDAY        0.0                       0.0    0.0      0.0
  MONTH TO DATE    0.0                       0.0    0.0      0.0
  SINCE JUN 1      0.0                       0.0    0.0      0.0
  SINCE JUL 1      0.0                       0.0    0.0      0.0
  SNOW DEPTH       0

DEGREE DAYS
 HEATING
  YESTERDAY        0                         0      0        0
  MONTH TO DATE    0                         0      0        0
  SINCE JUN 1      0                         2     -2        0
  SINCE JUL 1      0                         0      0        0

 COOLING
  YESTERDAY       16                        15      1       15
  MONTH TO DATE  286                       326    -40      298
  SINCE JUN 1    687                       671     16      697
  SINCE JAN 1    945                       867     78      873
..................................................................


WIND (MPH)
  HIGHEST WIND SPEED    18   HIGHEST WIND DIRECTION    NE (50)
  HIGHEST GUST SPEED    24   HIGHEST GUST DIRECTION    NE (40)
  AVERAGE WIND SPEED     1.5


SKY COVER
  POSSIBLE SUNSHINE  MM
  AVERAGE SKY COVER  MM


WEATHER CONDITIONS
 THE FOLLOWING WEATHER WAS RECORDED YESTERDAY.
  THUNDERSTORM
  LIGHT RAIN


RELATIVE HUMIDITY (PERCENT)
 HIGHEST    93           500 AM
 LOWEST     50           300 PM
 AVERAGE    72

..........................................................


THE CHATTANOOGA  ASOS CLIMATE NORMALS FOR TODAY
                         NORMAL    RECORD    YEAR
 MAXIMUM TEMPERATURE (F)   90       105      1952
 MINIMUM TEMPERATURE (F)   70        56      1947


SUNRISE AND SUNSET
JULY 23 2014..........SUNRISE   644 AM EDT   SUNSET   851 PM EDT
JULY 24 2014..........SUNRISE   644 AM EDT   SUNSET   850 PM EDT


-  INDICATES NEGATIVE NUMBERS.
R  INDICATES RECORD WAS SET OR TIED.
MM INDICATES DATA IS MISSING.
T  INDICATES TRACE AMOUNT.

&&

THE LOW TEMPERATURE THIS MORNING WAS 71.
THERE HAS BEEN NO PRECIPITATION SINCE MIDNIGHT.


$$
