000
CDUS44 KMRX 260814
CLICHA


CLIMATE REPORT
NATIONAL WEATHER SERVICE MORRISTOWN TN
414 AM EDT WED APR 26 2017


...................................

...THE CHATTANOOGA  ASOS CLIMATE SUMMARY FOR APRIL 25 2017...

CLIMATE NORMAL PERIOD 1981 TO 2010
CLIMATE RECORD PERIOD 1879 TO 2017


WEATHER ITEM   OBSERVED TIME   RECORD YEAR NORMAL DEPARTURE LAST
                VALUE   (LST)  VALUE       VALUE  FROM      YEAR
                                                  NORMAL
..................................................................
TEMPERATURE (F)
 YESTERDAY
  MAXIMUM         79    550 PM  88    2009  75      4       83
                                      1986
                                      1960
  MINIMUM         54    642 AM  32    1974  51      3       57
                                      1910
  AVERAGE         67                        63      4       70

PRECIPITATION (IN)
  YESTERDAY        0.00          1.11 1982   0.14  -0.14     0.00
  MONTH TO DATE    9.19                      3.34   5.85     1.33
  SINCE MAR 1     13.32                      8.32   5.00     4.97
  SINCE JAN 1     21.75                     18.07   3.68    15.71

SNOWFALL (IN)
  YESTERDAY        0.0                       0.0    0.0      0.0
  MONTH TO DATE    0.0                       0.1   -0.1      0.0
  SINCE MAR 1      T                         1.3   -1.3       T
  SINCE JUL 1      0.3                       3.9   -3.6      0.5
  SNOW DEPTH       0

DEGREE DAYS
 HEATING
  YESTERDAY        0                         4     -4        0
  MONTH TO DATE   55                       159   -104      125
  SINCE MAR 1    383                       563   -180      370
  SINCE JUL 1   2194                      3185   -991     2455

 COOLING
  YESTERDAY        2                         2      0        5
  MONTH TO DATE   72                        30     42       29
  SINCE MAR 1     91                        37     54       41
  SINCE JAN 1     91                        37     54       41
..................................................................


WIND (MPH)
  HIGHEST WIND SPEED    10   HIGHEST WIND DIRECTION    SW (210)
  HIGHEST GUST SPEED    14   HIGHEST GUST DIRECTION     N (340)
  AVERAGE WIND SPEED     2.3


SKY COVER
  POSSIBLE SUNSHINE  MM
  AVERAGE SKY COVER 0.5


WEATHER CONDITIONS
 THE FOLLOWING WEATHER WAS RECORDED YESTERDAY.
  NO SIGNIFICANT WEATHER WAS OBSERVED.


RELATIVE HUMIDITY (PERCENT)
 HIGHEST   100           600 AM
 LOWEST     42           600 PM
 AVERAGE    71

..........................................................


THE CHATTANOOGA  ASOS CLIMATE NORMALS FOR TODAY
                         NORMAL    RECORD    YEAR
 MAXIMUM TEMPERATURE (F)   75        91      1986
 MINIMUM TEMPERATURE (F)   51        35      1983
                                             1972


SUNRISE AND SUNSET
APRIL 26 2017.........SUNRISE   655 AM EDT   SUNSET   822 PM EDT
APRIL 27 2017.........SUNRISE   654 AM EDT   SUNSET   823 PM EDT


-  INDICATES NEGATIVE NUMBERS.
R  INDICATES RECORD WAS SET OR TIED.
MM INDICATES DATA IS MISSING.
T  INDICATES TRACE AMOUNT.




$$
