000
CDUS41 KLWX 022123
CLICHO


CLIMATE REPORT
NATIONAL WEATHER SERVICE BALTIMORE MD/WASHINGTON DC
423 PM EST FRI DEC 2 2016


...................................

...THE CHARLOTTESVILLE VA CLIMATE SUMMARY FOR DECEMBER 2 2016...
VALID TODAY AS OF 0400 PM LOCAL TIME.

CLIMATE NORMAL PERIOD 1981 TO 2010
CLIMATE RECORD PERIOD 1889 TO 2016


WEATHER ITEM   OBSERVED TIME   RECORD YEAR NORMAL DEPARTURE LAST
                VALUE   (LST)  VALUE       VALUE  FROM      YEAR
                                                  NORMAL
..................................................................
TEMPERATURE (F)
 TODAY
  MAXIMUM         54    350 PM  MM      MM  51      3       57
  MINIMUM         31    716 AM  MM      MM  32     -1       48
  AVERAGE         43                        41      2       53

PRECIPITATION (IN)
  TODAY            0.00                      0.13  -0.13     0.29
  MONTH TO DATE    T                         0.25  -0.25     1.05
  SINCE DEC 1      T                         0.25  -0.25     1.05
  SINCE JAN 1     31.86                     39.81  -7.95    43.98

DEGREE DAYS
 HEATING
  TODAY           22                                        12
  MONTH TO DATE   37                                        32
  SINCE DEC 1     37                                        32
  SINCE JUL 1    562                                       678

 COOLING
  TODAY            0                                         0
  MONTH TO DATE    0                                         0
  SINCE DEC 1      0                                         0
  SINCE JAN 1   1698                                      1356
..................................................................


WIND (MPH)
  HIGHEST WIND SPEED    10   HIGHEST WIND DIRECTION     W (260)
  HIGHEST GUST SPEED    18   HIGHEST GUST DIRECTION    SW (210)
  AVERAGE WIND SPEED     3.5


SKY COVER
  POSSIBLE SUNSHINE  MM
  AVERAGE SKY COVER 0.2


WEATHER CONDITIONS
 THE FOLLOWING WEATHER WAS RECORDED TODAY.
  NO SIGNIFICANT WEATHER WAS OBSERVED.


RELATIVE HUMIDITY (PERCENT)
 HIGHEST    75           600 AM
 LOWEST     38           300 PM
 AVERAGE    57

..........................................................


THE CHARLOTTESVILLE VA CLIMATE NORMALS FOR TOMORROW
                         NORMAL    RECORD    YEAR
 MAXIMUM TEMPERATURE (F)   51        MM        MM
 MINIMUM TEMPERATURE (F)   32        MM        MM


SUNRISE AND SUNSET
DECEMBER  2 2016......SUNRISE   713 AM EST   SUNSET   454 PM EST
DECEMBER  3 2016......SUNRISE   714 AM EST   SUNSET   454 PM EST


-  INDICATES NEGATIVE NUMBERS.
R  INDICATES RECORD WAS SET OR TIED.
MM INDICATES DATA IS MISSING.
T  INDICATES TRACE AMOUNT.




$$
