189
CDUS41 KLWX 260527
CLICHO


CLIMATE REPORT
NATIONAL WEATHER SERVICE BALTIMORE MD/WASHINGTON DC
127 AM EDT SUN MAR 26 2017


...................................

...THE CHARLOTTESVILLE VA CLIMATE SUMMARY FOR MARCH 25 2017...

CLIMATE NORMAL PERIOD 1981 TO 2010
CLIMATE RECORD PERIOD 1889 TO 2017


WEATHER ITEM   OBSERVED TIME   RECORD YEAR NORMAL DEPARTURE LAST
                VALUE   (LST)  VALUE       VALUE  FROM      YEAR
                                                  NORMAL
..................................................................
TEMPERATURE (F)
 YESTERDAY
  MAXIMUM         81    342 PM  MM      MM  60     21       73
  MINIMUM         55    446 AM  MM      MM  37     18       49
  AVERAGE         68                        49     19       61

PRECIPITATION (IN)
  YESTERDAY        0.00                      0.14  -0.14      T
  MONTH TO DATE    1.15                      2.84  -1.69     1.08
  SINCE MAR 1      1.15                      2.84  -1.69     1.08
  SINCE JAN 1      4.39                      8.31  -3.92     7.20

DEGREE DAYS
 HEATING
  YESTERDAY        0                        16    -16        4
  MONTH TO DATE  470                       500    -30      284
  SINCE MAR 1    470                       500    -30      284
  SINCE JUL 1   2843                      3912  -1069     3042

 COOLING
  YESTERDAY        3                         0      3        0
  MONTH TO DATE    3                         0      3        4
  SINCE MAR 1      3                         0      3        4
  SINCE JAN 1      4                         0      4        4
..................................................................


WIND (MPH)
  HIGHEST WIND SPEED    16   HIGHEST WIND DIRECTION     S (180)
  HIGHEST GUST SPEED    21   HIGHEST GUST DIRECTION     S (180)
  AVERAGE WIND SPEED     8.2


SKY COVER
  POSSIBLE SUNSHINE  MM
  AVERAGE SKY COVER 0.1


WEATHER CONDITIONS
 THE FOLLOWING WEATHER WAS RECORDED YESTERDAY.
  NO SIGNIFICANT WEATHER WAS OBSERVED.


RELATIVE HUMIDITY (PERCENT)
 HIGHEST    72           500 AM
 LOWEST     35           200 PM
 AVERAGE    54

..........................................................


THE CHARLOTTESVILLE VA CLIMATE NORMALS FOR TODAY
                         NORMAL    RECORD    YEAR
 MAXIMUM TEMPERATURE (F)   61        MM        MM
 MINIMUM TEMPERATURE (F)   38        MM        MM


SUNRISE AND SUNSET
MARCH 26 2017.........SUNRISE   708 AM EDT   SUNSET   732 PM EDT
MARCH 27 2017.........SUNRISE   706 AM EDT   SUNSET   733 PM EDT


-  INDICATES NEGATIVE NUMBERS.
R  INDICATES RECORD WAS SET OR TIED.
MM INDICATES DATA IS MISSING.
T  INDICATES TRACE AMOUNT.




$$
