000
CDUS41 KLWX 280526
CLICHO


CLIMATE REPORT
NATIONAL WEATHER SERVICE BALTIMORE MD/WASHINGTON DC
124 AM EDT THU MAY 28 2015


...................................

...THE CHARLOTTESVILLE VA CLIMATE SUMMARY FOR MAY 27 2015...

CLIMATE NORMAL PERIOD 1981 TO 2010
CLIMATE RECORD PERIOD 1889 TO 2015


WEATHER ITEM   OBSERVED TIME   RECORD YEAR NORMAL DEPARTURE LAST
                VALUE   (LST)  VALUE       VALUE  FROM      YEAR
                                                  NORMAL
..................................................................
TEMPERATURE (F)
 YESTERDAY
  MAXIMUM         86    416 PM  MM      MM  78      8       88
  MINIMUM         69   1150 PM  MM      MM  55     14       61
  AVERAGE         78                        66     12       75

PRECIPITATION (IN)
  YESTERDAY        0.00                      0.15  -0.15     0.01
  MONTH TO DATE    1.65                      3.37  -1.72     4.27
  SINCE MAR 1      9.83                     10.39  -0.56    12.59
  SINCE JAN 1     12.49                     15.86  -3.37    17.68

DEGREE DAYS
 HEATING
  YESTERDAY        0                         2     -2        0
  MONTH TO DATE   43                       114    -71       55
  SINCE MAR 1    893                      1014   -121     1077
  SINCE JUL 1   4408                      4426    -18     4586

 COOLING
  YESTERDAY       13                         3     10       10
  MONTH TO DATE  127                        50     77       94
  SINCE MAR 1    135                        71     64      103
  SINCE JAN 1    135                        71     64      103
..................................................................


WIND (MPH)
  HIGHEST WIND SPEED    16   HIGHEST WIND DIRECTION     S (200)
  HIGHEST GUST SPEED    20   HIGHEST GUST DIRECTION     S (200)
  AVERAGE WIND SPEED     7.9


SKY COVER
  POSSIBLE SUNSHINE  MM
  AVERAGE SKY COVER 0.3


WEATHER CONDITIONS
 THE FOLLOWING WEATHER WAS RECORDED YESTERDAY.
  NO SIGNIFICANT WEATHER WAS OBSERVED.


RELATIVE HUMIDITY (PERCENT)
 HIGHEST    90           400 AM
 LOWEST     45           400 PM
 AVERAGE    68

..........................................................


THE CHARLOTTESVILLE VA CLIMATE NORMALS FOR TODAY
                         NORMAL    RECORD    YEAR
 MAXIMUM TEMPERATURE (F)   78        MM        MM
 MINIMUM TEMPERATURE (F)   55        MM        MM


SUNRISE AND SUNSET
MAY 28 2015...........SUNRISE   554 AM EDT   SUNSET   828 PM EDT
MAY 29 2015...........SUNRISE   554 AM EDT   SUNSET   829 PM EDT


-  INDICATES NEGATIVE NUMBERS.
R  INDICATES RECORD WAS SET OR TIED.
MM INDICATES DATA IS MISSING.
T  INDICATES TRACE AMOUNT.




$$
