000
CDUS41 KLWX 230532
CLICHO


CLIMATE REPORT
NATIONAL WEATHER SERVICE BALTIMORE MD/WASHINGTON DC
132 AM EDT SUN APR 23 2017


...................................

...THE CHARLOTTESVILLE VA CLIMATE SUMMARY FOR APRIL 22 2017...

CLIMATE NORMAL PERIOD 1981 TO 2010
CLIMATE RECORD PERIOD 1889 TO 2017


WEATHER ITEM   OBSERVED TIME   RECORD YEAR NORMAL DEPARTURE LAST
                VALUE   (LST)  VALUE       VALUE  FROM      YEAR
                                                  NORMAL
..................................................................
TEMPERATURE (F)
 YESTERDAY
  MAXIMUM         72   1208 AM  MM      MM  69      3       70
  MINIMUM         50   1159 PM  MM      MM  45      5       59
  AVERAGE         61                        57      4       65

PRECIPITATION (IN)
  YESTERDAY        0.31                      0.12   0.19     0.06
  MONTH TO DATE    1.70                      2.50  -0.80     1.21
  SINCE MAR 1      4.43                      6.16  -1.73     2.70
  SINCE JAN 1      7.67                     11.63  -3.96     8.82

DEGREE DAYS
 HEATING
  YESTERDAY        4                         9     -5        0
  MONTH TO DATE   91                       248   -157      225
  SINCE MAR 1    595                       840   -245      568
  SINCE JUL 1   2968                      4252  -1284     3326

 COOLING
  YESTERDAY        0                         1     -1        0
  MONTH TO DATE   50                        14     36       12
  SINCE MAR 1     54                        16     38       16
  SINCE JAN 1     55                        16     39       16
..................................................................


WIND (MPH)
  HIGHEST WIND SPEED    16   HIGHEST WIND DIRECTION    NE (50)
  HIGHEST GUST SPEED    20   HIGHEST GUST DIRECTION    NE (60)
  AVERAGE WIND SPEED     5.2


SKY COVER
  POSSIBLE SUNSHINE  MM
  AVERAGE SKY COVER 1.0


WEATHER CONDITIONS
 THE FOLLOWING WEATHER WAS RECORDED YESTERDAY.
  RAIN
  LIGHT RAIN
  FOG


RELATIVE HUMIDITY (PERCENT)
 HIGHEST    93           600 AM
 LOWEST     63           900 AM
 AVERAGE    78

..........................................................


THE CHARLOTTESVILLE VA CLIMATE NORMALS FOR TODAY
                         NORMAL    RECORD    YEAR
 MAXIMUM TEMPERATURE (F)   70        MM        MM
 MINIMUM TEMPERATURE (F)   45        MM        MM


SUNRISE AND SUNSET
APRIL 23 2017.........SUNRISE   627 AM EDT   SUNSET   758 PM EDT
APRIL 24 2017.........SUNRISE   626 AM EDT   SUNSET   759 PM EDT


-  INDICATES NEGATIVE NUMBERS.
R  INDICATES RECORD WAS SET OR TIED.
MM INDICATES DATA IS MISSING.
T  INDICATES TRACE AMOUNT.




$$
