000
CDUS41 KLWX 230522
CLICHO


CLIMATE REPORT
NATIONAL WEATHER SERVICE BALTIMORE MD/WASHINGTON DC
120 AM EDT THU OCT 23 2014


...................................

...THE CHARLOTTESVILLE VA CLIMATE SUMMARY FOR OCTOBER 22 2014...

CLIMATE NORMAL PERIOD 1981 TO 2010
CLIMATE RECORD PERIOD 1889 TO 2014


WEATHER ITEM   OBSERVED TIME   RECORD YEAR NORMAL DEPARTURE LAST
                VALUE   (LST)  VALUE       VALUE  FROM      YEAR
                                                  NORMAL
..................................................................
TEMPERATURE (F)
 YESTERDAY
  MAXIMUM         60   1218 PM  MM      MM  66     -6       69
  MINIMUM         50    524 AM  MM      MM  42      8       45
  AVERAGE         55                        54      1       57

PRECIPITATION (IN)
  YESTERDAY        0.04                      0.10  -0.06     0.06
  MONTH TO DATE    3.72                      2.28   1.44     3.21
  SINCE SEP 1      4.58                      6.76  -2.18     3.86
  SINCE JAN 1     33.08                     34.90  -1.82    37.38

DEGREE DAYS
 HEATING
  YESTERDAY       10                        11     -1        8
  MONTH TO DATE  128                       179    -51      109
  SINCE SEP 1    151                       234    -83      179
  SINCE JUL 1    151                       237    -86      184

 COOLING
  YESTERDAY        0                         0      0        0
  MONTH TO DATE   14                        12      2       37
  SINCE SEP 1    166                       123     43      143
  SINCE JAN 1   1094                      1033     61     1145
..................................................................


WIND (MPH)
  HIGHEST WIND SPEED    20   HIGHEST WIND DIRECTION    NW (330)
  HIGHEST GUST SPEED    30   HIGHEST GUST DIRECTION     N (360)
  AVERAGE WIND SPEED    10.4


SKY COVER
  POSSIBLE SUNSHINE  MM
  AVERAGE SKY COVER 0.7


WEATHER CONDITIONS
 THE FOLLOWING WEATHER WAS RECORDED YESTERDAY.
  HEAVY RAIN
  LIGHT RAIN
  FOG


RELATIVE HUMIDITY (PERCENT)
 HIGHEST    77           300 AM
 LOWEST     55          1100 AM
 AVERAGE    66

..........................................................


THE CHARLOTTESVILLE VA CLIMATE NORMALS FOR TODAY
                         NORMAL    RECORD    YEAR
 MAXIMUM TEMPERATURE (F)   66        MM        MM
 MINIMUM TEMPERATURE (F)   42        MM        MM


SUNRISE AND SUNSET
OCTOBER 23 2014.......SUNRISE   730 AM EDT   SUNSET   625 PM EDT
OCTOBER 24 2014.......SUNRISE   731 AM EDT   SUNSET   624 PM EDT


-  INDICATES NEGATIVE NUMBERS.
R  INDICATES RECORD WAS SET OR TIED.
MM INDICATES DATA IS MISSING.
T  INDICATES TRACE AMOUNT.




$$
