000
CDUS41 KLWX 230526
CLICHO


CLIMATE REPORT
NATIONAL WEATHER SERVICE BALTIMORE MD/WASHINGTON DC
1225 AM EST THU FEB 23 2017


...................................

...THE CHARLOTTESVILLE VA CLIMATE SUMMARY FOR FEBRUARY 22 2017...

CLIMATE NORMAL PERIOD 1981 TO 2010
CLIMATE RECORD PERIOD 1889 TO 2017


WEATHER ITEM   OBSERVED TIME   RECORD YEAR NORMAL DEPARTURE LAST
                VALUE   (LST)  VALUE       VALUE  FROM      YEAR
                                                  NORMAL
..................................................................
TEMPERATURE (F)
 YESTERDAY
  MAXIMUM         64    326 PM  MM      MM  50     14       51
  MINIMUM         47    754 AM  MM      MM  29     18       43
  AVERAGE         56                        40     16       47

PRECIPITATION (IN)
  YESTERDAY        0.03                      0.09  -0.06      T
  MONTH TO DATE    0.24                      2.06  -1.82     3.05
  SINCE DEC 1      4.56                      7.98  -3.42     8.74
  SINCE JAN 1      2.84                      4.83  -1.99     4.91

DEGREE DAYS
 HEATING
  YESTERDAY        9                        26    -17       18
  MONTH TO DATE  349                       604   -255      593
  SINCE DEC 1   1789                      2373   -584     1979
  SINCE JUL 1   2314                      3264   -950     2625

 COOLING
  YESTERDAY        0                         0      0        0
  MONTH TO DATE    1                         0      1        0
  SINCE DEC 1      1                         0      1        2
  SINCE JAN 1      1                         0      1        0
..................................................................


WIND (MPH)
  HIGHEST WIND SPEED    13   HIGHEST WIND DIRECTION     S (200)
  HIGHEST GUST SPEED    16   HIGHEST GUST DIRECTION     S (190)
  AVERAGE WIND SPEED     7.0


SKY COVER
  POSSIBLE SUNSHINE  MM
  AVERAGE SKY COVER 0.7


WEATHER CONDITIONS
 THE FOLLOWING WEATHER WAS RECORDED YESTERDAY.
  LIGHT RAIN
  FOG


RELATIVE HUMIDITY (PERCENT)
 HIGHEST    93           800 AM
 LOWEST     59           100 AM
 AVERAGE    76

..........................................................


THE CHARLOTTESVILLE VA CLIMATE NORMALS FOR TODAY
                         NORMAL    RECORD    YEAR
 MAXIMUM TEMPERATURE (F)   51        MM        MM
 MINIMUM TEMPERATURE (F)   29        MM        MM


SUNRISE AND SUNSET
FEBRUARY 23 2017......SUNRISE   653 AM EST   SUNSET   601 PM EST
FEBRUARY 24 2017......SUNRISE   652 AM EST   SUNSET   602 PM EST


-  INDICATES NEGATIVE NUMBERS.
R  INDICATES RECORD WAS SET OR TIED.
MM INDICATES DATA IS MISSING.
T  INDICATES TRACE AMOUNT.




$$
