000
CDUS42 KCHS 262225
CLICHS


CLIMATE REPORT
NATIONAL WEATHER SERVICE CHARLESTON SC
521 PM EST THU FEB 26 2015


...................................

...THE NORTH CHARLESTON SC CLIMATE SUMMARY FOR FEBRUARY 26 2015...
VALID TODAY AS OF 500 PM LOCAL TIME.

CLIMATE NORMAL PERIOD 1981 TO 2010
CLIMATE RECORD PERIOD 1938 TO 2015


WEATHER ITEM   OBSERVED TIME   RECORD YEAR NORMAL DEPARTURE LAST
                VALUE   (LST)  VALUE       VALUE  FROM      YEAR
                                                  NORMAL
..................................................................
TEMPERATURE (F)
 TODAY
  MAXIMUM         44    102 AM  83    1996  65    -21       61
  MINIMUM         37    713 AM  14    1967  43     -6       41
  AVERAGE         41                        54    -13       51

PRECIPITATION (IN)
  TODAY            0.84          1.88 2013   0.10   0.74     0.53
  MONTH TO DATE    4.40                      2.75   1.65     2.18
  SINCE DEC 1     11.33                      9.57   1.76     7.00
  SINCE JAN 1      7.93                      6.46   1.47     4.85

SNOWFALL (IN)
  TODAY           MM                         0.0   MM
  SINCE DEC 1      T                         0.5   -0.5
  SINCE JUL 1      T                         0.5   -0.5

DEGREE DAYS
 HEATING
  TODAY           24                        11     13       14
  MONTH TO DATE  500                       356    144      290
  SINCE DEC 1   1359                      1323     36     1183
  SINCE JUL 1   1697                      1615     82     1488

 COOLING
  TODAY            0                         0      0        0
  MONTH TO DATE    0                         0      0        8
  SINCE DEC 1      4                         9     -5       44
  SINCE JAN 1      4                         2      2       10
..................................................................


WIND (MPH)
  HIGHEST WIND SPEED    21   HIGHEST WIND DIRECTION     N (340)
  HIGHEST GUST SPEED    24   HIGHEST GUST DIRECTION    NW (330)
  AVERAGE WIND SPEED    12.1


SKY COVER
  POSSIBLE SUNSHINE  MM
  AVERAGE SKY COVER 1.0


WEATHER CONDITIONS
 THE FOLLOWING WEATHER WAS RECORDED TODAY.
  HEAVY RAIN
  RAIN
  LIGHT RAIN
  FOG


RELATIVE HUMIDITY (PERCENT)
 HIGHEST   100          1200 AM
 LOWEST     76           400 PM
 AVERAGE    88

..........................................................


THE NORTH CHARLESTON SC CLIMATE NORMALS FOR TOMORROW
                         NORMAL    RECORD    YEAR
 MAXIMUM TEMPERATURE (F)   66        84      1962
 MINIMUM TEMPERATURE (F)   43        22      1967


SUNRISE AND SUNSET
FEBRUARY 26 2015......SUNRISE   652 AM EST   SUNSET   615 PM EST
FEBRUARY 27 2015......SUNRISE   651 AM EST   SUNSET   615 PM EST


-  INDICATES NEGATIVE NUMBERS.
R  INDICATES RECORD WAS SET OR TIED.
MM INDICATES DATA IS MISSING.
T  INDICATES TRACE AMOUNT.

$$
