000
CDUS42 KCHS 062112
CLICHS


CLIMATE REPORT
NATIONAL WEATHER SERVICE CHARLESTON SC
507 PM EDT FRI MAY 6 2016


...................................

...THE NORTH CHARLESTON SC CLIMATE SUMMARY FOR MAY 6 2016...
VALID TODAY AS OF 0500 PM LOCAL TIME.

CLIMATE NORMAL PERIOD 1981 TO 2010
CLIMATE RECORD PERIOD 1938 TO 2016


WEATHER ITEM   OBSERVED TIME   RECORD YEAR NORMAL DEPARTURE LAST
                VALUE   (LST)  VALUE       VALUE  FROM      YEAR
                                                  NORMAL
..................................................................
TEMPERATURE (F)
 TODAY
  MAXIMUM         74    343 PM  95    1952  81     -7       82
  MINIMUM         49    551 AM  44    1973  59    -10       61
  AVERAGE         62                        70     -8       72

PRECIPITATION (IN)
  TODAY            0.00          1.30 1984   0.09  -0.09     0.00
  MONTH TO DATE    0.47                      0.56  -0.09     0.00
  SINCE MAR 1      6.27                      7.18  -0.91     5.93
  SINCE JAN 1     14.56                     13.85   0.71    13.86

SNOWFALL (IN)
  TODAY            0.0                       0.0    0.0
  SINCE MAR 1      0.0                       0.0    0.0
  SINCE JUL 1      T                         0.5   -0.5

DEGREE DAYS
 HEATING
  TODAY            3                         1      2        0
  MONTH TO DATE    4                         6     -2        4
  SINCE MAR 1    180                       333   -153      210
  SINCE JUL 1   1357                      1969   -612     1947

 COOLING
  TODAY            0                         6     -6        7
  MONTH TO DATE   46                        31     15       17
  SINCE MAR 1    246                       142    104      177
  SINCE JAN 1    254                       149    105      181
..................................................................


WIND (MPH)
  HIGHEST WIND SPEED    18   HIGHEST WIND DIRECTION     N (340)
  HIGHEST GUST SPEED    24   HIGHEST GUST DIRECTION    NW (310)
  AVERAGE WIND SPEED     9.3


SKY COVER
  POSSIBLE SUNSHINE  MM
  AVERAGE SKY COVER 0.5


WEATHER CONDITIONS
 THE FOLLOWING WEATHER WAS RECORDED TODAY.
  NO SIGNIFICANT WEATHER WAS OBSERVED.


RELATIVE HUMIDITY (PERCENT)
 HIGHEST    86           500 AM
 LOWEST     41           100 PM
 AVERAGE    64

..........................................................


THE NORTH CHARLESTON SC CLIMATE NORMALS FOR TOMORROW
                         NORMAL    RECORD    YEAR
 MAXIMUM TEMPERATURE (F)   81        93      1977
 MINIMUM TEMPERATURE (F)   59        45      1957


SUNRISE AND SUNSET
MAY  6 2016...........SUNRISE   628 AM EDT   SUNSET   806 PM EDT
MAY  7 2016...........SUNRISE   627 AM EDT   SUNSET   807 PM EDT


-  INDICATES NEGATIVE NUMBERS.
R  INDICATES RECORD WAS SET OR TIED.
MM INDICATES DATA IS MISSING.
T  INDICATES TRACE AMOUNT.




$$
