000
CDUS42 KCHS 130638
CLICHS


CLIMATE REPORT
NATIONAL WEATHER SERVICE CHARLESTON SC
137 AM EST SAT FEB 13 2016


...................................

...THE NORTH CHARLESTON SC CLIMATE SUMMARY FOR FEBRUARY 12 2016...

CLIMATE NORMAL PERIOD 1981 TO 2010
CLIMATE RECORD PERIOD 1938 TO 2016


WEATHER ITEM   OBSERVED TIME   RECORD YEAR NORMAL DEPARTURE LAST
                VALUE   (LST)  VALUE       VALUE  FROM      YEAR
                                                  NORMAL
..................................................................
TEMPERATURE (F)
 YESTERDAY
  MAXIMUM         56    351 PM  79    1999  62     -6       69
  MINIMUM         37   1124 PM  12    1973  40     -3       37
  AVERAGE         47                        51     -4       53

PRECIPITATION (IN)
  YESTERDAY        T             1.79 2013   0.10  -0.10     0.00
  MONTH TO DATE    3.33                      1.28   2.05     0.98
  SINCE DEC 1      9.87                      8.10   1.77     7.91
  SINCE JAN 1      6.73                      4.99   1.74     4.51

SNOWFALL (IN)
  YESTERDAY        0.0                       0.0    0.0
  SINCE DEC 1      T                         0.4   -0.4
  SINCE JUL 1      T                         0.4   -0.4

DEGREE DAYS
 HEATING
  YESTERDAY       18                        14      4       12
  MONTH TO DATE  183                       179      4      193
  SINCE DEC 1    841                      1146   -305     1052
  SINCE JUL 1    987                      1438   -451     1390

 COOLING
  YESTERDAY        0                         0      0        0
  MONTH TO DATE    2                         0      2        0
  SINCE DEC 1     99                         9     90        4
  SINCE JAN 1      2                         2      0        4
..................................................................


WIND (MPH)
  HIGHEST WIND SPEED    12   HIGHEST WIND DIRECTION     W (290)
  HIGHEST GUST SPEED    18   HIGHEST GUST DIRECTION     W (290)
  AVERAGE WIND SPEED     2.7


SKY COVER
  POSSIBLE SUNSHINE  MM
  AVERAGE SKY COVER 0.7


WEATHER CONDITIONS
 THE FOLLOWING WEATHER WAS RECORDED YESTERDAY.
  LIGHT RAIN


RELATIVE HUMIDITY (PERCENT)
 HIGHEST    86           600 PM
 LOWEST     68          1000 AM
 AVERAGE    77

..........................................................


THE NORTH CHARLESTON SC CLIMATE NORMALS FOR TODAY
                         NORMAL    RECORD    YEAR
 MAXIMUM TEMPERATURE (F)   62        78      1976
 MINIMUM TEMPERATURE (F)   40        22      1955


SUNRISE AND SUNSET
FEBRUARY 13 2016......SUNRISE   706 AM EST   SUNSET   603 PM EST
FEBRUARY 14 2016......SUNRISE   705 AM EST   SUNSET   604 PM EST


-  INDICATES NEGATIVE NUMBERS.
R  INDICATES RECORD WAS SET OR TIED.
MM INDICATES DATA IS MISSING.
T  INDICATES TRACE AMOUNT.




$$
