648
CDUS42 KCHS 242205
CLICHS


CLIMATE REPORT
NATIONAL WEATHER SERVICE CHARLESTON SC
505 PM EST TUE JAN 24 2017


...................................

...THE NORTH CHARLESTON SC CLIMATE SUMMARY FOR JANUARY 24 2017...
VALID TODAY AS OF 0500 PM LOCAL TIME.

CLIMATE NORMAL PERIOD 1981 TO 2010
CLIMATE RECORD PERIOD 1938 TO 2017


WEATHER ITEM   OBSERVED TIME   RECORD YEAR NORMAL DEPARTURE LAST
                VALUE   (LST)  VALUE       VALUE  FROM      YEAR
                                                  NORMAL
..................................................................
TEMPERATURE (F)
 TODAY
  MAXIMUM         68    406 PM  79    1974  59      9       53
                                      1950
  MINIMUM         49    752 AM  17    2003  38     11       29
  AVERAGE         59                        48     11       41

PRECIPITATION (IN)
  TODAY            0.00          2.12 1958   0.13  -0.13     0.00
  MONTH TO DATE    3.78                      2.88   0.90     3.26
  SINCE DEC 1      8.56                      5.99   2.57     6.40
  SINCE JAN 1      3.78                      2.88   0.90     3.26

SNOWFALL (IN)
  TODAY            0.0                       0.0    0.0
  SINCE DEC 1      T                         0.3   -0.3
  SINCE JUL 1      T                         0.3   -0.3

DEGREE DAYS
 HEATING
  TODAY            6                        17    -11       24
  MONTH TO DATE  184                       408   -224      432
  SINCE DEC 1    499                       854   -355      565
  SINCE JUL 1    717                      1146   -429      711

 COOLING
  TODAY            0                         0      0        0
  MONTH TO DATE   15                         0     15        0
  SINCE DEC 1     22                         7     15       97
  SINCE JAN 1     15                         0     15        0
..................................................................


WIND (MPH)
  HIGHEST WIND SPEED    17   HIGHEST WIND DIRECTION     W (280)
  HIGHEST GUST SPEED    22   HIGHEST GUST DIRECTION    NW (300)
  AVERAGE WIND SPEED    11.3


SKY COVER
  POSSIBLE SUNSHINE  MM
  AVERAGE SKY COVER 0.1


WEATHER CONDITIONS
 THE FOLLOWING WEATHER WAS RECORDED TODAY.
  NO SIGNIFICANT WEATHER WAS OBSERVED.


RELATIVE HUMIDITY (PERCENT)
 HIGHEST    86          1200 AM
 LOWEST     39           400 PM
 AVERAGE    63

..........................................................


THE NORTH CHARLESTON SC CLIMATE NORMALS FOR TOMORROW
                         NORMAL    RECORD    YEAR
 MAXIMUM TEMPERATURE (F)   60        82      1949
 MINIMUM TEMPERATURE (F)   38        16      1963


SUNRISE AND SUNSET
JANUARY 24 2017.......SUNRISE   720 AM EST   SUNSET   545 PM EST
JANUARY 25 2017.......SUNRISE   719 AM EST   SUNSET   546 PM EST


-  INDICATES NEGATIVE NUMBERS.
R  INDICATES RECORD WAS SET OR TIED.
MM INDICATES DATA IS MISSING.
T  INDICATES TRACE AMOUNT.




$$
