000
CDUS42 KCHS 100621
CLICHS


CLIMATE REPORT
NATIONAL WEATHER SERVICE CHARLESTON SC
121 AM EST SAT DEC 10 2016


...................................

...THE NORTH CHARLESTON SC CLIMATE SUMMARY FOR DECEMBER 9 2016...

CLIMATE NORMAL PERIOD 1981 TO 2010
CLIMATE RECORD PERIOD 1938 TO 2016


WEATHER ITEM   OBSERVED TIME   RECORD YEAR NORMAL DEPARTURE LAST
                VALUE   (LST)  VALUE       VALUE  FROM      YEAR
                                                  NORMAL
..................................................................
TEMPERATURE (F)
 YESTERDAY
  MAXIMUM         51    305 PM  81    1951  63    -12       72
  MINIMUM         34   1159 PM  19    2006  41     -7       44
  AVERAGE         43                        52     -9       58

PRECIPITATION (IN)
  YESTERDAY        0.00          0.64 1948   0.09  -0.09     0.00
  MONTH TO DATE    4.13                      0.82   3.31     0.77
  SINCE DEC 1      4.13                      0.82   3.31     0.77
  SINCE JAN 1     58.98                     48.74  10.24    72.52

SNOWFALL (IN)
  YESTERDAY        0.0                       0.0    0.0
  SINCE DEC 1      0.0                       0.0    0.0
  SINCE JUL 1      0.0                       0.0    0.0

DEGREE DAYS
 HEATING
  YESTERDAY       22                        13      9        7
  MONTH TO DATE   86                       109    -23       67
  SINCE DEC 1     86                       109    -23       67
  SINCE JUL 1    304                       401    -97      213

 COOLING
  YESTERDAY        0                         0      0        0
  MONTH TO DATE    0                         0      0        7
  SINCE DEC 1      0                         0      0        7
  SINCE JAN 1   2958                      2297    661     2614
..................................................................


WIND (MPH)
  HIGHEST WIND SPEED    15   HIGHEST WIND DIRECTION     N (360)
  HIGHEST GUST SPEED    20   HIGHEST GUST DIRECTION     N (350)
  AVERAGE WIND SPEED     8.7


SKY COVER
  POSSIBLE SUNSHINE  MM
  AVERAGE SKY COVER 0.2


WEATHER CONDITIONS
 THE FOLLOWING WEATHER WAS RECORDED YESTERDAY.
  NO SIGNIFICANT WEATHER WAS OBSERVED.


RELATIVE HUMIDITY (PERCENT)
 HIGHEST    75           700 AM
 LOWEST     26           300 PM
 AVERAGE    51

..........................................................


THE NORTH CHARLESTON SC CLIMATE NORMALS FOR TODAY
                         NORMAL    RECORD    YEAR
 MAXIMUM TEMPERATURE (F)   63        82      1972
 MINIMUM TEMPERATURE (F)   41        23      1981
                                             1968


SUNRISE AND SUNSET
DECEMBER 10 2016......SUNRISE   712 AM EST   SUNSET   514 PM EST
DECEMBER 11 2016......SUNRISE   713 AM EST   SUNSET   514 PM EST


-  INDICATES NEGATIVE NUMBERS.
R  INDICATES RECORD WAS SET OR TIED.
MM INDICATES DATA IS MISSING.
T  INDICATES TRACE AMOUNT.




$$
