000
CDUS42 KCHS 130602
CLICHS


CLIMATE REPORT
NATIONAL WEATHER SERVICE CHARLESTON SC
101 AM EST WED DEC 13 2017


...................................

...THE NORTH CHARLESTON SC CLIMATE SUMMARY FOR DECEMBER 12 2017...

CLIMATE NORMAL PERIOD 1981 TO 2010
CLIMATE RECORD PERIOD 1938 TO 2017


WEATHER ITEM   OBSERVED TIME   RECORD YEAR NORMAL DEPARTURE LAST
                VALUE   (LST)  VALUE       VALUE  FROM      YEAR
                                                  NORMAL
..................................................................
TEMPERATURE (F)
 YESTERDAY
  MAXIMUM         63    235 PM  79    2015  62      1       72
                                      2007
                                      1971
  MINIMUM         42    433 AM  14    1962  41      1       50
  AVERAGE         53                        52      1       61

PRECIPITATION (IN)
  YESTERDAY        0.00          1.84 1986   0.10  -0.10     0.11
  MONTH TO DATE    2.08                      1.11   0.97     4.28
  SINCE DEC 1      2.08                      1.11   0.97     4.28
  SINCE JAN 1     52.44                     49.03   3.41    59.13

SNOWFALL (IN)
  YESTERDAY        0.0                       0.1   -0.1
  SINCE DEC 1      0.0                       0.1   -0.1
  SINCE JUL 1      T                         0.1   -0.1

DEGREE DAYS
 HEATING
  YESTERDAY       12                        14     -2        4
  MONTH TO DATE  154                       150      4      128
  SINCE DEC 1    154                       150      4      128
  SINCE JUL 1    440                       442     -2      346

 COOLING
  YESTERDAY        0                         0      0        0
  MONTH TO DATE    0                         0      0        0
  SINCE DEC 1      0                         0      0        0
  SINCE JAN 1   2679                      2297    382     2958
..................................................................


WIND (MPH)
  HIGHEST WIND SPEED    23   HIGHEST WIND DIRECTION     W (290)
  HIGHEST GUST SPEED    36   HIGHEST GUST DIRECTION    NW (310)
  AVERAGE WIND SPEED    12.1


SKY COVER
  POSSIBLE SUNSHINE  MM
  AVERAGE SKY COVER 0.1


WEATHER CONDITIONS
 THE FOLLOWING WEATHER WAS RECORDED YESTERDAY.
  NO SIGNIFICANT WEATHER WAS OBSERVED.


RELATIVE HUMIDITY (PERCENT)
 HIGHEST    89          1200 AM
 LOWEST     39           300 PM
 AVERAGE    64

..........................................................


THE NORTH CHARLESTON SC CLIMATE NORMALS FOR TODAY
                         NORMAL    RECORD    YEAR
 MAXIMUM TEMPERATURE (F)   62        80      2007
                                             1971
                                             1956
 MINIMUM TEMPERATURE (F)   41         8      1962


SUNRISE AND SUNSET
DECEMBER 13 2017......SUNRISE   714 AM EST   SUNSET   515 PM EST
DECEMBER 14 2017......SUNRISE   715 AM EST   SUNSET   515 PM EST


-  INDICATES NEGATIVE NUMBERS.
R  INDICATES RECORD WAS SET OR TIED.
MM INDICATES DATA IS MISSING.
T  INDICATES TRACE AMOUNT.




$$
