000
CDUS42 KCHS 170619
CLICHS


CLIMATE REPORT
NATIONAL WEATHER SERVICE CHARLESTON SC
118 AM EST SAT FEB 17 2018


...................................

...THE NORTH CHARLESTON SC CLIMATE SUMMARY FOR FEBRUARY 16 2018...

CLIMATE NORMAL PERIOD 1981 TO 2010
CLIMATE RECORD PERIOD 1938 TO 2018


WEATHER ITEM   OBSERVED TIME   RECORD YEAR NORMAL DEPARTURE LAST
                VALUE   (LST)  VALUE       VALUE  FROM      YEAR
                                                  NORMAL
..................................................................
TEMPERATURE (F)
 YESTERDAY
  MAXIMUM         83    313 PM  87    1989  63     20       65
  MINIMUM         61    323 AM  19    1991  41     20       39
  AVERAGE         72                        52     20       52

PRECIPITATION (IN)
  YESTERDAY        0.00          3.02 1998   0.11  -0.11     0.00
  MONTH TO DATE    1.25                      1.70  -0.45     0.40
  SINCE DEC 1      6.52                      8.52  -2.00     8.96
  SINCE JAN 1      4.01                      5.41  -1.40     4.18

SNOWFALL (IN)
  YESTERDAY        0.0                       0.0    0.0
  SINCE DEC 1      5.3                       0.4    4.9
  SINCE JUL 1      5.3                       0.4    4.9

DEGREE DAYS
 HEATING
  YESTERDAY        0                        13    -13       13
  MONTH TO DATE  122                       233   -111      129
  SINCE DEC 1   1146                      1200    -54      709
  SINCE JUL 1   1432                      1492    -60      927

 COOLING
  YESTERDAY        7                         0      7        0
  MONTH TO DATE   17                         0     17        4
  SINCE DEC 1     23                         9     14       26
  SINCE JAN 1     20                         2     18       19
..................................................................


WIND (MPH)
  HIGHEST WIND SPEED    22   HIGHEST WIND DIRECTION     W (260)
  HIGHEST GUST SPEED    29   HIGHEST GUST DIRECTION     W (260)
  AVERAGE WIND SPEED    11.2


SKY COVER
  POSSIBLE SUNSHINE  MM
  AVERAGE SKY COVER 0.4


WEATHER CONDITIONS
 THE FOLLOWING WEATHER WAS RECORDED YESTERDAY.
  NO SIGNIFICANT WEATHER WAS OBSERVED.


RELATIVE HUMIDITY (PERCENT)
 HIGHEST    97           300 AM
 LOWEST     45           400 PM
 AVERAGE    71

..........................................................


THE NORTH CHARLESTON SC CLIMATE NORMALS FOR TODAY
                         NORMAL    RECORD    YEAR
 MAXIMUM TEMPERATURE (F)   63        79      1976
 MINIMUM TEMPERATURE (F)   41        15      1958


SUNRISE AND SUNSET
FEBRUARY 17 2018......SUNRISE   701 AM EST   SUNSET   607 PM EST
FEBRUARY 18 2018......SUNRISE   700 AM EST   SUNSET   608 PM EST


-  INDICATES NEGATIVE NUMBERS.
R  INDICATES RECORD WAS SET OR TIED.
MM INDICATES DATA IS MISSING.
T  INDICATES TRACE AMOUNT.




$$
