000
CDUS42 KCHS 110522
CLICHS


CLIMATE REPORT
NATIONAL WEATHER SERVICE CHARLESTON SC
122 AM EDT FRI JUL 11 2014


...................................

...THE NORTH CHARLESTON SC CLIMATE SUMMARY FOR JULY 10 2014...

CLIMATE NORMAL PERIOD 1981 TO 2010
CLIMATE RECORD PERIOD 1938 TO 2014


WEATHER ITEM   OBSERVED TIME   RECORD YEAR NORMAL DEPARTURE LAST
                VALUE   (LST)  VALUE       VALUE  FROM      YEAR
                                                  NORMAL
..................................................................
TEMPERATURE (F)
 YESTERDAY
  MAXIMUM         94    226 PM 100    1986  91      3       90
  MINIMUM         78   1159 PM  65    1972  73      5       74
                                      1963
                                      1960
  AVERAGE         86                        82      4       82

PRECIPITATION (IN)
  YESTERDAY        T             3.45 1954   0.22  -0.22     0.00
  MONTH TO DATE    0.16                      2.08  -1.92     1.92
  SINCE JUN 1      3.75                      7.73  -3.98    15.24
  SINCE JAN 1     21.00                     24.04  -3.04    38.68

DEGREE DAYS
 HEATING
  YESTERDAY        0                         0      0        0
  MONTH TO DATE    0                         0      0        0
  SINCE JUN 1      0                         1     -1        0
  SINCE JUL 1      0                         0      0        0

 COOLING
  YESTERDAY       21                        17      4       17
  MONTH TO DATE  188                       167     21      166
  SINCE JUN 1    706                       588    118      630
  SINCE JAN 1   1216                       950    266      977
..................................................................


WIND (MPH)
  HIGHEST WIND SPEED    20   HIGHEST WIND DIRECTION     S (180)
  HIGHEST GUST SPEED    25   HIGHEST GUST DIRECTION    SW (210)
  AVERAGE WIND SPEED     9.5


SKY COVER
  POSSIBLE SUNSHINE  MM
  AVERAGE SKY COVER 0.5


WEATHER CONDITIONS
 THE FOLLOWING WEATHER WAS RECORDED YESTERDAY.
  LIGHT RAIN


RELATIVE HUMIDITY (PERCENT)
 HIGHEST    91           400 AM
 LOWEST     46           200 PM
 AVERAGE    69

..........................................................


THE NORTH CHARLESTON SC CLIMATE NORMALS FOR TODAY
                         NORMAL    RECORD    YEAR
 MAXIMUM TEMPERATURE (F)   91       102      1986
 MINIMUM TEMPERATURE (F)   73        62      1963


SUNRISE AND SUNSET
JULY 11 2014..........SUNRISE   620 AM EDT   SUNSET   831 PM EDT
JULY 12 2014..........SUNRISE   621 AM EDT   SUNSET   830 PM EDT


-  INDICATES NEGATIVE NUMBERS.
R  INDICATES RECORD WAS SET OR TIED.
MM INDICATES DATA IS MISSING.
T  INDICATES TRACE AMOUNT.




$$
