841
CDUS43 KDVN 201026
CLICID


CLIMATE REPORT
NATIONAL WEATHER SERVICE QUAD CITIES IA IL
425 AM CST MON FEB 20 2017


...................................

...THE CEDAR RAPIDS IA CLIMATE SUMMARY FOR FEBRUARY 19 2017...

CLIMATE NORMAL PERIOD 1981 TO 2010
CLIMATE RECORD PERIOD 1891 TO 2017


WEATHER ITEM   OBSERVED TIME   RECORD YEAR NORMAL DEPARTURE LAST
                VALUE   (LST)  VALUE       VALUE  FROM      YEAR
                                                  NORMAL
..................................................................
TEMPERATURE (F)
 YESTERDAY
  MAXIMUM         70R   356 PM  68    1930  35     35       55
  MINIMUM         28    618 AM -13    1978  17     11       40
  AVERAGE         49                        26     23       48

PRECIPITATION (IN)
  YESTERDAY        0.00         MM      MM   0.04  -0.04     0.00
  MONTH TO DATE    0.29                      0.76  -0.47     0.23
  SINCE DEC 1      3.04                      3.10  -0.06     4.67
  SINCE JAN 1      1.79                      1.68   0.11     0.60

DEGREE DAYS
 HEATING
  YESTERDAY       16                        39    -23       17
  MONTH TO DATE  627                       800   -173      761
  SINCE DEC 1   3161                      3502   -341     3019
  SINCE JUL 1   4078                      4948   -870     4050

 COOLING
  YESTERDAY        0                         0      0        0
  MONTH TO DATE    0                         0      0        0
  SINCE DEC 1      0                         0      0        0
  SINCE JAN 1      0                         0      0        0
..................................................................


WIND (MPH)
  HIGHEST WIND SPEED    14   HIGHEST WIND DIRECTION    SE (150)
  HIGHEST GUST SPEED    19   HIGHEST GUST DIRECTION    SE (150)
  AVERAGE WIND SPEED     7.1


SKY COVER
  POSSIBLE SUNSHINE  MM
  AVERAGE SKY COVER 0.0


WEATHER CONDITIONS
 THE FOLLOWING WEATHER WAS RECORDED YESTERDAY.
  FOG
  FOG W/VISIBILITY <= 1/4 MILE


RELATIVE HUMIDITY (PERCENT)
 HIGHEST   100           100 AM
 LOWEST     39           200 PM
 AVERAGE    70

..........................................................


THE CEDAR RAPIDS IA CLIMATE NORMALS FOR TODAY
                         NORMAL    RECORD    YEAR
 MAXIMUM TEMPERATURE (F)   35        60      1981
 MINIMUM TEMPERATURE (F)   17       -23      1929


SUNRISE AND SUNSET
FEBRUARY 20 2017......SUNRISE   655 AM CST   SUNSET   547 PM CST
FEBRUARY 21 2017......SUNRISE   654 AM CST   SUNSET   548 PM CST


-  INDICATES NEGATIVE NUMBERS.
R  INDICATES RECORD WAS SET OR TIED.
MM INDICATES DATA IS MISSING.
T  INDICATES TRACE AMOUNT.




$$
