000
CDUS43 KDVN 052137
CLICID


CLIMATE REPORT
NATIONAL WEATHER SERVICE QUAD CITIES IA IL
436 PM CDT TUE MAY 5 2015


...................................

...THE CEDAR RAPIDS IA CLIMATE SUMMARY FOR MAY 5 2015...
VALID TODAY AS OF 0400 PM LOCAL TIME.

CLIMATE NORMAL PERIOD 1981 TO 2010
CLIMATE RECORD PERIOD 1891 TO 2015


WEATHER ITEM   OBSERVED TIME   RECORD YEAR NORMAL DEPARTURE LAST
                VALUE   (LST)  VALUE       VALUE  FROM      YEAR
                                                  NORMAL
..................................................................
TEMPERATURE (F)
 TODAY
  MAXIMUM         67    259 PM  94    1924  68     -1       67
  MINIMUM         60   1012 AM  29    1929  45     15       45
  AVERAGE         64                        56      8       56

PRECIPITATION (IN)
  TODAY            0.19         MM      MM   0.13   0.06     0.00
  MONTH TO DATE    1.10                      0.66   0.44     0.02
  SINCE MAR 1      5.34                      5.81  -0.47     7.28
  SINCE JAN 1      6.67                      7.95  -1.28     9.03

DEGREE DAYS
 HEATING
  TODAY            1                         9     -8        9
  MONTH TO DATE    1                        48    -47       65
  SINCE MAR 1   1292                      1410   -118     1652
  SINCE JUL 1   6819                      6693    126     7691

 COOLING
  TODAY            0                         0      0        0
  MONTH TO DATE    1                         0      1        0
  SINCE MAR 1      1                         7     -6        7
  SINCE JAN 1      1                         7     -6        7
..................................................................


WIND (MPH)
  HIGHEST WIND SPEED    18   HIGHEST WIND DIRECTION     E (90)
  HIGHEST GUST SPEED    24   HIGHEST GUST DIRECTION     E (110)
  AVERAGE WIND SPEED     9.8


SKY COVER
  POSSIBLE SUNSHINE  MM
  AVERAGE SKY COVER 1.0


WEATHER CONDITIONS
 THE FOLLOWING WEATHER WAS RECORDED TODAY.
  HEAVY RAIN
  RAIN
  LIGHT RAIN
  FOG
  FOG W/VISIBILITY <= 1/4 MILE


RELATIVE HUMIDITY (PERCENT)
 HIGHEST   100          1200 AM
 LOWEST     87           300 PM
 AVERAGE    94

..........................................................


THE CEDAR RAPIDS IA CLIMATE NORMALS FOR TOMORROW
                         NORMAL    RECORD    YEAR
 MAXIMUM TEMPERATURE (F)   68       100      1896
 MINIMUM TEMPERATURE (F)   45        30      1989


SUNRISE AND SUNSET
MAY  5 2015...........SUNRISE   558 AM CDT   SUNSET   809 PM CDT
MAY  6 2015...........SUNRISE   557 AM CDT   SUNSET   811 PM CDT


-  INDICATES NEGATIVE NUMBERS.
R  INDICATES RECORD WAS SET OR TIED.
MM INDICATES DATA IS MISSING.
T  INDICATES TRACE AMOUNT.




$$
