000
CDUS43 KDVN 292130
CLICID


CLIMATE REPORT
NATIONAL WEATHER SERVICE QUAD CITIES IA IL
429 PM CDT THU SEP 29 2016


...................................

...THE CEDAR RAPIDS IA CLIMATE SUMMARY FOR SEPTEMBER 29 2016...
VALID TODAY AS OF 0400 PM LOCAL TIME.

CLIMATE NORMAL PERIOD 1981 TO 2010
CLIMATE RECORD PERIOD 1891 TO 2016


WEATHER ITEM   OBSERVED TIME   RECORD YEAR NORMAL DEPARTURE LAST
                VALUE   (LST)  VALUE       VALUE  FROM      YEAR
                                                  NORMAL
..................................................................
TEMPERATURE (F)
 TODAY
  MAXIMUM         74    257 PM  92    1953  69      5       69
  MINIMUM         50    520 AM  27    1984  45      5       51
  AVERAGE         62                        57      5       60

PRECIPITATION (IN)
  TODAY            0.00         MM      MM   0.09  -0.09     0.69
  MONTH TO DATE    6.92                      3.07   3.85     5.04
  SINCE SEP 1      6.92                      3.07   3.85     5.04
  SINCE JAN 1     35.45                     28.37   7.08    30.69

DEGREE DAYS
 HEATING
  TODAY            3                         9     -6        5
  MONTH TO DATE   27                       129   -102       39
  SINCE SEP 1     27                       129   -102       39
  SINCE JUL 1     31                       148   -117       67

 COOLING
  TODAY            0                         1     -1        0
  MONTH TO DATE  136                        71     65      150
  SINCE SEP 1    136                        71     65      150
  SINCE JAN 1    947                       739    208      710
..................................................................


WIND (MPH)
  HIGHEST WIND SPEED    22   HIGHEST WIND DIRECTION    NE (30)
  HIGHEST GUST SPEED    29   HIGHEST GUST DIRECTION     N (10)
  AVERAGE WIND SPEED    12.2


SKY COVER
  POSSIBLE SUNSHINE  MM
  AVERAGE SKY COVER 0.0


WEATHER CONDITIONS
 THE FOLLOWING WEATHER WAS RECORDED TODAY.
  NO SIGNIFICANT WEATHER WAS OBSERVED.


RELATIVE HUMIDITY (PERCENT)
 HIGHEST   100          1200 AM
 LOWEST     41           100 PM
 AVERAGE    71

..........................................................


THE CEDAR RAPIDS IA CLIMATE NORMALS FOR TOMORROW
                         NORMAL    RECORD    YEAR
 MAXIMUM TEMPERATURE (F)   69        91      1994
 MINIMUM TEMPERATURE (F)   45        22      1899


SUNRISE AND SUNSET
SEPTEMBER 29 2016.....SUNRISE   702 AM CDT   SUNSET   651 PM CDT
SEPTEMBER 30 2016.....SUNRISE   703 AM CDT   SUNSET   649 PM CDT


-  INDICATES NEGATIVE NUMBERS.
R  INDICATES RECORD WAS SET OR TIED.
MM INDICATES DATA IS MISSING.
T  INDICATES TRACE AMOUNT.




$$
