439
CDUS43 KDVN 282120
CLICID


CLIMATE REPORT
NATIONAL WEATHER SERVICE QUAD CITIES IA IL
419 PM CDT TUE MAR 28 2017


...................................

...THE CEDAR RAPIDS IA CLIMATE SUMMARY FOR MARCH 28 2017...
VALID TODAY AS OF 0400 PM LOCAL TIME.

CLIMATE NORMAL PERIOD 1981 TO 2010
CLIMATE RECORD PERIOD 1891 TO 2017


WEATHER ITEM   OBSERVED TIME   RECORD YEAR NORMAL DEPARTURE LAST
                VALUE   (LST)  VALUE       VALUE  FROM      YEAR
                                                  NORMAL
..................................................................
TEMPERATURE (F)
 TODAY
  MAXIMUM         51    259 PM  81    1968  53     -2       59
  MINIMUM         45    701 AM   9    1970  31     14       26
  AVERAGE         48                        42      6       43

PRECIPITATION (IN)
  TODAY            0.00         MM      MM   0.07  -0.07     0.00
  MONTH TO DATE    1.50                      1.86  -0.36     1.75
  SINCE MAR 1      1.50                      1.86  -0.36     1.75
  SINCE JAN 1      3.67                      4.00  -0.33     2.35

DEGREE DAYS
 HEATING
  TODAY           17                        23     -6       22
  MONTH TO DATE  778                       813    -35      652
  SINCE MAR 1    778                       813    -35      652
  SINCE JUL 1   5054                      6096  -1042     4963

 COOLING
  TODAY            0                         0      0        0
  MONTH TO DATE    0                         0      0        0
  SINCE MAR 1      0                         0      0        0
  SINCE JAN 1      0                         0      0        0
..................................................................


WIND (MPH)
  HIGHEST WIND SPEED     9   HIGHEST WIND DIRECTION     E (70)
  HIGHEST GUST SPEED    16   HIGHEST GUST DIRECTION     W (290)
  AVERAGE WIND SPEED     4.8


SKY COVER
  POSSIBLE SUNSHINE  MM
  AVERAGE SKY COVER 1.0


WEATHER CONDITIONS
 THE FOLLOWING WEATHER WAS RECORDED TODAY.
  FOG


RELATIVE HUMIDITY (PERCENT)
 HIGHEST   100          1200 AM
 LOWEST     77           300 PM
 AVERAGE    89

..........................................................


THE CEDAR RAPIDS IA CLIMATE NORMALS FOR TOMORROW
                         NORMAL    RECORD    YEAR
 MAXIMUM TEMPERATURE (F)   53        88      1986
 MINIMUM TEMPERATURE (F)   31         9      1969


SUNRISE AND SUNSET
MARCH 28 2017.........SUNRISE   656 AM CDT   SUNSET   728 PM CDT
MARCH 29 2017.........SUNRISE   654 AM CDT   SUNSET   729 PM CDT


-  INDICATES NEGATIVE NUMBERS.
R  INDICATES RECORD WAS SET OR TIED.
MM INDICATES DATA IS MISSING.
T  INDICATES TRACE AMOUNT.




$$
