000
CDUS43 KDVN 162130
CLICID


CLIMATE REPORT
NATIONAL WEATHER SERVICE QUAD CITIES IA IL
429 PM CDT TUE SEP 16 2014


...................................

...THE CEDAR RAPIDS IA CLIMATE SUMMARY FOR SEPTEMBER 16 2014...
VALID TODAY AS OF 0400 PM LOCAL TIME.

CLIMATE NORMAL PERIOD 1981 TO 2010
CLIMATE RECORD PERIOD 1891 TO 2014


WEATHER ITEM   OBSERVED TIME   RECORD YEAR NORMAL DEPARTURE LAST
                VALUE   (LST)  VALUE       VALUE  FROM      YEAR
                                                  NORMAL
..................................................................
TEMPERATURE (F)
 TODAY
  MAXIMUM         66    254 PM  98    1931  75     -9       68
  MINIMUM         39    538 AM  34    1937  51    -12       50
  AVERAGE         53                        63    -10       59

PRECIPITATION (IN)
  TODAY            0.00         MM      MM   0.10  -0.10     0.00
  MONTH TO DATE    3.27                      1.77   1.50     0.88
  SINCE SEP 1      3.27                      1.77   1.50     0.88
  SINCE JAN 1     33.75                     27.07   6.68    30.28

DEGREE DAYS
 HEATING
  TODAY           12                         4      8        6
  MONTH TO DATE   93                        42     51       26
  SINCE SEP 1     93                        42     51       26
  SINCE JUL 1    112                        61     51       45

 COOLING
  TODAY            0                         2     -2        0
  MONTH TO DATE   34                        53    -19      114
  SINCE SEP 1     34                        53    -19      114
  SINCE JAN 1    651                       721    -70      834
..................................................................


WIND (MPH)
  HIGHEST WIND SPEED     9   HIGHEST WIND DIRECTION     W (250)
  HIGHEST GUST SPEED    13   HIGHEST GUST DIRECTION     W (250)
  AVERAGE WIND SPEED     4.2


SKY COVER
  POSSIBLE SUNSHINE  MM
  AVERAGE SKY COVER 0.0


WEATHER CONDITIONS
 THE FOLLOWING WEATHER WAS RECORDED TODAY.
  FOG


RELATIVE HUMIDITY (PERCENT)
 HIGHEST   100          1200 AM
 LOWEST     48           300 PM
 AVERAGE    74

..........................................................


THE CEDAR RAPIDS IA CLIMATE NORMALS FOR TOMORROW
                         NORMAL    RECORD    YEAR
 MAXIMUM TEMPERATURE (F)   74        99      1925
 MINIMUM TEMPERATURE (F)   51        38      1943


SUNRISE AND SUNSET
SEPTEMBER 16 2014.....SUNRISE   648 AM CDT   SUNSET   714 PM CDT
SEPTEMBER 17 2014.....SUNRISE   649 AM CDT   SUNSET   713 PM CDT


-  INDICATES NEGATIVE NUMBERS.
R  INDICATES RECORD WAS SET OR TIED.
MM INDICATES DATA IS MISSING.
T  INDICATES TRACE AMOUNT.




$$
