000
CDUS43 KDVN 042121
CLICID


CLIMATE REPORT
NATIONAL WEATHER SERVICE QUAD CITIES IA IL
420 PM CDT TUE AUG 4 2015


...................................

...THE CEDAR RAPIDS IA CLIMATE SUMMARY FOR AUGUST 4 2015...
VALID TODAY AS OF 0400 PM LOCAL TIME.

CLIMATE NORMAL PERIOD 1981 TO 2010
CLIMATE RECORD PERIOD 1891 TO 2015


WEATHER ITEM   OBSERVED TIME   RECORD YEAR NORMAL DEPARTURE LAST
                VALUE   (LST)  VALUE       VALUE  FROM      YEAR
                                                  NORMAL
..................................................................
TEMPERATURE (F)
 TODAY
  MAXIMUM         79    251 PM 103    1930  83     -4       85
  MINIMUM         55    450 AM  47    1978  62     -7       65
  AVERAGE         67                        72     -5       75

PRECIPITATION (IN)
  TODAY            0.00         MM      MM   0.14  -0.14     0.30
  MONTH TO DATE    0.01                      0.56  -0.55     0.38
  SINCE JUN 1     14.44                      9.94   4.50    17.24
  SINCE JAN 1     23.64                     21.38   2.26    28.48

DEGREE DAYS
 HEATING
  TODAY            0                         0      0        0
  MONTH TO DATE    0                         0      0        0
  SINCE JUN 1     13                        33    -20       24
  SINCE JUL 1      4                         4      0       19

 COOLING
  TODAY            2                         7     -5       10
  MONTH TO DATE   25                        30     -5       26
  SINCE JUN 1    391                       448    -57      343
  SINCE JAN 1    441                       497    -56      423
..................................................................


WIND (MPH)
  HIGHEST WIND SPEED    10   HIGHEST WIND DIRECTION     W (280)
  HIGHEST GUST SPEED    13   HIGHEST GUST DIRECTION     W (270)
  AVERAGE WIND SPEED     3.6


SKY COVER
  POSSIBLE SUNSHINE  MM
  AVERAGE SKY COVER 0.0


WEATHER CONDITIONS
 THE FOLLOWING WEATHER WAS RECORDED TODAY.
  NO SIGNIFICANT WEATHER WAS OBSERVED.


RELATIVE HUMIDITY (PERCENT)
 HIGHEST   100           400 AM
 LOWEST     58           300 PM
 AVERAGE    79

..........................................................


THE CEDAR RAPIDS IA CLIMATE NORMALS FOR TOMORROW
                         NORMAL    RECORD    YEAR
 MAXIMUM TEMPERATURE (F)   83       100      1947
 MINIMUM TEMPERATURE (F)   62        48      1948


SUNRISE AND SUNSET
AUGUST  4 2015........SUNRISE   603 AM CDT   SUNSET   822 PM CDT
AUGUST  5 2015........SUNRISE   604 AM CDT   SUNSET   821 PM CDT


-  INDICATES NEGATIVE NUMBERS.
R  INDICATES RECORD WAS SET OR TIED.
MM INDICATES DATA IS MISSING.
T  INDICATES TRACE AMOUNT.




$$
