000
CDUS43 KDVN 061004
CLICID


CLIMATE REPORT
NATIONAL WEATHER SERVICE QUAD CITIES IA IL
403 AM CST FRI MAR 6 2015


...................................

...THE CEDAR RAPIDS IA CLIMATE SUMMARY FOR MARCH 5 2015...

CLIMATE NORMAL PERIOD 1981 TO 2010
CLIMATE RECORD PERIOD 1891 TO 2015


WEATHER ITEM   OBSERVED TIME   RECORD YEAR NORMAL DEPARTURE LAST
                VALUE   (LST)  VALUE       VALUE  FROM      YEAR
                                                  NORMAL
..................................................................
TEMPERATURE (F)
 YESTERDAY
  MAXIMUM         10    406 PM  72    1921  41    -31       22
  MINIMUM         -9    628 AM -12    1960  23    -32       18
  AVERAGE          1                        32    -31       20

PRECIPITATION (IN)
  YESTERDAY        0.00         MM      MM   0.06  -0.06      T
  MONTH TO DATE    0.25                      0.30  -0.05     0.16
  SINCE MAR 1      0.25                      0.30  -0.05     0.16
  SINCE JAN 1      1.58                      2.44  -0.86     1.91

DEGREE DAYS
 HEATING
  YESTERDAY       64                        33     31       45
  MONTH TO DATE  259                       171     88      283
  SINCE MAR 1    259                       171     88      283
  SINCE JUL 1   5786                      5454    332     6322

 COOLING
  YESTERDAY        0                         0      0        0
  MONTH TO DATE    0                         0      0        0
  SINCE MAR 1      0                         0      0        0
  SINCE JAN 1      0                         0      0        0
..................................................................


WIND (MPH)
  HIGHEST WIND SPEED    15   HIGHEST WIND DIRECTION    NW (320)
  HIGHEST GUST SPEED    19   HIGHEST GUST DIRECTION    NW (310)
  AVERAGE WIND SPEED     7.3


SKY COVER
  POSSIBLE SUNSHINE  MM
  AVERAGE SKY COVER 0.0


WEATHER CONDITIONS
 THE FOLLOWING WEATHER WAS RECORDED YESTERDAY.
  NO SIGNIFICANT WEATHER WAS OBSERVED.


RELATIVE HUMIDITY (PERCENT)
 HIGHEST    86          1100 PM
 LOWEST     63          1200 PM
 AVERAGE    75

..........................................................


THE CEDAR RAPIDS IA CLIMATE NORMALS FOR TODAY
                         NORMAL    RECORD    YEAR
 MAXIMUM TEMPERATURE (F)   41        73      2005
 MINIMUM TEMPERATURE (F)   23        -8      1960


SUNRISE AND SUNSET
MARCH  6 2015.........SUNRISE   634 AM CST   SUNSET   603 PM CST
MARCH  7 2015.........SUNRISE   632 AM CST   SUNSET   604 PM CST


-  INDICATES NEGATIVE NUMBERS.
R  INDICATES RECORD WAS SET OR TIED.
MM INDICATES DATA IS MISSING.
T  INDICATES TRACE AMOUNT.




$$
