554
CDUS43 KDVN 290908
CLICID


CLIMATE REPORT
NATIONAL WEATHER SERVICE QUAD CITIES IA IL
407 AM CDT WED JUN 29 2016


...................................

...THE CEDAR RAPIDS IA CLIMATE SUMMARY FOR JUNE 28 2016...

CLIMATE NORMAL PERIOD 1981 TO 2010
CLIMATE RECORD PERIOD 1891 TO 2016


WEATHER ITEM   OBSERVED TIME   RECORD YEAR NORMAL DEPARTURE LAST
                VALUE   (LST)  VALUE       VALUE  FROM      YEAR
                                                  NORMAL
..................................................................
TEMPERATURE (F)
 YESTERDAY
  MAXIMUM         75    410 PM 103    1931  83     -8       72
  MINIMUM         57   1155 PM  40    1925  62     -5       58
  AVERAGE         66                        72     -6       65

PRECIPITATION (IN)
  YESTERDAY        0.00         MM      MM   0.18  -0.18     0.45
  MONTH TO DATE    7.72                      4.58   3.14     8.71
  SINCE JUN 1      7.72                      4.58   3.14     8.71
  SINCE JAN 1     16.38                     16.02   0.36    17.91

DEGREE DAYS
 HEATING
  YESTERDAY        0                         0      0        0
  MONTH TO DATE    4                        29    -25        9
  SINCE JUN 1      4                        29    -25        9
  SINCE JUL 1   5653                      6866  -1213     6966

 COOLING
  YESTERDAY        1                         8     -7        0
  MONTH TO DATE  235                       151     84      135
  SINCE JUN 1    235                       151     84      135
  SINCE JAN 1    295                       200     95      185
..................................................................


WIND (MPH)
  HIGHEST WIND SPEED    15   HIGHEST WIND DIRECTION     N (350)
  HIGHEST GUST SPEED    20   HIGHEST GUST DIRECTION     N (10)
  AVERAGE WIND SPEED     6.9


SKY COVER
  POSSIBLE SUNSHINE  MM
  AVERAGE SKY COVER 0.2


WEATHER CONDITIONS
 THE FOLLOWING WEATHER WAS RECORDED YESTERDAY.
  NO SIGNIFICANT WEATHER WAS OBSERVED.


RELATIVE HUMIDITY (PERCENT)
 HIGHEST   100           400 AM
 LOWEST     54           400 PM
 AVERAGE    77

..........................................................


THE CEDAR RAPIDS IA CLIMATE NORMALS FOR TODAY
                         NORMAL    RECORD    YEAR
 MAXIMUM TEMPERATURE (F)   83       103      1931
 MINIMUM TEMPERATURE (F)   62        47      1929


SUNRISE AND SUNSET
JUNE 29 2016..........SUNRISE   535 AM CDT   SUNSET   846 PM CDT
JUNE 30 2016..........SUNRISE   535 AM CDT   SUNSET   846 PM CDT


-  INDICATES NEGATIVE NUMBERS.
R  INDICATES RECORD WAS SET OR TIED.
MM INDICATES DATA IS MISSING.
T  INDICATES TRACE AMOUNT.




$$
