000
CDUS43 KDVN 200921
CLICID


CLIMATE REPORT
NATIONAL WEATHER SERVICE QUAD CITIES IA IL
421 AM CDT SAT SEP 20 2014


...................................

...THE CEDAR RAPIDS IA CLIMATE SUMMARY FOR SEPTEMBER 19 2014...

CLIMATE NORMAL PERIOD 1981 TO 2010
CLIMATE RECORD PERIOD 1891 TO 2014


WEATHER ITEM   OBSERVED TIME   RECORD YEAR NORMAL DEPARTURE LAST
                VALUE   (LST)  VALUE       VALUE  FROM      YEAR
                                                  NORMAL
..................................................................
TEMPERATURE (F)
 YESTERDAY
  MAXIMUM         75    308 PM  98    1925  73      2       90
  MINIMUM         49    531 AM  33    1991  50     -1       65
  AVERAGE         62                        62      0       78

PRECIPITATION (IN)
  YESTERDAY        0.00         MM      MM   0.11  -0.11     0.86
  MONTH TO DATE    3.27                      2.09   1.18     1.76
  SINCE SEP 1      3.27                      2.09   1.18     1.76
  SINCE JAN 1     33.75                     27.39   6.36    31.16

DEGREE DAYS
 HEATING
  YESTERDAY        3                         5     -2        0
  MONTH TO DATE  109                        57     52       33
  SINCE SEP 1    109                        57     52       33
  SINCE JUL 1    128                        76     52       52

 COOLING
  YESTERDAY        0                         2     -2       13
  MONTH TO DATE   34                        59    -25      137
  SINCE SEP 1     34                        59    -25      137
  SINCE JAN 1    651                       727    -76      857
..................................................................


WIND (MPH)
  HIGHEST WIND SPEED    22   HIGHEST WIND DIRECTION     S (190)
  HIGHEST GUST SPEED    31   HIGHEST GUST DIRECTION     S (180)
  AVERAGE WIND SPEED    12.0


SKY COVER
  POSSIBLE SUNSHINE  MM
  AVERAGE SKY COVER 0.0


WEATHER CONDITIONS
 THE FOLLOWING WEATHER WAS RECORDED YESTERDAY.
  FOG


RELATIVE HUMIDITY (PERCENT)
 HIGHEST   100           500 AM
 LOWEST     57           100 PM
 AVERAGE    79

..........................................................


THE CEDAR RAPIDS IA CLIMATE NORMALS FOR TODAY
                         NORMAL    RECORD    YEAR
 MAXIMUM TEMPERATURE (F)   73        93      1931
 MINIMUM TEMPERATURE (F)   49        29      1991


SUNRISE AND SUNSET
SEPTEMBER 20 2014.....SUNRISE   652 AM CDT   SUNSET   707 PM CDT
SEPTEMBER 21 2014.....SUNRISE   653 AM CDT   SUNSET   706 PM CDT


-  INDICATES NEGATIVE NUMBERS.
R  INDICATES RECORD WAS SET OR TIED.
MM INDICATES DATA IS MISSING.
T  INDICATES TRACE AMOUNT.




$$
