000
CDUS43 KDVN 302137
CLICID


CLIMATE REPORT
NATIONAL WEATHER SERVICE QUAD CITIES IA IL
436 PM CDT MON MAR 30 2015


...................................

...THE CEDAR RAPIDS IA CLIMATE SUMMARY FOR MARCH 30 2015...
VALID TODAY AS OF 0400 PM LOCAL TIME.

CLIMATE NORMAL PERIOD 1981 TO 2010
CLIMATE RECORD PERIOD 1891 TO 2015


WEATHER ITEM   OBSERVED TIME   RECORD YEAR NORMAL DEPARTURE LAST
                VALUE   (LST)  VALUE       VALUE  FROM      YEAR
                                                  NORMAL
..................................................................
TEMPERATURE (F)
 TODAY
  MAXIMUM         72    259 PM  82    1943  54     18       65
  MINIMUM         29    505 AM   6    1964  32     -3       31
  AVERAGE         51                        43      8       48

PRECIPITATION (IN)
  TODAY            0.00         MM      MM   0.08  -0.08     0.00
  MONTH TO DATE    0.52                      2.02  -1.50     0.35
  SINCE MAR 1      0.52                      2.02  -1.50     0.35
  SINCE JAN 1      1.85                      4.16  -2.31     2.10

DEGREE DAYS
 HEATING
  TODAY           14                        22     -8       17
  MONTH TO DATE  858                       858      0     1055
  SINCE MAR 1    858                       858      0     1055
  SINCE JUL 1   6385                      6141    244     7094

 COOLING
  TODAY            0                         0      0        0
  MONTH TO DATE    0                         0      0        0
  SINCE MAR 1      0                         0      0        0
  SINCE JAN 1      0                         0      0        0
..................................................................


WIND (MPH)
  HIGHEST WIND SPEED    29   HIGHEST WIND DIRECTION    SW (240)
  HIGHEST GUST SPEED    34   HIGHEST GUST DIRECTION    SW (230)
  AVERAGE WIND SPEED    12.9


SKY COVER
  POSSIBLE SUNSHINE  MM
  AVERAGE SKY COVER 0.1


WEATHER CONDITIONS
 THE FOLLOWING WEATHER WAS RECORDED TODAY.
  NO SIGNIFICANT WEATHER WAS OBSERVED.


RELATIVE HUMIDITY (PERCENT)
 HIGHEST    78           500 AM
 LOWEST     20           200 PM
 AVERAGE    49

..........................................................


THE CEDAR RAPIDS IA CLIMATE NORMALS FOR TOMORROW
                         NORMAL    RECORD    YEAR
 MAXIMUM TEMPERATURE (F)   54        81      1986
 MINIMUM TEMPERATURE (F)   32         9      1923


SUNRISE AND SUNSET
MARCH 30 2015.........SUNRISE   653 AM CDT   SUNSET   730 PM CDT
MARCH 31 2015.........SUNRISE   652 AM CDT   SUNSET   731 PM CDT


-  INDICATES NEGATIVE NUMBERS.
R  INDICATES RECORD WAS SET OR TIED.
MM INDICATES DATA IS MISSING.
T  INDICATES TRACE AMOUNT.




$$
