000
CDUS41 KCLE 010545
CLICLE


CLIMATE REPORT
NATIONAL WEATHER SERVICE CLEVELAND OH
145 AM EDT WED JUN 1 2016


...................................

...THE CLEVELAND OH CLIMATE SUMMARY FOR MAY 31 2016...

CLIMATE NORMAL PERIOD 1981 TO 2010
CLIMATE RECORD PERIOD 1871 TO 2016


WEATHER ITEM   OBSERVED TIME   RECORD YEAR NORMAL DEPARTURE LAST
                VALUE   (LST)  VALUE       VALUE  FROM      YEAR
                                                  NORMAL
..................................................................
TEMPERATURE (F)
 YESTERDAY
  MAXIMUM         81   1022 AM  92    1944  74      7       60
  MINIMUM         60    431 AM  39    1996  55      5       47
                                      1984
  AVERAGE         71                        64      7       54

PRECIPITATION (IN)
  YESTERDAY        0.00                      0.13  -0.13     0.88
  MONTH TO DATE    3.31                      3.66  -0.35     4.09
  SINCE MAR 1     11.34                     10.08   1.26     8.83
  SINCE JAN 1     15.93                     15.14   0.79    13.63

SNOWFALL (IN)
  YESTERDAY        0.0                       0.0    0.0      0.0
  MONTH TO DATE    T                         0.0    0.0      0.0
  SINCE MAR 1     11.0                      15.9   -4.9      5.7
  SINCE JUL 1     32.8                      68.1  -35.3     67.1
  SNOW DEPTH       0

DEGREE DAYS
 HEATING
  YESTERDAY        0                         4     -4       11
  MONTH TO DATE  211                       211      0      138
  SINCE MAR 1   1354                      1503   -149     1543
  SINCE JUL 1   4945                      5720   -775     6493

 COOLING
  YESTERDAY        6                         3      3        0
  MONTH TO DATE   81                        48     33      120
  SINCE MAR 1     81                        59     22      121
  SINCE JAN 1     81                        59     22      121
..................................................................


WIND (MPH)
  HIGHEST WIND SPEED    20   HIGHEST WIND DIRECTION    NE (30)
  HIGHEST GUST SPEED    26   HIGHEST GUST DIRECTION     N (20)
  AVERAGE WIND SPEED     8.2


SKY COVER
  POSSIBLE SUNSHINE  MM
  AVERAGE SKY COVER 0.6


WEATHER CONDITIONS
 THE FOLLOWING WEATHER WAS RECORDED YESTERDAY.
  NO SIGNIFICANT WEATHER WAS OBSERVED.


RELATIVE HUMIDITY (PERCENT)
 HIGHEST    78           400 AM
 LOWEST     32           400 PM
 AVERAGE    55

..........................................................


THE CLEVELAND OH CLIMATE NORMALS FOR TODAY
                         NORMAL    RECORD    YEAR
 MAXIMUM TEMPERATURE (F)   74        95      1934
 MINIMUM TEMPERATURE (F)   55        40      1981
                                             1966


SUNRISE AND SUNSET
JUNE  1 2016..........SUNRISE   556 AM EDT   SUNSET   855 PM EDT
JUNE  2 2016..........SUNRISE   556 AM EDT   SUNSET   856 PM EDT


-  INDICATES NEGATIVE NUMBERS.
R  INDICATES RECORD WAS SET OR TIED.
MM INDICATES DATA IS MISSING.
T  INDICATES TRACE AMOUNT.




$$
