000
CDUS41 KCLE 260537
CLICLE


CLIMATE REPORT
NATIONAL WEATHER SERVICE CLEVELAND OH
126 AM EDT MON JUN 26 2017


...................................

...THE CLEVELAND OH CLIMATE SUMMARY FOR JUNE 25 2017...

CLIMATE NORMAL PERIOD 1981 TO 2010
CLIMATE RECORD PERIOD 1871 TO 2017


WEATHER ITEM   OBSERVED TIME   RECORD YEAR NORMAL DEPARTURE LAST
                VALUE   (LST)  VALUE       VALUE  FROM      YEAR
                                                  NORMAL
..................................................................
TEMPERATURE (F)
 YESTERDAY
  MAXIMUM         76    155 PM 104    1988  81     -5       85
  MINIMUM         60   1156 PM  41    1979  62     -2       54
  AVERAGE         68                        72     -4       70

PRECIPITATION (IN)
  YESTERDAY        0.00                      0.12  -0.12     0.00
  MONTH TO DATE    2.83                      2.88  -0.05     2.12
  SINCE JUN 1      2.83                      2.88  -0.05     2.12
  SINCE JAN 1     24.89                     18.02   6.87    18.05

SNOWFALL (IN)
  YESTERDAY        0.0                       0.0    0.0      0.0
  MONTH TO DATE    0.0                       0.0    0.0      0.0
  SINCE JUN 1      0.0                       0.0    0.0      0.0
  SINCE JUL 1     37.3                      68.1  -30.8     32.8
  SNOW DEPTH       0

DEGREE DAYS
 HEATING
  YESTERDAY        0                         1     -1        0
  MONTH TO DATE   15                        41    -26       13
  SINCE JUN 1     15                        41    -26       13
  SINCE JUL 1   4565                      5761  -1196     4959

 COOLING
  YESTERDAY        3                         7     -4        5
  MONTH TO DATE  207                       128     79      188
  SINCE JUN 1    207                       128     79      188
  SINCE JAN 1    295                       187    108      269
..................................................................


WIND (MPH)
  HIGHEST WIND SPEED    29   HIGHEST WIND DIRECTION     W (260)
  HIGHEST GUST SPEED    38   HIGHEST GUST DIRECTION     W (270)
  AVERAGE WIND SPEED    11.5


SKY COVER
  POSSIBLE SUNSHINE  MM
  AVERAGE SKY COVER 0.5


WEATHER CONDITIONS
 THE FOLLOWING WEATHER WAS RECORDED YESTERDAY.
  NO SIGNIFICANT WEATHER WAS OBSERVED.


RELATIVE HUMIDITY (PERCENT)
 HIGHEST    78           600 AM
 LOWEST     33           100 PM
 AVERAGE    56

..........................................................


THE CLEVELAND OH CLIMATE NORMALS FOR TODAY
                         NORMAL    RECORD    YEAR
 MAXIMUM TEMPERATURE (F)   81        99      1952
 MINIMUM TEMPERATURE (F)   63        47      1984


SUNRISE AND SUNSET
JUNE 26 2017..........SUNRISE   556 AM EDT   SUNSET   905 PM EDT
JUNE 27 2017..........SUNRISE   556 AM EDT   SUNSET   905 PM EDT


-  INDICATES NEGATIVE NUMBERS.
R  INDICATES RECORD WAS SET OR TIED.
MM INDICATES DATA IS MISSING.
T  INDICATES TRACE AMOUNT.




$$
