096
CDUS41 KCLE 070533
CLICLE


CLIMATE REPORT
NATIONAL WEATHER SERVICE CLEVELAND OH
1231 AM EST WED DEC 7 2016


...................................

...THE CLEVELAND OH CLIMATE SUMMARY FOR DECEMBER 6 2016...

CLIMATE NORMAL PERIOD 1981 TO 2010
CLIMATE RECORD PERIOD 1871 TO 2016


WEATHER ITEM   OBSERVED TIME   RECORD YEAR NORMAL DEPARTURE LAST
                VALUE   (LST)  VALUE       VALUE  FROM      YEAR
                                                  NORMAL
..................................................................
TEMPERATURE (F)
 YESTERDAY
  MAXIMUM         41    859 PM  70    1998  41      0       49
  MINIMUM         30    406 AM   7    2005  30      0       26
                                      1977
  AVERAGE         36                        36      0       38

PRECIPITATION (IN)
  YESTERDAY        0.49                      0.11   0.38     0.00
  MONTH TO DATE    0.69                      0.63   0.06     0.22
  SINCE DEC 1      0.69                      0.63   0.06     0.22
  SINCE JAN 1     34.51                     36.67  -2.16    37.33

SNOWFALL (IN)
  YESTERDAY        0.0                       0.4   -0.4      0.0
  MONTH TO DATE    0.2                       2.0   -1.8      0.3
  SINCE DEC 1      0.2                       2.0   -1.8      0.3
  SINCE JUL 1      1.1                       6.5   -5.4      1.2
  SNOW DEPTH       0

DEGREE DAYS
 HEATING
  YESTERDAY       29                        30     -1       27
  MONTH TO DATE  163                       171     -8      153
  SINCE DEC 1    163                       171     -8      153
  SINCE JUL 1    879                      1266   -387     1018

 COOLING
  YESTERDAY        0                         0      0        0
  MONTH TO DATE    0                         0      0        0
  SINCE DEC 1      0                         0      0        0
  SINCE JAN 1   1320                       817    503      831
..................................................................


WIND (MPH)
  HIGHEST WIND SPEED    22   HIGHEST WIND DIRECTION     W (260)
  HIGHEST GUST SPEED    28   HIGHEST GUST DIRECTION     W (260)
  AVERAGE WIND SPEED     9.5


SKY COVER
  POSSIBLE SUNSHINE  MM
  AVERAGE SKY COVER 0.9


WEATHER CONDITIONS
 THE FOLLOWING WEATHER WAS RECORDED YESTERDAY.
  LIGHT RAIN
  FOG


RELATIVE HUMIDITY (PERCENT)
 HIGHEST    92           500 PM
 LOWEST     59           900 AM
 AVERAGE    76

..........................................................


THE CLEVELAND OH CLIMATE NORMALS FOR TODAY
                         NORMAL    RECORD    YEAR
 MAXIMUM TEMPERATURE (F)   41        67      1998
 MINIMUM TEMPERATURE (F)   29        -5      1882


SUNRISE AND SUNSET
DECEMBER  7 2016......SUNRISE   740 AM EST   SUNSET   458 PM EST
DECEMBER  8 2016......SUNRISE   741 AM EST   SUNSET   458 PM EST


-  INDICATES NEGATIVE NUMBERS.
R  INDICATES RECORD WAS SET OR TIED.
MM INDICATES DATA IS MISSING.
T  INDICATES TRACE AMOUNT.




$$
