000
CDUS44 KHGX 282243
CLICLL


CLIMATE REPORT
NATIONAL WEATHER SERVICE HOUSTON/GALVESTON TX
441 PM CST SUN DEC 28 2014


...................................

...THE COLLEGE STATION CLIMATE SUMMARY FOR DECEMBER 28 2014...
VALID TODAY AS OF 400 PM LOCAL TIME.

CLIMATE NORMAL PERIOD 1981 TO 2010
CLIMATE RECORD PERIOD 1902 TO 2014


WEATHER ITEM   OBSERVED TIME   RECORD YEAR NORMAL DEPARTURE LAST
                VALUE   (LST)  VALUE       VALUE  FROM      YEAR
                                                  NORMAL
..................................................................
TEMPERATURE (F)
 TODAY
  MAXIMUM         41    147 AM  80    1921  61    -20       59
  MINIMUM         36   1055 AM  20    1924  41     -5       36
  AVERAGE         39                        51    -12       48

PRECIPITATION (IN)
  TODAY            0.26          1.62 1962   0.10   0.16     0.00
  MONTH TO DATE    2.57                      2.93  -0.36     0.76
  SINCE DEC 1      2.57                      2.93  -0.36     0.76
  SINCE JAN 1     39.61                     39.76  -0.15    39.35

SNOWFALL (IN)
  TODAY           MM
  MONTH TO DATE    0.0
  SINCE JUL 1      0.0

DEGREE DAYS
 HEATING
  TODAY           26                        15     11       17
  MONTH TO DATE  244                       367   -123      451
  SINCE DEC 1    244                       367   -123      451
  SINCE JUL 1    539                       592    -53      753

 COOLING
  TODAY            0                         0      0        0
  MONTH TO DATE   10                        13     -3       14
  SINCE DEC 1     10                        13     -3       14
  SINCE JAN 1   2943                      3086   -143     3282
..................................................................


WIND (MPH)
  HIGHEST WIND SPEED    20   HIGHEST WIND DIRECTION     N (360)
  HIGHEST GUST SPEED    24   HIGHEST GUST DIRECTION     N (350)
  AVERAGE WIND SPEED    11.5


SKY COVER
  AVERAGE SKY COVER 1.0


WEATHER CONDITIONS
 THE FOLLOWING WEATHER WAS RECORDED TODAY.
  RAIN
  LIGHT RAIN
  FOG


RELATIVE HUMIDITY (PERCENT)
 HIGHEST    92           900 AM
 LOWEST     79          1200 AM
 AVERAGE    86

..........................................................


THE COLLEGE STATION CLIMATE NORMALS FOR TOMORROW
                         NORMAL    RECORD    YEAR
 MAXIMUM TEMPERATURE (F)   61        80      1984
 MINIMUM TEMPERATURE (F)   41        18      1983


SUNRISE AND SUNSET
DECEMBER 28 2014......SUNRISE   721 AM CST   SUNSET   533 PM CST
DECEMBER 29 2014......SUNRISE   722 AM CST   SUNSET   533 PM CST


-  INDICATES NEGATIVE NUMBERS.
R  INDICATES RECORD WAS SET OR TIED.
MM INDICATES DATA IS MISSING.
T  INDICATES TRACE AMOUNT.


$$
