000
CDUS44 KHGX 010729
CLICLL


CLIMATE REPORT
NATIONAL WEATHER SERVICE HOUSTON/GALVESTON TX
219 AM CDT FRI AUG 1 2014


...................................

...THE COLLEGE STATION CLIMATE SUMMARY FOR JULY 31 2014...

CLIMATE NORMAL PERIOD 1981 TO 2010
CLIMATE RECORD PERIOD 1902 TO 2014


WEATHER ITEM   OBSERVED TIME   RECORD YEAR NORMAL DEPARTURE LAST
                VALUE   (LST)  VALUE       VALUE  FROM      YEAR
                                                  NORMAL
..................................................................
TEMPERATURE (F)
 YESTERDAY
  MAXIMUM         93    409 PM 105    1914  96     -3      102
  MINIMUM         75   1159 PM  62    1936  75      0       76
  AVERAGE         84                        85     -1       89

PRECIPITATION (IN)
  YESTERDAY        0.80          1.85 1925   0.06   0.74     0.00
  MONTH TO DATE    6.72                      2.14   4.58     1.43
  SINCE JUN 1      8.33                      6.59   1.74     2.68
  SINCE JAN 1     22.36                     22.84  -0.48    18.95

SNOWFALL (IN)
  YESTERDAY        0.0
  MONTH TO DATE    0.0
  SINCE JUL 1      0.0

DEGREE DAYS
 HEATING
  YESTERDAY        0                         0      0        0
  MONTH TO DATE    0                         0      0        0
  SINCE JUN 1      0                         0      0        0
  SINCE JUL 1      0                         0      0        0

 COOLING
  YESTERDAY       19                        20     -1       24
  MONTH TO DATE  573                       611    -38      631
  SINCE JUN 1   1100                      1127    -27     1215
  SINCE JAN 1   1587                      1715   -128     1779
..................................................................


WIND (MPH)
  HIGHEST WIND SPEED    23   HIGHEST WIND DIRECTION     N (10)
  HIGHEST GUST SPEED    31   HIGHEST GUST DIRECTION     N (10)
  AVERAGE WIND SPEED     6.9


SKY COVER
  AVERAGE SKY COVER 0.4


WEATHER CONDITIONS
 THE FOLLOWING WEATHER WAS RECORDED YESTERDAY.
  THUNDERSTORM
  HEAVY RAIN
  RAIN
  LIGHT RAIN
  FOG


RELATIVE HUMIDITY (PERCENT)
 HIGHEST    94           600 AM
 LOWEST     52           400 PM
 AVERAGE    73

..........................................................


THE COLLEGE STATION CLIMATE NORMALS FOR TODAY
                         NORMAL    RECORD    YEAR
 MAXIMUM TEMPERATURE (F)   96       106      2011
                                             1998
 MINIMUM TEMPERATURE (F)   75        63      1925


SUNRISE AND SUNSET
AUGUST  1 2014........SUNRISE   643 AM CDT   SUNSET   820 PM CDT
AUGUST  2 2014........SUNRISE   644 AM CDT   SUNSET   819 PM CDT


-  INDICATES NEGATIVE NUMBERS.
R  INDICATES RECORD WAS SET OR TIED.
MM INDICATES DATA IS MISSING.
T  INDICATES TRACE AMOUNT.




$$
