000
CDUS44 KHGX 242139
CLICLL


CLIMATE REPORT
NATIONAL WEATHER SERVICE HOUSTON/GALVESTON TX
438 PM CDT THU APR 24 2014


...................................

...THE COLLEGE STATION CLIMATE SUMMARY FOR APRIL 24 2014...
VALID TODAY AS OF 400 PM LOCAL TIME.

CLIMATE NORMAL PERIOD 1981 TO 2010
CLIMATE RECORD PERIOD 1902 TO 2014


WEATHER ITEM   OBSERVED TIME   RECORD YEAR NORMAL DEPARTURE LAST
                VALUE   (LST)  VALUE       VALUE  FROM      YEAR
                                                  NORMAL
..................................................................
TEMPERATURE (F)
 TODAY
  MAXIMUM         82    254 PM  93    2011  81      1       68
  MINIMUM         67    633 AM  44    2005  60      7       45
  AVERAGE         75                        71      4       57

PRECIPITATION (IN)
  TODAY            0.00          3.62 1990   0.10  -0.10     0.01
  MONTH TO DATE    1.23                      2.00  -0.77     1.41
  SINCE MAR 1      2.84                      5.17  -2.33     3.14
  SINCE JAN 1      5.02                     11.26  -6.24     9.30

SNOWFALL (IN)
  TODAY            0.0
  MONTH TO DATE    0.0
  SINCE JUL 1      T

DEGREE DAYS
 HEATING
  TODAY            0                         1     -1        8
  MONTH TO DATE   59                        44     15       82
  SINCE MAR 1    328                       216    112      271
  SINCE JUL 1   2052                      1603    449     1330

 COOLING
  TODAY           10                         6      4        0
  MONTH TO DATE  109                       110     -1       86
  SINCE MAR 1    132                       169    -37      144
  SINCE JAN 1    153                       197    -44      179
..................................................................


WIND (MPH)
  HIGHEST WIND SPEED    21   HIGHEST WIND DIRECTION     S (160)
  HIGHEST GUST SPEED    26   HIGHEST GUST DIRECTION     S (160)
  AVERAGE WIND SPEED    12.5


SKY COVER
  AVERAGE SKY COVER 0.9


WEATHER CONDITIONS
 THE FOLLOWING WEATHER WAS RECORDED TODAY.
  NO SIGNIFICANT WEATHER WAS OBSERVED.


RELATIVE HUMIDITY (PERCENT)
 HIGHEST    93           600 AM
 LOWEST     58           300 PM
 AVERAGE    76

..........................................................


THE COLLEGE STATION CLIMATE NORMALS FOR TOMORROW
                         NORMAL    RECORD    YEAR
 MAXIMUM TEMPERATURE (F)   81        92      1925
 MINIMUM TEMPERATURE (F)   61        37      1910


SUNRISE AND SUNSET
APRIL 24 2014.........SUNRISE   648 AM CDT   SUNSET   759 PM CDT
APRIL 25 2014.........SUNRISE   647 AM CDT   SUNSET   800 PM CDT


-  INDICATES NEGATIVE NUMBERS.
R  INDICATES RECORD WAS SET OR TIED.
MM INDICATES DATA IS MISSING.
T  INDICATES TRACE AMOUNT.


$$
