000
CDUS44 KHGX 160823
CLICLL


CLIMATE REPORT
NATIONAL WEATHER SERVICE HOUSTON/GALVESTON TX
221 AM CST TUE JAN 16 2018


...................................

...THE COLLEGE STATION CLIMATE SUMMARY FOR JANUARY 15 2018...

CLIMATE NORMAL PERIOD 1981 TO 2010
CLIMATE RECORD PERIOD 1902 TO 2018


WEATHER ITEM   OBSERVED TIME   RECORD YEAR NORMAL DEPARTURE LAST
                VALUE   (LST)  VALUE       VALUE  FROM      YEAR
                                                  NORMAL
..................................................................
TEMPERATURE (F)
 YESTERDAY
  MAXIMUM         69    314 PM  80    1950  61      8       71
  MINIMUM         37    601 AM  19    1930  41     -4       53
  AVERAGE         53                        51      2       62

PRECIPITATION (IN)
  YESTERDAY        0.20          2.06 1919   0.11   0.09     0.26
  MONTH TO DATE    0.26                      1.54  -1.28     0.79
  SINCE DEC 1      3.76                      4.77  -1.01     3.56
  SINCE JAN 1      0.26                      1.54  -1.28     0.79

SNOWFALL (IN)
  YESTERDAY       MM
  MONTH TO DATE    0.0
  SINCE JUL 1      5.0

DEGREE DAYS
 HEATING
  YESTERDAY       12                        14     -2        3
  MONTH TO DATE  279                       223     56      161
  SINCE DEC 1    697                       634     63      480
  SINCE JUL 1    844                       859    -15      549

 COOLING
  YESTERDAY        0                         0      0        0
  MONTH TO DATE    0                         0      0       32
  SINCE DEC 1     13                        16     -3       76
  SINCE JAN 1      0                         0      0       32
..................................................................


WIND (MPH)
  HIGHEST WIND SPEED    32   HIGHEST WIND DIRECTION     N (360)
  HIGHEST GUST SPEED    39   HIGHEST GUST DIRECTION     N (360)
  AVERAGE WIND SPEED     9.9


SKY COVER
  AVERAGE SKY COVER 0.5


WEATHER CONDITIONS
 THE FOLLOWING WEATHER WAS RECORDED YESTERDAY.
  HEAVY RAIN
  RAIN
  LIGHT RAIN
  LIGHT SNOW
  FOG


RELATIVE HUMIDITY (PERCENT)
 HIGHEST    92           100 AM
 LOWEST     52           200 PM
 AVERAGE    72

..........................................................


THE COLLEGE STATION CLIMATE NORMALS FOR TODAY
                         NORMAL    RECORD    YEAR
 MAXIMUM TEMPERATURE (F)   61        82      1936
 MINIMUM TEMPERATURE (F)   41        21      1982


SUNRISE AND SUNSET
JANUARY 16 2018.......SUNRISE   723 AM CST   SUNSET   548 PM CST
JANUARY 17 2018.......SUNRISE   723 AM CST   SUNSET   549 PM CST


-  INDICATES NEGATIVE NUMBERS.
R  INDICATES RECORD WAS SET OR TIED.
MM INDICATES DATA IS MISSING.
T  INDICATES TRACE AMOUNT.




$$
