000
CDUS44 KHGX 230739
CLICLL


CLIMATE REPORT
NATIONAL WEATHER SERVICE HOUSTON/GALVESTON TX
239 AM CDT SAT MAY 23 2015


...................................

...THE COLLEGE STATION CLIMATE SUMMARY FOR MAY 22 2015...

CLIMATE NORMAL PERIOD 1981 TO 2010
CLIMATE RECORD PERIOD 1902 TO 2015


WEATHER ITEM   OBSERVED TIME   RECORD YEAR NORMAL DEPARTURE LAST
                VALUE   (LST)  VALUE       VALUE  FROM      YEAR
                                                  NORMAL
..................................................................
TEMPERATURE (F)
 YESTERDAY
  MAXIMUM         80    206 PM  96    2005  87     -7       88
  MINIMUM         65    847 AM  53    2001  68     -3       67
  AVERAGE         73                        78     -5       78

PRECIPITATION (IN)
  YESTERDAY        T             1.76 1940   0.15  -0.15     0.00
  MONTH TO DATE    5.44                      3.02   2.42     5.44
  SINCE MAR 1     16.07                      8.85   7.22     8.28
  SINCE JAN 1     23.48                     14.94   8.54    10.46

SNOWFALL (IN)
  YESTERDAY        0.0
  MONTH TO DATE    0.0
  SINCE JUL 1      T

DEGREE DAYS
 HEATING
  YESTERDAY        0                         0      0        0
  MONTH TO DATE    0                         0      0        8
  SINCE MAR 1    227                       219      8      340
  SINCE JUL 1   1768                      1606    162     2064

 COOLING
  YESTERDAY        8                        13     -5       13
  MONTH TO DATE  225                       226     -1      175
  SINCE MAR 1    463                       437     26      362
  SINCE JAN 1    464                       465     -1      383
..................................................................


WIND (MPH)
  HIGHEST WIND SPEED    15   HIGHEST WIND DIRECTION    SE (120)
  HIGHEST GUST SPEED    19   HIGHEST GUST DIRECTION    SE (120)
  AVERAGE WIND SPEED     9.8


SKY COVER
  AVERAGE SKY COVER 0.9


WEATHER CONDITIONS
 THE FOLLOWING WEATHER WAS RECORDED YESTERDAY.
  FOG


RELATIVE HUMIDITY (PERCENT)
 HIGHEST   100           400 AM
 LOWEST     67           200 PM
 AVERAGE    84

..........................................................


THE COLLEGE STATION CLIMATE NORMALS FOR TODAY
                         NORMAL    RECORD    YEAR
 MAXIMUM TEMPERATURE (F)   88        97      1925
 MINIMUM TEMPERATURE (F)   69        54      2001


SUNRISE AND SUNSET
MAY 23 2015...........SUNRISE   627 AM CDT   SUNSET   818 PM CDT
MAY 24 2015...........SUNRISE   626 AM CDT   SUNSET   819 PM CDT


-  INDICATES NEGATIVE NUMBERS.
R  INDICATES RECORD WAS SET OR TIED.
MM INDICATES DATA IS MISSING.
T  INDICATES TRACE AMOUNT.




$$
