000
CDUS44 KHGX 022125
CLICLL


CLIMATE REPORT
NATIONAL WEATHER SERVICE HOUSTON/GALVESTON TX
423 PM CDT SUN AUG 2 2015


...................................

...THE COLLEGE STATION CLIMATE SUMMARY FOR AUGUST 2 2015...
VALID TODAY AS OF 400 PM LOCAL TIME.

CLIMATE NORMAL PERIOD 1981 TO 2010
CLIMATE RECORD PERIOD 1902 TO 2015


WEATHER ITEM   OBSERVED TIME   RECORD YEAR NORMAL DEPARTURE LAST
                VALUE   (LST)  VALUE       VALUE  FROM      YEAR
                                                  NORMAL
..................................................................
TEMPERATURE (F)
 TODAY
  MAXIMUM        100    214 PM 105    2011  96      4       82
                                      1998
  MINIMUM         72    508 AM  65    1936  75     -3       69
  AVERAGE         86                        86      0       76

PRECIPITATION (IN)
  TODAY            0.00          0.60 1974   0.07  -0.07     0.00
  MONTH TO DATE    0.00                      0.14  -0.14     0.00
  SINCE JUN 1      5.52                      6.73  -1.21     8.33
  SINCE JAN 1     33.29                     22.98  10.31    22.36

SNOWFALL (IN)
  TODAY            0.0
  MONTH TO DATE    0.0
  SINCE JUL 1      0.0

DEGREE DAYS
 HEATING
  TODAY            0                         0      0        0
  MONTH TO DATE    0                         0      0        0
  SINCE JUN 1      0                         0      0        0
  SINCE JUL 1      0                         0      0        0

 COOLING
  TODAY           21                        21      0       11
  MONTH TO DATE   43                        41      2       24
  SINCE JUN 1   1178                      1168     10     1124
  SINCE JAN 1   1749                      1756     -7     1611
..................................................................


WIND (MPH)
  HIGHEST WIND SPEED    12   HIGHEST WIND DIRECTION     E (70)
  HIGHEST GUST SPEED    21   HIGHEST GUST DIRECTION    NE (30)
  AVERAGE WIND SPEED     2.7


SKY COVER
  AVERAGE SKY COVER 0.0


WEATHER CONDITIONS
 THE FOLLOWING WEATHER WAS RECORDED TODAY.
  NO SIGNIFICANT WEATHER WAS OBSERVED.


RELATIVE HUMIDITY (PERCENT)
 HIGHEST    73           600 AM
 LOWEST     22           300 PM
 AVERAGE    48

..........................................................


THE COLLEGE STATION CLIMATE NORMALS FOR TOMORROW
                         NORMAL    RECORD    YEAR
 MAXIMUM TEMPERATURE (F)   96       106      2011
                                             1998
 MINIMUM TEMPERATURE (F)   75        65      1949


SUNRISE AND SUNSET
AUGUST  2 2015........SUNRISE   644 AM CDT   SUNSET   819 PM CDT
AUGUST  3 2015........SUNRISE   645 AM CDT   SUNSET   818 PM CDT


-  INDICATES NEGATIVE NUMBERS.
R  INDICATES RECORD WAS SET OR TIED.
MM INDICATES DATA IS MISSING.
T  INDICATES TRACE AMOUNT.




$$
