000
CDUS44 KHGX 072139
CLICLL


CLIMATE REPORT
NATIONAL WEATHER SERVICE HOUSTON/GALVESTON TX
437 PM CDT TUE JUL 7 2015


...................................

...THE COLLEGE STATION CLIMATE SUMMARY FOR JULY 7 2015...
VALID TODAY AS OF  400 PM LOCAL TIME.

CLIMATE NORMAL PERIOD 1981 TO 2010
CLIMATE RECORD PERIOD 1902 TO 2015


WEATHER ITEM   OBSERVED TIME   RECORD YEAR NORMAL DEPARTURE LAST
                VALUE   (LST)  VALUE       VALUE  FROM      YEAR
                                                  NORMAL
..................................................................
TEMPERATURE (F)
 TODAY
  MAXIMUM         92    257 PM 104    1939  94     -2       94
  MINIMUM         78    328 AM  64    1968  75      3       73
  AVERAGE         85                        84      1       84

PRECIPITATION (IN)
  TODAY            T             2.65 1928   0.08  -0.08     0.00
  MONTH TO DATE    0.20                      0.60  -0.40     0.16
  SINCE JUN 1      5.41                      5.05   0.36     1.77
  SINCE JAN 1     33.18                     21.30  11.88    15.80

SNOWFALL (IN)
  TODAY            0.0
  MONTH TO DATE    0.0
  SINCE JUL 1      0.0

DEGREE DAYS
 HEATING
  TODAY            0                         0      0        0
  MONTH TO DATE    0                         0      0        0
  SINCE JUN 1      0                         0      0        0
  SINCE JUL 1      0                         0      0        0

 COOLING
  TODAY           20                        19      1       19
  MONTH TO DATE  129                       133     -4      125
  SINCE JUN 1    634                       649    -15      652
  SINCE JAN 1   1205                      1237    -32     1139
..................................................................


WIND (MPH)
  HIGHEST WIND SPEED    24   HIGHEST WIND DIRECTION     S (160)
  HIGHEST GUST SPEED    28   HIGHEST GUST DIRECTION     S (160)
  AVERAGE WIND SPEED    13.8


SKY COVER
  AVERAGE SKY COVER 0.7


WEATHER CONDITIONS
 THE FOLLOWING WEATHER WAS RECORDED TODAY.
  LIGHT RAIN
  FOG


RELATIVE HUMIDITY (PERCENT)
 HIGHEST    97           500 AM
 LOWEST     56          1100 AM
 AVERAGE    77

..........................................................


THE COLLEGE STATION CLIMATE NORMALS FOR TOMORROW
                         NORMAL    RECORD    YEAR
 MAXIMUM TEMPERATURE (F)   94       105      1939
 MINIMUM TEMPERATURE (F)   75        67      1923


SUNRISE AND SUNSET
JULY  7 2015..........SUNRISE   629 AM CDT   SUNSET   831 PM CDT
JULY  8 2015..........SUNRISE   630 AM CDT   SUNSET   831 PM CDT


-  INDICATES NEGATIVE NUMBERS.
R  INDICATES RECORD WAS SET OR TIED.
MM INDICATES DATA IS MISSING.
T  INDICATES TRACE AMOUNT.

$$
