000
CDUS42 KGSP 010633
CLICLT

CLIMATE REPORT
NATIONAL WEATHER SERVICE GREENVILLE-SPARTANBURG SC
229 AM EDT SUN MAY 1 2016


...................................

...THE CHARLOTTE NC CLIMATE SUMMARY FOR APRIL 30 2016...

CLIMATE NORMAL PERIOD 1981 TO 2010
CLIMATE RECORD PERIOD 1878 TO 2016


WEATHER ITEM   OBSERVED TIME   RECORD YEAR NORMAL DEPARTURE LAST
                VALUE   (LST)  VALUE       VALUE  FROM      YEAR
                                                  NORMAL
..................................................................
TEMPERATURE (F)
 YESTERDAY
  MAXIMUM         79    143 PM  91    1962  75      4       76
  MINIMUM         61    452 AM  37    2008  51     10       49
  AVERAGE         70                        63      7       63

PRECIPITATION (IN)
  YESTERDAY        0.78          2.34 1924   0.09   0.69      T
  MONTH TO DATE    2.03                      3.04  -1.01     6.14
  SINCE MAR 1      2.88                      7.05  -4.17     8.33
  SINCE JAN 1      9.66                     13.78  -4.12    14.15

SNOWFALL (IN)
  YESTERDAY        0.0           0.0    MM   0.0    0.0      0.0
  MONTH TO DATE    0.0                       T      0.0      0.0
  SINCE MAR 1      0.0                       0.6   -0.6      0.0
  SINCE JUL 1      3.3                       4.3   -1.0      3.1
  SNOW DEPTH       0

DEGREE DAYS
 HEATING
  YESTERDAY        0                         4     -4        2
  MONTH TO DATE  152                       199    -47      132
  SINCE MAR 1    383                       633   -250      468
  SINCE JUL 1   2525                      3332   -807     3239

 COOLING
  YESTERDAY        5                         2      3        0
  MONTH TO DATE   61                        32     29       56
  SINCE MAR 1     98                        37     61       63
  SINCE JAN 1     98                        37     61       63
..................................................................


WIND (MPH)
  HIGHEST WIND SPEED    15   HIGHEST WIND DIRECTION    NE (60)
  HIGHEST GUST SPEED    26   HIGHEST GUST DIRECTION    NE (60)
  AVERAGE WIND SPEED     7.1


SKY COVER
  POSSIBLE SUNSHINE  MM
  AVERAGE SKY COVER 0.7


WEATHER CONDITIONS
 THE FOLLOWING WEATHER WAS RECORDED YESTERDAY.
  THUNDERSTORM
  HEAVY RAIN
  LIGHT RAIN
  FOG


RELATIVE HUMIDITY (PERCENT)
 HIGHEST    93           700 AM
 LOWEST     57          1200 AM
 AVERAGE    75

..........................................................


THE CHARLOTTE NC CLIMATE NORMALS FOR TODAY
                         NORMAL    RECORD    YEAR
 MAXIMUM TEMPERATURE (F)   76        92      1962
 MINIMUM TEMPERATURE (F)   51        37      1963
                                             1908


SUNRISE AND SUNSET
MAY  1 2016...........SUNRISE   632 AM EDT   SUNSET   810 PM EDT
MAY  2 2016...........SUNRISE   631 AM EDT   SUNSET   811 PM EDT


-  INDICATES NEGATIVE NUMBERS.
R  INDICATES RECORD WAS SET OR TIED.
MM INDICATES DATA IS MISSING.
T  INDICATES TRACE AMOUNT.

$$

PM
