000
CDUS42 KGSP 282035
CLICLT

CLIMATE REPORT
NATIONAL WEATHER SERVICE GREENVILLE-SPARTANBURG SC
433 PM EDT THU MAY 28 2015


...................................

...THE CHARLOTTE NC CLIMATE SUMMARY FOR MAY 28 2015...VALID TODAY AS
OF 430 PM LOCAL TIME.

CLIMATE NORMAL PERIOD 1981 TO 2010
CLIMATE RECORD PERIOD 1878 TO 2015


WEATHER ITEM   OBSERVED TIME   RECORD YEAR NORMAL DEPARTURE LAST
                VALUE   (LST)  VALUE       VALUE  FROM      YEAR
                                                  NORMAL
..................................................................
TEMPERATURE (F)
 TODAY
  MAXIMUM         88    244 PM  97    1941  82      6       88
  MINIMUM         67    548 AM  42    1961  60      7       63
  AVERAGE         78                        71      7       76

PRECIPITATION (IN)
  TODAY            0.00          2.70 1990   0.12  -0.12     0.00
  MONTH TO DATE    0.32                      2.83  -2.51     2.76
  SINCE MAR 1      8.65                      9.88  -1.23    14.58
  SINCE JAN 1     14.47                     16.61  -2.14    21.50

SNOWFALL (IN)
  TODAY            0.0           0.0    MM   0.0    0.0      0.0
  MONTH TO DATE    0.0                       0.0    0.0       T
  SINCE MAR 1      0.0                       0.6   -0.6       T
  SINCE JUL 1      3.1                       4.3   -1.2      9.3
  SNOW DEPTH       0

DEGREE DAYS
 HEATING
  TODAY            0                         1     -1        0
  MONTH TO DATE   15                        52    -37       35
  SINCE MAR 1    483                       685   -202      721
  SINCE JUL 1   3254                      3384   -130     3397

 COOLING
  TODAY           13                         6      7       11
  MONTH TO DATE  193                       105     88      159
  SINCE MAR 1    256                       142    114      197
  SINCE JAN 1    256                       142    114      198
..................................................................


WIND (MPH)
  HIGHEST WIND SPEED    15   HIGHEST WIND DIRECTION     S (180)
  HIGHEST GUST SPEED    18   HIGHEST GUST DIRECTION     S (180)
  AVERAGE WIND SPEED     3.9


SKY COVER
  POSSIBLE SUNSHINE  MM
  AVERAGE SKY COVER 0.7


WEATHER CONDITIONS
 THE FOLLOWING WEATHER WAS RECORDED TODAY.
  NO SIGNIFICANT WEATHER WAS OBSERVED.


RELATIVE HUMIDITY (PERCENT)
 HIGHEST    93           300 AM
 LOWEST     40           200 PM
 AVERAGE    67

..........................................................


THE CHARLOTTE NC CLIMATE NORMALS FOR TOMORROW
                         NORMAL    RECORD    YEAR
 MAXIMUM TEMPERATURE (F)   82        98      1941
 MINIMUM TEMPERATURE (F)   60        48      1894


SUNRISE AND SUNSET
MAY 28 2015...........SUNRISE   612 AM EDT   SUNSET   830 PM EDT
MAY 29 2015...........SUNRISE   612 AM EDT   SUNSET   831 PM EDT


-  INDICATES NEGATIVE NUMBERS.
R  INDICATES RECORD WAS SET OR TIED.
MM INDICATES DATA IS MISSING.
T  INDICATES TRACE AMOUNT.




$$
