000
CDUS42 KGSP 222038 RRA
CLICLT

CLIMATE REPORT
NATIONAL WEATHER SERVICE GREENVILLE-SPARTANBURG SC
436 PM EDT THU JUN 22 2017


...................................

...THE CHARLOTTE NC CLIMATE SUMMARY FOR JUNE 22 2017...
VALID TODAY AS OF 0430 PM LOCAL TIME.

CLIMATE NORMAL PERIOD 1981 TO 2010
CLIMATE RECORD PERIOD 1878 TO 2017


WEATHER ITEM   OBSERVED TIME   RECORD YEAR NORMAL DEPARTURE LAST
                VALUE   (LST)  VALUE       VALUE  FROM      YEAR
                                                  NORMAL
..................................................................
TEMPERATURE (F)
 TODAY
  MAXIMUM         78    330 PM 100    2015  87     -9       94
  MINIMUM         71   1118 AM  53    2003  66      5       71
  AVERAGE         75                        77     -2       83

PRECIPITATION (IN)
  TODAY            0.13          1.31 1883   0.12   0.01     0.00
  MONTH TO DATE    3.44                      2.85   0.59     1.24
  SINCE JUN 1      3.44                      2.85   0.59     1.24
  SINCE JAN 1     24.36                     19.81   4.55    16.53

SNOWFALL (IN)
  TODAY            0.0           0.0    MM   0.0    0.0      0.0
  MONTH TO DATE    0.0                       0.0    0.0      0.0
  SINCE JUN 1      0.0                       0.0    0.0      0.0
  SINCE JUL 1      2.2                       4.3   -2.1      3.3
  SNOW DEPTH       0

DEGREE DAYS
 HEATING
  TODAY            0                         0      0        0
  MONTH TO DATE    0                         0      0        0
  SINCE JUN 1      0                         0      0        0
  SINCE JUL 1   2392                      3385   -993     2568

 COOLING
  TODAY           10                        12     -2       18
  MONTH TO DATE  251                       211     40      283
  SINCE JUN 1    251                       211     40      283
  SINCE JAN 1    554                       374    180      528
..................................................................


WIND (MPH)
  HIGHEST WIND SPEED    12   HIGHEST WIND DIRECTION     W (250)
  HIGHEST GUST SPEED    17   HIGHEST GUST DIRECTION     W (250)
  AVERAGE WIND SPEED     5.7


SKY COVER
  POSSIBLE SUNSHINE  MM
  AVERAGE SKY COVER 0.8


WEATHER CONDITIONS
 THE FOLLOWING WEATHER WAS RECORDED TODAY.
  LIGHT RAIN
  FOG


RELATIVE HUMIDITY (PERCENT)
 HIGHEST    93           500 AM
 LOWEST     82           200 PM
 AVERAGE    88

..........................................................


THE CHARLOTTE NC CLIMATE NORMALS FOR TOMORROW
                         NORMAL    RECORD    YEAR
 MAXIMUM TEMPERATURE (F)   88       100      2015
 MINIMUM TEMPERATURE (F)   66        53      1947


SUNRISE AND SUNSET
JUNE 22 2017..........SUNRISE   610 AM EDT   SUNSET   842 PM EDT
JUNE 23 2017..........SUNRISE   610 AM EDT   SUNSET   842 PM EDT


-  INDICATES NEGATIVE NUMBERS.
R  INDICATES RECORD WAS SET OR TIED.
MM INDICATES DATA IS MISSING.
T  INDICATES TRACE AMOUNT.




$$

LEC
