000
CDUS42 KGSP 170634 RRA
CLICLT

CLIMATE REPORT
NATIONAL WEATHER SERVICE GREENVILLE-SPARTANBURG SC
233 AM EDT TUE OCT 17 2017


...................................

...THE CHARLOTTE NC CLIMATE SUMMARY FOR OCTOBER 16 2017...

CLIMATE NORMAL PERIOD 1981 TO 2010
CLIMATE RECORD PERIOD 1878 TO 2017


WEATHER ITEM   OBSERVED TIME   RECORD YEAR NORMAL DEPARTURE LAST
                VALUE   (LST)  VALUE       VALUE  FROM      YEAR
                                                  NORMAL
..................................................................
TEMPERATURE (F)
 YESTERDAY
  MAXIMUM         71    447 AM  87    1925  72     -1       78
  MINIMUM         52   1029 PM  35    1939  49      3       56
  AVERAGE         62                        60      2       67

PRECIPITATION (IN)
  YESTERDAY        0.97          4.76 1932   0.11   0.86     0.00
  MONTH TO DATE    1.92                      1.86   0.06     2.78
  SINCE SEP 1      4.64                      5.10  -0.46     8.22
  SINCE JAN 1     39.60                     33.70   5.90    29.76

SNOWFALL (IN)
  YESTERDAY        0.0           0.0    MM   0.0    0.0      0.0
  MONTH TO DATE    0.0                       0.0    0.0      0.0
  SINCE SEP 1      0.0                       0.0    0.0      0.0
  SINCE JUL 1      0.0                       0.0    0.0      0.0
  SNOW DEPTH       0

DEGREE DAYS
 HEATING
  YESTERDAY        3                         6     -3        0
  MONTH TO DATE    8                        66    -58       27
  SINCE SEP 1     17                        89    -72       27
  SINCE JUL 1     17                        89    -72       27

 COOLING
  YESTERDAY        0                         1     -1        2
  MONTH TO DATE  100                        29     71       27
  SINCE SEP 1    338                       227    111      390
  SINCE JAN 1   1899                      1504    395     2157
..................................................................


WIND (MPH)
  HIGHEST WIND SPEED    21   HIGHEST WIND DIRECTION     N (10)
  HIGHEST GUST SPEED    28   HIGHEST GUST DIRECTION     N (10)
  AVERAGE WIND SPEED    10.2


SKY COVER
  POSSIBLE SUNSHINE  MM
  AVERAGE SKY COVER 0.6


WEATHER CONDITIONS
 THE FOLLOWING WEATHER WAS RECORDED YESTERDAY.
  HEAVY RAIN
  RAIN
  LIGHT RAIN
  FOG


RELATIVE HUMIDITY (PERCENT)
 HIGHEST   100           700 AM
 LOWEST     45           300 PM
 AVERAGE    73

..........................................................


THE CHARLOTTE NC CLIMATE NORMALS FOR TODAY
                         NORMAL    RECORD    YEAR
 MAXIMUM TEMPERATURE (F)   71        85      1962
                                             1928
                                             1925
 MINIMUM TEMPERATURE (F)   48        35      2001


SUNRISE AND SUNSET
OCTOBER 17 2017.......SUNRISE   732 AM EDT   SUNSET   646 PM EDT
OCTOBER 18 2017.......SUNRISE   733 AM EDT   SUNSET   645 PM EDT


-  INDICATES NEGATIVE NUMBERS.
R  INDICATES RECORD WAS SET OR TIED.
MM INDICATES DATA IS MISSING.
T  INDICATES TRACE AMOUNT.




$$
