000
CDUS46 KLOX 060113
CLICMA


CLIMATE REPORT
NATIONAL WEATHER SERVICE LOS ANGELES/OXNARD CA
513 PM PST FRI FEB 5 2016


...................................

...THE CAMARILLO CLIMATE SUMMARY FOR FEBRUARY 5 2016...
VALID TODAY AS OF 0500 PM LOCAL TIME.

CLIMATE NORMAL PERIOD 1981 TO 2010
CLIMATE RECORD PERIOD 1948 TO 2016


WEATHER ITEM   OBSERVED TIME   RECORD YEAR NORMAL DEPARTURE LAST
                VALUE   (LST)  VALUE       VALUE  FROM      YEAR
                                                  NORMAL
..................................................................
TEMPERATURE (F)
 TODAY
  MAXIMUM         76    330 PM  85    2007  66     10       70
  MINIMUM         59    713 AM  32    1955  42     17       44
  AVERAGE         68                        54     14       57

PRECIPITATION (IN)
  TODAY            0.00          1.22 1978   0.10  -0.10     0.00
  MONTH TO DATE    0.00                      0.44  -0.44     0.00
  SINCE OCT 1      3.19                      7.91  -4.72     7.00
  SINCE JAN 1      2.63                      3.91  -1.28     2.09

SNOWFALL (IN)
  TODAY            0.0
  MONTH TO DATE    0.0
  SINCE DEC 1      0.0
  SINCE JUL 1      0.0

DEGREE DAYS
 HEATING
  TODAY            0                        11    -11        8
  MONTH TO DATE   54                        55     -1       35
  SINCE DEC 1    602                       742   -140      450
  SINCE JUL 1    747                      1074   -327      537

 COOLING
  TODAY            3                         0      3        0
  MONTH TO DATE    3                         0      3        0
  SINCE DEC 1      7                         9     -2       28
  SINCE JAN 1      3                         7     -4       24
..................................................................


WIND (MPH)
  HIGHEST WIND SPEED    28   HIGHEST WIND DIRECTION     E (70)
  HIGHEST GUST SPEED    34   HIGHEST GUST DIRECTION    NE (50)
  AVERAGE WIND SPEED    19.7


SKY COVER
  POSSIBLE SUNSHINE  MM
  AVERAGE SKY COVER 0.0


WEATHER CONDITIONS
 THE FOLLOWING WEATHER WAS RECORDED TODAY.
  NO SIGNIFICANT WEATHER WAS OBSERVED.


RELATIVE HUMIDITY (PERCENT)
 HIGHEST    24           700 AM
 LOWEST     12           300 PM
 AVERAGE    18

..........................................................


THE CAMARILLO CLIMATE NORMALS FOR TOMORROW
                         NORMAL    RECORD    YEAR
 MAXIMUM TEMPERATURE (F)   66        85      1954
 MINIMUM TEMPERATURE (F)   42        33      2002


SUNRISE AND SUNSET
FEBRUARY  5 2016......SUNRISE   651 AM PST   SUNSET   530 PM PST
FEBRUARY  6 2016......SUNRISE   650 AM PST   SUNSET   531 PM PST


-  INDICATES NEGATIVE NUMBERS.
R  INDICATES RECORD WAS SET OR TIED.
MM INDICATES DATA IS MISSING.
T  INDICATES TRACE AMOUNT.




$$
