000
CDUS46 KLOX 270117
CLICMA


CLIMATE REPORT
NATIONAL WEATHER SERVICE LOS ANGELES/OXNARD CA
616 PM PDT WED JUL 26 2017


...................................

...THE CAMARILLO CLIMATE SUMMARY FOR JULY 26 2017...
VALID TODAY AS OF 0600 PM LOCAL TIME.

CLIMATE NORMAL PERIOD 1981 TO 2010
CLIMATE RECORD PERIOD 1923 TO 2017


WEATHER ITEM   OBSERVED TIME   RECORD YEAR NORMAL DEPARTURE LAST
                VALUE   (LST)  VALUE       VALUE  FROM      YEAR
                                                  NORMAL
..................................................................
TEMPERATURE (F)
 TODAY
  MAXIMUM         78    124 PM  86    2006  77      1       83
  MINIMUM         65    201 AM  47    1930  58      7       65
  AVERAGE         72                        67      5       74

PRECIPITATION (IN)
  TODAY            0.00          T    2001   0.00   0.00     0.00
                                      1962
                                      1927
  MONTH TO DATE    T                         0.02  -0.02     0.00
  SINCE OCT 1     19.44                     15.00   4.44     5.98
  SINCE JAN 1     14.78                     11.00   3.78     5.42

SNOWFALL (IN)
  TODAY            0.0
  MONTH TO DATE    0.0
  SINCE JUN 1      0.0
  SINCE JUL 1      0.0

DEGREE DAYS
 HEATING
  TODAY            0                         0      0        0
  MONTH TO DATE    1                         1      0        0
  SINCE JUN 1     20                        44    -24       17
  SINCE JUL 1      1                         1      0        0

 COOLING
  TODAY            7                         3      4        9
  MONTH TO DATE  154                        61     93      135
  SINCE JUN 1    212                        84    128      204
  SINCE JAN 1    253                       115    138      275
..................................................................


WIND (MPH)
  HIGHEST WIND SPEED    14   HIGHEST WIND DIRECTION     W (280)
  HIGHEST GUST SPEED    18   HIGHEST GUST DIRECTION    SW (240)
  AVERAGE WIND SPEED     5.5


SKY COVER
  POSSIBLE SUNSHINE  MM
  AVERAGE SKY COVER 0.3


WEATHER CONDITIONS
 THE FOLLOWING WEATHER WAS RECORDED TODAY.
  NO SIGNIFICANT WEATHER WAS OBSERVED.


RELATIVE HUMIDITY (PERCENT)
 HIGHEST    87           200 AM
 LOWEST     56          1200 PM
 AVERAGE    72

..........................................................


THE CAMARILLO CLIMATE NORMALS FOR TOMORROW
                         NORMAL    RECORD    YEAR
 MAXIMUM TEMPERATURE (F)   77        88      1977
 MINIMUM TEMPERATURE (F)   58        46      1965
                                             1924


SUNRISE AND SUNSET
JULY 26 2017..........SUNRISE   603 AM PDT   SUNSET   802 PM PDT
JULY 27 2017..........SUNRISE   604 AM PDT   SUNSET   801 PM PDT


-  INDICATES NEGATIVE NUMBERS.
R  INDICATES RECORD WAS SET OR TIED.
MM INDICATES DATA IS MISSING.
T  INDICATES TRACE AMOUNT.




$$
