000
CDUS46 KLOX 290111
CLICMA


CLIMATE REPORT
NATIONAL WEATHER SERVICE LOS ANGELES/OXNARD CA
511 PM PST SUN DEC 28 2014


...................................

...THE CAMARILLO CLIMATE SUMMARY FOR DECEMBER 28 2014...
VALID TODAY AS OF 0500 PM LOCAL TIME.

CLIMATE NORMAL PERIOD 1981 TO 2010
CLIMATE RECORD PERIOD 1948 TO 2014


WEATHER ITEM   OBSERVED TIME   RECORD YEAR NORMAL DEPARTURE LAST
                VALUE   (LST)  VALUE       VALUE  FROM      YEAR
                                                  NORMAL
..................................................................
TEMPERATURE (F)
 TODAY
  MAXIMUM         62   1142 AM  83    1963  65     -3       69
  MINIMUM         36    513 AM  27    1962  43     -7       41
  AVERAGE         49                        54     -5       55

PRECIPITATION (IN)
  TODAY            0.00          1.75 1991   0.14  -0.14     0.00
  MONTH TO DATE    4.08                      1.65   2.43     0.22
  SINCE JUL 1      4.94                      3.83   1.11     0.82
  SINCE JAN 1      9.13                     14.81  -5.68     2.97

SNOWFALL (IN)
  TODAY            0.0
  MONTH TO DATE    0.0
  SINCE DEC 1      0.0
  SINCE JUL 1      0.0

DEGREE DAYS
 HEATING
  TODAY           16                        11      5       10
  MONTH TO DATE  181                       317   -136      256
  SINCE DEC 1    181                       317   -136      256
  SINCE JUL 1    268                       649   -381      480

 COOLING
  TODAY            0                         0      0        0
  MONTH TO DATE    4                         0      4       21
  SINCE DEC 1      4                         0      4       21
  SINCE JAN 1   1013                       330    683      655
..................................................................


WIND (MPH)
  HIGHEST WIND SPEED    10   HIGHEST WIND DIRECTION     S (200)
  HIGHEST GUST SPEED    25   HIGHEST GUST DIRECTION    SW (230)
  AVERAGE WIND SPEED     3.1


SKY COVER
  POSSIBLE SUNSHINE  MM
  AVERAGE SKY COVER 0.0


WEATHER CONDITIONS
 THE FOLLOWING WEATHER WAS RECORDED TODAY.
  NO SIGNIFICANT WEATHER WAS OBSERVED.


RELATIVE HUMIDITY (PERCENT)
 HIGHEST    70           600 AM
 LOWEST     20          1200 PM
 AVERAGE    45

..........................................................


THE CAMARILLO CLIMATE NORMALS FOR TOMORROW
                         NORMAL    RECORD    YEAR
 MAXIMUM TEMPERATURE (F)   65        82      1956
 MINIMUM TEMPERATURE (F)   43        30      1954


SUNRISE AND SUNSET
DECEMBER 28 2014......SUNRISE   701 AM PST   SUNSET   455 PM PST
DECEMBER 29 2014......SUNRISE   702 AM PST   SUNSET   455 PM PST


-  INDICATES NEGATIVE NUMBERS.
R  INDICATES RECORD WAS SET OR TIED.
MM INDICATES DATA IS MISSING.
T  INDICATES TRACE AMOUNT.




$$
