276
CDUS46 KLOX 200857
CLICMA


CLIMATE REPORT
NATIONAL WEATHER SERVICE LOS ANGELES/OXNARD CA
1257 AM PST MON NOV 20 2017


...................................

...THE CAMARILLO AIRPORT CA CLIMATE SUMMARY FOR NOVEMBER 19 2017...

CLIMATE NORMAL PERIOD 1981 TO 2010
CLIMATE RECORD PERIOD 1923 TO 2017


WEATHER ITEM   OBSERVED TIME   RECORD YEAR NORMAL DEPARTURE LAST
                VALUE   (LST)  VALUE       VALUE  FROM      YEAR
                                                  NORMAL
..................................................................
TEMPERATURE (F)
 YESTERDAY
  MAXIMUM         77   1222 PM  88    1954  70      7       70
  MINIMUM         48   1119 PM  32    1961  46      2       41
  AVERAGE         63                        58      5       56

PRECIPITATION (IN)
  YESTERDAY        0.00          2.51 1967   0.05  -0.05     0.00
  MONTH TO DATE    0.07                      0.93  -0.86     0.00
  SINCE OCT 1      0.07                      1.56  -1.49     0.49
  SINCE JAN 1     14.87                     12.78   2.09     5.91

SNOWFALL (IN)
  YESTERDAY        0.0
  MONTH TO DATE    0.0
  SINCE SEP 1      0.0
  SINCE JUL 1      0.0

DEGREE DAYS
 HEATING
  YESTERDAY        2                         8     -6        9
  MONTH TO DATE   37                       114    -77       35
  SINCE SEP 1     57                       222   -165       68
  SINCE JUL 1     58                       237   -179       68

 COOLING
  YESTERDAY        0                         0      0        0
  MONTH TO DATE    3                        13    -10       53
  SINCE SEP 1    343                       117    226      264
  SINCE JAN 1    839                       329    510      729
..................................................................


WIND (MPH)
  HIGHEST WIND SPEED    17   HIGHEST WIND DIRECTION     W (280)
  HIGHEST GUST SPEED    19   HIGHEST GUST DIRECTION     W (270)
  AVERAGE WIND SPEED     5.8


SKY COVER
  POSSIBLE SUNSHINE  MM
  AVERAGE SKY COVER 0.0


WEATHER CONDITIONS
 THE FOLLOWING WEATHER WAS RECORDED YESTERDAY.
  NO SIGNIFICANT WEATHER WAS OBSERVED.


RELATIVE HUMIDITY (PERCENT)
 HIGHEST    77           800 PM
 LOWEST     12          1000 AM
 AVERAGE    45

..........................................................


THE CAMARILLO AIRPORT CA CLIMATE NORMALS FOR TODAY
                         NORMAL    RECORD    YEAR
 MAXIMUM TEMPERATURE (F)   70        89      2006
                                             2002
 MINIMUM TEMPERATURE (F)   46        34      1964


SUNRISE AND SUNSET
NOVEMBER 20 2017......SUNRISE   634 AM PST   SUNSET   450 PM PST
NOVEMBER 21 2017......SUNRISE   635 AM PST   SUNSET   449 PM PST


-  INDICATES NEGATIVE NUMBERS.
R  INDICATES RECORD WAS SET OR TIED.
MM INDICATES DATA IS MISSING.
T  INDICATES TRACE AMOUNT.




$$
