000
CDUS46 KLOX 240112
CLICMA


CLIMATE REPORT
NATIONAL WEATHER SERVICE LOS ANGELES/OXNARD CA
512 PM PST TUE JAN 23 2018


...................................

...THE CAMARILLO CLIMATE SUMMARY FOR JANUARY 23 2018...
VALID TODAY AS OF 0500 PM LOCAL TIME.

CLIMATE NORMAL PERIOD 1981 TO 2010
CLIMATE RECORD PERIOD 1923 TO 2018


WEATHER ITEM   OBSERVED TIME   RECORD YEAR NORMAL DEPARTURE LAST
                VALUE   (LST)  VALUE       VALUE  FROM      YEAR
                                                  NORMAL
..................................................................
TEMPERATURE (F)
 TODAY
  MAXIMUM         78    239 PM  84    1953  66     12       55
  MINIMUM         43    341 AM  30    1966  43      0       40
  AVERAGE         61                        54      7       48

PRECIPITATION (IN)
  TODAY            0.00          2.93 1983   0.11  -0.11     0.23
  MONTH TO DATE    1.02                      2.98  -1.96     8.25
  SINCE OCT 1      1.09                      6.98  -5.89    12.91
  SINCE JAN 1      1.02                      2.98  -1.96     8.25

SNOWFALL (IN)
  TODAY            0.0
  MONTH TO DATE    0.0
  SINCE DEC 1      0.0
  SINCE JUL 1      0.0

DEGREE DAYS
 HEATING
  TODAY            4                        11     -7       17
  MONTH TO DATE  125                       253   -128      250
  SINCE DEC 1    304                       602   -298      516
  SINCE JUL 1    391                       934   -543      679

 COOLING
  TODAY            0                         0      0        0
  MONTH TO DATE   17                         0     17        0
  SINCE DEC 1     44                         2     42        5
  SINCE JAN 1     17                         0     17        0
..................................................................


WIND (MPH)
  HIGHEST WIND SPEED    22   HIGHEST WIND DIRECTION    NE (60)
  HIGHEST GUST SPEED    27   HIGHEST GUST DIRECTION     E (70)
  AVERAGE WIND SPEED     7.9


SKY COVER
  POSSIBLE SUNSHINE  MM
  AVERAGE SKY COVER 0.0


WEATHER CONDITIONS
 THE FOLLOWING WEATHER WAS RECORDED TODAY.
  NO SIGNIFICANT WEATHER WAS OBSERVED.


RELATIVE HUMIDITY (PERCENT)
 HIGHEST    76           200 AM
 LOWEST     12           100 PM
 AVERAGE    44

..........................................................


THE CAMARILLO CLIMATE NORMALS FOR TOMORROW
                         NORMAL    RECORD    YEAR
 MAXIMUM TEMPERATURE (F)   66        84      1951
 MINIMUM TEMPERATURE (F)   43        28      1937


SUNRISE AND SUNSET
JANUARY 23 2018.......SUNRISE   659 AM PST   SUNSET   518 PM PST
JANUARY 24 2018.......SUNRISE   659 AM PST   SUNSET   519 PM PST


-  INDICATES NEGATIVE NUMBERS.
R  INDICATES RECORD WAS SET OR TIED.
MM INDICATES DATA IS MISSING.
T  INDICATES TRACE AMOUNT.




$$
