000
CDUS46 KLOX 250113
CLICMA


CLIMATE REPORT
NATIONAL WEATHER SERVICE LOS ANGELES/OXNARD CA
613 PM PDT MON APR 24 2017


...................................

...THE CAMARILLO CLIMATE SUMMARY FOR APRIL 24 2017...
VALID TODAY AS OF 0600 PM LOCAL TIME.

CLIMATE NORMAL PERIOD 1981 TO 2010
CLIMATE RECORD PERIOD 1948 TO 2017


WEATHER ITEM   OBSERVED TIME   RECORD YEAR NORMAL DEPARTURE LAST
                VALUE   (LST)  VALUE       VALUE  FROM      YEAR
                                                  NORMAL
..................................................................
TEMPERATURE (F)
 TODAY
  MAXIMUM         68    442 PM  94    2001  70     -2       71
  MINIMUM         52    521 AM  35    1964  48      4       46
  AVERAGE         60                        59      1       59

PRECIPITATION (IN)
  TODAY            0.00          0.32 1989   0.03  -0.03     0.00
  MONTH TO DATE    0.13                      0.60  -0.47     0.57
  SINCE OCT 1     19.36                     14.43   4.93     5.98
  SINCE JAN 1     14.70                     10.43   4.27     5.42

SNOWFALL (IN)
  TODAY            0.0
  MONTH TO DATE    0.0
  SINCE MAR 1      0.0
  SINCE JUL 1      0.0

DEGREE DAYS
 HEATING
  TODAY            5                         6     -1        6
  MONTH TO DATE   96                       171    -75       66
  SINCE MAR 1    258                       448   -190      254
  SINCE JUL 1   1246                      1784   -538     1071

 COOLING
  TODAY            0                         0      0        0
  MONTH TO DATE   10                         0     10       12
  SINCE MAR 1     14                         4     10       13
  SINCE JAN 1     15                        13      2       71
..................................................................


WIND (MPH)
  HIGHEST WIND SPEED    18   HIGHEST WIND DIRECTION     S (200)
  HIGHEST GUST SPEED    23   HIGHEST GUST DIRECTION    SW (210)
  AVERAGE WIND SPEED     6.5


SKY COVER
  POSSIBLE SUNSHINE  MM
  AVERAGE SKY COVER 0.0


WEATHER CONDITIONS
 THE FOLLOWING WEATHER WAS RECORDED TODAY.
  NO SIGNIFICANT WEATHER WAS OBSERVED.


RELATIVE HUMIDITY (PERCENT)
 HIGHEST    89           600 AM
 LOWEST     48          1200 PM
 AVERAGE    69

..........................................................


THE CAMARILLO CLIMATE NORMALS FOR TOMORROW
                         NORMAL    RECORD    YEAR
 MAXIMUM TEMPERATURE (F)   70        90      1965
 MINIMUM TEMPERATURE (F)   48        38      1964


SUNRISE AND SUNSET
APRIL 24 2017.........SUNRISE   614 AM PDT   SUNSET   735 PM PDT
APRIL 25 2017.........SUNRISE   613 AM PDT   SUNSET   736 PM PDT


-  INDICATES NEGATIVE NUMBERS.
R  INDICATES RECORD WAS SET OR TIED.
MM INDICATES DATA IS MISSING.
T  INDICATES TRACE AMOUNT.




$$
