313
CDUS46 KLOX 060942
CLICMA


CLIMATE REPORT
NATIONAL WEATHER SERVICE LOS ANGELES/OXNARD CA
142 AM PST TUE DEC 6 2016


...................................

...THE CAMARILLO AIRPORT CA CLIMATE SUMMARY FOR DECEMBER 5 2016...

CLIMATE NORMAL PERIOD 1981 TO 2010
CLIMATE RECORD PERIOD 1948 TO 2016


WEATHER ITEM   OBSERVED TIME   RECORD YEAR NORMAL DEPARTURE LAST
                VALUE   (LST)  VALUE       VALUE  FROM      YEAR
                                                  NORMAL
..................................................................
TEMPERATURE (F)
 YESTERDAY
  MAXIMUM         65   1149 AM  83    1979  67     -2       79
  MINIMUM         40    434 AM  33    1968  42     -2       40
  AVERAGE         53                        54     -1       60

PRECIPITATION (IN)
  YESTERDAY        0.00          1.89 1997   0.04  -0.04     0.00
  MONTH TO DATE    0.00                      0.18  -0.18     0.00
  SINCE OCT 1      1.48                      2.12  -0.64     0.23
  SINCE JAN 1      6.90                     13.34  -6.44     4.64

SNOWFALL (IN)
  YESTERDAY        0.0
  MONTH TO DATE    0.0
  SINCE DEC 1      0.0
  SINCE JUL 1      0.0

DEGREE DAYS
 HEATING
  YESTERDAY       12                        11      1        5
  MONTH TO DATE   48                        52     -4       19
  SINCE DEC 1     48                        52     -4       19
  SINCE JUL 1    211                       384   -173      164

 COOLING
  YESTERDAY        0                         0      0        0
  MONTH TO DATE    0                         0      0        0
  SINCE DEC 1      0                         0      0        0
  SINCE JAN 1    729                       330    399     1195
..................................................................


WIND (MPH)
  HIGHEST WIND SPEED    12   HIGHEST WIND DIRECTION    SW (210)
  HIGHEST GUST SPEED    13   HIGHEST GUST DIRECTION    SW (210)
  AVERAGE WIND SPEED     3.7


SKY COVER
  POSSIBLE SUNSHINE  MM
  AVERAGE SKY COVER 0.0


WEATHER CONDITIONS
 THE FOLLOWING WEATHER WAS RECORDED YESTERDAY.
  FOG
  HAZE


RELATIVE HUMIDITY (PERCENT)
 HIGHEST    96           700 PM
 LOWEST     43           900 AM
 AVERAGE    70

..........................................................


THE CAMARILLO AIRPORT CA CLIMATE NORMALS FOR TODAY
                         NORMAL    RECORD    YEAR
 MAXIMUM TEMPERATURE (F)   67        84      1959
 MINIMUM TEMPERATURE (F)   42        34      2013
                                             1968


SUNRISE AND SUNSET
DECEMBER  6 2016......SUNRISE   649 AM PST   SUNSET   447 PM PST
DECEMBER  7 2016......SUNRISE   650 AM PST   SUNSET   447 PM PST


-  INDICATES NEGATIVE NUMBERS.
R  INDICATES RECORD WAS SET OR TIED.
MM INDICATES DATA IS MISSING.
T  INDICATES TRACE AMOUNT.




$$
