000
CDUS41 KILN 252150
CLICMH


CLIMATE REPORT
NATIONAL WEATHER SERVICE WILMINGTON OH
449 PM EST THU DEC 25 2014


...................................

...THE COLUMBUS OH CLIMATE SUMMARY FOR DECEMBER 25 2014...
VALID TODAY AS OF 0400 PM LOCAL TIME.

CLIMATE NORMAL PERIOD 1981 TO 2010
CLIMATE RECORD PERIOD 1869 TO 2014


WEATHER ITEM   OBSERVED TIME   RECORD YEAR NORMAL DEPARTURE LAST
                VALUE   (LST)  VALUE       VALUE  FROM      YEAR
                                                  NORMAL
..................................................................
TEMPERATURE (F)
 TODAY
  MAXIMUM         40    251 PM  64    1893  38      2       33
  MINIMUM         35   1003 AM -12    1983  25     10       16
  AVERAGE         38                        31      7       25

PRECIPITATION (IN)
  TODAY            0.03          0.79 2009   0.10  -0.07     0.00
  MONTH TO DATE    2.26                      2.40  -0.14     3.96
  SINCE DEC 1      2.26                      2.40  -0.14     3.96
  SINCE JAN 1     37.65                     38.74  -1.09    41.21

SNOWFALL (IN)
  TODAY            0.0           7.0  1890   0.2   -0.2      0.0
  MONTH TO DATE    T                         3.7   -3.7     12.5
  SINCE DEC 1      T                         3.7   -3.7     12.5
  SINCE JUL 1      4.1                       4.8   -0.7     17.2
  SNOW DEPTH       0

DEGREE DAYS
 HEATING
  TODAY           27                        34     -7       40
  MONTH TO DATE  700                       770    -70      752
  SINCE DEC 1    700                       770    -70      752
  SINCE JUL 1   1885                      1784    101     1814

 COOLING
  TODAY            0                         0      0        0
  MONTH TO DATE    0                         0      0        0
  SINCE DEC 1      0                         0      0        0
  SINCE JAN 1   1163                      1024    139     1179
..................................................................


WIND (MPH)
  HIGHEST WIND SPEED    23   HIGHEST WIND DIRECTION     W (270)
  HIGHEST GUST SPEED    31   HIGHEST GUST DIRECTION     W (270)
  AVERAGE WIND SPEED    13.8


SKY COVER
  POSSIBLE SUNSHINE  MM
  AVERAGE SKY COVER 0.9


WEATHER CONDITIONS
 THE FOLLOWING WEATHER WAS RECORDED TODAY.
  LIGHT RAIN
  FOG


RELATIVE HUMIDITY (PERCENT)
 HIGHEST    82           200 AM
 LOWEST     64           400 PM
 AVERAGE    73

..........................................................


THE COLUMBUS OH CLIMATE NORMALS FOR TOMORROW
                         NORMAL    RECORD    YEAR
 MAXIMUM TEMPERATURE (F)   37        62      1982
                                             1889
 MINIMUM TEMPERATURE (F)   24        -5      1983


SUNRISE AND SUNSET
DECEMBER 25 2014......SUNRISE   752 AM EST   SUNSET   512 PM EST
DECEMBER 26 2014......SUNRISE   752 AM EST   SUNSET   512 PM EST


-  INDICATES NEGATIVE NUMBERS.
R  INDICATES RECORD WAS SET OR TIED.
MM INDICATES DATA IS MISSING.
T  INDICATES TRACE AMOUNT.




$$
