000
CDUS41 KILN 302100
CLICMH


CLIMATE REPORT
NATIONAL WEATHER SERVICE WILMINGTON OH
500 PM EDT SAT JUL 30 2016


...................................

...THE COLUMBUS OH CLIMATE SUMMARY FOR JULY 30 2016...
VALID TODAY AS OF 0500 PM LOCAL TIME.

CLIMATE NORMAL PERIOD 1981 TO 2010
CLIMATE RECORD PERIOD 1869 TO 2016


WEATHER ITEM   OBSERVED TIME   RECORD YEAR NORMAL DEPARTURE LAST
                VALUE   (LST)  VALUE       VALUE  FROM      YEAR
                                                  NORMAL
..................................................................
TEMPERATURE (F)
 TODAY
  MAXIMUM         87    317 PM  99    1940  85      2       85
  MINIMUM         70    425 AM  49    1981  65      5       69
  AVERAGE         79                        75      4       77

PRECIPITATION (IN)
  TODAY            T             2.84 1886   0.14  -0.14     0.00
  MONTH TO DATE    2.49                      4.66  -2.17     5.38
  SINCE JUN 1      7.71                      8.67  -0.96    12.10
  SINCE JAN 1     21.44                     24.24  -2.80    28.24

SNOWFALL (IN)
  TODAY            0.0           0.0    MM   0.0    0.0      0.0
  MONTH TO DATE    0.0                       0.0    0.0      0.0
  SINCE JUN 1      0.0                       0.0    0.0      0.0
  SINCE JUL 1      0.0                       0.0    0.0      0.0
  SNOW DEPTH       0

DEGREE DAYS
 HEATING
  TODAY            0                         0      0        0
  MONTH TO DATE    0                         0      0        0
  SINCE JUN 1      4                        19    -15       20
  SINCE JUL 1      0                         0      0        0

 COOLING
  TODAY           14                        10      4       12
  MONTH TO DATE  356                       300     56      250
  SINCE JUN 1    615                       516     99      470
  SINCE JAN 1    680                       598     82      623
..................................................................


WIND (MPH)
  HIGHEST WIND SPEED    15   HIGHEST WIND DIRECTION    SW (240)
  HIGHEST GUST SPEED    19   HIGHEST GUST DIRECTION    SW (230)
  AVERAGE WIND SPEED     5.1


SKY COVER
  POSSIBLE SUNSHINE  MM
  AVERAGE SKY COVER 0.7


WEATHER CONDITIONS
 THE FOLLOWING WEATHER WAS RECORDED TODAY.
  LIGHT RAIN
  FOG


RELATIVE HUMIDITY (PERCENT)
 HIGHEST   100           400 AM
 LOWEST     55           300 PM
 AVERAGE    78

..........................................................


THE COLUMBUS OH CLIMATE NORMALS FOR TOMORROW
                         NORMAL    RECORD    YEAR
 MAXIMUM TEMPERATURE (F)   85       100      1999
 MINIMUM TEMPERATURE (F)   65        52      1895


SUNRISE AND SUNSET
JULY 30 2016..........SUNRISE   629 AM EDT   SUNSET   847 PM EDT
JULY 31 2016..........SUNRISE   629 AM EDT   SUNSET   846 PM EDT


-  INDICATES NEGATIVE NUMBERS.
R  INDICATES RECORD WAS SET OR TIED.
MM INDICATES DATA IS MISSING.
T  INDICATES TRACE AMOUNT.




$$
