000
CDUS41 KILN 200527
CLICMH


CLIMATE REPORT
NATIONAL WEATHER SERVICE WILMINGTON OH
1227 AM EST MON FEB 20 2017


...................................

...THE COLUMBUS OH CLIMATE SUMMARY FOR FEBRUARY 19 2017...

CLIMATE NORMAL PERIOD 1981 TO 2010
CLIMATE RECORD PERIOD 1869 TO 2017


WEATHER ITEM   OBSERVED TIME   RECORD YEAR NORMAL DEPARTURE LAST
                VALUE   (LST)  VALUE       VALUE  FROM      YEAR
                                                  NORMAL
..................................................................
TEMPERATURE (F)
 YESTERDAY
  MAXIMUM         57    412 PM  70    1939  42     15       59
  MINIMUM         42   1145 PM  -6    1936  26     16       34
  AVERAGE         50                        34     16       47

PRECIPITATION (IN)
  YESTERDAY        0.00          1.58 1981   0.07  -0.07     0.00
  MONTH TO DATE    1.12                      1.53  -0.41     1.85
  SINCE DEC 1      7.04                      7.23  -0.19     7.85
  SINCE JAN 1      3.95                      4.26  -0.31     2.97

SNOWFALL (IN)
  YESTERDAY        0.0           4.4  1929   0.2   -0.2      0.0
  MONTH TO DATE    0.6                       4.1   -3.5      7.8
  SINCE DEC 1      7.6                      18.3  -10.7     13.2
  SINCE JUL 1      7.6                      19.4  -11.8     13.2
  SNOW DEPTH       0

DEGREE DAYS
 HEATING
  YESTERDAY       15                        31    -16       18
  MONTH TO DATE  520                       633   -113      669
  SINCE DEC 1   2388                      2711   -323     2419
  SINCE JUL 1   3154                      3725   -571     3224

 COOLING
  YESTERDAY        0                         0      0        0
  MONTH TO DATE    0                         0      0        0
  SINCE DEC 1      0                         0      0        0
  SINCE JAN 1      0                         0      0        0
..................................................................


WIND (MPH)
  RESULTANT WIND SPEED   5   RESULTANT WIND DIRECTION  SW (210)
  HIGHEST WIND SPEED    13   HIGHEST WIND DIRECTION    SW (220)
  HIGHEST GUST SPEED    15   HIGHEST GUST DIRECTION    SW (230)
  AVERAGE WIND SPEED     5.4


SKY COVER
  POSSIBLE SUNSHINE  MM
  AVERAGE SKY COVER 0.5


WEATHER CONDITIONS
 THE FOLLOWING WEATHER WAS RECORDED YESTERDAY.
  FOG
  HAZE


RELATIVE HUMIDITY (PERCENT)
 HIGHEST    96           500 AM
 LOWEST     66           300 PM
 AVERAGE    81

..........................................................


THE COLUMBUS OH CLIMATE NORMALS FOR TODAY
                         NORMAL    RECORD    YEAR
 MAXIMUM TEMPERATURE (F)   42        68      2016
                                             1891
 MINIMUM TEMPERATURE (F)   26        -9      1885


SUNRISE AND SUNSET
FEBRUARY 20 2017......SUNRISE   717 AM EST   SUNSET   614 PM EST
FEBRUARY 21 2017......SUNRISE   716 AM EST   SUNSET   615 PM EST


-  INDICATES NEGATIVE NUMBERS.
R  INDICATES RECORD WAS SET OR TIED.
MM INDICATES DATA IS MISSING.
T  INDICATES TRACE AMOUNT.




$$
