000
CDUS41 KILN 260547
CLICMH


CLIMATE REPORT
NATIONAL WEATHER SERVICE WILMINGTON OH
1247 AM EST MON JAN 26 2015


...................................

...THE COLUMBUS OH CLIMATE SUMMARY FOR JANUARY 25 2015...

CLIMATE NORMAL PERIOD 1981 TO 2010
CLIMATE RECORD PERIOD 1869 TO 2015


WEATHER ITEM   OBSERVED TIME   RECORD YEAR NORMAL DEPARTURE LAST
                VALUE   (LST)  VALUE       VALUE  FROM      YEAR
                                                  NORMAL
..................................................................
TEMPERATURE (F)
 YESTERDAY
  MAXIMUM         37   1053 AM  74    1950  37      0       31
  MINIMUM         27   1159 PM -15    1884  22      5       11
  AVERAGE         32                        30      2       21

PRECIPITATION (IN)
  YESTERDAY        0.38          0.68 1952   0.09   0.29     0.23
  MONTH TO DATE    2.61                      2.24   0.37     2.21
  SINCE DEC 1      5.31                      5.21   0.10     6.51
  SINCE JAN 1      2.61                      2.24   0.37     2.21

SNOWFALL (IN)
  YESTERDAY        1.3           4.7  1988   0.3    0.0      4.2
  MONTH TO DATE    5.8                       7.5   -1.7     13.3
  SINCE DEC 1      5.8                      12.5   -6.7     26.0
  SINCE JUL 1      9.9                      13.6   -3.7     30.7
  SNOW DEPTH       0

DEGREE DAYS
 HEATING
  YESTERDAY       33                        35     -2       44
  MONTH TO DATE  943                       891     52     1013
  SINCE DEC 1   1836                      1868    -32     1944
  SINCE JUL 1   3021                      2882    139     3006

 COOLING
  YESTERDAY        0                         0      0        0
  MONTH TO DATE    0                         0      0        0
  SINCE DEC 1      0                         0      0        0
  SINCE JAN 1      0                         0      0        0
..................................................................


WIND (MPH)
  RESULTANT WIND SPEED   2   RESULTANT WIND DIRECTION  SE (140)
  HIGHEST WIND SPEED    15   HIGHEST WIND DIRECTION    NE (30)
  HIGHEST GUST SPEED    20   HIGHEST GUST DIRECTION    NE (40)
  AVERAGE WIND SPEED     5.9


SKY COVER
  POSSIBLE SUNSHINE  MM
  AVERAGE SKY COVER 1.0


WEATHER CONDITIONS
 THE FOLLOWING WEATHER WAS RECORDED YESTERDAY.
  LIGHT RAIN
  LIGHT SNOW
  FOG
  HAZE


RELATIVE HUMIDITY (PERCENT)
 HIGHEST    96           500 PM
 LOWEST     75          1200 AM
 AVERAGE    86

..........................................................


THE COLUMBUS OH CLIMATE NORMALS FOR TODAY
                         NORMAL    RECORD    YEAR
 MAXIMUM TEMPERATURE (F)   37        70      1950
 MINIMUM TEMPERATURE (F)   23        -9      1948
                                             1897


SUNRISE AND SUNSET
JANUARY 26 2015.......SUNRISE   745 AM EST   SUNSET   543 PM EST
JANUARY 27 2015.......SUNRISE   744 AM EST   SUNSET   544 PM EST


-  INDICATES NEGATIVE NUMBERS.
R  INDICATES RECORD WAS SET OR TIED.
MM INDICATES DATA IS MISSING.
T  INDICATES TRACE AMOUNT.




$$
