000
CDUS41 KILN 270618
CLICMH


CLIMATE REPORT
NATIONAL WEATHER SERVICE WILMINGTON OH
117 AM EST THU NOV 27 2014


...................................

...THE COLUMBUS OH CLIMATE SUMMARY FOR NOVEMBER 26 2014...

CLIMATE NORMAL PERIOD 1981 TO 2010
CLIMATE RECORD PERIOD 1869 TO 2014


WEATHER ITEM   OBSERVED TIME   RECORD YEAR NORMAL DEPARTURE LAST
                VALUE   (LST)  VALUE       VALUE  FROM      YEAR
                                                  NORMAL
..................................................................
TEMPERATURE (F)
 YESTERDAY
  MAXIMUM         39    258 PM  70    1896  48     -9       35
  MINIMUM         28    622 AM   7    1950  33     -5       31
  AVERAGE         34                        40     -6       33

PRECIPITATION (IN)
  YESTERDAY        0.00          1.44 1897   0.11  -0.11     0.30
  MONTH TO DATE    1.44                      2.78  -1.34     2.18
  SINCE SEP 1      4.86                      8.23  -3.37    10.61
  SINCE JAN 1     35.37                     35.92  -0.55    37.25

SNOWFALL (IN)
  YESTERDAY        0.0           5.2  1900   0.1   -0.1      3.0
  MONTH TO DATE    4.0                       0.7    3.3      4.7
  SINCE SEP 1      4.0                       0.9    3.1      4.7
  SINCE JUL 1      4.0                       0.9    3.1      4.7
  SNOW DEPTH       0

DEGREE DAYS
 HEATING
  YESTERDAY       31                        25      6       32
  MONTH TO DATE  708                       517    191      569
  SINCE SEP 1   1084                       911    173      918
  SINCE JUL 1   1084                       911    173      922

 COOLING
  YESTERDAY        0                         0      0        0
  MONTH TO DATE    0                         0      0        0
  SINCE SEP 1    141                       135      6      178
  SINCE JAN 1   1163                      1024    139     1179
..................................................................


WIND (MPH)
  RESULTANT WIND SPEED   6   RESULTANT WIND DIRECTION   N (350)
  HIGHEST WIND SPEED     9   HIGHEST WIND DIRECTION    NW (330)
  HIGHEST GUST SPEED    14   HIGHEST GUST DIRECTION     W (290)
  AVERAGE WIND SPEED     5.8


SKY COVER
  POSSIBLE SUNSHINE  MM
  AVERAGE SKY COVER 0.9


WEATHER CONDITIONS
 THE FOLLOWING WEATHER WAS RECORDED YESTERDAY.
  NO SIGNIFICANT WEATHER WAS OBSERVED.


RELATIVE HUMIDITY (PERCENT)
 HIGHEST    85           500 AM
 LOWEST     64           300 PM
 AVERAGE    75

..........................................................


THE COLUMBUS OH CLIMATE NORMALS FOR TODAY
                         NORMAL    RECORD    YEAR
 MAXIMUM TEMPERATURE (F)   47        75      1990
 MINIMUM TEMPERATURE (F)   32         3      1930


SUNRISE AND SUNSET
NOVEMBER 27 2014......SUNRISE   730 AM EST   SUNSET   508 PM EST
NOVEMBER 28 2014......SUNRISE   731 AM EST   SUNSET   508 PM EST


-  INDICATES NEGATIVE NUMBERS.
R  INDICATES RECORD WAS SET OR TIED.
MM INDICATES DATA IS MISSING.
T  INDICATES TRACE AMOUNT.




$$
