685
CDUS41 KILN 240545
CLICMH


CLIMATE REPORT
NATIONAL WEATHER SERVICE WILMINGTON OH
144 AM EDT MON APR 24 2017


...................................

...THE COLUMBUS OH CLIMATE SUMMARY FOR APRIL 23 2017...

CLIMATE NORMAL PERIOD 1981 TO 2010
CLIMATE RECORD PERIOD 1869 TO 2017


WEATHER ITEM   OBSERVED TIME   RECORD YEAR NORMAL DEPARTURE LAST
                VALUE   (LST)  VALUE       VALUE  FROM      YEAR
                                                  NORMAL
..................................................................
TEMPERATURE (F)
 YESTERDAY
  MAXIMUM         71    329 PM  88    1960  66      5       60
  MINIMUM         37    518 AM  23    1986  45     -8       45
  AVERAGE         54                        56     -2       53

PRECIPITATION (IN)
  YESTERDAY        0.00          1.64 1882   0.12  -0.12     0.00
  MONTH TO DATE    1.54                      2.61  -1.07     1.99
  SINCE MAR 1      6.93                      5.63   1.30     6.26
  SINCE JAN 1     12.39                     10.61   1.78    10.67

SNOWFALL (IN)
  YESTERDAY        0.0           0.2  2005   0.1   -0.1      0.0
  MONTH TO DATE    T                         1.1   -1.1      0.3
  SINCE MAR 1      1.7                       5.3   -3.6      2.6
  SINCE JUL 1      9.3                      26.7  -17.4     17.1
  SNOW DEPTH       0

DEGREE DAYS
 HEATING
  YESTERDAY       11                        10      1       12
  MONTH TO DATE  181                       310   -129      343
  SINCE MAR 1    854                      1026   -172      847
  SINCE JUL 1   4123                      5021   -898     4288

 COOLING
  YESTERDAY        0                         1     -1        0
  MONTH TO DATE   29                         5     24        1
  SINCE MAR 1     31                         5     26        1
  SINCE JAN 1     35                         5     30        1
..................................................................


WIND (MPH)
  RESULTANT WIND SPEED   8   RESULTANT WIND DIRECTION  NE (50)
  HIGHEST WIND SPEED    18   HIGHEST WIND DIRECTION    NE (30)
  HIGHEST GUST SPEED    22   HIGHEST GUST DIRECTION    NE (30)
  AVERAGE WIND SPEED     8.6


SKY COVER
  POSSIBLE SUNSHINE  MM
  AVERAGE SKY COVER 0.4


WEATHER CONDITIONS
 THE FOLLOWING WEATHER WAS RECORDED YESTERDAY.
  NO SIGNIFICANT WEATHER WAS OBSERVED.


RELATIVE HUMIDITY (PERCENT)
 HIGHEST    85           200 AM
 LOWEST     26           400 PM
 AVERAGE    56

..........................................................


THE COLUMBUS OH CLIMATE NORMALS FOR TODAY
                         NORMAL    RECORD    YEAR
 MAXIMUM TEMPERATURE (F)   67        88      1960
 MINIMUM TEMPERATURE (F)   45        28      2015
                                             1930


SUNRISE AND SUNSET
APRIL 24 2017.........SUNRISE   640 AM EDT   SUNSET   819 PM EDT
APRIL 25 2017.........SUNRISE   639 AM EDT   SUNSET   820 PM EDT


-  INDICATES NEGATIVE NUMBERS.
R  INDICATES RECORD WAS SET OR TIED.
MM INDICATES DATA IS MISSING.
T  INDICATES TRACE AMOUNT.




$$
