000
CDUS41 KILN 100731
CLICMH


CLIMATE REPORT
NATIONAL WEATHER SERVICE WILMINGTON OH
230 AM EST SAT DEC 10 2016


...................................

...THE COLUMBUS OH CLIMATE SUMMARY FOR DECEMBER 9 2016...

CLIMATE NORMAL PERIOD 1981 TO 2010
CLIMATE RECORD PERIOD 1869 TO 2016


WEATHER ITEM   OBSERVED TIME   RECORD YEAR NORMAL DEPARTURE LAST
                VALUE   (LST)  VALUE       VALUE  FROM      YEAR
                                                  NORMAL
..................................................................
TEMPERATURE (F)
 YESTERDAY
  MAXIMUM         28    236 PM  66    1952  42    -14       51
  MINIMUM         21    832 AM  -8    1917  29     -8       36
  AVERAGE         25                        35    -10       44

PRECIPITATION (IN)
  YESTERDAY        T             1.42 1901   0.11  -0.11     0.00
  MONTH TO DATE    0.62                      0.89  -0.27     0.24
  SINCE DEC 1      0.62                      0.89  -0.27     0.24
  SINCE JAN 1     35.31                     37.23  -1.92    40.36

SNOWFALL (IN)
  YESTERDAY        0.4           1.6  1956   0.1    0.3      0.0
  MONTH TO DATE    0.4                       1.0   -0.6       T
  SINCE DEC 1      0.4                       1.0   -0.6       T
  SINCE JUL 1      0.4                       2.1   -1.7       T
  SNOW DEPTH       0

DEGREE DAYS
 HEATING
  YESTERDAY       40                        30     10       21
  MONTH TO DATE  273                       255     18      227
  SINCE DEC 1    273                       255     18      227
  SINCE JUL 1   1039                      1269   -230     1032

 COOLING
  YESTERDAY        0                         0      0        0
  MONTH TO DATE    0                         0      0        0
  SINCE DEC 1      0                         0      0        0
  SINCE JAN 1   1327                      1024    303     1028
..................................................................


WIND (MPH)
  RESULTANT WIND SPEED  11   RESULTANT WIND DIRECTION   W (270)
  HIGHEST WIND SPEED    15   HIGHEST WIND DIRECTION     W (270)
  HIGHEST GUST SPEED    22   HIGHEST GUST DIRECTION     W (270)
  AVERAGE WIND SPEED    11.6


SKY COVER
  POSSIBLE SUNSHINE  MM
  AVERAGE SKY COVER 1.0


WEATHER CONDITIONS
 THE FOLLOWING WEATHER WAS RECORDED YESTERDAY.
  LIGHT SNOW
  FOG


RELATIVE HUMIDITY (PERCENT)
 HIGHEST    88           700 PM
 LOWEST     63          1100 AM
 AVERAGE    76

..........................................................


THE COLUMBUS OH CLIMATE NORMALS FOR TODAY
                         NORMAL    RECORD    YEAR
 MAXIMUM TEMPERATURE (F)   42        72      1971
 MINIMUM TEMPERATURE (F)   28        -8      1958
                                             1917


SUNRISE AND SUNSET
DECEMBER 10 2016......SUNRISE   743 AM EST   SUNSET   506 PM EST
DECEMBER 11 2016......SUNRISE   744 AM EST   SUNSET   506 PM EST


-  INDICATES NEGATIVE NUMBERS.
R  INDICATES RECORD WAS SET OR TIED.
MM INDICATES DATA IS MISSING.
T  INDICATES TRACE AMOUNT.




$$
