000
CDUS41 KILN 060545
CLICMH


CLIMATE REPORT
NATIONAL WEATHER SERVICE WILMINGTON OH
145 AM EDT FRI MAY 6 2016


...................................

...THE COLUMBUS OH CLIMATE SUMMARY FOR MAY 5 2016...

CLIMATE NORMAL PERIOD 1981 TO 2010
CLIMATE RECORD PERIOD 1869 TO 2016


WEATHER ITEM   OBSERVED TIME   RECORD YEAR NORMAL DEPARTURE LAST
                VALUE   (LST)  VALUE       VALUE  FROM      YEAR
                                                  NORMAL
..................................................................
TEMPERATURE (F)
 YESTERDAY
  MAXIMUM         61    526 PM  92    1952  70     -9       81
                                      1895
  MINIMUM         37    421 AM  32    1979  49    -12       61
  AVERAGE         49                        59    -10       71

PRECIPITATION (IN)
  YESTERDAY        0.01          1.97 1882   0.12  -0.11     0.71
  MONTH TO DATE    0.37                      0.61  -0.24     0.93
  SINCE MAR 1      6.95                      7.03  -0.08     8.94
  SINCE JAN 1     11.36                     12.01  -0.65    13.51

SNOWFALL (IN)
  YESTERDAY        0.0           0.0    MM   0.0    0.0      0.0
  MONTH TO DATE    0.0                       0.0    0.0      0.0
  SINCE MAR 1      2.6                       5.3   -2.7      5.4
  SINCE JUL 1     17.1                      26.7   -9.6     33.4
  SNOW DEPTH       0

DEGREE DAYS
 HEATING
  YESTERDAY       16                         7      9        0
  MONTH TO DATE   50                        36     14       16
  SINCE MAR 1    954                      1123   -169     1195
  SINCE JUL 1   4395                      5118   -723     5749

 COOLING
  YESTERDAY        0                         1     -1        6
  MONTH TO DATE    1                         5     -4        8
  SINCE MAR 1      2                        17    -15        8
  SINCE JAN 1      2                        17    -15        8
..................................................................


WIND (MPH)
  RESULTANT WIND SPEED   9   RESULTANT WIND DIRECTION   N (350)
  HIGHEST WIND SPEED    23   HIGHEST WIND DIRECTION     N (340)
  HIGHEST GUST SPEED    35   HIGHEST GUST DIRECTION     N (350)
  AVERAGE WIND SPEED     9.8


SKY COVER
  POSSIBLE SUNSHINE  MM
  AVERAGE SKY COVER 0.7


WEATHER CONDITIONS
 THE FOLLOWING WEATHER WAS RECORDED YESTERDAY.
  LIGHT RAIN
  FOG


RELATIVE HUMIDITY (PERCENT)
 HIGHEST    93          1100 AM
 LOWEST     53           600 PM
 AVERAGE    73

..........................................................


THE COLUMBUS OH CLIMATE NORMALS FOR TODAY
                         NORMAL    RECORD    YEAR
 MAXIMUM TEMPERATURE (F)   70        91      1959
 MINIMUM TEMPERATURE (F)   49        29      1968


SUNRISE AND SUNSET
MAY  6 2016...........SUNRISE   625 AM EDT   SUNSET   832 PM EDT
MAY  7 2016...........SUNRISE   624 AM EDT   SUNSET   833 PM EDT


-  INDICATES NEGATIVE NUMBERS.
R  INDICATES RECORD WAS SET OR TIED.
MM INDICATES DATA IS MISSING.
T  INDICATES TRACE AMOUNT.




$$
