128
CDUS41 KILN 100908
CLICMH

CLIMATE REPORT...CORRECTED PRECIPITATION TOTAL
NATIONAL WEATHER SERVICE WILMINGTON OH
1234 AM EST WED FEB 10 2016


...................................

...THE COLUMBUS OH CLIMATE SUMMARY FOR FEBRUARY 9 2016...

CLIMATE NORMAL PERIOD 1981 TO 2010
CLIMATE RECORD PERIOD 1869 TO 2016


WEATHER ITEM   OBSERVED TIME   RECORD YEAR NORMAL DEPARTURE LAST
                VALUE   (LST)  VALUE       VALUE  FROM      YEAR
                                                  NORMAL
..................................................................
TEMPERATURE (F)
 YESTERDAY
  MAXIMUM         31   1249 AM  66    2001  39     -8       46
  MINIMUM         21   1159 PM -17    1899  24     -3       21
  AVERAGE         26                        31     -5       34

PRECIPITATION (IN)
  YESTERDAY        0.08          1.62 1893   0.08   0.00      T
  MONTH TO DATE    1.24                      0.75   0.47     0.83
  SINCE DEC 1      7.24                      6.45   0.77     6.40
  SINCE JAN 1      2.36                      3.48  -1.12     3.70

SNOWFALL (IN)
  YESTERDAY        1.3           4.4  2010   0.2    1.1       T
  MONTH TO DATE    2.7                       2.1    0.6      3.0
  SINCE DEC 1      8.1                      16.3   -8.2     11.4
  SINCE JUL 1      8.1                      17.4   -9.3     15.5
  SNOW DEPTH       2

DEGREE DAYS
 HEATING
  YESTERDAY       39                        34      5       31
  MONTH TO DATE  256                       309    -53      307
  SINCE DEC 1   2006                      2387   -381     2403
  SINCE JUL 1   2811                      3401   -590     3588

 COOLING
  YESTERDAY        0                         0      0        0
  MONTH TO DATE    0                         0      0        0
  SINCE DEC 1      0                         0      0        0
  SINCE JAN 1      0                         0      0        0
..................................................................


WIND (MPH)
  RESULTANT WIND SPEED  12   RESULTANT WIND DIRECTION   W (260)
  HIGHEST WIND SPEED    20   HIGHEST WIND DIRECTION     W (270)
  HIGHEST GUST SPEED    24   HIGHEST GUST DIRECTION     W (270)
  AVERAGE WIND SPEED    12.9


SKY COVER
  POSSIBLE SUNSHINE  MM
  AVERAGE SKY COVER 1.0


WEATHER CONDITIONS
 THE FOLLOWING WEATHER WAS RECORDED YESTERDAY.
  LIGHT SNOW
  FOG
  HAZE


RELATIVE HUMIDITY (PERCENT)
 HIGHEST   100           100 AM
 LOWEST     68           200 PM
 AVERAGE    84

..........................................................


THE COLUMBUS OH CLIMATE NORMALS FOR TODAY
                         NORMAL    RECORD    YEAR
 MAXIMUM TEMPERATURE (F)   39        69      1932
 MINIMUM TEMPERATURE (F)   24       -20      1899


SUNRISE AND SUNSET
FEBRUARY 10 2016......SUNRISE   731 AM EST   SUNSET   601 PM EST
FEBRUARY 11 2016......SUNRISE   730 AM EST   SUNSET   602 PM EST


-  INDICATES NEGATIVE NUMBERS.
R  INDICATES RECORD WAS SET OR TIED.
MM INDICATES DATA IS MISSING.
T  INDICATES TRACE AMOUNT.




$$
