000
CDUS41 KILN 222204
CLICMH


CLIMATE REPORT
NATIONAL WEATHER SERVICE WILMINGTON OH
504 PM EST WED NOV 22 2017


...................................

...THE COLUMBUS OH CLIMATE SUMMARY FOR NOVEMBER 22 2017...
VALID TODAY AS OF 0500 PM LOCAL TIME.

CLIMATE NORMAL PERIOD 1981 TO 2010
CLIMATE RECORD PERIOD 1869 TO 2017


WEATHER ITEM   OBSERVED TIME   RECORD YEAR NORMAL DEPARTURE LAST
                VALUE   (LST)  VALUE       VALUE  FROM      YEAR
                                                  NORMAL
..................................................................
TEMPERATURE (F)
 TODAY
  MAXIMUM         39    136 AM  74    1931  50    -11       40
  MINIMUM         33    433 PM  -5    1880  34     -1       21
  AVERAGE         36                        42     -6       31

PRECIPITATION (IN)
  TODAY            0.02          1.51 1920   0.11  -0.09     0.00
  MONTH TO DATE    4.56                      2.34   2.22     0.46
  SINCE SEP 1     10.71                      7.79   2.92     6.87
  SINCE JAN 1     44.74                     35.48   9.26    34.13

SNOWFALL (IN)
  TODAY            T             0.3  2002   0.1   -0.1      0.0
                                      1945
  MONTH TO DATE    T                         0.5   -0.5       T
  SINCE SEP 1      T                         0.7   -0.7       T
  SINCE JUL 1      T                         0.7   -0.7       T
  SNOW DEPTH       0

DEGREE DAYS
 HEATING
  TODAY           29                        23      6       34
  MONTH TO DATE  461                       420     41      372
  SINCE SEP 1    742                       814    -72      604
  SINCE JUL 1    742                       814    -72      604

 COOLING
  TODAY            0                         0      0        0
  MONTH TO DATE    2                         0      2        3
  SINCE SEP 1    186                       135     51      234
  SINCE JAN 1   1095                      1024     71     1327
..................................................................


WIND (MPH)
  HIGHEST WIND SPEED    21   HIGHEST WIND DIRECTION    NW (330)
  HIGHEST GUST SPEED    25   HIGHEST GUST DIRECTION     N (340)
  AVERAGE WIND SPEED    10.1


SKY COVER
  POSSIBLE SUNSHINE  MM
  AVERAGE SKY COVER 0.9


WEATHER CONDITIONS
 THE FOLLOWING WEATHER WAS RECORDED TODAY.
  LIGHT RAIN
  FOG


RELATIVE HUMIDITY (PERCENT)
 HIGHEST   100           400 AM
 LOWEST     56           300 PM
 AVERAGE    78

..........................................................


THE COLUMBUS OH CLIMATE NORMALS FOR TOMORROW
                         NORMAL    RECORD    YEAR
 MAXIMUM TEMPERATURE (F)   49        72      1931
 MINIMUM TEMPERATURE (F)   34        -1      1880


SUNRISE AND SUNSET
NOVEMBER 22 2017......SUNRISE   725 AM EST   SUNSET   510 PM EST
NOVEMBER 23 2017......SUNRISE   726 AM EST   SUNSET   510 PM EST


-  INDICATES NEGATIVE NUMBERS.
R  INDICATES RECORD WAS SET OR TIED.
MM INDICATES DATA IS MISSING.
T  INDICATES TRACE AMOUNT.




$$
