000
CDUS41 KILN 060527
CLICMH


CLIMATE REPORT
NATIONAL WEATHER SERVICE WILMINGTON OH
126 AM EDT MON JUL 6 2015


...................................

...THE COLUMBUS OH CLIMATE SUMMARY FOR JULY 5 2015...

CLIMATE NORMAL PERIOD 1981 TO 2010
CLIMATE RECORD PERIOD 1869 TO 2015


WEATHER ITEM   OBSERVED TIME   RECORD YEAR NORMAL DEPARTURE LAST
                VALUE   (LST)  VALUE       VALUE  FROM      YEAR
                                                  NORMAL
..................................................................
TEMPERATURE (F)
 YESTERDAY
  MAXIMUM         79    314 PM  98    2012  85     -6       80
  MINIMUM         61    555 AM  49    1972  65     -4       54
                                      1963
  AVERAGE         70                        75     -5       67

PRECIPITATION (IN)
  YESTERDAY        0.00          1.48 1949   0.15  -0.15     0.00
  MONTH TO DATE    T                         0.72  -0.72     0.82
  SINCE JUN 1      6.72                      4.73   1.99     6.11
  SINCE JAN 1     22.86                     20.30   2.56    22.96

SNOWFALL (IN)
  YESTERDAY        0.0           0.0         0.0    0.0      0.0
  MONTH TO DATE    0.0                       0.0    0.0      0.0
  SINCE JUN 1      0.0                       0.0    0.0      0.0
  SINCE JUL 1      0.0                       0.0    0.0      0.0
  SNOW DEPTH       0

DEGREE DAYS
 HEATING
  YESTERDAY        0                         0      0        0
  MONTH TO DATE    0                         0      0        0
  SINCE JUN 1     20                        19      1        1
  SINCE JUL 1      0                         0      0        0

 COOLING
  YESTERDAY        5                        10     -5        2
  MONTH TO DATE   20                        50    -30       38
  SINCE JUN 1    240                       266    -26      327
  SINCE JAN 1    393                       348     45      482
..................................................................


WIND (MPH)
  RESULTANT WIND SPEED   3   RESULTANT WIND DIRECTION  NE (60)
  HIGHEST WIND SPEED     9   HIGHEST WIND DIRECTION    NE (40)
  HIGHEST GUST SPEED    14   HIGHEST GUST DIRECTION     N (10)
  AVERAGE WIND SPEED     4.0


SKY COVER
  POSSIBLE SUNSHINE  MM
  AVERAGE SKY COVER 0.9


WEATHER CONDITIONS
 THE FOLLOWING WEATHER WAS RECORDED YESTERDAY.
  FOG
  HAZE


RELATIVE HUMIDITY (PERCENT)
 HIGHEST    84          1200 AM
 LOWEST     52          1200 PM
 AVERAGE    68

..........................................................


THE COLUMBUS OH CLIMATE NORMALS FOR TODAY
                         NORMAL    RECORD    YEAR
 MAXIMUM TEMPERATURE (F)   85       101      2012
 MINIMUM TEMPERATURE (F)   65        43      1972


SUNRISE AND SUNSET
JULY  6 2015..........SUNRISE   609 AM EDT   SUNSET   903 PM EDT
JULY  7 2015..........SUNRISE   610 AM EDT   SUNSET   903 PM EDT


-  INDICATES NEGATIVE NUMBERS.
R  INDICATES RECORD WAS SET OR TIED.
MM INDICATES DATA IS MISSING.
T  INDICATES TRACE AMOUNT.




$$
