127
CDUS41 KILN 220538
CLICMH


CLIMATE REPORT
NATIONAL WEATHER SERVICE WILMINGTON OH
137 AM EDT FRI MAY 22 2015


...................................

...THE COLUMBUS OH CLIMATE SUMMARY FOR MAY 21 2015...

CLIMATE NORMAL PERIOD 1981 TO 2010
CLIMATE RECORD PERIOD 1869 TO 2015


WEATHER ITEM   OBSERVED TIME   RECORD YEAR NORMAL DEPARTURE LAST
                VALUE   (LST)  VALUE       VALUE  FROM      YEAR
                                                  NORMAL
..................................................................
TEMPERATURE (F)
 YESTERDAY
  MAXIMUM         59    118 PM  92    1941  74    -15       81
  MINIMUM         47   1159 PM  34    1883  54     -7       64
  AVERAGE         53                        64    -11       73

PRECIPITATION (IN)
  YESTERDAY        0.01          1.83 1901   0.14  -0.13     0.08
  MONTH TO DATE    2.71                      2.73  -0.02     4.00
  SINCE MAR 1     10.72                      9.15   1.57    12.06
  SINCE JAN 1     15.29                     14.13   1.16    16.85

SNOWFALL (IN)
  YESTERDAY        0.0           0.0    MM   0.0    0.0      0.0
  MONTH TO DATE    0.0                       0.0    0.0      0.0
  SINCE MAR 1      5.4                       5.3    0.1      5.4
  SINCE JUL 1     33.4                      26.7    6.7     56.4
  SNOW DEPTH       0

DEGREE DAYS
 HEATING
  YESTERDAY       12                         4      8        0
  MONTH TO DATE   73                       117    -44      110
  SINCE MAR 1   1252                      1204     48     1247
  SINCE JUL 1   5806                      5199    607     5631

 COOLING
  YESTERDAY        0                         3     -3        8
  MONTH TO DATE   91                        35     56       75
  SINCE MAR 1     91                        47     44       83
  SINCE JAN 1     91                        47     44       83
..................................................................


WIND (MPH)
  RESULTANT WIND SPEED   5   RESULTANT WIND DIRECTION   N (340)
  HIGHEST WIND SPEED    18   HIGHEST WIND DIRECTION    NW (320)
  HIGHEST GUST SPEED    23   HIGHEST GUST DIRECTION    NW (320)
  AVERAGE WIND SPEED     7.1


SKY COVER
  POSSIBLE SUNSHINE  MM
  AVERAGE SKY COVER 0.8


WEATHER CONDITIONS
 THE FOLLOWING WEATHER WAS RECORDED YESTERDAY.
  LIGHT RAIN


RELATIVE HUMIDITY (PERCENT)
 HIGHEST    93           400 AM
 LOWEST     51           200 PM
 AVERAGE    72

..........................................................


THE COLUMBUS OH CLIMATE NORMALS FOR TODAY
                         NORMAL    RECORD    YEAR
 MAXIMUM TEMPERATURE (F)   75        93      1941
 MINIMUM TEMPERATURE (F)   54        33      2002


SUNRISE AND SUNSET
MAY 22 2015...........SUNRISE   611 AM EDT   SUNSET   846 PM EDT
MAY 23 2015...........SUNRISE   610 AM EDT   SUNSET   847 PM EDT


-  INDICATES NEGATIVE NUMBERS.
R  INDICATES RECORD WAS SET OR TIED.
MM INDICATES DATA IS MISSING.
T  INDICATES TRACE AMOUNT.




$$
