000
CDUS43 KILX 250645
CLICMI


CLIMATE REPORT
NATIONAL WEATHER SERVICE LINCOLN IL
145 AM CDT SAT OCT 25 2014


...................................

...THE CHAMPAIGN IL AIRPORT CLIMATE SUMMARY FOR OCTOBER 24 2014...

CLIMATE NORMAL PERIOD 1981 TO 2010
CLIMATE RECORD PERIOD 9999 TO 9999


WEATHER ITEM   OBSERVED TIME   RECORD YEAR NORMAL DEPARTURE LAST
                VALUE   (LST)  VALUE       VALUE  FROM      YEAR
                                                  NORMAL
..................................................................
TEMPERATURE (F)
 YESTERDAY
  MAXIMUM         70    213 PM  MM      MM  62      8       43
  MINIMUM         44    422 AM  MM      MM  40      4       27
  AVERAGE         57                        51      6       35

PRECIPITATION (IN)
  YESTERDAY        0.05         MM      MM   0.10  -0.05      T
  MONTH TO DATE    2.97                      2.47   0.50     2.24
  SINCE SEP 1      6.15                      5.75   0.40     2.79
  SINCE JAN 1     34.72                     33.03   1.69    27.00

DEGREE DAYS
 HEATING
  YESTERDAY        8                        14     -6       30
  MONTH TO DATE  260                       259      1      229
  SINCE SEP 1    342                       342      0      257
  SINCE JUL 1    351                       351      0      272

 COOLING
  YESTERDAY        0                         0      0        0
  MONTH TO DATE    9                        14     -5       45
  SINCE SEP 1     91                       112    -21      214
  SINCE JAN 1    947                       939      8     1067
..................................................................


WIND (MPH)
  HIGHEST WIND SPEED    14   HIGHEST WIND DIRECTION    SW (220)
  HIGHEST GUST SPEED    18   HIGHEST GUST DIRECTION    SW (230)
  AVERAGE WIND SPEED     6.2


SKY COVER
  POSSIBLE SUNSHINE  MM
  AVERAGE SKY COVER 0.4


WEATHER CONDITIONS
 THE FOLLOWING WEATHER WAS RECORDED YESTERDAY.
  LIGHT RAIN
  FOG
  HAZE


RELATIVE HUMIDITY (PERCENT)
 HIGHEST   100           800 PM
 LOWEST     53           200 PM
 AVERAGE    77

..........................................................


THE CHAMPAIGN IL AIRPORT CLIMATE NORMALS FOR TODAY
                         NORMAL    RECORD    YEAR
 MAXIMUM TEMPERATURE (F)   62        MM        MM
 MINIMUM TEMPERATURE (F)   40        MM        MM


SUNRISE AND SUNSET
OCTOBER 25 2014.......SUNRISE   714 AM CDT   SUNSET   559 PM CDT
OCTOBER 26 2014.......SUNRISE   715 AM CDT   SUNSET   558 PM CDT


-  INDICATES NEGATIVE NUMBERS.
R  INDICATES RECORD WAS SET OR TIED.
MM INDICATES DATA IS MISSING.
T  INDICATES TRACE AMOUNT.




$$
