000
CDUS43 KILX 070646
CLICMI


CLIMATE REPORT
NATIONAL WEATHER SERVICE LINCOLN IL
145 AM CDT TUE JUL 7 2015


...................................

...THE CHAMPAIGN IL AIRPORT CLIMATE SUMMARY FOR JULY 6 2015...

CLIMATE NORMAL PERIOD 1981 TO 2010
CLIMATE RECORD PERIOD 9999 TO 9999


WEATHER ITEM   OBSERVED TIME   RECORD YEAR NORMAL DEPARTURE LAST
                VALUE   (LST)  VALUE       VALUE  FROM      YEAR
                                                  NORMAL
..................................................................
TEMPERATURE (F)
 YESTERDAY
  MAXIMUM         87    322 PM  MM      MM  85      2       84
  MINIMUM         63    353 AM  MM      MM  64     -1       64
  AVERAGE         75                        74      1       74

PRECIPITATION (IN)
  YESTERDAY        T            MM      MM   0.12  -0.12     0.06
  MONTH TO DATE    T                         0.65  -0.65     0.94
  SINCE JUN 1      8.35                      4.82   3.53     7.28
  SINCE JAN 1     19.76                     19.98  -0.22    21.82

DEGREE DAYS
 HEATING
  YESTERDAY        0                         0      0        0
  MONTH TO DATE    0                         0      0        0
  SINCE JUN 1      6                        17    -11        0
  SINCE JUL 1      0                         0      0        0

 COOLING
  YESTERDAY       10                        10      0        9
  MONTH TO DATE   31                        59    -28       28
  SINCE JUN 1    262                       282    -20      309
  SINCE JAN 1    416                       374     42      461
..................................................................


WIND (MPH)
  HIGHEST WIND SPEED    16   HIGHEST WIND DIRECTION     S (200)
  HIGHEST GUST SPEED    22   HIGHEST GUST DIRECTION     S (170)
  AVERAGE WIND SPEED     8.8


SKY COVER
  POSSIBLE SUNSHINE  MM
  AVERAGE SKY COVER 0.1


WEATHER CONDITIONS
 THE FOLLOWING WEATHER WAS RECORDED YESTERDAY.
  LIGHT RAIN
  FOG
  HAZE


RELATIVE HUMIDITY (PERCENT)
 HIGHEST   100           300 AM
 LOWEST     65           100 PM
 AVERAGE    83

..........................................................


THE CHAMPAIGN IL AIRPORT CLIMATE NORMALS FOR TODAY
                         NORMAL    RECORD    YEAR
 MAXIMUM TEMPERATURE (F)   85        MM        MM
 MINIMUM TEMPERATURE (F)   64        MM        MM


SUNRISE AND SUNSET
JULY  7 2015..........SUNRISE   531 AM CDT   SUNSET   825 PM CDT
JULY  8 2015..........SUNRISE   532 AM CDT   SUNSET   824 PM CDT


-  INDICATES NEGATIVE NUMBERS.
R  INDICATES RECORD WAS SET OR TIED.
MM INDICATES DATA IS MISSING.
T  INDICATES TRACE AMOUNT.




$$
