000
CDUS43 KILX 032242
CLICMI


CLIMATE REPORT
NATIONAL WEATHER SERVICE LINCOLN IL
442 PM CST TUE MAR 3 2015


...................................

...THE CHAMPAIGN IL AIRPORT CLIMATE SUMMARY FOR MARCH 3 2015...
VALID TODAY AS OF 0400 PM LOCAL TIME.

CLIMATE NORMAL PERIOD 1981 TO 2010
CLIMATE RECORD PERIOD 9999 TO 9999


WEATHER ITEM   OBSERVED TIME   RECORD YEAR NORMAL DEPARTURE LAST
                VALUE   (LST)  VALUE       VALUE  FROM      YEAR
                                                  NORMAL
..................................................................
TEMPERATURE (F)
 TODAY
  MAXIMUM         37    143 PM  MM      MM  44     -7       19
  MINIMUM         25   1238 AM  MM      MM  27     -2        1
  AVERAGE         31                        36     -5       10

PRECIPITATION (IN)
  TODAY            0.06         MM      MM   0.07  -0.01     0.00
  MONTH TO DATE    0.06                      0.20  -0.14     0.06
  SINCE MAR 1      0.06                      0.20  -0.14     0.06
  SINCE JAN 1      1.73                      4.27  -2.54     2.81

DEGREE DAYS
 HEATING
  TODAY           34                        30      4       55
  MONTH TO DATE  129                        90     39      143
  SINCE MAR 1    129                        90     39      143
  SINCE JUL 1   5005                      4592    413     5224

 COOLING
  TODAY            0                         0      0        0
  MONTH TO DATE    0                         0      0        0
  SINCE MAR 1      0                         0      0        0
  SINCE JAN 1      0                         0      0        0
..................................................................


WIND (MPH)
  HIGHEST WIND SPEED    24   HIGHEST WIND DIRECTION     S (180)
  HIGHEST GUST SPEED    28   HIGHEST GUST DIRECTION    SW (210)
  AVERAGE WIND SPEED    14.9


SKY COVER
  POSSIBLE SUNSHINE  MM
  AVERAGE SKY COVER 1.0


WEATHER CONDITIONS
 THE FOLLOWING WEATHER WAS RECORDED TODAY.
  RAIN
  LIGHT RAIN
  LT FREEZING RAIN
  LIGHT SNOW
  FOG
  FOG W/VISIBILITY <= 1/4 MILE
  HAZE


RELATIVE HUMIDITY (PERCENT)
 HIGHEST    92           800 AM
 LOWEST     74          1200 AM
 AVERAGE    83

..........................................................


THE CHAMPAIGN IL AIRPORT CLIMATE NORMALS FOR TOMORROW
                         NORMAL    RECORD    YEAR
 MAXIMUM TEMPERATURE (F)   45        MM        MM
 MINIMUM TEMPERATURE (F)   27        MM        MM


SUNRISE AND SUNSET
MARCH  3 2015.........SUNRISE   624 AM CST   SUNSET   547 PM CST
MARCH  4 2015.........SUNRISE   622 AM CST   SUNSET   548 PM CST


-  INDICATES NEGATIVE NUMBERS.
R  INDICATES RECORD WAS SET OR TIED.
MM INDICATES DATA IS MISSING.
T  INDICATES TRACE AMOUNT.




$$
